66.249.66.45 - - [27/Aug/2026:08:21:14 +0800] "GET /category/1735_1736_9560_25391/1/listing HTTP/1.1" 404 2080 "-" "Mozilla/5.0 (Linux; Android 6.0.1; Nexus 5X Build/MMB29P) AppleWebKit/537.36 (KHTML, like Gecko) Chrome/151.0.7922.173 Mobile Safari/537.36 (compatible; Googlebot/2.1; +http://www.google.com/bot.html)"
66.249.66.74 - - [27/Aug/2026:08:21:15 +0800] "GET /category/1837_6947_6948_6949_25389/1/listing HTTP/1.1" 404 2080 "-" "Mozilla/5.0 (Linux; Android 6.0.1; Nexus 5X Build/MMB29P) AppleWebKit/537.36 (KHTML, like Gecko) Chrome/151.0.7922.173 Mobile Safari/537.36 (compatible; Googlebot/2.1; +http://www.google.com/bot.html)"
47.107.134.48 - - [27/Aug/2026:08:21:20 +0800] "GET / HTTP/1.1" 500 25850 "-" "Mozilla/5.0 (Windows NT 10.0; Win64; x64) AppleWebKit/537.36 (KHTML, like Gecko) Chrome/128.0.0.0 Safari/537.36"
47.107.134.48 - - [27/Aug/2026:08:21:22 +0800] "GET /e/data/images/arrow.gif HTTP/1.1" 404 2080 "-" "Mozilla/5.0 (Windows NT 10.0; Win64; x64) AppleWebKit/537.36 (KHTML, like Gecko) Chrome/128.0.0.0 Safari/537.36"
47.107.134.48 - - [27/Aug/2026:08:21:22 +0800] "GET /static/warn/close.php HTTP/1.1" 404 2080 "-" "Mozilla/5.0 (Windows NT 10.0; Win64; x64) AppleWebKit/537.36 (KHTML, like Gecko) Chrome/128.0.0.0 Safari/537.36"
47.107.134.48 - - [27/Aug/2026:08:21:22 +0800] "GET /public/ui/met/images/dt-9.gif HTTP/1.1" 404 2080 "-" "Mozilla/5.0 (Windows NT 10.0; Win64; x64) AppleWebKit/537.36 (KHTML, like Gecko) Chrome/128.0.0.0 Safari/537.36"
47.107.134.48 - - [27/Aug/2026:08:21:22 +0800] "GET /plus/img/df_dedetitle.gif HTTP/1.1" 404 2080 "-" "Mozilla/5.0 (Windows NT 10.0; Win64; x64) AppleWebKit/537.36 (KHTML, like Gecko) Chrome/128.0.0.0 Safari/537.36"
47.107.134.48 - - [27/Aug/2026:08:21:22 +0800] "GET /include/ckeditor/plugins/smiley/images/angel_smile.gif HTTP/1.1" 404 2080 "-" "Mozilla/5.0 (Windows NT 10.0; Win64; x64) AppleWebKit/537.36 (KHTML, like Gecko) Chrome/128.0.0.0 Safari/537.36"
47.107.134.48 - - [27/Aug/2026:08:21:22 +0800] "GET /apps/admin/view/default/layui/images/face/11.gif HTTP/1.1" 404 2080 "-" "Mozilla/5.0 (Windows NT 10.0; Win64; x64) AppleWebKit/537.36 (KHTML, like Gecko) Chrome/128.0.0.0 Safari/537.36"
47.107.134.48 - - [27/Aug/2026:08:21:22 +0800] "GET /README.md HTTP/1.1" 500 25850 "-" "Mozilla/5.0 (Windows NT 10.0; Win64; x64) AppleWebKit/537.36 (KHTML, like Gecko) Chrome/128.0.0.0 Safari/537.36"
47.107.134.48 - - [27/Aug/2026:08:21:22 +0800] "GET /statics/images/ext/dir.gif HTTP/1.1" 404 2080 "-" "Mozilla/5.0 (Windows NT 10.0; Win64; x64) AppleWebKit/537.36 (KHTML, like Gecko) Chrome/128.0.0.0 Safari/537.36"
123.57.195.13 - - [27/Aug/2026:08:21:22 +0800] "GET / HTTP/1.1" 500 25848 "-" "Mozilla/5.0 (Windows NT 10.0; Win64; x64) AppleWebKit/537.36 (KHTML, like Gecko) Chrome/128.0.0.0 Safari/537.36"
47.107.134.48 - - [27/Aug/2026:08:21:22 +0800] "GET /public/images/metinfo.gif HTTP/1.1" 404 2080 "-" "Mozilla/5.0 (Windows NT 10.0; Win64; x64) AppleWebKit/537.36 (KHTML, like Gecko) Chrome/128.0.0.0 Safari/537.36"
47.107.134.48 - - [27/Aug/2026:08:21:22 +0800] "GET /app/img/loading.gif HTTP/1.1" 404 2080 "-" "Mozilla/5.0 (Windows NT 10.0; Win64; x64) AppleWebKit/537.36 (KHTML, like Gecko) Chrome/128.0.0.0 Safari/537.36"
47.107.134.48 - - [27/Aug/2026:08:21:22 +0800] "GET /ucms/img/loading.gif HTTP/1.1" 404 2080 "-" "Mozilla/5.0 (Windows NT 10.0; Win64; x64) AppleWebKit/537.36 (KHTML, like Gecko) Chrome/128.0.0.0 Safari/537.36"
47.107.134.48 - - [27/Aug/2026:08:21:22 +0800] "GET /data/watermark/watermarket.png HTTP/1.1" 404 2080 "-" "Mozilla/5.0 (Windows NT 10.0; Win64; x64) AppleWebKit/537.36 (KHTML, like Gecko) Chrome/128.0.0.0 Safari/537.36"
47.107.134.48 - - [27/Aug/2026:08:21:22 +0800] "GET /admin/plugin/uploadify/btn.gif HTTP/1.1" 404 2080 "-" "Mozilla/5.0 (Windows NT 10.0; Win64; x64) AppleWebKit/537.36 (KHTML, like Gecko) Chrome/128.0.0.0 Safari/537.36"
47.107.134.48 - - [27/Aug/2026:08:21:22 +0800] "GET /zb_users/emotion/face/Music.gif HTTP/1.1" 404 2080 "-" "Mozilla/5.0 (Windows NT 10.0; Win64; x64) AppleWebKit/537.36 (KHTML, like Gecko) Chrome/128.0.0.0 Safari/537.36"
47.107.134.48 - - [27/Aug/2026:08:21:22 +0800] "GET /zb_users/plugin/UEditor/themes/default/images/cursor_v.gif HTTP/1.1" 404 2080 "-" "Mozilla/5.0 (Windows NT 10.0; Win64; x64) AppleWebKit/537.36 (KHTML, like Gecko) Chrome/128.0.0.0 Safari/537.36"
47.107.134.48 - - [27/Aug/2026:08:21:23 +0800] "GET /miniprogram/code/default_baidu/app.js HTTP/1.1" 404 2080 "-" "Mozilla/5.0 (Windows NT 10.0; Win64; x64) AppleWebKit/537.36 (KHTML, like Gecko) Chrome/128.0.0.0 Safari/537.36"
47.107.134.48 - - [27/Aug/2026:08:21:23 +0800] "GET /dayrui/Fcms/View/login.html HTTP/1.1" 404 2080 "-" "Mozilla/5.0 (Windows NT 10.0; Win64; x64) AppleWebKit/537.36 (KHTML, like Gecko) Chrome/128.0.0.0 Safari/537.36"
47.107.134.48 - - [27/Aug/2026:08:21:23 +0800] "GET /order/alipay/images/alipay.gif HTTP/1.1" 404 2080 "-" "Mozilla/5.0 (Windows NT 10.0; Win64; x64) AppleWebKit/537.36 (KHTML, like Gecko) Chrome/128.0.0.0 Safari/537.36"
47.107.134.48 - - [27/Aug/2026:08:21:23 +0800] "GET /plug/oem/load.gif HTTP/1.1" 404 2080 "-" "Mozilla/5.0 (Windows NT 10.0; Win64; x64) AppleWebKit/537.36 (KHTML, like Gecko) Chrome/128.0.0.0 Safari/537.36"
47.107.134.48 - - [27/Aug/2026:08:21:23 +0800] "GET /public/plugins/ckeditor/images/spacer.gif HTTP/1.1" 404 2080 "-" "Mozilla/5.0 (Windows NT 10.0; Win64; x64) AppleWebKit/537.36 (KHTML, like Gecko) Chrome/128.0.0.0 Safari/537.36"
47.107.134.48 - - [27/Aug/2026:08:21:23 +0800] "GET /public/plugins/Ueditor/dialogs/attachment/images/alignicon.gif HTTP/1.1" 404 2080 "-" "Mozilla/5.0 (Windows NT 10.0; Win64; x64) AppleWebKit/537.36 (KHTML, like Gecko) Chrome/128.0.0.0 Safari/537.36"
123.57.195.13 - - [27/Aug/2026:08:21:24 +0800] "GET /apps/admin/view/default/layui/images/face/11.gif HTTP/1.1" 404 2080 "-" "Mozilla/5.0 (Windows NT 10.0; Win64; x64) AppleWebKit/537.36 (KHTML, like Gecko) Chrome/128.0.0.0 Safari/537.36"
123.57.195.13 - - [27/Aug/2026:08:21:24 +0800] "GET /plus/img/df_dedetitle.gif HTTP/1.1" 404 2080 "-" "Mozilla/5.0 (Windows NT 10.0; Win64; x64) AppleWebKit/537.36 (KHTML, like Gecko) Chrome/128.0.0.0 Safari/537.36"
123.57.195.13 - - [27/Aug/2026:08:21:24 +0800] "GET /static/warn/close.php HTTP/1.1" 404 2080 "-" "Mozilla/5.0 (Windows NT 10.0; Win64; x64) AppleWebKit/537.36 (KHTML, like Gecko) Chrome/128.0.0.0 Safari/537.36"
123.57.195.13 - - [27/Aug/2026:08:21:24 +0800] "GET /e/data/images/arrow.gif HTTP/1.1" 404 2080 "-" "Mozilla/5.0 (Windows NT 10.0; Win64; x64) AppleWebKit/537.36 (KHTML, like Gecko) Chrome/128.0.0.0 Safari/537.36"
123.57.195.13 - - [27/Aug/2026:08:21:24 +0800] "GET /include/ckeditor/plugins/smiley/images/angel_smile.gif HTTP/1.1" 404 2080 "-" "Mozilla/5.0 (Windows NT 10.0; Win64; x64) AppleWebKit/537.36 (KHTML, like Gecko) Chrome/128.0.0.0 Safari/537.36"
123.57.195.13 - - [27/Aug/2026:08:21:24 +0800] "GET /statics/images/ext/dir.gif HTTP/1.1" 404 2080 "-" "Mozilla/5.0 (Windows NT 10.0; Win64; x64) AppleWebKit/537.36 (KHTML, like Gecko) Chrome/128.0.0.0 Safari/537.36"
123.57.195.13 - - [27/Aug/2026:08:21:24 +0800] "GET /README.md HTTP/1.1" 500 25850 "-" "Mozilla/5.0 (Windows NT 10.0; Win64; x64) AppleWebKit/537.36 (KHTML, like Gecko) Chrome/128.0.0.0 Safari/537.36"
123.57.195.13 - - [27/Aug/2026:08:21:24 +0800] "GET /public/ui/met/images/dt-9.gif HTTP/1.1" 404 2080 "-" "Mozilla/5.0 (Windows NT 10.0; Win64; x64) AppleWebKit/537.36 (KHTML, like Gecko) Chrome/128.0.0.0 Safari/537.36"
123.57.195.13 - - [27/Aug/2026:08:21:25 +0800] "GET /public/images/metinfo.gif HTTP/1.1" 404 2080 "-" "Mozilla/5.0 (Windows NT 10.0; Win64; x64) AppleWebKit/537.36 (KHTML, like Gecko) Chrome/128.0.0.0 Safari/537.36"
123.57.195.13 - - [27/Aug/2026:08:21:25 +0800] "GET /ucms/img/loading.gif HTTP/1.1" 404 2080 "-" "Mozilla/5.0 (Windows NT 10.0; Win64; x64) AppleWebKit/537.36 (KHTML, like Gecko) Chrome/128.0.0.0 Safari/537.36"
123.57.195.13 - - [27/Aug/2026:08:21:25 +0800] "GET /data/watermark/watermarket.png HTTP/1.1" 404 2080 "-" "Mozilla/5.0 (Windows NT 10.0; Win64; x64) AppleWebKit/537.36 (KHTML, like Gecko) Chrome/128.0.0.0 Safari/537.36"
123.57.195.13 - - [27/Aug/2026:08:21:25 +0800] "GET /app/img/loading.gif HTTP/1.1" 404 2080 "-" "Mozilla/5.0 (Windows NT 10.0; Win64; x64) AppleWebKit/537.36 (KHTML, like Gecko) Chrome/128.0.0.0 Safari/537.36"
123.57.195.13 - - [27/Aug/2026:08:21:25 +0800] "GET /admin/plugin/uploadify/btn.gif HTTP/1.1" 404 2080 "-" "Mozilla/5.0 (Windows NT 10.0; Win64; x64) AppleWebKit/537.36 (KHTML, like Gecko) Chrome/128.0.0.0 Safari/537.36"
123.57.195.13 - - [27/Aug/2026:08:21:25 +0800] "GET /zb_users/emotion/face/Music.gif HTTP/1.1" 404 2080 "-" "Mozilla/5.0 (Windows NT 10.0; Win64; x64) AppleWebKit/537.36 (KHTML, like Gecko) Chrome/128.0.0.0 Safari/537.36"
123.57.195.13 - - [27/Aug/2026:08:21:25 +0800] "GET /zb_users/plugin/UEditor/themes/default/images/cursor_v.gif HTTP/1.1" 404 2080 "-" "Mozilla/5.0 (Windows NT 10.0; Win64; x64) AppleWebKit/537.36 (KHTML, like Gecko) Chrome/128.0.0.0 Safari/537.36"
123.57.195.13 - - [27/Aug/2026:08:21:25 +0800] "GET /miniprogram/code/default_baidu/app.js HTTP/1.1" 404 2080 "-" "Mozilla/5.0 (Windows NT 10.0; Win64; x64) AppleWebKit/537.36 (KHTML, like Gecko) Chrome/128.0.0.0 Safari/537.36"
123.57.195.13 - - [27/Aug/2026:08:21:25 +0800] "GET /dayrui/Fcms/View/login.html HTTP/1.1" 404 2080 "-" "Mozilla/5.0 (Windows NT 10.0; Win64; x64) AppleWebKit/537.36 (KHTML, like Gecko) Chrome/128.0.0.0 Safari/537.36"
123.57.195.13 - - [27/Aug/2026:08:21:25 +0800] "GET /order/alipay/images/alipay.gif HTTP/1.1" 404 2080 "-" "Mozilla/5.0 (Windows NT 10.0; Win64; x64) AppleWebKit/537.36 (KHTML, like Gecko) Chrome/128.0.0.0 Safari/537.36"
123.57.195.13 - - [27/Aug/2026:08:21:25 +0800] "GET /plug/oem/load.gif HTTP/1.1" 404 2080 "-" "Mozilla/5.0 (Windows NT 10.0; Win64; x64) AppleWebKit/537.36 (KHTML, like Gecko) Chrome/128.0.0.0 Safari/537.36"
123.57.195.13 - - [27/Aug/2026:08:21:25 +0800] "GET /public/plugins/Ueditor/dialogs/attachment/images/alignicon.gif HTTP/1.1" 404 2080 "-" "Mozilla/5.0 (Windows NT 10.0; Win64; x64) AppleWebKit/537.36 (KHTML, like Gecko) Chrome/128.0.0.0 Safari/537.36"
123.57.195.13 - - [27/Aug/2026:08:21:25 +0800] "GET /public/plugins/ckeditor/images/spacer.gif HTTP/1.1" 404 2080 "-" "Mozilla/5.0 (Windows NT 10.0; Win64; x64) AppleWebKit/537.36 (KHTML, like Gecko) Chrome/128.0.0.0 Safari/537.36"
66.249.66.202 - - [27/Aug/2026:08:21:34 +0800] "GET /category/771_7754/1/listing HTTP/1.1" 404 2080 "-" "Mozilla/5.0 (Linux; Android 6.0.1; Nexus 5X Build/MMB29P) AppleWebKit/537.36 (KHTML, like Gecko) Chrome/151.0.7922.173 Mobile Safari/537.36 (compatible; Googlebot/2.1; +http://www.google.com/bot.html)"
45.224.189.223 - - [27/Aug/2026:08:21:44 +0800] "GET /?shopbrand=447835 HTTP/1.1" 500 25849 "https://mipinternational.com/?shopbrand=447835" "Mozilla/5.0 (Linux; Android 12; OPPO PCLM0) AppleWebKit/537.36 (KHTML, like Gecko) Chrome/144.0.5425.76 Mobile Safari/537.36"
66.249.66.43 - - [27/Aug/2026:08:22:19 +0800] "GET /products/208ex24854 HTTP/1.1" 404 2080 "-" "Mozilla/5.0 (Linux; Android 6.0.1; Nexus 5X Build/MMB29P) AppleWebKit/537.36 (KHTML, like Gecko) Chrome/151.0.7922.173 Mobile Safari/537.36 (compatible; Googlebot/2.1; +http://www.google.com/bot.html)"
66.249.66.40 - - [27/Aug/2026:08:22:19 +0800] "GET /products/39aj421 HTTP/1.1" 404 2080 "-" "Mozilla/5.0 (Linux; Android 6.0.1; Nexus 5X Build/MMB29P) AppleWebKit/537.36 (KHTML, like Gecko) Chrome/151.0.7922.173 Mobile Safari/537.36 (compatible; Googlebot/2.1; +http://www.google.com/bot.html)"
89.46.158.87 - - [27/Aug/2026:08:22:36 +0800] "GET /company-profile HTTP/2.0" 500 25850 "https://www.google.com/" "Mozilla/5.0 (Windows NT 10.0; Win64; x64) AppleWebKit/537.36 (KHTML, like Gecko) Chrome/131.0.0.0 Safari/537.36"
66.249.66.203 - - [27/Aug/2026:08:22:39 +0800] "GET /206022195 HTTP/1.1" 500 25850 "-" "Mozilla/5.0 (Linux; Android 6.0.1; Nexus 5X Build/MMB29P) AppleWebKit/537.36 (KHTML, like Gecko) Chrome/151.0.7922.173 Mobile Safari/537.36 (compatible; Googlebot/2.1; +http://www.google.com/bot.html)"
66.249.66.40 - - [27/Aug/2026:08:23:30 +0800] "GET /products/259ej30501 HTTP/1.1" 404 2080 "-" "Mozilla/5.0 (Linux; Android 6.0.1; Nexus 5X Build/MMB29P) AppleWebKit/537.36 (KHTML, like Gecko) Chrome/151.0.7922.173 Mobile Safari/537.36 (compatible; Googlebot/2.1; +http://www.google.com/bot.html)"
66.249.66.74 - - [27/Aug/2026:08:23:50 +0800] "GET /products/217zc22055 HTTP/1.1" 404 2080 "-" "Mozilla/5.0 (Linux; Android 6.0.1; Nexus 5X Build/MMB29P) AppleWebKit/537.36 (KHTML, like Gecko) Chrome/151.0.7922.173 Mobile Safari/537.36 (compatible; Googlebot/2.1; +http://www.google.com/bot.html)"
66.249.66.203 - - [27/Aug/2026:08:24:11 +0800] "GET /?jp/052028091.html HTTP/1.1" 500 25850 "-" "Mozilla/5.0 (Linux; Android 6.0.1; Nexus 5X Build/MMB29P) AppleWebKit/537.36 (KHTML, like Gecko) Chrome/151.0.7922.173 Mobile Safari/537.36 (compatible; Googlebot/2.1; +http://www.google.com/bot.html)"
66.249.66.40 - - [27/Aug/2026:08:24:25 +0800] "GET /products/268kg29532 HTTP/1.1" 404 2080 "-" "Mozilla/5.0 (Linux; Android 6.0.1; Nexus 5X Build/MMB29P) AppleWebKit/537.36 (KHTML, like Gecko) Chrome/151.0.7922.173 Mobile Safari/537.36 (compatible; Googlebot/2.1; +http://www.google.com/bot.html)"
66.249.66.38 - - [27/Aug/2026:08:25:05 +0800] "GET /products/37zx539 HTTP/1.1" 404 2080 "-" "Mozilla/5.0 (Linux; Android 6.0.1; Nexus 5X Build/MMB29P) AppleWebKit/537.36 (KHTML, like Gecko) Chrome/151.0.7922.173 Mobile Safari/537.36 (compatible; Googlebot/2.1; +http://www.google.com/bot.html)"
66.249.66.39 - - [27/Aug/2026:08:26:44 +0800] "GET /products/116vf15716 HTTP/1.1" 404 2080 "-" "Mozilla/5.0 (Linux; Android 6.0.1; Nexus 5X Build/MMB29P) AppleWebKit/537.36 (KHTML, like Gecko) Chrome/151.0.7922.173 Mobile Safari/537.36 (compatible; Googlebot/2.1; +http://www.google.com/bot.html)"
66.249.66.39 - - [27/Aug/2026:08:26:46 +0800] "GET /f203211-karuizawa-53280028 HTTP/1.1" 500 25851 "-" "Mozilla/5.0 (Linux; Android 6.0.1; Nexus 5X Build/MMB29P) AppleWebKit/537.36 (KHTML, like Gecko) Chrome/151.0.7922.173 Mobile Safari/537.36 (compatible; Googlebot/2.1; +http://www.google.com/bot.html)"
66.249.66.39 - - [27/Aug/2026:08:27:28 +0800] "GET /?jp/179005973.html HTTP/1.1" 500 25849 "-" "Mozilla/5.0 (Linux; Android 6.0.1; Nexus 5X Build/MMB29P) AppleWebKit/537.36 (KHTML, like Gecko) Chrome/151.0.7922.173 Mobile Safari/537.36 (compatible; Googlebot/2.1; +http://www.google.com/bot.html)"
66.249.66.39 - - [27/Aug/2026:08:28:20 +0800] "GET /category/3513/1/listing HTTP/1.1" 404 2080 "-" "Mozilla/5.0 (Linux; Android 6.0.1; Nexus 5X Build/MMB29P) AppleWebKit/537.36 (KHTML, like Gecko) Chrome/151.0.7922.173 Mobile Safari/537.36 (compatible; Googlebot/2.1; +http://www.google.com/bot.html)"
66.249.66.40 - - [27/Aug/2026:08:28:24 +0800] "GET /040002517 HTTP/1.1" 500 25849 "-" "Mozilla/5.0 (Linux; Android 6.0.1; Nexus 5X Build/MMB29P) AppleWebKit/537.36 (KHTML, like Gecko) Chrome/151.0.7922.173 Mobile Safari/537.36 (compatible; Googlebot/2.1; +http://www.google.com/bot.html)"
66.249.66.32 - - [27/Aug/2026:08:28:26 +0800] "GET /?goods/105002330 HTTP/1.1" 500 25848 "-" "Mozilla/5.0 (Linux; Android 6.0.1; Nexus 5X Build/MMB29P) AppleWebKit/537.36 (KHTML, like Gecko) Chrome/151.0.7922.173 Mobile Safari/537.36 (compatible; Googlebot/2.1; +http://www.google.com/bot.html)"
66.249.66.75 - - [27/Aug/2026:08:29:04 +0800] "GET /products/228be18020 HTTP/1.1" 404 2080 "-" "Mozilla/5.0 (Linux; Android 6.0.1; Nexus 5X Build/MMB29P) AppleWebKit/537.36 (KHTML, like Gecko) Chrome/151.0.7922.173 Mobile Safari/537.36 (compatible; Googlebot/2.1; +http://www.google.com/bot.html)"
66.249.66.39 - - [27/Aug/2026:08:30:23 +0800] "GET /?detail/193030445429 HTTP/1.1" 500 25849 "-" "Mozilla/5.0 (Linux; Android 6.0.1; Nexus 5X Build/MMB29P) AppleWebKit/537.36 (KHTML, like Gecko) Chrome/151.0.7922.173 Mobile Safari/537.36 (compatible; Googlebot/2.1; +http://www.google.com/bot.html)"
31.76.40.136 - - [27/Aug/2026:08:30:57 +0800] "GET //.env.dist HTTP/1.1" 404 2080 "-" "Mozilla/5.0 (Macintosh; Intel Mac OS X 10.15; rv:77.0) Gecko/20100101 Firefox/77.0"
31.76.40.136 - - [27/Aug/2026:08:30:58 +0800] "POST //.env.dist HTTP/1.1" 404 2080 "-" "Mozilla/5.0 (Macintosh; Intel Mac OS X 10.15; rv:77.0) Gecko/20100101 Firefox/77.0"
66.249.66.39 - - [27/Aug/2026:08:31:03 +0800] "GET /1169347425 HTTP/1.1" 500 25850 "-" "Mozilla/5.0 (Linux; Android 6.0.1; Nexus 5X Build/MMB29P) AppleWebKit/537.36 (KHTML, like Gecko) Chrome/151.0.7922.173 Mobile Safari/537.36 (compatible; Googlebot/2.1; +http://www.google.com/bot.html)"
66.249.66.38 - - [27/Aug/2026:08:31:43 +0800] "GET /autoparts-agency02-501880240 HTTP/1.1" 500 25849 "-" "Mozilla/5.0 (Linux; Android 6.0.1; Nexus 5X Build/MMB29P) AppleWebKit/537.36 (KHTML, like Gecko) Chrome/151.0.7922.173 Mobile Safari/537.36 (compatible; Googlebot/2.1; +http://www.google.com/bot.html)"
66.249.66.39 - - [27/Aug/2026:08:32:23 +0800] "GET /?goods/137038731 HTTP/1.1" 500 25850 "-" "Mozilla/5.0 (Linux; Android 6.0.1; Nexus 5X Build/MMB29P) AppleWebKit/537.36 (KHTML, like Gecko) Chrome/151.0.7922.173 Mobile Safari/537.36 (compatible; Googlebot/2.1; +http://www.google.com/bot.html)"
136.111.229.5 - - [27/Aug/2026:08:32:39 +0800] "GET /robots.txt HTTP/2.0" 200 1 "-" "Mozilla/5.0 AppleWebKit/537.36 (KHTML, like Gecko; compatible; SleepBot/1.0; +http://sleepbot.com/) Chrome/131.0.0.0 Safari/537.36"
66.249.66.45 - - [27/Aug/2026:08:33:03 +0800] "GET /?detail/0690199982411 HTTP/1.1" 500 25849 "-" "Mozilla/5.0 (Linux; Android 6.0.1; Nexus 5X Build/MMB29P) AppleWebKit/537.36 (KHTML, like Gecko) Chrome/151.0.7922.173 Mobile Safari/537.36 (compatible; Googlebot/2.1; +http://www.google.com/bot.html)"
66.249.66.39 - - [27/Aug/2026:08:33:12 +0800] "GET /e-squ-a0002226218 HTTP/1.1" 500 25850 "-" "Mozilla/5.0 (Linux; Android 6.0.1; Nexus 5X Build/MMB29P) AppleWebKit/537.36 (KHTML, like Gecko) Chrome/151.0.7922.173 Mobile Safari/537.36 (compatible; Googlebot/2.1; +http://www.google.com/bot.html)"
66.249.66.42 - - [27/Aug/2026:08:33:27 +0800] "GET /?jp/187009820.html HTTP/1.1" 500 25849 "-" "Mozilla/5.0 (Linux; Android 6.0.1; Nexus 5X Build/MMB29P) AppleWebKit/537.36 (KHTML, like Gecko) Chrome/151.0.7922.173 Mobile Safari/537.36 (compatible; Googlebot/2.1; +http://www.google.com/bot.html)"
92.255.81.153 - - [27/Aug/2026:08:33:28 +0800] "GET /office-hour-schedule HTTP/2.0" 500 25850 "https://www.google.com/" "Mozilla/5.0 (Windows NT 10.0; Win64; x64) AppleWebKit/537.36 (KHTML, like Gecko) Chrome/131.0.0.0 Safari/537.36"
102.209.2.3 - - [27/Aug/2026:08:34:00 +0800] "GET /?shopbrand=1020172939 HTTP/1.1" 500 25850 "https://mipinternational.com/?shopbrand=1020172939" "Mozilla/5.0 (iPhone; CPU iPhone OS 16_4 like Mac OS X) AppleWebKit/605.1.15 (KHTML, like Gecko) Version/16.4 Mobile/15E148 Safari/604.1"
66.249.66.40 - - [27/Aug/2026:08:34:32 +0800] "GET /hcvalor-eshop-trusco-3112754 HTTP/1.1" 500 25849 "-" "Mozilla/5.0 (Linux; Android 6.0.1; Nexus 5X Build/MMB29P) AppleWebKit/537.36 (KHTML, like Gecko) Chrome/151.0.7922.173 Mobile Safari/537.36 (compatible; Googlebot/2.1; +http://www.google.com/bot.html)"
66.249.66.32 - - [27/Aug/2026:08:34:44 +0800] "GET /?detail/172005666118 HTTP/1.1" 500 25850 "-" "Mozilla/5.0 (Linux; Android 6.0.1; Nexus 5X Build/MMB29P) AppleWebKit/537.36 (KHTML, like Gecko) Chrome/151.0.7922.173 Mobile Safari/537.36 (compatible; Googlebot/2.1; +http://www.google.com/bot.html)"
66.249.66.40 - - [27/Aug/2026:08:35:06 +0800] "GET /?detail/0300193983224 HTTP/1.1" 500 25848 "-" "Mozilla/5.0 (Linux; Android 6.0.1; Nexus 5X Build/MMB29P) AppleWebKit/537.36 (KHTML, like Gecko) Chrome/151.0.7922.173 Mobile Safari/537.36 (compatible; Googlebot/2.1; +http://www.google.com/bot.html)"
66.249.66.202 - - [27/Aug/2026:08:35:46 +0800] "GET /068024827 HTTP/1.1" 500 25850 "-" "Mozilla/5.0 (Linux; Android 6.0.1; Nexus 5X Build/MMB29P) AppleWebKit/537.36 (KHTML, like Gecko) Chrome/151.0.7922.173 Mobile Safari/537.36 (compatible; Googlebot/2.1; +http://www.google.com/bot.html)"
121.229.156.49 - - [27/Aug/2026:08:35:47 +0800] "GET /facilities HTTP/1.1" 500 25851 "-" "Sogou web spider/4.0(+http://www.sogou.com/docs/help/webmasters.htm#07)"
66.249.66.40 - - [27/Aug/2026:08:36:22 +0800] "GET /tkonline-5554876 HTTP/1.1" 500 25848 "-" "Mozilla/5.0 (Linux; Android 6.0.1; Nexus 5X Build/MMB29P) AppleWebKit/537.36 (KHTML, like Gecko) Chrome/151.0.7922.173 Mobile Safari/537.36 (compatible; Googlebot/2.1; +http://www.google.com/bot.html)"
66.249.66.75 - - [27/Aug/2026:08:37:02 +0800] "GET /products/73by12547 HTTP/1.1" 404 2080 "-" "Mozilla/5.0 (Linux; Android 6.0.1; Nexus 5X Build/MMB29P) AppleWebKit/537.36 (KHTML, like Gecko) Chrome/151.0.7922.173 Mobile Safari/537.36 (compatible; Googlebot/2.1; +http://www.google.com/bot.html)"
66.249.66.75 - - [27/Aug/2026:08:37:42 +0800] "GET /first23-trusco-3411738 HTTP/1.1" 500 25848 "-" "Mozilla/5.0 (Linux; Android 6.0.1; Nexus 5X Build/MMB29P) AppleWebKit/537.36 (KHTML, like Gecko) Chrome/151.0.7922.173 Mobile Safari/537.36 (compatible; Googlebot/2.1; +http://www.google.com/bot.html)"
31.76.40.136 - - [27/Aug/2026:08:38:08 +0800] "GET //cms/.env HTTP/1.1" 404 2080 "-" "Mozilla/5.0 (Macintosh; Intel Mac OS X 10.15; rv:77.0) Gecko/20100101 Firefox/77.0"
190.94.230.15 - - [27/Aug/2026:08:38:08 +0800] "GET /?shopbrand=1020003877 HTTP/1.1" 500 25849 "https://mipinternational.com/?shopbrand=1020003877" "Mozilla/5.0 (iPhone; CPU iPhone OS 18_5 like Mac OS X) AppleWebKit/605.1.15 (KHTML, like Gecko) Version/18.5 Mobile/15E148 Safari/604.1 MicroMessenger/8.0.44(0x18001B3F) NetType/WIFI Language/zh_CN"
31.76.40.136 - - [27/Aug/2026:08:38:09 +0800] "POST //cms/.env HTTP/1.1" 404 2080 "-" "Mozilla/5.0 (Macintosh; Intel Mac OS X 10.15; rv:77.0) Gecko/20100101 Firefox/77.0"
45.148.10.16 - - [27/Aug/2026:08:38:38 +0800] "GET / HTTP/2.0" 401 53 "-" "Mozilla/5.0 (Windows NT 10.0; Win64; x64) AppleWebKit/537.36"
66.249.66.40 - - [27/Aug/2026:08:38:47 +0800] "GET /products/21dz467 HTTP/1.1" 404 2080 "-" "Mozilla/5.0 (Linux; Android 6.0.1; Nexus 5X Build/MMB29P) AppleWebKit/537.36 (KHTML, like Gecko) Chrome/151.0.7922.173 Mobile Safari/537.36 (compatible; Googlebot/2.1; +http://www.google.com/bot.html)"
62.60.130.247 - - [27/Aug/2026:08:39:08 +0800] "GET /wp-login.php HTTP/1.1" 500 25851 "-" "Mozilla/5.0 (X11; Ubuntu; Linux x86_64) AppleWebKit/537.36 (KHTML, like Gecko) Chrome/119.0.0.0 Safari/537.36"
62.60.130.247 - - [27/Aug/2026:08:39:09 +0800] "GET /wp-admin/ HTTP/1.1" 500 25850 "https://www.facebook.com/" "Mozilla/5.0 (X11; Ubuntu; Linux x86_64) AppleWebKit/537.36 (KHTML, like Gecko) Chrome/120.0.0.0 Safari/537.36"
223.109.255.156 - - [27/Aug/2026:08:39:16 +0800] "GET /the-president HTTP/1.1" 500 25849 "-" "Sogou web spider/4.0(+http://www.sogou.com/docs/help/webmasters.htm#07)"
66.249.66.38 - - [27/Aug/2026:08:39:33 +0800] "GET /238046697 HTTP/1.1" 500 25849 "-" "Mozilla/5.0 (Linux; Android 6.0.1; Nexus 5X Build/MMB29P) AppleWebKit/537.36 (KHTML, like Gecko) Chrome/151.0.7922.173 Mobile Safari/537.36 (compatible; Googlebot/2.1; +http://www.google.com/bot.html)"
66.249.66.45 - - [27/Aug/2026:08:39:53 +0800] "GET /lifeup1-t3ab-2033559 HTTP/1.1" 500 25850 "-" "Mozilla/5.0 (Linux; Android 6.0.1; Nexus 5X Build/MMB29P) AppleWebKit/537.36 (KHTML, like Gecko) Chrome/151.0.7922.173 Mobile Safari/537.36 (compatible; Googlebot/2.1; +http://www.google.com/bot.html)"
66.249.66.39 - - [27/Aug/2026:08:41:11 +0800] "GET /products/203af35661 HTTP/1.1" 404 2080 "-" "Mozilla/5.0 (Linux; Android 6.0.1; Nexus 5X Build/MMB29P) AppleWebKit/537.36 (KHTML, like Gecko) Chrome/151.0.7922.173 Mobile Safari/537.36 (compatible; Googlebot/2.1; +http://www.google.com/bot.html)"
34.23.175.79 - - [27/Aug/2026:08:41:43 +0800] "GET / HTTP/2.0" 401 53 "-" "Mozilla/5.0 (Windows NT 10.0; Win64; x64) AppleWebKit/537.36 (KHTML, like Gecko) Chrome/148.0.0.0 Safari/537.36"
66.249.66.75 - - [27/Aug/2026:08:41:53 +0800] "GET /?jp/010012657.html HTTP/1.1" 500 25849 "-" "Mozilla/5.0 (Linux; Android 6.0.1; Nexus 5X Build/MMB29P) AppleWebKit/537.36 (KHTML, like Gecko) Chrome/151.0.7922.173 Mobile Safari/537.36 (compatible; Googlebot/2.1; +http://www.google.com/bot.html)"
185.97.95.53 - - [27/Aug/2026:08:42:11 +0800] "GET /caretaker-taiwan&sa=U HTTP/1.1" 500 25849 "https://anarim.az/img/search.php?newwindow=1&hl=ru&q=caretaker%2Bin%2Btaiwan%2Bjob%2Bdescription" "Mozilla/5.0 (Linux; Android 12; V2185) AppleWebKit/537.36 (KHTML, like Gecko) Chrome/151.0.5885.24 Mobile Safari/537.36"
66.249.66.203 - - [27/Aug/2026:08:42:18 +0800] "GET /category/1262_3033/1/listing HTTP/1.1" 404 2080 "-" "Mozilla/5.0 (Linux; Android 6.0.1; Nexus 5X Build/MMB29P) AppleWebKit/537.36 (KHTML, like Gecko) Chrome/151.0.7922.173 Mobile Safari/537.36 (compatible; Googlebot/2.1; +http://www.google.com/bot.html)"
66.249.66.38 - - [27/Aug/2026:08:42:19 +0800] "GET /products/223zx6515 HTTP/1.1" 404 2080 "-" "Mozilla/5.0 (Linux; Android 6.0.1; Nexus 5X Build/MMB29P) AppleWebKit/537.36 (KHTML, like Gecko) Chrome/151.0.7922.173 Mobile Safari/537.36 (compatible; Googlebot/2.1; +http://www.google.com/bot.html)"
66.249.66.39 - - [27/Aug/2026:08:43:03 +0800] "GET /229019170 HTTP/1.1" 500 25850 "-" "Mozilla/5.0 (Linux; Android 6.0.1; Nexus 5X Build/MMB29P) AppleWebKit/537.36 (KHTML, like Gecko) Chrome/151.0.7922.173 Mobile Safari/537.36 (compatible; Googlebot/2.1; +http://www.google.com/bot.html)"
66.249.66.38 - - [27/Aug/2026:08:43:23 +0800] "GET /hatoya-parts-y-5bf147101000 HTTP/1.1" 500 25850 "-" "Mozilla/5.0 (Linux; Android 6.0.1; Nexus 5X Build/MMB29P) AppleWebKit/537.36 (KHTML, like Gecko) Chrome/151.0.7922.173 Mobile Safari/537.36 (compatible; Googlebot/2.1; +http://www.google.com/bot.html)"
66.249.66.38 - - [27/Aug/2026:08:43:28 +0800] "GET /category/7332/1 HTTP/1.1" 404 2080 "-" "Mozilla/5.0 (Linux; Android 6.0.1; Nexus 5X Build/MMB29P) AppleWebKit/537.36 (KHTML, like Gecko) Chrome/151.0.7922.173 Mobile Safari/537.36 (compatible; Googlebot/2.1; +http://www.google.com/bot.html)"
31.76.40.136 - - [27/Aug/2026:08:43:30 +0800] "GET //local/.env HTTP/1.1" 404 2080 "-" "Mozilla/5.0 (Macintosh; Intel Mac OS X 10.15; rv:77.0) Gecko/20100101 Firefox/77.0"
31.76.40.136 - - [27/Aug/2026:08:43:31 +0800] "POST //local/.env HTTP/1.1" 404 2080 "-" "Mozilla/5.0 (Macintosh; Intel Mac OS X 10.15; rv:77.0) Gecko/20100101 Firefox/77.0"
66.249.66.202 - - [27/Aug/2026:08:43:38 +0800] "GET /?jp/226028322.html HTTP/1.1" 500 25850 "-" "Mozilla/5.0 (Linux; Android 6.0.1; Nexus 5X Build/MMB29P) AppleWebKit/537.36 (KHTML, like Gecko) Chrome/151.0.7922.173 Mobile Safari/537.36 (compatible; Googlebot/2.1; +http://www.google.com/bot.html)"
66.249.66.38 - - [27/Aug/2026:08:43:43 +0800] "GET /products/114tf41170 HTTP/1.1" 404 2080 "-" "Mozilla/5.0 (Linux; Android 6.0.1; Nexus 5X Build/MMB29P) AppleWebKit/537.36 (KHTML, like Gecko) Chrome/151.0.7922.173 Mobile Safari/537.36 (compatible; Googlebot/2.1; +http://www.google.com/bot.html)"
66.249.66.39 - - [27/Aug/2026:08:44:21 +0800] "GET /products/16ln4122 HTTP/1.1" 404 2080 "-" "Mozilla/5.0 (Linux; Android 6.0.1; Nexus 5X Build/MMB29P) AppleWebKit/537.36 (KHTML, like Gecko) Chrome/151.0.7922.173 Mobile Safari/537.36 (compatible; Googlebot/2.1; +http://www.google.com/bot.html)"
66.249.66.75 - - [27/Aug/2026:08:44:22 +0800] "GET /?jp/260046176.html HTTP/1.1" 500 25849 "-" "Mozilla/5.0 (Linux; Android 6.0.1; Nexus 5X Build/MMB29P) AppleWebKit/537.36 (KHTML, like Gecko) Chrome/151.0.7922.173 Mobile Safari/537.36 (compatible; Googlebot/2.1; +http://www.google.com/bot.html)"
31.76.40.136 - - [27/Aug/2026:08:45:19 +0800] "GET //cp/.env HTTP/1.1" 404 2080 "-" "Mozilla/5.0 (Macintosh; Intel Mac OS X 10.15; rv:77.0) Gecko/20100101 Firefox/77.0"
114.119.156.30 - - [27/Aug/2026:08:45:19 +0800] "GET /website/css/bootstrap-theme.min.css HTTP/1.1" 200 2423 "https://mipinternational.com/website/css/?C=M%3BO%3DA" "Mozilla/5.0 (Linux; Android 7.0;) AppleWebKit/537.36 (HTML, like Gecko) Mobile Safari/537.36 (compatible; PetalBot;+https://webmaster.petalsearch.com/site/petalbot)"
31.76.40.136 - - [27/Aug/2026:08:45:20 +0800] "POST //cp/.env HTTP/1.1" 404 2080 "-" "Mozilla/5.0 (Macintosh; Intel Mac OS X 10.15; rv:77.0) Gecko/20100101 Firefox/77.0"
47.128.120.222 - - [27/Aug/2026:08:45:42 +0800] "GET /?jp/204017293.html HTTP/2.0" 500 25849 "-" "Mozilla/5.0 (Linux; Android 5.0) AppleWebKit/537.36 (KHTML, like Gecko) Mobile Safari/537.36 (compatible; TikTokSpider; ttspider-feedback@tiktok.com)"
66.249.66.202 - - [27/Aug/2026:08:46:06 +0800] "GET /?jp/007045138.html HTTP/1.1" 500 25850 "-" "Mozilla/5.0 (Linux; Android 6.0.1; Nexus 5X Build/MMB29P) AppleWebKit/537.36 (KHTML, like Gecko) Chrome/151.0.7922.173 Mobile Safari/537.36 (compatible; Googlebot/2.1; +http://www.google.com/bot.html)"
66.249.66.38 - - [27/Aug/2026:08:46:50 +0800] "GET /skymarketplus-b014bfmlz6 HTTP/1.1" 500 25850 "-" "Mozilla/5.0 (Linux; Android 6.0.1; Nexus 5X Build/MMB29P) AppleWebKit/537.36 (KHTML, like Gecko) Chrome/151.0.7922.173 Mobile Safari/537.36 (compatible; Googlebot/2.1; +http://www.google.com/bot.html)"
31.76.40.136 - - [27/Aug/2026:08:47:08 +0800] "GET //live_env HTTP/1.1" 404 2080 "-" "Mozilla/5.0 (Macintosh; Intel Mac OS X 10.15; rv:77.0) Gecko/20100101 Firefox/77.0"
31.76.40.136 - - [27/Aug/2026:08:47:09 +0800] "POST //live_env HTTP/1.1" 404 2080 "-" "Mozilla/5.0 (Macintosh; Intel Mac OS X 10.15; rv:77.0) Gecko/20100101 Firefox/77.0"
66.249.66.38 - - [27/Aug/2026:08:47:22 +0800] "GET /category/163_1335/1 HTTP/1.1" 404 2080 "-" "Mozilla/5.0 (Linux; Android 6.0.1; Nexus 5X Build/MMB29P) AppleWebKit/537.36 (KHTML, like Gecko) Chrome/151.0.7922.173 Mobile Safari/537.36 (compatible; Googlebot/2.1; +http://www.google.com/bot.html)"
66.249.66.75 - - [27/Aug/2026:08:47:38 +0800] "GET /?goods/173002471 HTTP/1.1" 500 25850 "-" "Mozilla/5.0 (Linux; Android 6.0.1; Nexus 5X Build/MMB29P) AppleWebKit/537.36 (KHTML, like Gecko) Chrome/151.0.7922.173 Mobile Safari/537.36 (compatible; Googlebot/2.1; +http://www.google.com/bot.html)"
66.249.66.39 - - [27/Aug/2026:08:48:35 +0800] "GET /products/275sl40349 HTTP/1.1" 404 2080 "-" "Mozilla/5.0 (Linux; Android 6.0.1; Nexus 5X Build/MMB29P) AppleWebKit/537.36 (KHTML, like Gecko) Chrome/151.0.7922.173 Mobile Safari/537.36 (compatible; Googlebot/2.1; +http://www.google.com/bot.html)"
31.76.40.136 - - [27/Aug/2026:08:48:55 +0800] "GET //frontend_dev.php/$ HTTP/1.1" 404 2080 "-" "Mozilla/5.0 (Macintosh; Intel Mac OS X 10.15; rv:77.0) Gecko/20100101 Firefox/77.0"
66.249.66.40 - - [27/Aug/2026:08:49:39 +0800] "GET /jyusetsupro-1833001607 HTTP/1.1" 500 25850 "-" "Mozilla/5.0 (Linux; Android 6.0.1; Nexus 5X Build/MMB29P) AppleWebKit/537.36 (KHTML, like Gecko) Chrome/151.0.7922.173 Mobile Safari/537.36 (compatible; Googlebot/2.1; +http://www.google.com/bot.html)"
34.30.223.149 - - [27/Aug/2026:08:50:12 +0800] "GET /company-profile HTTP/1.1" 500 25849 "-" "Mozilla/5.0 (Macintosh; Intel Mac OS X 10_15_7) AppleWebKit/537.36 (KHTML, like Gecko) Chrome/120.0.0.0 Safari/537.36"
66.249.66.45 - - [27/Aug/2026:08:51:24 +0800] "GET /?goods/164042938 HTTP/1.1" 500 25849 "-" "Mozilla/5.0 (Linux; Android 6.0.1; Nexus 5X Build/MMB29P) AppleWebKit/537.36 (KHTML, like Gecko) Chrome/151.0.7922.173 Mobile Safari/537.36 (compatible; Googlebot/2.1; +http://www.google.com/bot.html)"
173.252.109.10 - - [27/Aug/2026:08:53:20 +0800] "GET /website/images/img-slider.jpg HTTP/2.0" 200 187808 "-" "facebookexternalhit/1.1 (+http://www.facebook.com/externalhit_uatext.php)"
66.249.66.75 - - [27/Aug/2026:08:53:53 +0800] "GET /172007277 HTTP/1.1" 500 25849 "-" "Mozilla/5.0 (Linux; Android 6.0.1; Nexus 5X Build/MMB29P) AppleWebKit/537.36 (KHTML, like Gecko) Chrome/151.0.7922.173 Mobile Safari/537.36 (compatible; Googlebot/2.1; +http://www.google.com/bot.html)"
66.249.66.202 - - [27/Aug/2026:08:54:54 +0800] "GET /291034718 HTTP/1.1" 500 25848 "-" "Mozilla/5.0 (Linux; Android 6.0.1; Nexus 5X Build/MMB29P) AppleWebKit/537.36 (KHTML, like Gecko) Chrome/151.0.7922.173 Mobile Safari/537.36 (compatible; Googlebot/2.1; +http://www.google.com/bot.html)"
66.249.66.76 - - [27/Aug/2026:08:54:56 +0800] "GET /?jp/010004916.html HTTP/1.1" 500 25850 "-" "Mozilla/5.0 (Linux; Android 6.0.1; Nexus 5X Build/MMB29P) AppleWebKit/537.36 (KHTML, like Gecko) Chrome/151.0.7922.173 Mobile Safari/537.36 (compatible; Googlebot/2.1; +http://www.google.com/bot.html)"
31.76.40.136 - - [27/Aug/2026:08:56:00 +0800] "GET //debug/default/view?panel=config HTTP/1.1" 404 2080 "-" "Mozilla/5.0 (Macintosh; Intel Mac OS X 10.15; rv:77.0) Gecko/20100101 Firefox/77.0"
66.249.66.42 - - [27/Aug/2026:08:56:19 +0800] "GET /?goods/029040531 HTTP/1.1" 500 25850 "-" "Mozilla/5.0 (Linux; Android 6.0.1; Nexus 5X Build/MMB29P) AppleWebKit/537.36 (KHTML, like Gecko) Chrome/151.0.7922.173 Mobile Safari/537.36 (compatible; Googlebot/2.1; +http://www.google.com/bot.html)"
66.249.66.40 - - [27/Aug/2026:08:56:42 +0800] "GET /?jp/212039603.html HTTP/1.1" 500 25849 "-" "Mozilla/5.0 (Linux; Android 6.0.1; Nexus 5X Build/MMB29P) AppleWebKit/537.36 (KHTML, like Gecko) Chrome/151.0.7922.173 Mobile Safari/537.36 (compatible; Googlebot/2.1; +http://www.google.com/bot.html)"
51.36.221.20 - - [27/Aug/2026:08:58:59 +0800] "GET /?shopbrand=970816135 HTTP/1.1" 500 25850 "https://mipinternational.com/sitemap.xml" "Mozilla/5.0 (Linux; Android 15; M2102J20) AppleWebKit/537.36 (KHTML, like Gecko) Chrome/144.0.5985.36 Mobile Safari/537.36 MicroMessenger/8.0.32(0x18001B3F) NetType/WIFI Language/zh_CN"
31.76.40.136 - - [27/Aug/2026:08:59:36 +0800] "GET //.json HTTP/1.1" 404 2080 "-" "Mozilla/5.0 (Macintosh; Intel Mac OS X 10.15; rv:77.0) Gecko/20100101 Firefox/77.0"
66.249.66.204 - - [27/Aug/2026:08:59:44 +0800] "GET /?goods/167032233 HTTP/1.1" 500 25850 "-" "Mozilla/5.0 (Linux; Android 6.0.1; Nexus 5X Build/MMB29P) AppleWebKit/537.36 (KHTML, like Gecko) Chrome/151.0.7922.173 Mobile Safari/537.36 (compatible; Googlebot/2.1; +http://www.google.com/bot.html)"
66.249.66.38 - - [27/Aug/2026:08:59:57 +0800] "GET /083014198 HTTP/1.1" 500 25850 "-" "Mozilla/5.0 (Linux; Android 6.0.1; Nexus 5X Build/MMB29P) AppleWebKit/537.36 (KHTML, like Gecko) Chrome/151.0.7922.173 Mobile Safari/537.36 (compatible; Googlebot/2.1; +http://www.google.com/bot.html)"
66.249.66.41 - - [27/Aug/2026:09:00:58 +0800] "GET /?goods/005042613 HTTP/1.1" 500 25850 "-" "Mozilla/5.0 (Linux; Android 6.0.1; Nexus 5X Build/MMB29P) AppleWebKit/537.36 (KHTML, like Gecko) Chrome/151.0.7922.173 Mobile Safari/537.36 (compatible; Googlebot/2.1; +http://www.google.com/bot.html)"
PK O8]o�p���� mipinternational.comnu ��٘� 173.252.87.38 - - [26/Aug/2026:20:02:31 +0800] "GET /website/images/img-slider.jpg HTTP/1.1" 200 187808 "-" "facebookexternalhit/1.1 (+http://www.facebook.com/externalhit_uatext.php)"
31.13.127.14 - - [26/Aug/2026:20:02:59 +0800] "GET /website/images/img-inner-header-apply.jpg HTTP/1.1" 200 467124 "-" "facebookexternalhit/1.1 (+http://www.facebook.com/externalhit_uatext.php)"
201.221.115.4 - - [26/Aug/2026:20:03:07 +0800] "GET /092003943 HTTP/1.1" 200 2863 "-" "Mozilla/5.0 (Macintosh; Intel Mac OS X 12_6_0) AppleWebKit/537.36 (KHTML, like Gecko) Chrome/132.0.6834.83 Safari/537.36"
129.204.188.64 - - [26/Aug/2026:20:03:23 +0800] "GET / HTTP/1.1" 200 3649 "-" "Mozilla/5.0 (iPhone; CPU iPhone OS 13_2_3 like Mac OS X) AppleWebKit/605.1.15 (KHTML, like Gecko) Version/13.0.3 Mobile/15E148 Safari/604.1"
223.109.252.213 - - [26/Aug/2026:20:11:24 +0800] "GET /files/mip/shares/js/?path=%2Fhome%2Fmip%2F.local%2Fshare HTTP/1.1" 200 1257 "-" "Sogou web spider/4.0(+http://www.sogou.com/docs/help/webmasters.htm#07)"
17.246.19.49 - - [26/Aug/2026:20:18:53 +0800] "GET /187021684 HTTP/1.1" 500 25850 "-" "Mozilla/5.0 (Macintosh; Intel Mac OS X 10_15_7) AppleWebKit/605.1.15 (KHTML, like Gecko) Version/17.4 Safari/605.1.15 (Applebot/0.1; +http://www.apple.com/go/applebot)"
17.22.245.248 - - [26/Aug/2026:20:20:55 +0800] "GET /105030568 HTTP/1.1" 500 25849 "-" "Mozilla/5.0 (Macintosh; Intel Mac OS X 10_15_7) AppleWebKit/605.1.15 (KHTML, like Gecko) Version/17.4 Safari/605.1.15 (Applebot/0.1; +http://www.apple.com/go/applebot)"
94.59.3.237 - - [26/Aug/2026:20:31:15 +0800] "GET /pages.php?111017665 HTTP/1.1" 403 2863 "http://mipinternational.com/pages.php?sitemap387.xml" "Mozilla/5.0 (iPhone; CPU iPhone OS 17_5 like Mac OS X) AppleWebKit/605.1.15 (KHTML, like Gecko) Version/17.5 Mobile/15E148 Safari/604.1"
66.249.67.33 - - [26/Aug/2026:20:34:39 +0800] "GET /robots.txt HTTP/1.1" 200 1 "-" "Mozilla/5.0 (compatible; Googlebot/2.1; +http://www.google.com/bot.html)"
66.249.66.77 - - [26/Aug/2026:20:34:39 +0800] "GET /index.php?products/15412330/ HTTP/1.1" 500 25848 "-" "Mozilla/5.0 (Linux; Android 6.0.1; Nexus 5X Build/MMB29P) AppleWebKit/537.36 (KHTML, like Gecko) Chrome/151.0.7922.173 Mobile Safari/537.36 (compatible; Googlebot/2.1; +http://www.google.com/bot.html)"
112.203.160.78 - - [26/Aug/2026:20:35:58 +0800] "GET /299009414 HTTP/1.1" 500 25849 "http://mipinternational.com/sitemap581.xml" "Mozilla/5.0 (Linux; Android 14; V2184) AppleWebKit/537.36 (KHTML, like Gecko) Chrome/143.0.5103.158 Mobile Safari/537.36 MicroMessenger/8.0.45(0x18001B3F) NetType/WIFI Language/zh_CN"
8.217.145.188 - - [26/Aug/2026:20:36:32 +0800] "GET / HTTP/1.1" 500 181550 "-" "Mozilla/5.0 (Windows NT 10.0; Win64; x64) AppleWebKit/537.36 (KHTML, like Gecko) Chrome/120.0.0.0 Safari/537.36"
66.249.66.36 - - [26/Aug/2026:20:37:17 +0800] "GET /products/11454296 HTTP/1.1" 404 2080 "-" "Mozilla/5.0 (Linux; Android 6.0.1; Nexus 5X Build/MMB29P) AppleWebKit/537.36 (KHTML, like Gecko) Chrome/151.0.7922.173 Mobile Safari/537.36 (compatible; Googlebot/2.1; +http://www.google.com/bot.html)"
45.163.7.249 - - [26/Aug/2026:20:40:55 +0800] "GET /298000233 HTTP/1.1" 500 25850 "http://mipinternational.com/sitemap722.xml" "Mozilla/5.0 (Linux; Android 12; V2182) AppleWebKit/537.36 (KHTML, like Gecko) Chrome/144.0.5954.147 Mobile Safari/537.36 MicroMessenger/8.0.33(0x18001B3F) NetType/WIFI Language/zh_CN"
216.73.216.206 - - [26/Aug/2026:20:45:35 +0800] "GET /template/AdminLTE/plugins/cropper-master/docs/css/main.css HTTP/1.1" 200 1089 "-" "Mozilla/5.0 AppleWebKit/537.36 (KHTML, like Gecko; compatible; ClaudeBot/1.0; +claudebot@anthropic.com)"
216.73.216.206 - - [26/Aug/2026:20:45:36 +0800] "GET /template/AdminLTE/plugins/ckeditor/samples/css/css/ HTTP/1.1" 200 326 "-" "Mozilla/5.0 AppleWebKit/537.36 (KHTML, like Gecko; compatible; ClaudeBot/1.0; +claudebot@anthropic.com)"
216.73.216.206 - - [26/Aug/2026:20:45:36 +0800] "GET /template/AdminLTE/plugins/cropper-master/docs/css/cropper.css HTTP/1.1" 200 1250 "-" "Mozilla/5.0 AppleWebKit/537.36 (KHTML, like Gecko; compatible; ClaudeBot/1.0; +claudebot@anthropic.com)"
216.73.216.206 - - [26/Aug/2026:20:45:37 +0800] "GET /template/AdminLTE/plugins/DataTables-1.10.12/examples/basic_init/table_sorting.html HTTP/1.1" 200 5114 "-" "Mozilla/5.0 AppleWebKit/537.36 (KHTML, like Gecko; compatible; ClaudeBot/1.0; +claudebot@anthropic.com)"
216.73.216.206 - - [26/Aug/2026:20:45:37 +0800] "GET /template/AdminLTE/plugins/DataTables-1.10.12/examples/basic_init/complex_header.html HTTP/1.1" 200 5274 "-" "Mozilla/5.0 AppleWebKit/537.36 (KHTML, like Gecko; compatible; ClaudeBot/1.0; +claudebot@anthropic.com)"
216.73.216.206 - - [26/Aug/2026:20:45:38 +0800] "GET /template/AdminLTE/plugins/ckeditor/samples/css/samples.css HTTP/1.1" 200 16169 "-" "Mozilla/5.0 AppleWebKit/537.36 (KHTML, like Gecko; compatible; ClaudeBot/1.0; +claudebot@anthropic.com)"
216.73.216.206 - - [26/Aug/2026:20:45:38 +0800] "GET /docs/csv-file-reader.html HTTP/1.1" 404 2080 "-" "Mozilla/5.0 AppleWebKit/537.36 (KHTML, like Gecko; compatible; ClaudeBot/1.0; +claudebot@anthropic.com)"
216.73.216.206 - - [26/Aug/2026:20:45:48 +0800] "GET /template/AdminLTE/plugins/DataTables-1.10.12/examples/basic_init/scroll_y_dynamic.html HTTP/1.1" 200 5088 "-" "Mozilla/5.0 AppleWebKit/537.36 (KHTML, like Gecko; compatible; ClaudeBot/1.0; +claudebot@anthropic.com)"
216.73.216.206 - - [26/Aug/2026:20:45:49 +0800] "GET /template/AdminLTE/plugins/sweetalert/dev/modules/utils.js HTTP/1.1" 200 721 "-" "Mozilla/5.0 AppleWebKit/537.36 (KHTML, like Gecko; compatible; ClaudeBot/1.0; +claudebot@anthropic.com)"
216.73.216.206 - - [26/Aug/2026:20:45:49 +0800] "GET /template/AdminLTE/plugins/DataTables-1.10.12/examples/basic_init/zero_configuration.html HTTP/1.1" 200 4903 "-" "Mozilla/5.0 AppleWebKit/537.36 (KHTML, like Gecko; compatible; ClaudeBot/1.0; +claudebot@anthropic.com)"
216.73.216.206 - - [26/Aug/2026:20:45:50 +0800] "GET /template/AdminLTE/plugins/DataTables-1.10.12/examples/basic_init/multiple_tables.html HTTP/1.1" 200 3886 "-" "Mozilla/5.0 AppleWebKit/537.36 (KHTML, like Gecko; compatible; ClaudeBot/1.0; +claudebot@anthropic.com)"
216.73.216.206 - - [26/Aug/2026:20:45:50 +0800] "GET /template/AdminLTE/plugins/sweetalert/dev/modules/default-params.js HTTP/1.1" 200 250 "-" "Mozilla/5.0 AppleWebKit/537.36 (KHTML, like Gecko; compatible; ClaudeBot/1.0; +claudebot@anthropic.com)"
216.73.216.206 - - [26/Aug/2026:20:45:51 +0800] "GET /template/AdminLTE/plugins/DataTables-1.10.12/examples/basic_init/multi_col_sort.html HTTP/1.1" 200 4846 "-" "Mozilla/5.0 AppleWebKit/537.36 (KHTML, like Gecko; compatible; ClaudeBot/1.0; +claudebot@anthropic.com)"
216.73.216.206 - - [26/Aug/2026:20:45:51 +0800] "GET /template/AdminLTE/plugins/DataTables-1.10.12/examples/basic_init/flexible_width.html HTTP/1.1" 200 5102 "-" "Mozilla/5.0 AppleWebKit/537.36 (KHTML, like Gecko; compatible; ClaudeBot/1.0; +claudebot@anthropic.com)"
216.73.216.206 - - [26/Aug/2026:20:46:02 +0800] "GET /template/AdminLTE/plugins/DataTables-1.10.12/examples/basic_init/state_save.html HTTP/1.1" 200 5311 "-" "Mozilla/5.0 AppleWebKit/537.36 (KHTML, like Gecko; compatible; ClaudeBot/1.0; +claudebot@anthropic.com)"
216.73.216.206 - - [26/Aug/2026:20:46:02 +0800] "GET /template/AdminLTE/plugins/DataTables-1.10.12/examples/basic_init/scroll_y.html HTTP/1.1" 200 5220 "-" "Mozilla/5.0 AppleWebKit/537.36 (KHTML, like Gecko; compatible; ClaudeBot/1.0; +claudebot@anthropic.com)"
216.73.216.206 - - [26/Aug/2026:20:46:02 +0800] "GET /template/AdminLTE/plugins/DataTables-1.10.12/examples/basic_init/language.html HTTP/1.1" 200 5113 "-" "Mozilla/5.0 AppleWebKit/537.36 (KHTML, like Gecko; compatible; ClaudeBot/1.0; +claudebot@anthropic.com)"
216.73.216.206 - - [26/Aug/2026:20:46:02 +0800] "GET /template/AdminLTE/plugins/DataTables-1.10.12/examples/basic_init/scroll_x.html HTTP/1.1" 200 5825 "-" "Mozilla/5.0 AppleWebKit/537.36 (KHTML, like Gecko; compatible; ClaudeBot/1.0; +claudebot@anthropic.com)"
216.73.216.206 - - [26/Aug/2026:20:46:03 +0800] "GET /template/AdminLTE/plugins/datatables/extensions/TableTools/css/ HTTP/1.1" 200 347 "-" "Mozilla/5.0 AppleWebKit/537.36 (KHTML, like Gecko; compatible; ClaudeBot/1.0; +claudebot@anthropic.com)"
216.73.216.206 - - [26/Aug/2026:20:46:03 +0800] "GET /template/AdminLTE/plugins/datatables/extensions/FixedHeader/css/ HTTP/1.1" 200 343 "-" "Mozilla/5.0 AppleWebKit/537.36 (KHTML, like Gecko; compatible; ClaudeBot/1.0; +claudebot@anthropic.com)"
216.73.216.206 - - [26/Aug/2026:20:46:24 +0800] "GET /template/AdminLTE/plugins/datatables/extensions/AutoFill/examples/ HTTP/1.1" 200 454 "-" "Mozilla/5.0 AppleWebKit/537.36 (KHTML, like Gecko; compatible; ClaudeBot/1.0; +claudebot@anthropic.com)"
216.73.216.206 - - [26/Aug/2026:20:46:24 +0800] "GET /template/AdminLTE/plugins/sweetalert/dev/modules/set-params.js HTTP/1.1" 200 1567 "-" "Mozilla/5.0 AppleWebKit/537.36 (KHTML, like Gecko; compatible; ClaudeBot/1.0; +claudebot@anthropic.com)"
216.73.216.206 - - [26/Aug/2026:20:46:25 +0800] "GET /template/AdminLTE/plugins/DataTables-1.10.12/examples/basic_init/scroll_xy.html HTTP/1.1" 200 5578 "-" "Mozilla/5.0 AppleWebKit/537.36 (KHTML, like Gecko; compatible; ClaudeBot/1.0; +claudebot@anthropic.com)"
216.73.216.206 - - [26/Aug/2026:20:46:25 +0800] "GET /template/AdminLTE/plugins/datatables/extensions/TableTools/examples/ HTTP/1.1" 200 626 "-" "Mozilla/5.0 AppleWebKit/537.36 (KHTML, like Gecko; compatible; ClaudeBot/1.0; +claudebot@anthropic.com)"
216.73.216.206 - - [26/Aug/2026:20:46:26 +0800] "GET /template/AdminLTE/plugins/datatables/extensions/FixedHeader/examples/ HTTP/1.1" 200 413 "-" "Mozilla/5.0 AppleWebKit/537.36 (KHTML, like Gecko; compatible; ClaudeBot/1.0; +claudebot@anthropic.com)"
216.73.216.206 - - [26/Aug/2026:20:46:26 +0800] "GET /template/AdminLTE/plugins/datatables/extensions/AutoFill/css/ HTTP/1.1" 200 348 "-" "Mozilla/5.0 AppleWebKit/537.36 (KHTML, like Gecko; compatible; ClaudeBot/1.0; +claudebot@anthropic.com)"
216.73.216.206 - - [26/Aug/2026:20:46:28 +0800] "GET /template/AdminLTE/plugins/DataTables-1.10.12/examples/basic_init/index.html HTTP/1.1" 200 1018 "-" "Mozilla/5.0 AppleWebKit/537.36 (KHTML, like Gecko; compatible; ClaudeBot/1.0; +claudebot@anthropic.com)"
216.73.216.206 - - [26/Aug/2026:20:46:28 +0800] "GET /template/AdminLTE/plugins/sweetalert/dev/modules/injected-html.js HTTP/1.1" 200 465 "-" "Mozilla/5.0 AppleWebKit/537.36 (KHTML, like Gecko; compatible; ClaudeBot/1.0; +claudebot@anthropic.com)"
216.73.216.206 - - [26/Aug/2026:20:46:29 +0800] "GET /template/AdminLTE/plugins/DataTables-1.10.12/examples/basic_init/dom.html HTTP/1.1" 200 5718 "-" "Mozilla/5.0 AppleWebKit/537.36 (KHTML, like Gecko; compatible; ClaudeBot/1.0; +claudebot@anthropic.com)"
216.73.216.206 - - [26/Aug/2026:20:46:29 +0800] "GET /template/AdminLTE/plugins/DataTables-1.10.12/examples/basic_init/comma-decimal.html HTTP/1.1" 200 5318 "-" "Mozilla/5.0 AppleWebKit/537.36 (KHTML, like Gecko; compatible; ClaudeBot/1.0; +claudebot@anthropic.com)"
216.73.216.206 - - [26/Aug/2026:20:46:30 +0800] "GET /template/AdminLTE/plugins/DataTables-1.10.12/examples/basic_init/hidden_columns.html HTTP/1.1" 200 5319 "-" "Mozilla/5.0 AppleWebKit/537.36 (KHTML, like Gecko; compatible; ClaudeBot/1.0; +claudebot@anthropic.com)"
216.73.216.206 - - [26/Aug/2026:20:46:31 +0800] "GET /template/AdminLTE/plugins/datatables/extensions/ColVis/css/ HTTP/1.1" 200 393 "-" "Mozilla/5.0 AppleWebKit/537.36 (KHTML, like Gecko; compatible; ClaudeBot/1.0; +claudebot@anthropic.com)"
216.73.216.206 - - [26/Aug/2026:20:46:32 +0800] "GET /template/AdminLTE/plugins/DataTables-1.10.12/examples/basic_init/alt_pagination.html HTTP/1.1" 200 5329 "-" "Mozilla/5.0 AppleWebKit/537.36 (KHTML, like Gecko; compatible; ClaudeBot/1.0; +claudebot@anthropic.com)"
216.73.216.206 - - [26/Aug/2026:20:46:32 +0800] "GET /template/AdminLTE/plugins/datatables/extensions/FixedHeader/js/ HTTP/1.1" 200 374 "-" "Mozilla/5.0 AppleWebKit/537.36 (KHTML, like Gecko; compatible; ClaudeBot/1.0; +claudebot@anthropic.com)"
216.73.216.206 - - [26/Aug/2026:20:46:32 +0800] "GET /template/AdminLTE/plugins/datatables/extensions/TableTools/js/ HTTP/1.1" 200 347 "-" "Mozilla/5.0 AppleWebKit/537.36 (KHTML, like Gecko; compatible; ClaudeBot/1.0; +claudebot@anthropic.com)"
216.73.216.206 - - [26/Aug/2026:20:46:32 +0800] "GET /template/AdminLTE/plugins/datatables/extensions/TableTools/Readme.md HTTP/1.1" 200 617 "-" "Mozilla/5.0 AppleWebKit/537.36 (KHTML, like Gecko; compatible; ClaudeBot/1.0; +claudebot@anthropic.com)"
216.73.216.206 - - [26/Aug/2026:20:46:33 +0800] "GET /template/AdminLTE/plugins/datatables/extensions/ColVis/examples/ HTTP/1.1" 200 512 "-" "Mozilla/5.0 AppleWebKit/537.36 (KHTML, like Gecko; compatible; ClaudeBot/1.0; +claudebot@anthropic.com)"
216.73.216.206 - - [26/Aug/2026:20:46:33 +0800] "GET /template/AdminLTE/plugins/bootstrap-tokenfield/dist/css/bootstrap-tokenfield.min.css HTTP/1.1" 200 963 "-" "Mozilla/5.0 AppleWebKit/537.36 (KHTML, like Gecko; compatible; ClaudeBot/1.0; +claudebot@anthropic.com)"
216.73.216.206 - - [26/Aug/2026:20:47:18 +0800] "GET /template/AdminLTE/plugins/datatables/extensions/ColVis/js/ HTTP/1.1" 200 350 "-" "Mozilla/5.0 AppleWebKit/537.36 (KHTML, like Gecko; compatible; ClaudeBot/1.0; +claudebot@anthropic.com)"
216.73.216.206 - - [26/Aug/2026:20:47:19 +0800] "GET /template/AdminLTE/plugins/datatables/extensions/TableTools/swf/ HTTP/1.1" 200 352 "-" "Mozilla/5.0 AppleWebKit/537.36 (KHTML, like Gecko; compatible; ClaudeBot/1.0; +claudebot@anthropic.com)"
216.73.216.206 - - [26/Aug/2026:20:47:19 +0800] "GET /template/AdminLTE/plugins/datatables/extensions/ColVis/Readme.md HTTP/1.1" 200 553 "-" "Mozilla/5.0 AppleWebKit/537.36 (KHTML, like Gecko; compatible; ClaudeBot/1.0; +claudebot@anthropic.com)"
216.73.216.206 - - [26/Aug/2026:20:47:20 +0800] "GET /template/AdminLTE/plugins/sweetalert/dev/modules/handle-key.js HTTP/1.1" 200 706 "-" "Mozilla/5.0 AppleWebKit/537.36 (KHTML, like Gecko; compatible; ClaudeBot/1.0; +claudebot@anthropic.com)"
216.73.216.206 - - [26/Aug/2026:20:47:20 +0800] "GET /template/AdminLTE/plugins/bootstrap-tokenfield/dist/css/tokenfield-typeahead.min.css HTTP/1.1" 200 756 "-" "Mozilla/5.0 AppleWebKit/537.36 (KHTML, like Gecko; compatible; ClaudeBot/1.0; +claudebot@anthropic.com)"
216.73.216.206 - - [26/Aug/2026:20:47:21 +0800] "GET /template/AdminLTE/plugins/datatables/extensions/AutoFill/js/ HTTP/1.1" 200 350 "-" "Mozilla/5.0 AppleWebKit/537.36 (KHTML, like Gecko; compatible; ClaudeBot/1.0; +claudebot@anthropic.com)"
216.73.216.206 - - [26/Aug/2026:20:47:26 +0800] "GET /template/AdminLTE/plugins/datatables/extensions/AutoFill/images/ HTTP/1.1" 200 355 "-" "Mozilla/5.0 AppleWebKit/537.36 (KHTML, like Gecko; compatible; ClaudeBot/1.0; +claudebot@anthropic.com)"
216.73.216.206 - - [26/Aug/2026:20:47:26 +0800] "GET /template/AdminLTE/plugins/sweetalert/dev/modules/handle-dom.js HTTP/1.1" 200 1203 "-" "Mozilla/5.0 AppleWebKit/537.36 (KHTML, like Gecko; compatible; ClaudeBot/1.0; +claudebot@anthropic.com)"
216.73.216.206 - - [26/Aug/2026:20:47:27 +0800] "GET /template/AdminLTE/plugins/datatables/extensions/TableTools/images/ HTTP/1.1" 200 492 "-" "Mozilla/5.0 AppleWebKit/537.36 (KHTML, like Gecko; compatible; ClaudeBot/1.0; +claudebot@anthropic.com)"
