66.249.66.38 - - [27/Aug/2026:06:59:27 +0800] "GET /omatsuri-life2-sb016apsnfm HTTP/1.1" 500 25851 "-" "Mozilla/5.0 (Linux; Android 6.0.1; Nexus 5X Build/MMB29P) AppleWebKit/537.36 (KHTML, like Gecko) Chrome/151.0.7922.173 Mobile Safari/537.36 (compatible; Googlebot/2.1; +http://www.google.com/bot.html)"
66.249.66.38 - - [27/Aug/2026:06:59:28 +0800] "GET /?goods/091014037 HTTP/1.1" 500 25848 "-" "Mozilla/5.0 (Linux; Android 6.0.1; Nexus 5X Build/MMB29P) AppleWebKit/537.36 (KHTML, like Gecko) Chrome/151.0.7922.173 Mobile Safari/537.36 (compatible; Googlebot/2.1; +http://www.google.com/bot.html)"
66.249.66.197 - - [27/Aug/2026:06:59:54 +0800] "GET /?detail/113004221773 HTTP/1.1" 500 25848 "-" "Mozilla/5.0 (Linux; Android 6.0.1; Nexus 5X Build/MMB29P) AppleWebKit/537.36 (KHTML, like Gecko) Chrome/151.0.7922.173 Mobile Safari/537.36 (compatible; Googlebot/2.1; +http://www.google.com/bot.html)"
66.249.66.202 - - [27/Aug/2026:07:00:29 +0800] "GET /?jp/280003670.html HTTP/1.1" 500 25851 "-" "Mozilla/5.0 (Linux; Android 6.0.1; Nexus 5X Build/MMB29P) AppleWebKit/537.36 (KHTML, like Gecko) Chrome/152.0.7977.64 Mobile Safari/537.36 (compatible; Googlebot/2.1; +http://www.google.com/bot.html)"
66.249.66.73 - - [27/Aug/2026:07:00:40 +0800] "GET /062007537 HTTP/1.1" 500 25851 "-" "Mozilla/5.0 (Linux; Android 6.0.1; Nexus 5X Build/MMB29P) AppleWebKit/537.36 (KHTML, like Gecko) Chrome/151.0.7922.173 Mobile Safari/537.36 (compatible; Googlebot/2.1; +http://www.google.com/bot.html)"
66.249.66.38 - - [27/Aug/2026:07:01:03 +0800] "GET /074000167 HTTP/1.1" 500 25850 "-" "Mozilla/5.0 (Linux; Android 6.0.1; Nexus 5X Build/MMB29P) AppleWebKit/537.36 (KHTML, like Gecko) Chrome/151.0.7922.173 Mobile Safari/537.36 (compatible; Googlebot/2.1; +http://www.google.com/bot.html)"
66.249.66.38 - - [27/Aug/2026:07:01:26 +0800] "GET /?detail/079042120347 HTTP/1.1" 500 25850 "-" "Mozilla/5.0 (Linux; Android 6.0.1; Nexus 5X Build/MMB29P) AppleWebKit/537.36 (KHTML, like Gecko) Chrome/151.0.7922.173 Mobile Safari/537.36 (compatible; Googlebot/2.1; +http://www.google.com/bot.html)"
66.249.66.38 - - [27/Aug/2026:07:01:49 +0800] "GET /products/49ut3141 HTTP/1.1" 404 2080 "-" "Mozilla/5.0 (Linux; Android 6.0.1; Nexus 5X Build/MMB29P) AppleWebKit/537.36 (KHTML, like Gecko) Chrome/151.0.7922.173 Mobile Safari/537.36 (compatible; Googlebot/2.1; +http://www.google.com/bot.html)"
66.249.66.38 - - [27/Aug/2026:07:02:15 +0800] "GET /products/90kc22972 HTTP/1.1" 404 2080 "-" "Mozilla/5.0 (Linux; Android 6.0.1; Nexus 5X Build/MMB29P) AppleWebKit/537.36 (KHTML, like Gecko) Chrome/151.0.7922.173 Mobile Safari/537.36 (compatible; Googlebot/2.1; +http://www.google.com/bot.html)"
66.249.66.198 - - [27/Aug/2026:07:02:16 +0800] "GET /products/56av9566 HTTP/1.1" 404 2080 "-" "Mozilla/5.0 (Linux; Android 6.0.1; Nexus 5X Build/MMB29P) AppleWebKit/537.36 (KHTML, like Gecko) Chrome/151.0.7922.173 Mobile Safari/537.36 (compatible; Googlebot/2.1; +http://www.google.com/bot.html)"
66.249.66.204 - - [27/Aug/2026:07:02:19 +0800] "GET /?jp/214041026.html HTTP/1.1" 500 25851 "-" "Mozilla/5.0 (Linux; Android 6.0.1; Nexus 5X Build/MMB29P) AppleWebKit/537.36 (KHTML, like Gecko) Chrome/151.0.7922.173 Mobile Safari/537.36 (compatible; Googlebot/2.1; +http://www.google.com/bot.html)"
31.76.40.136 - - [27/Aug/2026:07:03:30 +0800] "GET //development/.env HTTP/1.1" 404 2080 "-" "Mozilla/5.0 (Macintosh; Intel Mac OS X 10.15; rv:77.0) Gecko/20100101 Firefox/77.0"
66.249.66.32 - - [27/Aug/2026:07:03:30 +0800] "GET /?goods/150027428 HTTP/1.1" 500 25850 "-" "Mozilla/5.0 (Linux; Android 6.0.1; Nexus 5X Build/MMB29P) AppleWebKit/537.36 (KHTML, like Gecko) Chrome/151.0.7922.173 Mobile Safari/537.36 (compatible; Googlebot/2.1; +http://www.google.com/bot.html)"
31.76.40.136 - - [27/Aug/2026:07:03:30 +0800] "POST //development/.env HTTP/1.1" 404 2080 "-" "Mozilla/5.0 (Macintosh; Intel Mac OS X 10.15; rv:77.0) Gecko/20100101 Firefox/77.0"
66.249.66.40 - - [27/Aug/2026:07:03:31 +0800] "GET /?detail/1590493966717 HTTP/1.1" 500 25849 "-" "Mozilla/5.0 (Linux; Android 6.0.1; Nexus 5X Build/MMB29P) AppleWebKit/537.36 (KHTML, like Gecko) Chrome/151.0.7922.173 Mobile Safari/537.36 (compatible; Googlebot/2.1; +http://www.google.com/bot.html)"
66.249.66.40 - - [27/Aug/2026:07:03:47 +0800] "GET /life-generation-drp1-p-4973321921438-set10 HTTP/1.1" 500 25850 "-" "Mozilla/5.0 (Linux; Android 6.0.1; Nexus 5X Build/MMB29P) AppleWebKit/537.36 (KHTML, like Gecko) Chrome/151.0.7922.173 Mobile Safari/537.36 (compatible; Googlebot/2.1; +http://www.google.com/bot.html)"
66.249.66.38 - - [27/Aug/2026:07:04:18 +0800] "GET /172028183 HTTP/1.1" 500 25850 "-" "Mozilla/5.0 (Linux; Android 6.0.1; Nexus 5X Build/MMB29P) AppleWebKit/537.36 (KHTML, like Gecko) Chrome/151.0.7922.173 Mobile Safari/537.36 (compatible; Googlebot/2.1; +http://www.google.com/bot.html)"
66.249.66.38 - - [27/Aug/2026:07:05:04 +0800] "GET /re-vida-31-05280559-sterli HTTP/1.1" 500 25850 "-" "Mozilla/5.0 (Linux; Android 6.0.1; Nexus 5X Build/MMB29P) AppleWebKit/537.36 (KHTML, like Gecko) Chrome/151.0.7922.173 Mobile Safari/537.36 (compatible; Googlebot/2.1; +http://www.google.com/bot.html)"
66.249.66.45 - - [27/Aug/2026:07:05:04 +0800] "GET /163028752 HTTP/1.1" 500 25848 "-" "Mozilla/5.0 (Linux; Android 6.0.1; Nexus 5X Build/MMB29P) AppleWebKit/537.36 (KHTML, like Gecko) Chrome/151.0.7922.173 Mobile Safari/537.36 (compatible; Googlebot/2.1; +http://www.google.com/bot.html)"
66.249.66.38 - - [27/Aug/2026:07:05:05 +0800] "GET /products/51cw715 HTTP/1.1" 404 2080 "-" "Mozilla/5.0 (Linux; Android 6.0.1; Nexus 5X Build/MMB29P) AppleWebKit/537.36 (KHTML, like Gecko) Chrome/151.0.7922.173 Mobile Safari/537.36 (compatible; Googlebot/2.1; +http://www.google.com/bot.html)"
66.249.66.40 - - [27/Aug/2026:07:06:13 +0800] "GET /272013051 HTTP/1.1" 500 25850 "-" "Mozilla/5.0 (Linux; Android 6.0.1; Nexus 5X Build/MMB29P) AppleWebKit/537.36 (KHTML, like Gecko) Chrome/151.0.7922.173 Mobile Safari/537.36 (compatible; Googlebot/2.1; +http://www.google.com/bot.html)"
49.151.132.41 - - [27/Aug/2026:07:06:23 +0800] "GET /favicon.ico HTTP/2.0" 200 1 "-" "NetworkingExtension/8624.4.5.10.5 Network/5812.160.9 iOS/26.6"
49.151.132.41 - - [27/Aug/2026:07:06:23 +0800] "GET /apply-now?slug=nursing-aide HTTP/2.0" 500 25849 "-" "Mozilla/5.0 (Macintosh; Intel Mac OS X 10_11_1) AppleWebKit/601.2.4 (KHTML, like Gecko) Version/9.0.1 Safari/601.2.4 facebookexternalhit/1.1 Facebot Twitterbot/1.0"
49.151.132.41 - - [27/Aug/2026:07:06:23 +0800] "GET /apply-now?slug=nursing-aide&fbclid=IwVERFWAT6sdpwZG9mBWZkaWQWUNKu-EcDWD6Y5GafLdbI6l_zcD4i8WV4dG4DYWVtAjEwAHNydGMGYXBwX2lkCjY2Mjg1NjgzNzkAAR7cMJUIVY5kDnwgzhDj3YL2PXXIWZ7hQAUeQbCQbBMLjC8E3nIAWRf9NGrDgQ_aem_FArOxrIu5jgS-q_NloPbXQ HTTP/2.0" 500 25850 "-" "Mozilla/5.0 (iPhone; CPU iPhone OS 18_7 like Mac OS X) AppleWebKit/605.1.15 (KHTML, like Gecko) Version/26.6 Mobile/15E148 Safari/604.1"
49.151.132.41 - - [27/Aug/2026:07:06:23 +0800] "GET /apple-touch-icon.png HTTP/2.0" 500 25850 "-" "NetworkingExtension/8624.4.5.10.5 Network/5812.160.9 iOS/26.6"
49.151.132.41 - - [27/Aug/2026:07:06:23 +0800] "GET /apple-touch-icon-precomposed.png HTTP/2.0" 500 25850 "-" "NetworkingExtension/8624.4.5.10.5 Network/5812.160.9 iOS/26.6"
49.151.132.41 - - [27/Aug/2026:07:06:25 +0800] "GET /apple-touch-icon-120x120-precomposed.png HTTP/2.0" 500 25849 "-" "Mozilla/5.0 (iPhone; CPU iPhone OS 18_7 like Mac OS X) AppleWebKit/605.1.15 (KHTML, like Gecko) Safari"
49.151.132.41 - - [27/Aug/2026:07:06:26 +0800] "GET /apple-touch-icon-120x120.png HTTP/2.0" 500 25850 "-" "Mozilla/5.0 (iPhone; CPU iPhone OS 18_7 like Mac OS X) AppleWebKit/605.1.15 (KHTML, like Gecko) Safari"
49.151.132.41 - - [27/Aug/2026:07:06:26 +0800] "GET /apple-touch-icon-precomposed.png HTTP/2.0" 500 25850 "-" "Mozilla/5.0 (iPhone; CPU iPhone OS 18_7 like Mac OS X) AppleWebKit/605.1.15 (KHTML, like Gecko) Safari"
49.151.132.41 - - [27/Aug/2026:07:06:27 +0800] "GET /apple-touch-icon.png HTTP/2.0" 500 25848 "-" "Mozilla/5.0 (iPhone; CPU iPhone OS 18_7 like Mac OS X) AppleWebKit/605.1.15 (KHTML, like Gecko) Safari"
66.249.66.38 - - [27/Aug/2026:07:06:38 +0800] "GET /products/240et13050 HTTP/1.1" 404 2080 "-" "Mozilla/5.0 (Linux; Android 6.0.1; Nexus 5X Build/MMB29P) AppleWebKit/537.36 (KHTML, like Gecko) Chrome/151.0.7922.173 Mobile Safari/537.36 (compatible; Googlebot/2.1; +http://www.google.com/bot.html)"
66.249.66.45 - - [27/Aug/2026:07:07:03 +0800] "GET /?detail/2860402541167 HTTP/1.1" 500 25848 "-" "Mozilla/5.0 (Linux; Android 6.0.1; Nexus 5X Build/MMB29P) AppleWebKit/537.36 (KHTML, like Gecko) Chrome/151.0.7922.173 Mobile Safari/537.36 (compatible; Googlebot/2.1; +http://www.google.com/bot.html)"
31.76.40.136 - - [27/Aug/2026:07:07:27 +0800] "GET //.env.old HTTP/1.1" 404 2080 "-" "Mozilla/5.0 (Macintosh; Intel Mac OS X 10.15; rv:77.0) Gecko/20100101 Firefox/77.0"
31.76.40.136 - - [27/Aug/2026:07:07:27 +0800] "POST //.env.old HTTP/1.1" 404 2080 "-" "Mozilla/5.0 (Macintosh; Intel Mac OS X 10.15; rv:77.0) Gecko/20100101 Firefox/77.0"
66.249.66.39 - - [27/Aug/2026:07:07:52 +0800] "GET /products/123uw12833 HTTP/1.1" 404 2080 "-" "Mozilla/5.0 (Linux; Android 6.0.1; Nexus 5X Build/MMB29P) AppleWebKit/537.36 (KHTML, like Gecko) Chrome/151.0.7922.173 Mobile Safari/537.36 (compatible; Googlebot/2.1; +http://www.google.com/bot.html)"
66.249.66.74 - - [27/Aug/2026:07:07:54 +0800] "GET /295000400 HTTP/1.1" 500 25849 "-" "Mozilla/5.0 (Linux; Android 6.0.1; Nexus 5X Build/MMB29P) AppleWebKit/537.36 (KHTML, like Gecko) Chrome/151.0.7922.173 Mobile Safari/537.36 (compatible; Googlebot/2.1; +http://www.google.com/bot.html)"
136.158.120.146 - - [27/Aug/2026:07:08:06 +0800] "GET /?fbclid=IwY2xjawRbs5JleHRuA2FlbQIxMABicmlkETFhUDFHQ05vV1k0dHN2cjJlc3J0YwZhcHBfaWQQMjIyMDM5MTc4ODIwMDg5MgABHoyizZpDVJ_QYa7QHMNSc5IbI1xky-yABeA_7Vc9RivrGiwbiIol7eJBW_Ex_aem_ihjjKnlVu1NqiKPIwPREmg HTTP/2.0" 500 25850 "-" "Mozilla/5.0 (Macintosh; Intel Mac OS X 10_15_7) AppleWebKit/605.1.15 (KHTML, like Gecko) Version/18.5 Safari/605.1.15"
5.36.251.87 - - [27/Aug/2026:07:08:08 +0800] "GET /contact-us HTTP/1.1" 500 25851 "https://startupwebsolutions.com.au/m-headquarters/m-i-puerto-headquarters.html" "Mozilla/5.0 (Macintosh; Intel Mac OS X 10_15_7) AppleWebKit/605.1.15 (KHTML, like Gecko) Version/17.0 Safari/605.1.15"
66.249.66.38 - - [27/Aug/2026:07:08:22 +0800] "GET /245000322 HTTP/1.1" 500 25850 "-" "Mozilla/5.0 (Linux; Android 6.0.1; Nexus 5X Build/MMB29P) AppleWebKit/537.36 (KHTML, like Gecko) Chrome/151.0.7922.173 Mobile Safari/537.36 (compatible; Googlebot/2.1; +http://www.google.com/bot.html)"
66.249.66.39 - - [27/Aug/2026:07:09:10 +0800] "GET /?detail/1050450475373 HTTP/1.1" 500 25849 "-" "Mozilla/5.0 (Linux; Android 6.0.1; Nexus 5X Build/MMB29P) AppleWebKit/537.36 (KHTML, like Gecko) Chrome/151.0.7922.173 Mobile Safari/537.36 (compatible; Googlebot/2.1; +http://www.google.com/bot.html)"
66.249.66.39 - - [27/Aug/2026:07:09:33 +0800] "GET /office-com-pl-mi-068knepr-1 HTTP/1.1" 500 25851 "-" "Mozilla/5.0 (Linux; Android 6.0.1; Nexus 5X Build/MMB29P) AppleWebKit/537.36 (KHTML, like Gecko) Chrome/151.0.7922.173 Mobile Safari/537.36 (compatible; Googlebot/2.1; +http://www.google.com/bot.html)"
66.249.66.38 - - [27/Aug/2026:07:09:56 +0800] "GET /?goods/279043423 HTTP/1.1" 500 25850 "-" "Mozilla/5.0 (Linux; Android 6.0.1; Nexus 5X Build/MMB29P) AppleWebKit/537.36 (KHTML, like Gecko) Chrome/151.0.7922.173 Mobile Safari/537.36 (compatible; Googlebot/2.1; +http://www.google.com/bot.html)"
66.249.66.40 - - [27/Aug/2026:07:10:41 +0800] "GET /products/224sv3952 HTTP/1.1" 404 2080 "-" "Mozilla/5.0 (Linux; Android 6.0.1; Nexus 5X Build/MMB29P) AppleWebKit/537.36 (KHTML, like Gecko) Chrome/151.0.7922.173 Mobile Safari/537.36 (compatible; Googlebot/2.1; +http://www.google.com/bot.html)"
66.249.66.70 - - [27/Aug/2026:07:11:05 +0800] "GET /?jp/274027476.html HTTP/1.1" 500 25850 "-" "Mozilla/5.0 (Linux; Android 6.0.1; Nexus 5X Build/MMB29P) AppleWebKit/537.36 (KHTML, like Gecko) Chrome/151.0.7922.173 Mobile Safari/537.36 (compatible; Googlebot/2.1; +http://www.google.com/bot.html)"
66.249.66.39 - - [27/Aug/2026:07:11:51 +0800] "GET /157048974 HTTP/1.1" 500 25851 "-" "Mozilla/5.0 (Linux; Android 6.0.1; Nexus 5X Build/MMB29P) AppleWebKit/537.36 (KHTML, like Gecko) Chrome/151.0.7922.173 Mobile Safari/537.36 (compatible; Googlebot/2.1; +http://www.google.com/bot.html)"
66.249.66.45 - - [27/Aug/2026:07:11:52 +0800] "GET /?jp/186007229.html HTTP/1.1" 500 25849 "-" "Mozilla/5.0 (Linux; Android 6.0.1; Nexus 5X Build/MMB29P) AppleWebKit/537.36 (KHTML, like Gecko) Chrome/151.0.7922.173 Mobile Safari/537.36 (compatible; Googlebot/2.1; +http://www.google.com/bot.html)"
66.249.66.38 - - [27/Aug/2026:07:12:17 +0800] "GET /products/297iu43665 HTTP/1.1" 404 2080 "-" "Mozilla/5.0 (Linux; Android 6.0.1; Nexus 5X Build/MMB29P) AppleWebKit/537.36 (KHTML, like Gecko) Chrome/151.0.7922.173 Mobile Safari/537.36 (compatible; Googlebot/2.1; +http://www.google.com/bot.html)"
85.217.190.246 - - [27/Aug/2026:07:12:33 +0800] "GET /health-care-assistant HTTP/2.0" 500 25850 "https://www.google.com/" "Mozilla/5.0 (Windows NT 10.0; Win64; x64) AppleWebKit/537.36 (KHTML, like Gecko) Chrome/131.0.0.0 Safari/537.36"
66.249.66.201 - - [27/Aug/2026:07:12:39 +0800] "GET /034000795 HTTP/1.1" 500 25850 "-" "Mozilla/5.0 (Linux; Android 6.0.1; Nexus 5X Build/MMB29P) AppleWebKit/537.36 (KHTML, like Gecko) Chrome/151.0.7922.173 Mobile Safari/537.36 (compatible; Googlebot/2.1; +http://www.google.com/bot.html)"
31.76.40.136 - - [27/Aug/2026:07:12:58 +0800] "GET //.env.production HTTP/1.1" 404 2080 "-" "Mozilla/5.0 (Macintosh; Intel Mac OS X 10.15; rv:77.0) Gecko/20100101 Firefox/77.0"
31.76.40.136 - - [27/Aug/2026:07:12:59 +0800] "POST //.env.production HTTP/1.1" 404 2080 "-" "Mozilla/5.0 (Macintosh; Intel Mac OS X 10.15; rv:77.0) Gecko/20100101 Firefox/77.0"
66.249.66.197 - - [27/Aug/2026:07:13:12 +0800] "GET /?goods/006043395 HTTP/1.1" 500 25850 "-" "Mozilla/5.0 (Linux; Android 6.0.1; Nexus 5X Build/MMB29P) AppleWebKit/537.36 (KHTML, like Gecko) Chrome/151.0.7922.173 Mobile Safari/537.36 (compatible; Googlebot/2.1; +http://www.google.com/bot.html)"
69.171.234.24 - - [27/Aug/2026:07:13:34 +0800] "GET /website/images/img-fb.jpg HTTP/2.0" 200 2147 "-" "facebookexternalhit/1.1 (+http://www.facebook.com/externalhit_uatext.php)"
66.249.66.38 - - [27/Aug/2026:07:13:49 +0800] "GET /products/286sa13520 HTTP/1.1" 404 2080 "-" "Mozilla/5.0 (Linux; Android 6.0.1; Nexus 5X Build/MMB29P) AppleWebKit/537.36 (KHTML, like Gecko) Chrome/151.0.7922.173 Mobile Safari/537.36 (compatible; Googlebot/2.1; +http://www.google.com/bot.html)"
66.249.66.40 - - [27/Aug/2026:07:14:35 +0800] "GET /191022064 HTTP/1.1" 500 25850 "-" "Mozilla/5.0 (Linux; Android 6.0.1; Nexus 5X Build/MMB29P) AppleWebKit/537.36 (KHTML, like Gecko) Chrome/151.0.7922.173 Mobile Safari/537.36 (compatible; Googlebot/2.1; +http://www.google.com/bot.html)"
31.76.40.136 - - [27/Aug/2026:07:14:48 +0800] "GET //app/.env HTTP/1.1" 404 2080 "-" "Mozilla/5.0 (Macintosh; Intel Mac OS X 10.15; rv:77.0) Gecko/20100101 Firefox/77.0"
31.76.40.136 - - [27/Aug/2026:07:14:49 +0800] "POST //app/.env HTTP/1.1" 404 2080 "-" "Mozilla/5.0 (Macintosh; Intel Mac OS X 10.15; rv:77.0) Gecko/20100101 Firefox/77.0"
66.249.66.38 - - [27/Aug/2026:07:15:02 +0800] "GET /?jp/200012398.html HTTP/1.1" 500 25850 "-" "Mozilla/5.0 (Linux; Android 6.0.1; Nexus 5X Build/MMB29P) AppleWebKit/537.36 (KHTML, like Gecko) Chrome/151.0.7922.173 Mobile Safari/537.36 (compatible; Googlebot/2.1; +http://www.google.com/bot.html)"
66.249.66.39 - - [27/Aug/2026:07:15:24 +0800] "GET /031000026 HTTP/1.1" 500 25849 "-" "Mozilla/5.0 (Linux; Android 6.0.1; Nexus 5X Build/MMB29P) AppleWebKit/537.36 (KHTML, like Gecko) Chrome/151.0.7922.173 Mobile Safari/537.36 (compatible; Googlebot/2.1; +http://www.google.com/bot.html)"
66.249.66.71 - - [27/Aug/2026:07:15:25 +0800] "GET /products/151ok6265 HTTP/1.1" 404 2080 "-" "Mozilla/5.0 (Linux; Android 6.0.1; Nexus 5X Build/MMB29P) AppleWebKit/537.36 (KHTML, like Gecko) Chrome/151.0.7922.173 Mobile Safari/537.36 (compatible; Googlebot/2.1; +http://www.google.com/bot.html)"
66.249.66.76 - - [27/Aug/2026:07:15:52 +0800] "GET /products/134hr28006 HTTP/1.1" 404 2080 "-" "Mozilla/5.0 (Linux; Android 6.0.1; Nexus 5X Build/MMB29P) AppleWebKit/537.36 (KHTML, like Gecko) Chrome/151.0.7922.173 Mobile Safari/537.36 (compatible; Googlebot/2.1; +http://www.google.com/bot.html)"
66.249.66.39 - - [27/Aug/2026:07:15:53 +0800] "GET /autoparts-agency-505667500 HTTP/1.1" 500 25849 "-" "Mozilla/5.0 (Linux; Android 6.0.1; Nexus 5X Build/MMB29P) AppleWebKit/537.36 (KHTML, like Gecko) Chrome/151.0.7922.173 Mobile Safari/537.36 (compatible; Googlebot/2.1; +http://www.google.com/bot.html)"
66.249.66.38 - - [27/Aug/2026:07:16:17 +0800] "GET /products/244zy11550 HTTP/1.1" 404 2080 "-" "Mozilla/5.0 (Linux; Android 6.0.1; Nexus 5X Build/MMB29P) AppleWebKit/537.36 (KHTML, like Gecko) Chrome/151.0.7922.173 Mobile Safari/537.36 (compatible; Googlebot/2.1; +http://www.google.com/bot.html)"
102.64.223.164 - - [27/Aug/2026:07:16:19 +0800] "GET /facilities HTTP/1.1" 500 25848 "https://www.mipinternational.com/facilities" "Mozilla/5.0 (Linux; Android 12; OPPO PCLM1) AppleWebKit/537.36 (KHTML, like Gecko) Chrome/143.0.5917.155 Mobile Safari/537.36 MicroMessenger/8.0.30(0x18001B3F) NetType/WIFI Language/zh_CN"
31.76.40.136 - - [27/Aug/2026:07:16:34 +0800] "GET //sources/.env HTTP/1.1" 404 2080 "-" "Mozilla/5.0 (Macintosh; Intel Mac OS X 10.15; rv:77.0) Gecko/20100101 Firefox/77.0"
31.76.40.136 - - [27/Aug/2026:07:16:35 +0800] "POST //sources/.env HTTP/1.1" 404 2080 "-" "Mozilla/5.0 (Macintosh; Intel Mac OS X 10.15; rv:77.0) Gecko/20100101 Firefox/77.0"
66.249.66.40 - - [27/Aug/2026:07:17:06 +0800] "GET /world-free-store-4948309102161 HTTP/1.1" 500 25850 "-" "Mozilla/5.0 (Linux; Android 6.0.1; Nexus 5X Build/MMB29P) AppleWebKit/537.36 (KHTML, like Gecko) Chrome/151.0.7922.173 Mobile Safari/537.36 (compatible; Googlebot/2.1; +http://www.google.com/bot.html)"
66.249.66.38 - - [27/Aug/2026:07:17:29 +0800] "GET /products/202tb18894 HTTP/1.1" 404 2080 "-" "Mozilla/5.0 (Linux; Android 6.0.1; Nexus 5X Build/MMB29P) AppleWebKit/537.36 (KHTML, like Gecko) Chrome/151.0.7922.173 Mobile Safari/537.36 (compatible; Googlebot/2.1; +http://www.google.com/bot.html)"
34.44.196.140 - - [27/Aug/2026:07:17:33 +0800] "GET /robots.txt HTTP/2.0" 200 1 "-" "Mozilla/5.0 AppleWebKit/537.36 (KHTML, like Gecko; compatible; SleepBot/1.0; +http://sleepbot.com/) Chrome/131.0.0.0 Safari/537.36"
66.249.66.38 - - [27/Aug/2026:07:17:57 +0800] "GET /?jp/296019669.html HTTP/1.1" 500 25849 "-" "Mozilla/5.0 (Linux; Android 6.0.1; Nexus 5X Build/MMB29P) AppleWebKit/537.36 (KHTML, like Gecko) Chrome/151.0.7922.173 Mobile Safari/537.36 (compatible; Googlebot/2.1; +http://www.google.com/bot.html)"
66.249.66.39 - - [27/Aug/2026:07:18:21 +0800] "GET /291020246 HTTP/1.1" 500 25850 "-" "Mozilla/5.0 (Linux; Android 6.0.1; Nexus 5X Build/MMB29P) AppleWebKit/537.36 (KHTML, like Gecko) Chrome/151.0.7922.173 Mobile Safari/537.36 (compatible; Googlebot/2.1; +http://www.google.com/bot.html)"
66.249.66.39 - - [27/Aug/2026:07:18:23 +0800] "GET /?detail/0920036022434 HTTP/1.1" 500 25849 "-" "Mozilla/5.0 (Linux; Android 6.0.1; Nexus 5X Build/MMB29P) AppleWebKit/537.36 (KHTML, like Gecko) Chrome/151.0.7922.173 Mobile Safari/537.36 (compatible; Googlebot/2.1; +http://www.google.com/bot.html)"
66.249.66.39 - - [27/Aug/2026:07:18:46 +0800] "GET /076027377 HTTP/1.1" 500 25850 "-" "Mozilla/5.0 (Linux; Android 6.0.1; Nexus 5X Build/MMB29P) AppleWebKit/537.36 (KHTML, like Gecko) Chrome/151.0.7922.173 Mobile Safari/537.36 (compatible; Googlebot/2.1; +http://www.google.com/bot.html)"
66.249.66.40 - - [27/Aug/2026:07:19:32 +0800] "GET /products/61pn9493 HTTP/1.1" 404 2080 "-" "Mozilla/5.0 (Linux; Android 6.0.1; Nexus 5X Build/MMB29P) AppleWebKit/537.36 (KHTML, like Gecko) Chrome/151.0.7922.173 Mobile Safari/537.36 (compatible; Googlebot/2.1; +http://www.google.com/bot.html)"
66.249.66.38 - - [27/Aug/2026:07:19:55 +0800] "GET /products/250nc44242 HTTP/1.1" 404 2080 "-" "Mozilla/5.0 (Linux; Android 6.0.1; Nexus 5X Build/MMB29P) AppleWebKit/537.36 (KHTML, like Gecko) Chrome/151.0.7922.173 Mobile Safari/537.36 (compatible; Googlebot/2.1; +http://www.google.com/bot.html)"
66.249.66.39 - - [27/Aug/2026:07:19:56 +0800] "GET /?detail/231032557355 HTTP/1.1" 500 25848 "-" "Mozilla/5.0 (Linux; Android 6.0.1; Nexus 5X Build/MMB29P) AppleWebKit/537.36 (KHTML, like Gecko) Chrome/151.0.7922.173 Mobile Safari/537.36 (compatible; Googlebot/2.1; +http://www.google.com/bot.html)"
102.206.45.210 - - [27/Aug/2026:07:20:15 +0800] "GET /company-profile HTTP/1.1" 500 25851 "https://www.mipinternational.com/company-profile" "Mozilla/5.0 (Linux; Android 12; V2186) AppleWebKit/537.36 (KHTML, like Gecko) Chrome/149.0.5091.23 Mobile Safari/537.36 MicroMessenger/8.0.42(0x18001B3F) NetType/WIFI Language/zh_CN"
31.76.40.136 - - [27/Aug/2026:07:20:20 +0800] "GET //api/.env HTTP/1.1" 404 2080 "-" "Mozilla/5.0 (Macintosh; Intel Mac OS X 10.15; rv:77.0) Gecko/20100101 Firefox/77.0"
31.76.40.136 - - [27/Aug/2026:07:20:21 +0800] "POST //api/.env HTTP/1.1" 404 2080 "-" "Mozilla/5.0 (Macintosh; Intel Mac OS X 10.15; rv:77.0) Gecko/20100101 Firefox/77.0"
66.249.66.40 - - [27/Aug/2026:07:20:24 +0800] "GET /products/155km46543 HTTP/1.1" 404 2080 "-" "Mozilla/5.0 (Linux; Android 6.0.1; Nexus 5X Build/MMB29P) AppleWebKit/537.36 (KHTML, like Gecko) Chrome/151.0.7922.173 Mobile Safari/537.36 (compatible; Googlebot/2.1; +http://www.google.com/bot.html)"
172.234.200.228 - - [27/Aug/2026:07:20:31 +0800] "GET / HTTP/1.1" 500 25849 "-" "Mozilla/5.0 (iPhone; CPU iPhone OS 10_3_1 like Mac OS X) AppleWebKit/603.1.30 (KHTML, like Gecko) Mobile/14E304 Safari/602.1"
172.234.200.228 - - [27/Aug/2026:07:20:36 +0800] "GET / HTTP/1.1" 500 25849 "-" "Mozilla/5.0 (Windows NT 10.0; Win64; x64) AppleWebKit/537.36 (KHTML, like Gecko) Chrome/84.0.4112.0 Safari/537.36"
66.249.66.38 - - [27/Aug/2026:07:20:57 +0800] "GET /products/273mi8465 HTTP/1.1" 404 2080 "-" "Mozilla/5.0 (Linux; Android 6.0.1; Nexus 5X Build/MMB29P) AppleWebKit/537.36 (KHTML, like Gecko) Chrome/151.0.7922.173 Mobile Safari/537.36 (compatible; Googlebot/2.1; +http://www.google.com/bot.html)"
66.249.66.98 - - [27/Aug/2026:07:21:31 +0800] "GET /products/3fl16069 HTTP/1.1" 404 2080 "-" "Mozilla/5.0 (Linux; Android 6.0.1; Nexus 5X Build/MMB29P) AppleWebKit/537.36 (KHTML, like Gecko) Chrome/151.0.7922.173 Mobile Safari/537.36 (compatible; Googlebot/2.1; +http://www.google.com/bot.html)"
66.249.66.38 - - [27/Aug/2026:07:22:07 +0800] "GET /products/44qg31186 HTTP/1.1" 404 2080 "-" "Mozilla/5.0 (Linux; Android 6.0.1; Nexus 5X Build/MMB29P) AppleWebKit/537.36 (KHTML, like Gecko) Chrome/151.0.7922.173 Mobile Safari/537.36 (compatible; Googlebot/2.1; +http://www.google.com/bot.html)"
66.249.66.38 - - [27/Aug/2026:07:22:53 +0800] "GET /?goods/248007208 HTTP/1.1" 500 25849 "-" "Mozilla/5.0 (Linux; Android 6.0.1; Nexus 5X Build/MMB29P) AppleWebKit/537.36 (KHTML, like Gecko) Chrome/151.0.7922.173 Mobile Safari/537.36 (compatible; Googlebot/2.1; +http://www.google.com/bot.html)"
66.249.66.38 - - [27/Aug/2026:07:22:53 +0800] "GET /287039116 HTTP/1.1" 500 25851 "-" "Mozilla/5.0 (Linux; Android 6.0.1; Nexus 5X Build/MMB29P) AppleWebKit/537.36 (KHTML, like Gecko) Chrome/151.0.7922.173 Mobile Safari/537.36 (compatible; Googlebot/2.1; +http://www.google.com/bot.html)"
66.249.66.38 - - [27/Aug/2026:07:22:54 +0800] "GET /kts-web-s210-brw-bk-qq-e-f1-1264k HTTP/1.1" 500 25850 "-" "Mozilla/5.0 (Linux; Android 6.0.1; Nexus 5X Build/MMB29P) AppleWebKit/537.36 (KHTML, like Gecko) Chrome/151.0.7922.173 Mobile Safari/537.36 (compatible; Googlebot/2.1; +http://www.google.com/bot.html)"
66.249.66.38 - - [27/Aug/2026:07:22:55 +0800] "GET /?goods/152019807 HTTP/1.1" 500 25849 "-" "Mozilla/5.0 (Linux; Android 6.0.1; Nexus 5X Build/MMB29P) AppleWebKit/537.36 (KHTML, like Gecko) Chrome/151.0.7922.173 Mobile Safari/537.36 (compatible; Googlebot/2.1; +http://www.google.com/bot.html)"
66.249.66.70 - - [27/Aug/2026:07:23:11 +0800] "GET /?jp/181018800.html HTTP/1.1" 500 25850 "-" "Mozilla/5.0 (Linux; Android 6.0.1; Nexus 5X Build/MMB29P) AppleWebKit/537.36 (KHTML, like Gecko) Chrome/151.0.7922.173 Mobile Safari/537.36 (compatible; Googlebot/2.1; +http://www.google.com/bot.html)"
66.249.66.40 - - [27/Aug/2026:07:23:52 +0800] "GET /denzaido-0002000146696_10 HTTP/1.1" 500 25849 "-" "Mozilla/5.0 (Linux; Android 6.0.1; Nexus 5X Build/MMB29P) AppleWebKit/537.36 (KHTML, like Gecko) Chrome/151.0.7922.173 Mobile Safari/537.36 (compatible; Googlebot/2.1; +http://www.google.com/bot.html)"
31.76.40.136 - - [27/Aug/2026:07:24:16 +0800] "GET //.env.development HTTP/1.1" 404 2080 "-" "Mozilla/5.0 (Macintosh; Intel Mac OS X 10.15; rv:77.0) Gecko/20100101 Firefox/77.0"
31.76.40.136 - - [27/Aug/2026:07:24:17 +0800] "POST //.env.development HTTP/1.1" 404 2080 "-" "Mozilla/5.0 (Macintosh; Intel Mac OS X 10.15; rv:77.0) Gecko/20100101 Firefox/77.0"
66.249.66.39 - - [27/Aug/2026:07:24:17 +0800] "GET /037000838 HTTP/1.1" 500 25850 "-" "Mozilla/5.0 (Linux; Android 6.0.1; Nexus 5X Build/MMB29P) AppleWebKit/537.36 (KHTML, like Gecko) Chrome/151.0.7922.173 Mobile Safari/537.36 (compatible; Googlebot/2.1; +http://www.google.com/bot.html)"
216.247.19.5 - - [27/Aug/2026:07:24:24 +0800] "GET /?shopbrand=970683379 HTTP/1.1" 500 25849 "https://mipinternational.com/?shopbrand=970683379" "Mozilla/5.0 (Linux; Android 14; M2102J28) AppleWebKit/537.36 (KHTML, like Gecko) Chrome/154.0.5827.115 Mobile Safari/537.36"
66.249.66.38 - - [27/Aug/2026:07:24:51 +0800] "GET /054000581 HTTP/1.1" 500 25849 "-" "Mozilla/5.0 (Linux; Android 6.0.1; Nexus 5X Build/MMB29P) AppleWebKit/537.36 (KHTML, like Gecko) Chrome/151.0.7922.173 Mobile Safari/537.36 (compatible; Googlebot/2.1; +http://www.google.com/bot.html)"
66.249.66.39 - - [27/Aug/2026:07:25:24 +0800] "GET /?detail/22504543900050 HTTP/1.1" 500 25849 "-" "Mozilla/5.0 (Linux; Android 6.0.1; Nexus 5X Build/MMB29P) AppleWebKit/537.36 (KHTML, like Gecko) Chrome/151.0.7922.173 Mobile Safari/537.36 (compatible; Googlebot/2.1; +http://www.google.com/bot.html)"
66.249.66.39 - - [27/Aug/2026:07:26:01 +0800] "GET /products/59oc34237 HTTP/1.1" 404 2080 "-" "Mozilla/5.0 (Linux; Android 6.0.1; Nexus 5X Build/MMB29P) AppleWebKit/537.36 (KHTML, like Gecko) Chrome/151.0.7922.173 Mobile Safari/537.36 (compatible; Googlebot/2.1; +http://www.google.com/bot.html)"
31.76.40.136 - - [27/Aug/2026:07:26:09 +0800] "GET //fedex/.env HTTP/1.1" 404 2080 "-" "Mozilla/5.0 (Macintosh; Intel Mac OS X 10.15; rv:77.0) Gecko/20100101 Firefox/77.0"
31.76.40.136 - - [27/Aug/2026:07:26:10 +0800] "POST //fedex/.env HTTP/1.1" 404 2080 "-" "Mozilla/5.0 (Macintosh; Intel Mac OS X 10.15; rv:77.0) Gecko/20100101 Firefox/77.0"
66.249.66.38 - - [27/Aug/2026:07:26:50 +0800] "GET /products/250ob20578 HTTP/1.1" 404 2080 "-" "Mozilla/5.0 (Linux; Android 6.0.1; Nexus 5X Build/MMB29P) AppleWebKit/537.36 (KHTML, like Gecko) Chrome/151.0.7922.173 Mobile Safari/537.36 (compatible; Googlebot/2.1; +http://www.google.com/bot.html)"
66.249.66.40 - - [27/Aug/2026:07:27:15 +0800] "GET /products/298mk43566 HTTP/1.1" 404 2080 "-" "Mozilla/5.0 (Linux; Android 6.0.1; Nexus 5X Build/MMB29P) AppleWebKit/537.36 (KHTML, like Gecko) Chrome/151.0.7922.173 Mobile Safari/537.36 (compatible; Googlebot/2.1; +http://www.google.com/bot.html)"
66.249.66.70 - - [27/Aug/2026:07:27:16 +0800] "GET /products/205oh29207 HTTP/1.1" 404 2080 "-" "Mozilla/5.0 (Linux; Android 6.0.1; Nexus 5X Build/MMB29P) AppleWebKit/537.36 (KHTML, like Gecko) Chrome/151.0.7922.173 Mobile Safari/537.36 (compatible; Googlebot/2.1; +http://www.google.com/bot.html)"
66.249.66.40 - - [27/Aug/2026:07:27:16 +0800] "GET /a-gallery-ds-2228495 HTTP/1.1" 500 25851 "-" "Mozilla/5.0 (Linux; Android 6.0.1; Nexus 5X Build/MMB29P) AppleWebKit/537.36 (KHTML, like Gecko) Chrome/151.0.7922.173 Mobile Safari/537.36 (compatible; Googlebot/2.1; +http://www.google.com/bot.html)"
66.249.66.38 - - [27/Aug/2026:07:27:45 +0800] "GET /090005621 HTTP/1.1" 500 25850 "-" "Mozilla/5.0 (Linux; Android 6.0.1; Nexus 5X Build/MMB29P) AppleWebKit/537.36 (KHTML, like Gecko) Chrome/151.0.7922.173 Mobile Safari/537.36 (compatible; Googlebot/2.1; +http://www.google.com/bot.html)"
216.247.83.237 - - [27/Aug/2026:07:28:02 +0800] "GET / HTTP/2.0" 500 25850 "-" "Mozilla/5.0 (Linux; Android 10; K) AppleWebKit/537.36 (KHTML, like Gecko) Chrome/151.0.0.0 Mobile Safari/537.36"
34.10.180.98 - - [27/Aug/2026:07:28:03 +0800] "GET /nursing-aide HTTP/1.1" 500 25851 "-" "Mozilla/5.0 (Macintosh; Intel Mac OS X 10_15_7) AppleWebKit/537.36 (KHTML, like Gecko) Chrome/120.0.0.0 Safari/537.36"
216.247.83.237 - - [27/Aug/2026:07:28:09 +0800] "GET / HTTP/2.0" 500 25850 "-" "Mozilla/5.0 (Linux; Android 10; K) AppleWebKit/537.36 (KHTML, like Gecko) Chrome/151.0.0.0 Mobile Safari/537.36"
216.247.83.237 - - [27/Aug/2026:07:28:18 +0800] "GET / HTTP/2.0" 500 25850 "-" "Mozilla/5.0 (Linux; Android 10; K) AppleWebKit/537.36 (KHTML, like Gecko) Chrome/151.0.0.0 Mobile Safari/537.36"
216.247.83.237 - - [27/Aug/2026:07:28:23 +0800] "GET / HTTP/2.0" 500 25850 "-" "Mozilla/5.0 (Linux; Android 10; K) AppleWebKit/537.36 (KHTML, like Gecko) Chrome/151.0.0.0 Mobile Safari/537.36"
66.249.66.69 - - [27/Aug/2026:07:28:31 +0800] "GET /products/146qp39538 HTTP/1.1" 404 2080 "-" "Mozilla/5.0 (Linux; Android 6.0.1; Nexus 5X Build/MMB29P) AppleWebKit/537.36 (KHTML, like Gecko) Chrome/151.0.7922.173 Mobile Safari/537.36 (compatible; Googlebot/2.1; +http://www.google.com/bot.html)"
66.249.66.197 - - [27/Aug/2026:07:28:32 +0800] "GET /077008890 HTTP/1.1" 500 25850 "-" "Mozilla/5.0 (Linux; Android 6.0.1; Nexus 5X Build/MMB29P) AppleWebKit/537.36 (KHTML, like Gecko) Chrome/151.0.7922.173 Mobile Safari/537.36 (compatible; Googlebot/2.1; +http://www.google.com/bot.html)"
216.247.83.237 - - [27/Aug/2026:07:28:46 +0800] "GET / HTTP/2.0" 500 25850 "https://www.google.com/" "Mozilla/5.0 (Linux; Android 10; K) AppleWebKit/537.36 (KHTML, like Gecko) Chrome/151.0.0.0 Mobile Safari/537.36"
66.249.66.40 - - [27/Aug/2026:07:28:48 +0800] "GET /027000330 HTTP/1.1" 500 25849 "-" "Mozilla/5.0 (Linux; Android 6.0.1; Nexus 5X Build/MMB29P) AppleWebKit/537.36 (KHTML, like Gecko) Chrome/151.0.7922.173 Mobile Safari/537.36 (compatible; Googlebot/2.1; +http://www.google.com/bot.html)"
66.249.66.40 - - [27/Aug/2026:07:29:18 +0800] "GET /273019678 HTTP/1.1" 200 2861 "-" "Mozilla/5.0 (Linux; Android 6.0.1; Nexus 5X Build/MMB29P) AppleWebKit/537.36 (KHTML, like Gecko) Chrome/151.0.7922.173 Mobile Safari/537.36 (compatible; Googlebot/2.1; +http://www.google.com/bot.html)"
66.249.66.39 - - [27/Aug/2026:07:30:29 +0800] "GET /?shopbrand=1017310905 HTTP/1.1" 200 3647 "-" "Mozilla/5.0 (Linux; Android 6.0.1; Nexus 5X Build/MMB29P) AppleWebKit/537.36 (KHTML, like Gecko) Chrome/151.0.7922.173 Mobile Safari/537.36 (compatible; Googlebot/2.1; +http://www.google.com/bot.html)"
31.76.40.136 - - [27/Aug/2026:07:31:10 +0800] "GET //.env HTTP/1.1" 404 2080 "-" "Mozilla/5.0 (Macintosh; Intel Mac OS X 10.15; rv:77.0) Gecko/20100101 Firefox/77.0"
31.76.40.136 - - [27/Aug/2026:07:31:11 +0800] "POST //.env HTTP/1.1" 404 2080 "-" "Mozilla/5.0 (Macintosh; Intel Mac OS X 10.15; rv:77.0) Gecko/20100101 Firefox/77.0"
66.249.66.39 - - [27/Aug/2026:07:31:15 +0800] "GET /category/26_3725_3726/1 HTTP/1.1" 404 2080 "-" "Mozilla/5.0 (Linux; Android 6.0.1; Nexus 5X Build/MMB29P) AppleWebKit/537.36 (KHTML, like Gecko) Chrome/151.0.7922.173 Mobile Safari/537.36 (compatible; Googlebot/2.1; +http://www.google.com/bot.html)"
66.249.66.38 - - [27/Aug/2026:07:31:16 +0800] "GET /smilehonpo-18354 HTTP/1.1" 200 2861 "-" "Mozilla/5.0 (Linux; Android 6.0.1; Nexus 5X Build/MMB29P) AppleWebKit/537.36 (KHTML, like Gecko) Chrome/151.0.7922.173 Mobile Safari/537.36 (compatible; Googlebot/2.1; +http://www.google.com/bot.html)"
66.249.66.202 - - [27/Aug/2026:07:31:39 +0800] "GET /products/154gf44948 HTTP/1.1" 404 2080 "-" "Mozilla/5.0 (Linux; Android 6.0.1; Nexus 5X Build/MMB29P) AppleWebKit/537.36 (KHTML, like Gecko) Chrome/151.0.7922.173 Mobile Safari/537.36 (compatible; Googlebot/2.1; +http://www.google.com/bot.html)"
51.68.111.244 - - [27/Aug/2026:07:31:49 +0800] "GET /robots.txt HTTP/1.1" 200 1 "-" "Mozilla/5.0 (compatible; MJ12bot/v2.0.5; http://mj12bot.com/)"
51.68.111.244 - - [27/Aug/2026:07:31:49 +0800] "GET / HTTP/1.1" 200 3647 "-" "Mozilla/5.0 (compatible; MJ12bot/v2.0.5; http://mj12bot.com/)"
66.249.66.40 - - [27/Aug/2026:07:32:24 +0800] "GET /products/151aa17281 HTTP/1.1" 404 2080 "-" "Mozilla/5.0 (Linux; Android 6.0.1; Nexus 5X Build/MMB29P) AppleWebKit/537.36 (KHTML, like Gecko) Chrome/151.0.7922.173 Mobile Safari/537.36 (compatible; Googlebot/2.1; +http://www.google.com/bot.html)"
66.249.66.33 - - [27/Aug/2026:07:32:25 +0800] "GET /?detail/1890385437551 HTTP/1.1" 200 3650 "-" "Mozilla/5.0 (Linux; Android 6.0.1; Nexus 5X Build/MMB29P) AppleWebKit/537.36 (KHTML, like Gecko) Chrome/151.0.7922.173 Mobile Safari/537.36 (compatible; Googlebot/2.1; +http://www.google.com/bot.html)"
66.249.66.32 - - [27/Aug/2026:07:32:25 +0800] "GET /?jp/066033904.html HTTP/1.1" 200 3650 "-" "Mozilla/5.0 (Linux; Android 6.0.1; Nexus 5X Build/MMB29P) AppleWebKit/537.36 (KHTML, like Gecko) Chrome/151.0.7922.173 Mobile Safari/537.36 (compatible; Googlebot/2.1; +http://www.google.com/bot.html)"
66.249.66.204 - - [27/Aug/2026:07:32:26 +0800] "GET /?detail/05400756636224 HTTP/1.1" 200 3650 "-" "Mozilla/5.0 (Linux; Android 6.0.1; Nexus 5X Build/MMB29P) AppleWebKit/537.36 (KHTML, like Gecko) Chrome/151.0.7922.173 Mobile Safari/537.36 (compatible; Googlebot/2.1; +http://www.google.com/bot.html)"
66.249.66.43 - - [27/Aug/2026:07:32:44 +0800] "GET /084005443 HTTP/1.1" 200 2861 "-" "Mozilla/5.0 (Linux; Android 6.0.1; Nexus 5X Build/MMB29P) AppleWebKit/537.36 (KHTML, like Gecko) Chrome/151.0.7922.173 Mobile Safari/537.36 (compatible; Googlebot/2.1; +http://www.google.com/bot.html)"
66.249.66.40 - - [27/Aug/2026:07:33:44 +0800] "GET /133009402 HTTP/1.1" 200 2861 "-" "Mozilla/5.0 (Linux; Android 6.0.1; Nexus 5X Build/MMB29P) AppleWebKit/537.36 (KHTML, like Gecko) Chrome/151.0.7922.173 Mobile Safari/537.36 (compatible; Googlebot/2.1; +http://www.google.com/bot.html)"
66.249.66.166 - - [27/Aug/2026:07:34:31 +0800] "GET /261022936 HTTP/1.1" 200 2861 "-" "Mozilla/5.0 (Linux; Android 6.0.1; Nexus 5X Build/MMB29P) AppleWebKit/537.36 (KHTML, like Gecko) Chrome/151.0.7922.173 Mobile Safari/537.36 (compatible; Googlebot/2.1; +http://www.google.com/bot.html)"
66.249.66.39 - - [27/Aug/2026:07:35:08 +0800] "GET /1165891205 HTTP/1.1" 200 2861 "-" "Mozilla/5.0 (Linux; Android 6.0.1; Nexus 5X Build/MMB29P) AppleWebKit/537.36 (KHTML, like Gecko) Chrome/151.0.7922.173 Mobile Safari/537.36 (compatible; Googlebot/2.1; +http://www.google.com/bot.html)"
66.249.66.38 - - [27/Aug/2026:07:35:30 +0800] "GET /products/90sr4214 HTTP/1.1" 404 2080 "-" "Mozilla/5.0 (Linux; Android 6.0.1; Nexus 5X Build/MMB29P) AppleWebKit/537.36 (KHTML, like Gecko) Chrome/151.0.7922.173 Mobile Safari/537.36 (compatible; Googlebot/2.1; +http://www.google.com/bot.html)"
66.249.66.33 - - [27/Aug/2026:07:35:31 +0800] "GET /category/2178_2446_6461_6462/1/listing HTTP/1.1" 404 2080 "-" "Mozilla/5.0 (Linux; Android 6.0.1; Nexus 5X Build/MMB29P) AppleWebKit/537.36 (KHTML, like Gecko) Chrome/151.0.7922.173 Mobile Safari/537.36 (compatible; Googlebot/2.1; +http://www.google.com/bot.html)"
66.249.66.74 - - [27/Aug/2026:07:35:32 +0800] "GET /category/51_675_11160/1/listing HTTP/1.1" 404 2080 "-" "Mozilla/5.0 (Linux; Android 6.0.1; Nexus 5X Build/MMB29P) AppleWebKit/537.36 (KHTML, like Gecko) Chrome/151.0.7922.173 Mobile Safari/537.36 (compatible; Googlebot/2.1; +http://www.google.com/bot.html)"
66.249.66.45 - - [27/Aug/2026:07:35:59 +0800] "GET /?goods/274046943 HTTP/1.1" 200 3650 "-" "Mozilla/5.0 (Linux; Android 6.0.1; Nexus 5X Build/MMB29P) AppleWebKit/537.36 (KHTML, like Gecko) Chrome/151.0.7922.173 Mobile Safari/537.36 (compatible; Googlebot/2.1; +http://www.google.com/bot.html)"
66.249.66.204 - - [27/Aug/2026:07:36:04 +0800] "GET /website/js/bootstrap.min.js HTTP/1.1" 200 9448 "https://mail.mipinternational.com/?goods/274046943" "Mozilla/5.0 (Linux; Android 6.0.1; Nexus 5X Build/MMB29P) AppleWebKit/537.36 (KHTML, like Gecko) Chrome/151.0.7922.173 Mobile Safari/537.36 (compatible; Googlebot/2.1; +http://www.google.com/bot.html)"
66.249.66.33 - - [27/Aug/2026:07:36:05 +0800] "GET /website/images/up-chevron.svg HTTP/1.1" 200 261 "https://mail.mipinternational.com/?goods/274046943" "Mozilla/5.0 (Linux; Android 6.0.1; Nexus 5X Build/MMB29P) AppleWebKit/537.36 (KHTML, like Gecko) Chrome/151.0.7922.173 Mobile Safari/537.36 (compatible; Googlebot/2.1; +http://www.google.com/bot.html)"
66.249.66.38 - - [27/Aug/2026:07:36:29 +0800] "GET /?jp/027041571.html HTTP/1.1" 200 3647 "-" "Mozilla/5.0 (Linux; Android 6.0.1; Nexus 5X Build/MMB29P) AppleWebKit/537.36 (KHTML, like Gecko) Chrome/152.0.7977.64 Mobile Safari/537.36 (compatible; Googlebot/2.1; +http://www.google.com/bot.html)"
66.249.66.38 - - [27/Aug/2026:07:36:31 +0800] "GET /137038732 HTTP/1.1" 200 2861 "-" "Mozilla/5.0 (Linux; Android 6.0.1; Nexus 5X Build/MMB29P) AppleWebKit/537.36 (KHTML, like Gecko) Chrome/151.0.7922.173 Mobile Safari/537.36 (compatible; Googlebot/2.1; +http://www.google.com/bot.html)"
66.249.66.69 - - [27/Aug/2026:07:37:23 +0800] "GET /154020501 HTTP/1.1" 200 2861 "-" "Mozilla/5.0 (Linux; Android 6.0.1; Nexus 5X Build/MMB29P) AppleWebKit/537.36 (KHTML, like Gecko) Chrome/151.0.7922.173 Mobile Safari/537.36 (compatible; Googlebot/2.1; +http://www.google.com/bot.html)"
66.249.66.39 - - [27/Aug/2026:07:37:24 +0800] "GET /products/10du27608 HTTP/1.1" 404 2080 "-" "Mozilla/5.0 (Linux; Android 6.0.1; Nexus 5X Build/MMB29P) AppleWebKit/537.36 (KHTML, like Gecko) Chrome/151.0.7922.173 Mobile Safari/537.36 (compatible; Googlebot/2.1; +http://www.google.com/bot.html)"
66.249.66.198 - - [27/Aug/2026:07:37:24 +0800] "GET /?jp/116043618.html HTTP/1.1" 200 3647 "-" "Mozilla/5.0 (Linux; Android 6.0.1; Nexus 5X Build/MMB29P) AppleWebKit/537.36 (KHTML, like Gecko) Chrome/151.0.7922.173 Mobile Safari/537.36 (compatible; Googlebot/2.1; +http://www.google.com/bot.html)"
66.249.66.39 - - [27/Aug/2026:07:37:40 +0800] "GET /seikatu-souko-item-016205-3317 HTTP/1.1" 200 2861 "-" "Mozilla/5.0 (Linux; Android 6.0.1; Nexus 5X Build/MMB29P) AppleWebKit/537.36 (KHTML, like Gecko) Chrome/151.0.7922.173 Mobile Safari/537.36 (compatible; Googlebot/2.1; +http://www.google.com/bot.html)"
66.249.66.38 - - [27/Aug/2026:07:38:13 +0800] "GET /030000617 HTTP/1.1" 200 2861 "-" "Mozilla/5.0 (Linux; Android 6.0.1; Nexus 5X Build/MMB29P) AppleWebKit/537.36 (KHTML, like Gecko) Chrome/151.0.7922.173 Mobile Safari/537.36 (compatible; Googlebot/2.1; +http://www.google.com/bot.html)"
66.249.66.38 - - [27/Aug/2026:07:38:44 +0800] "GET /189037250 HTTP/1.1" 200 2861 "-" "Mozilla/5.0 (Linux; Android 6.0.1; Nexus 5X Build/MMB29P) AppleWebKit/537.36 (KHTML, like Gecko) Chrome/151.0.7922.173 Mobile Safari/537.36 (compatible; Googlebot/2.1; +http://www.google.com/bot.html)"
66.249.66.74 - - [27/Aug/2026:07:39:12 +0800] "GET /?detail/043045058820 HTTP/1.1" 200 3650 "-" "Mozilla/5.0 (Linux; Android 6.0.1; Nexus 5X Build/MMB29P) AppleWebKit/537.36 (KHTML, like Gecko) Chrome/151.0.7922.173 Mobile Safari/537.36 (compatible; Googlebot/2.1; +http://www.google.com/bot.html)"
66.249.66.38 - - [27/Aug/2026:07:39:18 +0800] "GET /?goods/032010488 HTTP/1.1" 200 3647 "-" "Mozilla/5.0 (Linux; Android 6.0.1; Nexus 5X Build/MMB29P) AppleWebKit/537.36 (KHTML, like Gecko) Chrome/151.0.7922.173 Mobile Safari/537.36 (compatible; Googlebot/2.1; +http://www.google.com/bot.html)"
66.249.66.38 - - [27/Aug/2026:07:39:51 +0800] "GET /perk-up-956329-2177197 HTTP/1.1" 200 2861 "-" "Mozilla/5.0 (Linux; Android 6.0.1; Nexus 5X Build/MMB29P) AppleWebKit/537.36 (KHTML, like Gecko) Chrome/151.0.7922.173 Mobile Safari/537.36 (compatible; Googlebot/2.1; +http://www.google.com/bot.html)"
66.249.66.40 - - [27/Aug/2026:07:40:24 +0800] "GET /0101pp-shop-ph007-5050-set2 HTTP/1.1" 200 2861 "-" "Mozilla/5.0 (Linux; Android 6.0.1; Nexus 5X Build/MMB29P) AppleWebKit/537.36 (KHTML, like Gecko) Chrome/151.0.7922.173 Mobile Safari/537.36 (compatible; Googlebot/2.1; +http://www.google.com/bot.html)"
49.151.132.41 - - [27/Aug/2026:07:40:36 +0800] "GET /apply-now?slug=nursing-aide&fbclid=IwVERFWAT6sdpwZG9mBWZkaWQWUNKu-EcDWD6Y5GafLdbI6l_zcD4i8WV4dG4DYWVtAjEwAHNydGMGYXBwX2lkCjY2Mjg1NjgzNzkAAR7cMJUIVY5kDnwgzhDj3YL2PXXIWZ7hQAUeQbCQbBMLjC8E3nIAWRf9NGrDgQ_aem_FArOxrIu5jgS-q_NloPbXQ HTTP/2.0" 200 13918 "-" "Mozilla/5.0 (iPhone; CPU iPhone OS 18_7 like Mac OS X) AppleWebKit/605.1.15 (KHTML, like Gecko) Mobile/15E148"
49.151.132.41 - - [27/Aug/2026:07:40:37 +0800] "GET /website/css/mip-stylesheet.css HTTP/2.0" 200 1552 "https://mipinternational.com/apply-now?slug=nursing-aide&fbclid=IwVERFWAT6sdpwZG9mBWZkaWQWUNKu-EcDWD6Y5GafLdbI6l_zcD4i8WV4dG4DYWVtAjEwAHNydGMGYXBwX2lkCjY2Mjg1NjgzNzkAAR7cMJUIVY5kDnwgzhDj3YL2PXXIWZ7hQAUeQbCQbBMLjC8E3nIAWRf9NGrDgQ_aem_FArOxrIu5jgS-q_NloPbXQ" "Mozilla/5.0 (iPhone; CPU iPhone OS 18_7 like Mac OS X) AppleWebKit/605.1.15 (KHTML, like Gecko) Mobile/15E148"
49.151.132.41 - - [27/Aug/2026:07:40:37 +0800] "GET /website/css/animate.css HTTP/2.0" 200 3911 "https://mipinternational.com/apply-now?slug=nursing-aide&fbclid=IwVERFWAT6sdpwZG9mBWZkaWQWUNKu-EcDWD6Y5GafLdbI6l_zcD4i8WV4dG4DYWVtAjEwAHNydGMGYXBwX2lkCjY2Mjg1NjgzNzkAAR7cMJUIVY5kDnwgzhDj3YL2PXXIWZ7hQAUeQbCQbBMLjC8E3nIAWRf9NGrDgQ_aem_FArOxrIu5jgS-q_NloPbXQ" "Mozilla/5.0 (iPhone; CPU iPhone OS 18_7 like Mac OS X) AppleWebKit/605.1.15 (KHTML, like Gecko) Mobile/15E148"
49.151.132.41 - - [27/Aug/2026:07:40:37 +0800] "GET /website/css/bootstrap.min.css HTTP/2.0" 200 18174 "https://mipinternational.com/apply-now?slug=nursing-aide&fbclid=IwVERFWAT6sdpwZG9mBWZkaWQWUNKu-EcDWD6Y5GafLdbI6l_zcD4i8WV4dG4DYWVtAjEwAHNydGMGYXBwX2lkCjY2Mjg1NjgzNzkAAR7cMJUIVY5kDnwgzhDj3YL2PXXIWZ7hQAUeQbCQbBMLjC8E3nIAWRf9NGrDgQ_aem_FArOxrIu5jgS-q_NloPbXQ" "Mozilla/5.0 (iPhone; CPU iPhone OS 18_7 like Mac OS X) AppleWebKit/605.1.15 (KHTML, like Gecko) Mobile/15E148"
49.151.132.41 - - [27/Aug/2026:07:40:37 +0800] "GET /website/images/img-fb.jpg HTTP/2.0" 200 2147 "https://mipinternational.com/apply-now?slug=nursing-aide&fbclid=IwVERFWAT6sdpwZG9mBWZkaWQWUNKu-EcDWD6Y5GafLdbI6l_zcD4i8WV4dG4DYWVtAjEwAHNydGMGYXBwX2lkCjY2Mjg1NjgzNzkAAR7cMJUIVY5kDnwgzhDj3YL2PXXIWZ7hQAUeQbCQbBMLjC8E3nIAWRf9NGrDgQ_aem_FArOxrIu5jgS-q_NloPbXQ" "Mozilla/5.0 (iPhone; CPU iPhone OS 18_7 like Mac OS X) AppleWebKit/605.1.15 (KHTML, like Gecko) Mobile/15E148"
49.151.132.41 - - [27/Aug/2026:07:40:37 +0800] "GET /website/images/img-google.jpg HTTP/2.0" 200 2299 "https://mipinternational.com/apply-now?slug=nursing-aide&fbclid=IwVERFWAT6sdpwZG9mBWZkaWQWUNKu-EcDWD6Y5GafLdbI6l_zcD4i8WV4dG4DYWVtAjEwAHNydGMGYXBwX2lkCjY2Mjg1NjgzNzkAAR7cMJUIVY5kDnwgzhDj3YL2PXXIWZ7hQAUeQbCQbBMLjC8E3nIAWRf9NGrDgQ_aem_FArOxrIu5jgS-q_NloPbXQ" "Mozilla/5.0 (iPhone; CPU iPhone OS 18_7 like Mac OS X) AppleWebKit/605.1.15 (KHTML, like Gecko) Mobile/15E148"
49.151.132.41 - - [27/Aug/2026:07:40:37 +0800] "GET /website/images/img-instagram.jpg HTTP/2.0" 200 2291 "https://mipinternational.com/apply-now?slug=nursing-aide&fbclid=IwVERFWAT6sdpwZG9mBWZkaWQWUNKu-EcDWD6Y5GafLdbI6l_zcD4i8WV4dG4DYWVtAjEwAHNydGMGYXBwX2lkCjY2Mjg1NjgzNzkAAR7cMJUIVY5kDnwgzhDj3YL2PXXIWZ7hQAUeQbCQbBMLjC8E3nIAWRf9NGrDgQ_aem_FArOxrIu5jgS-q_NloPbXQ" "Mozilla/5.0 (iPhone; CPU iPhone OS 18_7 like Mac OS X) AppleWebKit/605.1.15 (KHTML, like Gecko) Mobile/15E148"
49.151.132.41 - - [27/Aug/2026:07:40:37 +0800] "GET /website/images/img-pinterest.jpg HTTP/2.0" 200 2282 "https://mipinternational.com/apply-now?slug=nursing-aide&fbclid=IwVERFWAT6sdpwZG9mBWZkaWQWUNKu-EcDWD6Y5GafLdbI6l_zcD4i8WV4dG4DYWVtAjEwAHNydGMGYXBwX2lkCjY2Mjg1NjgzNzkAAR7cMJUIVY5kDnwgzhDj3YL2PXXIWZ7hQAUeQbCQbBMLjC8E3nIAWRf9NGrDgQ_aem_FArOxrIu5jgS-q_NloPbXQ" "Mozilla/5.0 (iPhone; CPU iPhone OS 18_7 like Mac OS X) AppleWebKit/605.1.15 (KHTML, like Gecko) Mobile/15E148"
49.151.132.41 - - [27/Aug/2026:07:40:37 +0800] "GET /website/images/img-fb.jpg HTTP/2.0" 200 2147 "https://mipinternational.com/apply-now?slug=nursing-aide&fbclid=IwVERFWAT6sdpwZG9mBWZkaWQWUNKu-EcDWD6Y5GafLdbI6l_zcD4i8WV4dG4DYWVtAjEwAHNydGMGYXBwX2lkCjY2Mjg1NjgzNzkAAR7cMJUIVY5kDnwgzhDj3YL2PXXIWZ7hQAUeQbCQbBMLjC8E3nIAWRf9NGrDgQ_aem_FArOxrIu5jgS-q_NloPbXQ" "Mozilla/5.0 (iPhone; CPU iPhone OS 18_7 like Mac OS X) AppleWebKit/605.1.15 (KHTML, like Gecko) Version/26.6 Mobile/15E148 Safari/604.1"
49.151.132.41 - - [27/Aug/2026:07:40:37 +0800] "GET /website/images/img-fb1.jpg HTTP/2.0" 200 9919 "https://mipinternational.com/apply-now?slug=nursing-aide&fbclid=IwVERFWAT6sdpwZG9mBWZkaWQWUNKu-EcDWD6Y5GafLdbI6l_zcD4i8WV4dG4DYWVtAjEwAHNydGMGYXBwX2lkCjY2Mjg1NjgzNzkAAR7cMJUIVY5kDnwgzhDj3YL2PXXIWZ7hQAUeQbCQbBMLjC8E3nIAWRf9NGrDgQ_aem_FArOxrIu5jgS-q_NloPbXQ" "Mozilla/5.0 (iPhone; CPU iPhone OS 18_7 like Mac OS X) AppleWebKit/605.1.15 (KHTML, like Gecko) Version/26.6 Mobile/15E148 Safari/604.1"
49.151.132.41 - - [27/Aug/2026:07:40:37 +0800] "GET /website/images/img-twitter.jpg HTTP/2.0" 200 2306 "https://mipinternational.com/apply-now?slug=nursing-aide&fbclid=IwVERFWAT6sdpwZG9mBWZkaWQWUNKu-EcDWD6Y5GafLdbI6l_zcD4i8WV4dG4DYWVtAjEwAHNydGMGYXBwX2lkCjY2Mjg1NjgzNzkAAR7cMJUIVY5kDnwgzhDj3YL2PXXIWZ7hQAUeQbCQbBMLjC8E3nIAWRf9NGrDgQ_aem_FArOxrIu5jgS-q_NloPbXQ" "Mozilla/5.0 (iPhone; CPU iPhone OS 18_7 like Mac OS X) AppleWebKit/605.1.15 (KHTML, like Gecko) Mobile/15E148"
49.151.132.41 - - [27/Aug/2026:07:40:37 +0800] "GET /website/images/img-mip-logo.jpg HTTP/2.0" 200 19430 "https://mipinternational.com/apply-now?slug=nursing-aide&fbclid=IwVERFWAT6sdpwZG9mBWZkaWQWUNKu-EcDWD6Y5GafLdbI6l_zcD4i8WV4dG4DYWVtAjEwAHNydGMGYXBwX2lkCjY2Mjg1NjgzNzkAAR7cMJUIVY5kDnwgzhDj3YL2PXXIWZ7hQAUeQbCQbBMLjC8E3nIAWRf9NGrDgQ_aem_FArOxrIu5jgS-q_NloPbXQ" "Mozilla/5.0 (iPhone; CPU iPhone OS 18_7 like Mac OS X) AppleWebKit/605.1.15 (KHTML, like Gecko) Mobile/15E148"
49.151.132.41 - - [27/Aug/2026:07:40:38 +0800] "GET /website/images/img-fb1.jpg HTTP/2.0" 200 9919 "https://mipinternational.com/apply-now?slug=nursing-aide&fbclid=IwVERFWAT6sdpwZG9mBWZkaWQWUNKu-EcDWD6Y5GafLdbI6l_zcD4i8WV4dG4DYWVtAjEwAHNydGMGYXBwX2lkCjY2Mjg1NjgzNzkAAR7cMJUIVY5kDnwgzhDj3YL2PXXIWZ7hQAUeQbCQbBMLjC8E3nIAWRf9NGrDgQ_aem_FArOxrIu5jgS-q_NloPbXQ" "Mozilla/5.0 (iPhone; CPU iPhone OS 18_7 like Mac OS X) AppleWebKit/605.1.15 (KHTML, like Gecko) Mobile/15E148"
49.151.132.41 - - [27/Aug/2026:07:40:38 +0800] "GET /website/images/img-google1.jpg HTTP/2.0" 200 10080 "https://mipinternational.com/apply-now?slug=nursing-aide&fbclid=IwVERFWAT6sdpwZG9mBWZkaWQWUNKu-EcDWD6Y5GafLdbI6l_zcD4i8WV4dG4DYWVtAjEwAHNydGMGYXBwX2lkCjY2Mjg1NjgzNzkAAR7cMJUIVY5kDnwgzhDj3YL2PXXIWZ7hQAUeQbCQbBMLjC8E3nIAWRf9NGrDgQ_aem_FArOxrIu5jgS-q_NloPbXQ" "Mozilla/5.0 (iPhone; CPU iPhone OS 18_7 like Mac OS X) AppleWebKit/605.1.15 (KHTML, like Gecko) Mobile/15E148"
49.151.132.41 - - [27/Aug/2026:07:40:38 +0800] "GET /website/images/img-instagram1.jpg HTTP/2.0" 200 9905 "https://mipinternational.com/apply-now?slug=nursing-aide&fbclid=IwVERFWAT6sdpwZG9mBWZkaWQWUNKu-EcDWD6Y5GafLdbI6l_zcD4i8WV4dG4DYWVtAjEwAHNydGMGYXBwX2lkCjY2Mjg1NjgzNzkAAR7cMJUIVY5kDnwgzhDj3YL2PXXIWZ7hQAUeQbCQbBMLjC8E3nIAWRf9NGrDgQ_aem_FArOxrIu5jgS-q_NloPbXQ" "Mozilla/5.0 (iPhone; CPU iPhone OS 18_7 like Mac OS X) AppleWebKit/605.1.15 (KHTML, like Gecko) Mobile/15E148"
49.151.132.41 - - [27/Aug/2026:07:40:38 +0800] "GET /website/images/img-pinterest1.jpg HTTP/2.0" 200 10003 "https://mipinternational.com/apply-now?slug=nursing-aide&fbclid=IwVERFWAT6sdpwZG9mBWZkaWQWUNKu-EcDWD6Y5GafLdbI6l_zcD4i8WV4dG4DYWVtAjEwAHNydGMGYXBwX2lkCjY2Mjg1NjgzNzkAAR7cMJUIVY5kDnwgzhDj3YL2PXXIWZ7hQAUeQbCQbBMLjC8E3nIAWRf9NGrDgQ_aem_FArOxrIu5jgS-q_NloPbXQ" "Mozilla/5.0 (iPhone; CPU iPhone OS 18_7 like Mac OS X) AppleWebKit/605.1.15 (KHTML, like Gecko) Mobile/15E148"
49.151.132.41 - - [27/Aug/2026:07:40:38 +0800] "GET /favicon.ico HTTP/2.0" 200 1 "-" "NetworkingExtension/8624.4.5.10.5 Network/5812.160.9 iOS/26.6"
49.151.132.41 - - [27/Aug/2026:07:40:38 +0800] "GET /website/images/img-twitter1.jpg HTTP/2.0" 200 16290 "https://mipinternational.com/apply-now?slug=nursing-aide&fbclid=IwVERFWAT6sdpwZG9mBWZkaWQWUNKu-EcDWD6Y5GafLdbI6l_zcD4i8WV4dG4DYWVtAjEwAHNydGMGYXBwX2lkCjY2Mjg1NjgzNzkAAR7cMJUIVY5kDnwgzhDj3YL2PXXIWZ7hQAUeQbCQbBMLjC8E3nIAWRf9NGrDgQ_aem_FArOxrIu5jgS-q_NloPbXQ" "Mozilla/5.0 (iPhone; CPU iPhone OS 18_7 like Mac OS X) AppleWebKit/605.1.15 (KHTML, like Gecko) Mobile/15E148"
49.151.132.41 - - [27/Aug/2026:07:40:38 +0800] "GET /website/images/img-inner-header-apply.jpg HTTP/2.0" 200 467124 "https://mipinternational.com/apply-now?slug=nursing-aide&fbclid=IwVERFWAT6sdpwZG9mBWZkaWQWUNKu-EcDWD6Y5GafLdbI6l_zcD4i8WV4dG4DYWVtAjEwAHNydGMGYXBwX2lkCjY2Mjg1NjgzNzkAAR7cMJUIVY5kDnwgzhDj3YL2PXXIWZ7hQAUeQbCQbBMLjC8E3nIAWRf9NGrDgQ_aem_FArOxrIu5jgS-q_NloPbXQ" "Mozilla/5.0 (iPhone; CPU iPhone OS 18_7 like Mac OS X) AppleWebKit/605.1.15 (KHTML, like Gecko) Mobile/15E148"
49.151.132.41 - - [27/Aug/2026:07:40:38 +0800] "GET /website/images/up-chevron.svg HTTP/2.0" 200 261 "https://mipinternational.com/apply-now?slug=nursing-aide&fbclid=IwVERFWAT6sdpwZG9mBWZkaWQWUNKu-EcDWD6Y5GafLdbI6l_zcD4i8WV4dG4DYWVtAjEwAHNydGMGYXBwX2lkCjY2Mjg1NjgzNzkAAR7cMJUIVY5kDnwgzhDj3YL2PXXIWZ7hQAUeQbCQbBMLjC8E3nIAWRf9NGrDgQ_aem_FArOxrIu5jgS-q_NloPbXQ" "Mozilla/5.0 (iPhone; CPU iPhone OS 18_7 like Mac OS X) AppleWebKit/605.1.15 (KHTML, like Gecko) Mobile/15E148"
49.151.132.41 - - [27/Aug/2026:07:40:38 +0800] "GET /website/images/img-inner-header-apply.jpg HTTP/2.0" 200 467124 "-" "NetworkingExtension/8624.4.5.10.5 Network/5812.160.9 iOS/26.6"
49.151.132.41 - - [27/Aug/2026:07:40:38 +0800] "GET /apple-touch-icon-precomposed.png HTTP/2.0" 200 2861 "-" "NetworkingExtension/8624.4.5.10.5 Network/5812.160.9 iOS/26.6"
49.151.132.41 - - [27/Aug/2026:07:40:38 +0800] "GET /apple-touch-icon.png HTTP/2.0" 200 2861 "-" "NetworkingExtension/8624.4.5.10.5 Network/5812.160.9 iOS/26.6"
