52.139.37.240 - - [26/Aug/2026:07:52:12 +0800] "GET /wp-content/themes/min.php HTTP/1.1" 401 53 "-" "Mozilla/5.0 (Windows NT 10.0; Win64; x64) AppleWebKit/537.36 (KHTML, like Gecko) Chrome/120.0.0.0 Safari/537.36"
52.139.37.240 - - [26/Aug/2026:07:52:12 +0800] "GET /wp-content/themes/x/bypass.php HTTP/1.1" 401 53 "-" "Mozilla/5.0 (Windows NT 10.0; Win64; x64) AppleWebKit/537.36 (KHTML, like Gecko) Chrome/120.0.0.0 Safari/537.36"
52.139.37.240 - - [26/Aug/2026:07:52:12 +0800] "GET /wp-includes/images/media/ HTTP/1.1" 401 53 "-" "Mozilla/5.0 (Windows NT 10.0; Win64; x64) AppleWebKit/537.36 (KHTML, like Gecko) Chrome/120.0.0.0 Safari/537.36"
52.139.37.240 - - [26/Aug/2026:07:52:12 +0800] "GET /wp-includes/interactivity-api/index.php HTTP/1.1" 401 53 "-" "Mozilla/5.0 (Windows NT 10.0; Win64; x64) AppleWebKit/537.36 (KHTML, like Gecko) Chrome/120.0.0.0 Safari/537.36"
52.139.37.240 - - [26/Aug/2026:07:52:12 +0800] "GET /wp-info.php HTTP/1.1" 401 53 "-" "Mozilla/5.0 (Windows NT 10.0; Win64; x64) AppleWebKit/537.36 (KHTML, like Gecko) Chrome/120.0.0.0 Safari/537.36"
52.139.37.240 - - [26/Aug/2026:07:52:12 +0800] "GET /wp-wordfence-waf.php HTTP/1.1" 401 53 "-" "Mozilla/5.0 (Windows NT 10.0; Win64; x64) AppleWebKit/537.36 (KHTML, like Gecko) Chrome/120.0.0.0 Safari/537.36"
52.139.37.240 - - [26/Aug/2026:07:52:12 +0800] "GET /ws49.php HTTP/1.1" 401 53 "-" "Mozilla/5.0 (Windows NT 10.0; Win64; x64) AppleWebKit/537.36 (KHTML, like Gecko) Chrome/120.0.0.0 Safari/537.36"
52.139.37.240 - - [26/Aug/2026:07:52:12 +0800] "GET /xxx.php HTTP/1.1" 401 53 "-" "Mozilla/5.0 (Windows NT 10.0; Win64; x64) AppleWebKit/537.36 (KHTML, like Gecko) Chrome/120.0.0.0 Safari/537.36"
52.139.37.240 - - [26/Aug/2026:07:52:12 +0800] "GET /0x.php HTTP/1.1" 401 53 "-" "Mozilla/5.0 (Windows NT 10.0; Win64; x64) AppleWebKit/537.36 (KHTML, like Gecko) Chrome/120.0.0.0 Safari/537.36"
52.139.37.240 - - [26/Aug/2026:07:52:12 +0800] "GET /CDX1.php HTTP/1.1" 401 53 "-" "Mozilla/5.0 (Windows NT 10.0; Win64; x64) AppleWebKit/537.36 (KHTML, like Gecko) Chrome/120.0.0.0 Safari/537.36"
52.139.37.240 - - [26/Aug/2026:07:52:12 +0800] "GET /akcc.php HTTP/1.1" 401 53 "-" "Mozilla/5.0 (Windows NT 10.0; Win64; x64) AppleWebKit/537.36 (KHTML, like Gecko) Chrome/120.0.0.0 Safari/537.36"
52.139.37.240 - - [26/Aug/2026:07:52:12 +0800] "GET /control.php HTTP/1.1" 401 53 "-" "Mozilla/5.0 (Windows NT 10.0; Win64; x64) AppleWebKit/537.36 (KHTML, like Gecko) Chrome/120.0.0.0 Safari/537.36"
52.139.37.240 - - [26/Aug/2026:07:52:13 +0800] "GET /images/ HTTP/1.1" 401 53 "-" "Mozilla/5.0 (Windows NT 10.0; Win64; x64) AppleWebKit/537.36 (KHTML, like Gecko) Chrome/120.0.0.0 Safari/537.36"
52.139.37.240 - - [26/Aug/2026:07:52:13 +0800] "GET /modules/mod_footer/tmpl/index.php HTTP/1.1" 401 53 "-" "Mozilla/5.0 (Windows NT 10.0; Win64; x64) AppleWebKit/537.36 (KHTML, like Gecko) Chrome/120.0.0.0 Safari/537.36"
52.139.37.240 - - [26/Aug/2026:07:52:13 +0800] "GET /s.php HTTP/1.1" 401 53 "-" "Mozilla/5.0 (Windows NT 10.0; Win64; x64) AppleWebKit/537.36 (KHTML, like Gecko) Chrome/120.0.0.0 Safari/537.36"
52.139.37.240 - - [26/Aug/2026:07:52:13 +0800] "GET /sagax.php HTTP/1.1" 401 53 "-" "Mozilla/5.0 (Windows NT 10.0; Win64; x64) AppleWebKit/537.36 (KHTML, like Gecko) Chrome/120.0.0.0 Safari/537.36"
52.139.37.240 - - [26/Aug/2026:07:52:13 +0800] "GET /vendor/ HTTP/1.1" 401 53 "-" "Mozilla/5.0 (Windows NT 10.0; Win64; x64) AppleWebKit/537.36 (KHTML, like Gecko) Chrome/120.0.0.0 Safari/537.36"
52.139.37.240 - - [26/Aug/2026:07:52:13 +0800] "GET /wp-admin/wp-teest.php HTTP/1.1" 401 53 "-" "Mozilla/5.0 (Windows NT 10.0; Win64; x64) AppleWebKit/537.36 (KHTML, like Gecko) Chrome/120.0.0.0 Safari/537.36"
52.139.37.240 - - [26/Aug/2026:07:52:13 +0800] "GET /wp-content/plugins/ftde.php HTTP/1.1" 401 53 "-" "Mozilla/5.0 (Windows NT 10.0; Win64; x64) AppleWebKit/537.36 (KHTML, like Gecko) Chrome/120.0.0.0 Safari/537.36"
52.139.37.240 - - [26/Aug/2026:07:52:13 +0800] "GET /wp-content/uploads/admin.php HTTP/1.1" 401 53 "-" "Mozilla/5.0 (Windows NT 10.0; Win64; x64) AppleWebKit/537.36 (KHTML, like Gecko) Chrome/120.0.0.0 Safari/537.36"
52.139.37.240 - - [26/Aug/2026:07:52:13 +0800] "GET /wp-includes/Text/Diff/Engine/ HTTP/1.1" 401 53 "-" "Mozilla/5.0 (Windows NT 10.0; Win64; x64) AppleWebKit/537.36 (KHTML, like Gecko) Chrome/120.0.0.0 Safari/537.36"
52.139.37.240 - - [26/Aug/2026:07:52:13 +0800] "GET /z.php HTTP/1.1" 401 53 "-" "Mozilla/5.0 (Windows NT 10.0; Win64; x64) AppleWebKit/537.36 (KHTML, like Gecko) Chrome/120.0.0.0 Safari/537.36"
52.139.37.240 - - [26/Aug/2026:07:52:13 +0800] "GET /f35.php HTTP/1.1" 401 53 "-" "Mozilla/5.0 (Windows NT 10.0; Win64; x64) AppleWebKit/537.36 (KHTML, like Gecko) Chrome/120.0.0.0 Safari/537.36"
52.139.37.240 - - [26/Aug/2026:07:52:13 +0800] "GET /file61.php HTTP/1.1" 401 53 "-" "Mozilla/5.0 (Windows NT 10.0; Win64; x64) AppleWebKit/537.36 (KHTML, like Gecko) Chrome/120.0.0.0 Safari/537.36"
52.139.37.240 - - [26/Aug/2026:07:52:13 +0800] "GET /mah.php HTTP/1.1" 401 53 "-" "Mozilla/5.0 (Windows NT 10.0; Win64; x64) AppleWebKit/537.36 (KHTML, like Gecko) Chrome/120.0.0.0 Safari/537.36"
52.139.37.240 - - [26/Aug/2026:07:52:13 +0800] "GET /mini.php HTTP/1.1" 401 53 "-" "Mozilla/5.0 (Windows NT 10.0; Win64; x64) AppleWebKit/537.36 (KHTML, like Gecko) Chrome/120.0.0.0 Safari/537.36"
52.139.37.240 - - [26/Aug/2026:07:52:13 +0800] "GET /system_log.php HTTP/1.1" 401 53 "-" "Mozilla/5.0 (Windows NT 10.0; Win64; x64) AppleWebKit/537.36 (KHTML, like Gecko) Chrome/120.0.0.0 Safari/537.36"
52.139.37.240 - - [26/Aug/2026:07:52:13 +0800] "GET /v.php HTTP/1.1" 401 53 "-" "Mozilla/5.0 (Windows NT 10.0; Win64; x64) AppleWebKit/537.36 (KHTML, like Gecko) Chrome/120.0.0.0 Safari/537.36"
52.139.37.240 - - [26/Aug/2026:07:52:13 +0800] "GET /wp-admin/css/colors/ HTTP/1.1" 401 53 "-" "Mozilla/5.0 (Windows NT 10.0; Win64; x64) AppleWebKit/537.36 (KHTML, like Gecko) Chrome/120.0.0.0 Safari/537.36"
52.139.37.240 - - [26/Aug/2026:07:52:13 +0800] "GET /wp-admin/images/admin.php HTTP/1.1" 401 53 "-" "Mozilla/5.0 (Windows NT 10.0; Win64; x64) AppleWebKit/537.36 (KHTML, like Gecko) Chrome/120.0.0.0 Safari/537.36"
52.139.37.240 - - [26/Aug/2026:07:52:13 +0800] "GET /wp-content/themes/seotheme/mar.php HTTP/1.1" 401 53 "-" "Mozilla/5.0 (Windows NT 10.0; Win64; x64) AppleWebKit/537.36 (KHTML, like Gecko) Chrome/120.0.0.0 Safari/537.36"
52.139.37.240 - - [26/Aug/2026:07:52:13 +0800] "GET /wp-includes/Text/index.php HTTP/1.1" 401 53 "-" "Mozilla/5.0 (Windows NT 10.0; Win64; x64) AppleWebKit/537.36 (KHTML, like Gecko) Chrome/120.0.0.0 Safari/537.36"
52.139.37.240 - - [26/Aug/2026:07:52:13 +0800] "GET /wp-includes/rest-api/fields/ HTTP/1.1" 401 53 "-" "Mozilla/5.0 (Windows NT 10.0; Win64; x64) AppleWebKit/537.36 (KHTML, like Gecko) Chrome/120.0.0.0 Safari/537.36"
52.139.37.240 - - [26/Aug/2026:07:52:13 +0800] "GET /wp-index.php HTTP/1.1" 401 53 "-" "Mozilla/5.0 (Windows NT 10.0; Win64; x64) AppleWebKit/537.36 (KHTML, like Gecko) Chrome/120.0.0.0 Safari/537.36"
52.139.37.240 - - [26/Aug/2026:07:52:13 +0800] "GET /wp/wp-admin/includes/ HTTP/1.1" 401 53 "-" "Mozilla/5.0 (Windows NT 10.0; Win64; x64) AppleWebKit/537.36 (KHTML, like Gecko) Chrome/120.0.0.0 Safari/537.36"
52.139.37.240 - - [26/Aug/2026:07:52:13 +0800] "GET /ws80.php HTTP/1.1" 401 53 "-" "Mozilla/5.0 (Windows NT 10.0; Win64; x64) AppleWebKit/537.36 (KHTML, like Gecko) Chrome/120.0.0.0 Safari/537.36"
52.139.37.240 - - [26/Aug/2026:07:52:14 +0800] "GET /ww2.php HTTP/1.1" 401 53 "-" "Mozilla/5.0 (Windows NT 10.0; Win64; x64) AppleWebKit/537.36 (KHTML, like Gecko) Chrome/120.0.0.0 Safari/537.36"
52.139.37.240 - - [26/Aug/2026:07:52:14 +0800] "GET /7logs.php HTTP/1.1" 401 53 "-" "Mozilla/5.0 (Windows NT 10.0; Win64; x64) AppleWebKit/537.36 (KHTML, like Gecko) Chrome/120.0.0.0 Safari/537.36"
52.139.37.240 - - [26/Aug/2026:07:52:14 +0800] "GET /ac.php HTTP/1.1" 401 53 "-" "Mozilla/5.0 (Windows NT 10.0; Win64; x64) AppleWebKit/537.36 (KHTML, like Gecko) Chrome/120.0.0.0 Safari/537.36"
52.139.37.240 - - [26/Aug/2026:07:52:14 +0800] "GET /assets/images/doc.php HTTP/1.1" 401 53 "-" "Mozilla/5.0 (Windows NT 10.0; Win64; x64) AppleWebKit/537.36 (KHTML, like Gecko) Chrome/120.0.0.0 Safari/537.36"
52.139.37.240 - - [26/Aug/2026:07:52:14 +0800] "GET /ctex1.php HTTP/1.1" 401 53 "-" "Mozilla/5.0 (Windows NT 10.0; Win64; x64) AppleWebKit/537.36 (KHTML, like Gecko) Chrome/120.0.0.0 Safari/537.36"
52.139.37.240 - - [26/Aug/2026:07:52:14 +0800] "GET /defaults.php HTTP/1.1" 401 53 "-" "Mozilla/5.0 (Windows NT 10.0; Win64; x64) AppleWebKit/537.36 (KHTML, like Gecko) Chrome/120.0.0.0 Safari/537.36"
52.139.37.240 - - [26/Aug/2026:07:52:14 +0800] "GET /domains.php HTTP/1.1" 401 53 "-" "Mozilla/5.0 (Windows NT 10.0; Win64; x64) AppleWebKit/537.36 (KHTML, like Gecko) Chrome/120.0.0.0 Safari/537.36"
52.139.37.240 - - [26/Aug/2026:07:52:14 +0800] "GET /dropdown.php HTTP/1.1" 401 53 "-" "Mozilla/5.0 (Windows NT 10.0; Win64; x64) AppleWebKit/537.36 (KHTML, like Gecko) Chrome/120.0.0.0 Safari/537.36"
52.139.37.240 - - [26/Aug/2026:07:52:14 +0800] "GET /files/index.php HTTP/1.1" 401 53 "-" "Mozilla/5.0 (Windows NT 10.0; Win64; x64) AppleWebKit/537.36 (KHTML, like Gecko) Chrome/120.0.0.0 Safari/537.36"
52.139.37.240 - - [26/Aug/2026:07:52:14 +0800] "GET /flower.php HTTP/1.1" 401 53 "-" "Mozilla/5.0 (Windows NT 10.0; Win64; x64) AppleWebKit/537.36 (KHTML, like Gecko) Chrome/120.0.0.0 Safari/537.36"
66.249.66.197 - - [26/Aug/2026:07:53:55 +0800] "GET /?detail/0760332582932 HTTP/1.1" 200 3647 "-" "Mozilla/5.0 (Linux; Android 6.0.1; Nexus 5X Build/MMB29P) AppleWebKit/537.36 (KHTML, like Gecko) Chrome/151.0.7922.173 Mobile Safari/537.36 (compatible; Googlebot/2.1; +http://www.google.com/bot.html)"
66.249.66.40 - - [26/Aug/2026:07:54:53 +0800] "GET /category/13_1073/1 HTTP/1.1" 404 2080 "-" "Mozilla/5.0 (Linux; Android 6.0.1; Nexus 5X Build/MMB29P) AppleWebKit/537.36 (KHTML, like Gecko) Chrome/151.0.7922.173 Mobile Safari/537.36 (compatible; Googlebot/2.1; +http://www.google.com/bot.html)"
66.249.66.40 - - [26/Aug/2026:07:57:46 +0800] "GET /?detail/201033793920 HTTP/1.1" 200 3647 "-" "Mozilla/5.0 (Linux; Android 6.0.1; Nexus 5X Build/MMB29P) AppleWebKit/537.36 (KHTML, like Gecko) Chrome/151.0.7922.173 Mobile Safari/537.36 (compatible; Googlebot/2.1; +http://www.google.com/bot.html)"
66.249.66.39 - - [26/Aug/2026:07:58:14 +0800] "GET /products/172kd46532 HTTP/1.1" 404 2080 "-" "Mozilla/5.0 (Linux; Android 6.0.1; Nexus 5X Build/MMB29P) AppleWebKit/537.36 (KHTML, like Gecko) Chrome/151.0.7922.173 Mobile Safari/537.36 (compatible; Googlebot/2.1; +http://www.google.com/bot.html)"
165.22.12.128 - - [26/Aug/2026:08:01:13 +0800] "GET /.git/config HTTP/1.1" 404 2080 "-" "Mozilla/5.0 (X11; Linux x86_64) AppleWebKit/537.36 (KHTML, like Gecko) Chrome/81.0.4044.129 Safari/537.36"
66.249.66.38 - - [26/Aug/2026:08:03:30 +0800] "GET /products/124hf17320 HTTP/1.1" 404 2080 "-" "Mozilla/5.0 (Linux; Android 6.0.1; Nexus 5X Build/MMB29P) AppleWebKit/537.36 (KHTML, like Gecko) Chrome/151.0.7922.173 Mobile Safari/537.36 (compatible; Googlebot/2.1; +http://www.google.com/bot.html)"
66.249.66.39 - - [26/Aug/2026:08:03:31 +0800] "GET /products/261tk44703 HTTP/1.1" 404 2080 "-" "Mozilla/5.0 (Linux; Android 6.0.1; Nexus 5X Build/MMB29P) AppleWebKit/537.36 (KHTML, like Gecko) Chrome/151.0.7922.173 Mobile Safari/537.36 (compatible; Googlebot/2.1; +http://www.google.com/bot.html)"
66.249.66.76 - - [26/Aug/2026:08:03:59 +0800] "GET /?jp/087030923.html HTTP/1.1" 200 3650 "-" "Mozilla/5.0 (Linux; Android 6.0.1; Nexus 5X Build/MMB29P) AppleWebKit/537.36 (KHTML, like Gecko) Chrome/151.0.7922.173 Mobile Safari/537.36 (compatible; Googlebot/2.1; +http://www.google.com/bot.html)"
74.7.244.10 - - [26/Aug/2026:08:05:20 +0800] "GET /robots.txt HTTP/2.0" 200 1 "-" "Mozilla/5.0 (Macintosh; Intel Mac OS X 10_15_7) AppleWebKit/537.36 (KHTML, like Gecko) Chrome/131.0.0.0 Safari/537.36; compatible; OAI-SearchBot/1.4; robots.txt; +https://openai.com/searchbot"
74.7.229.22 - - [26/Aug/2026:08:05:20 +0800] "GET /support-staff HTTP/2.0" 200 3404 "-" "Mozilla/5.0 (Macintosh; Intel Mac OS X 10_15_7) AppleWebKit/537.36 (KHTML, like Gecko) Chrome/131.0.0.0 Safari/537.36; compatible; OAI-SearchBot/1.4; +https://openai.com/searchbot"
54.185.124.197 - - [26/Aug/2026:08:05:59 +0800] "HEAD / HTTP/2.0" 500 - "-" "Mozilla/5.0 (Windows; U; Windows NT 6.1; ko-KR) AppleWebKit/533.20.25 (KHTML, like Gecko) Version/5.0.4 Safari/533.20.27"
66.249.66.197 - - [26/Aug/2026:08:06:23 +0800] "GET /243031194 HTTP/1.1" 500 25849 "-" "Mozilla/5.0 (Linux; Android 6.0.1; Nexus 5X Build/MMB29P) AppleWebKit/537.36 (KHTML, like Gecko) Chrome/151.0.7922.173 Mobile Safari/537.36 (compatible; Googlebot/2.1; +http://www.google.com/bot.html)"
66.249.66.40 - - [26/Aug/2026:08:07:05 +0800] "GET /k-soleil-kk18-y-t1c4-044 HTTP/1.1" 500 25848 "-" "Mozilla/5.0 (Linux; Android 6.0.1; Nexus 5X Build/MMB29P) AppleWebKit/537.36 (KHTML, like Gecko) Chrome/151.0.7922.173 Mobile Safari/537.36 (compatible; Googlebot/2.1; +http://www.google.com/bot.html)"
204.11.2.245 - - [26/Aug/2026:08:07:53 +0800] "GET /.env HTTP/1.1" 500 25848 "-" "Mozilla/5.0 (Linux; U; Android 4.4.2; en-US; HM NOTE 1W Build/KOT49H) AppleWebKit/534.30 (KHTML, like Gecko) Version/4.0 UCBrowser/11.0.5.850 U3/0.8.0 Mobile Safari/534.30"
204.11.2.245 - - [26/Aug/2026:08:07:54 +0800] "POST / HTTP/1.1" 405 24849 "-" "Mozilla/5.0 (Linux; U; Android 4.4.2; en-US; HM NOTE 1W Build/KOT49H) AppleWebKit/534.30 (KHTML, like Gecko) Version/4.0 UCBrowser/11.0.5.850 U3/0.8.0 Mobile Safari/534.30"
66.249.66.45 - - [26/Aug/2026:08:08:34 +0800] "GET /?jp/217041947.html HTTP/1.1" 500 25847 "-" "Mozilla/5.0 (Linux; Android 6.0.1; Nexus 5X Build/MMB29P) AppleWebKit/537.36 (KHTML, like Gecko) Chrome/151.0.7922.173 Mobile Safari/537.36 (compatible; Googlebot/2.1; +http://www.google.com/bot.html)"
66.249.66.39 - - [26/Aug/2026:08:10:28 +0800] "GET /category/55_2502_13497/1 HTTP/1.1" 404 2080 "-" "Mozilla/5.0 (Linux; Android 6.0.1; Nexus 5X Build/MMB29P) AppleWebKit/537.36 (KHTML, like Gecko) Chrome/151.0.7922.173 Mobile Safari/537.36 (compatible; Googlebot/2.1; +http://www.google.com/bot.html)"
35.188.104.109 - - [26/Aug/2026:08:11:06 +0800] "GET / HTTP/1.1" 500 25847 "-" "Mozilla/5.0 (X11; Linux x86_64) AppleWebKit/537.36 (KHTML, like Gecko) Chrome/59.0.3071.104 Safari/537.36"
66.249.66.195 - - [26/Aug/2026:08:11:26 +0800] "GET /plus-one-kagu-mb_61000152-1 HTTP/1.1" 500 25849 "-" "Mozilla/5.0 (Linux; Android 6.0.1; Nexus 5X Build/MMB29P) AppleWebKit/537.36 (KHTML, like Gecko) Chrome/151.0.7922.173 Mobile Safari/537.36 (compatible; Googlebot/2.1; +http://www.google.com/bot.html)"
66.249.66.69 - - [26/Aug/2026:08:13:22 +0800] "GET /?goods/256046231 HTTP/1.1" 500 25848 "-" "Mozilla/5.0 (Linux; Android 6.0.1; Nexus 5X Build/MMB29P) AppleWebKit/537.36 (KHTML, like Gecko) Chrome/151.0.7922.173 Mobile Safari/537.36 (compatible; Googlebot/2.1; +http://www.google.com/bot.html)"
66.249.66.40 - - [26/Aug/2026:08:13:51 +0800] "GET /products/53oc189 HTTP/1.1" 404 2080 "-" "Mozilla/5.0 (Linux; Android 6.0.1; Nexus 5X Build/MMB29P) AppleWebKit/537.36 (KHTML, like Gecko) Chrome/151.0.7922.173 Mobile Safari/537.36 (compatible; Googlebot/2.1; +http://www.google.com/bot.html)"
66.249.66.38 - - [26/Aug/2026:08:14:49 +0800] "GET /category/45_4287_7707_18156/1 HTTP/1.1" 404 2080 "-" "Mozilla/5.0 (Linux; Android 6.0.1; Nexus 5X Build/MMB29P) AppleWebKit/537.36 (KHTML, like Gecko) Chrome/151.0.7922.173 Mobile Safari/537.36 (compatible; Googlebot/2.1; +http://www.google.com/bot.html)"
66.249.66.39 - - [26/Aug/2026:08:15:46 +0800] "GET /001044486 HTTP/1.1" 500 25848 "-" "Mozilla/5.0 (Linux; Android 6.0.1; Nexus 5X Build/MMB29P) AppleWebKit/537.36 (KHTML, like Gecko) Chrome/151.0.7922.173 Mobile Safari/537.36 (compatible; Googlebot/2.1; +http://www.google.com/bot.html)"
66.249.66.40 - - [26/Aug/2026:08:15:48 +0800] "GET /products/124ek10106 HTTP/1.1" 404 2080 "-" "Mozilla/5.0 (Linux; Android 6.0.1; Nexus 5X Build/MMB29P) AppleWebKit/537.36 (KHTML, like Gecko) Chrome/151.0.7922.173 Mobile Safari/537.36 (compatible; Googlebot/2.1; +http://www.google.com/bot.html)"
66.249.66.32 - - [26/Aug/2026:08:16:46 +0800] "GET /products/75bt14557 HTTP/1.1" 404 2080 "-" "Mozilla/5.0 (Linux; Android 6.0.1; Nexus 5X Build/MMB29P) AppleWebKit/537.36 (KHTML, like Gecko) Chrome/151.0.7922.173 Mobile Safari/537.36 (compatible; Googlebot/2.1; +http://www.google.com/bot.html)"
66.249.66.40 - - [26/Aug/2026:08:17:43 +0800] "GET /products/202tl13674 HTTP/1.1" 404 2080 "-" "Mozilla/5.0 (Linux; Android 6.0.1; Nexus 5X Build/MMB29P) AppleWebKit/537.36 (KHTML, like Gecko) Chrome/151.0.7922.173 Mobile Safari/537.36 (compatible; Googlebot/2.1; +http://www.google.com/bot.html)"
52.167.144.230 - - [26/Aug/2026:08:17:57 +0800] "GET /mobile-portfolio/ipams-mobile.php HTTP/2.0" 404 2080 "-" "Mozilla/5.0 AppleWebKit/537.36 (KHTML, like Gecko; compatible; bingbot/2.0; +http://www.bing.com/bingbot.htm) Chrome/116.0.1938.76 Safari/537.36"
66.249.66.38 - - [26/Aug/2026:08:20:35 +0800] "GET /jism-4955295146420-34-69546-n HTTP/1.1" 500 25848 "-" "Mozilla/5.0 (Linux; Android 6.0.1; Nexus 5X Build/MMB29P) AppleWebKit/537.36 (KHTML, like Gecko) Chrome/151.0.7922.173 Mobile Safari/537.36 (compatible; Googlebot/2.1; +http://www.google.com/bot.html)"
66.249.66.39 - - [26/Aug/2026:08:22:32 +0800] "GET /?goods/011018500 HTTP/1.1" 500 25848 "-" "Mozilla/5.0 (Linux; Android 6.0.1; Nexus 5X Build/MMB29P) AppleWebKit/537.36 (KHTML, like Gecko) Chrome/151.0.7922.173 Mobile Safari/537.36 (compatible; Googlebot/2.1; +http://www.google.com/bot.html)"
66.249.66.40 - - [26/Aug/2026:08:23:30 +0800] "GET /products/275sl40349 HTTP/1.1" 404 2080 "-" "Mozilla/5.0 (Linux; Android 6.0.1; Nexus 5X Build/MMB29P) AppleWebKit/537.36 (KHTML, like Gecko) Chrome/151.0.7922.173 Mobile Safari/537.36 (compatible; Googlebot/2.1; +http://www.google.com/bot.html)"
20.197.61.180 - - [26/Aug/2026:08:27:41 +0800] "GET / HTTP/1.1" 401 53 "-" "Mozilla/5.0 (Windows NT 10.0; Win64; x64) AppleWebKit/537.36 (KHTML, like Gecko) Chrome/120.0.0.0 Safari/537.36"
172.197.160.201 - - [26/Aug/2026:08:29:19 +0800] "GET / HTTP/2.0" 500 25849 "-" "Mozilla/5.0 AppleWebKit/537.36 (KHTML, like Gecko); compatible; ChatGPT-User/1.0; +https://openai.com/bot"
172.197.160.204 - - [26/Aug/2026:08:29:21 +0800] "GET / HTTP/2.0" 500 25848 "-" "Mozilla/5.0 AppleWebKit/537.36 (KHTML, like Gecko); compatible; ChatGPT-User/1.0; +https://openai.com/bot"
172.197.160.195 - - [26/Aug/2026:08:29:23 +0800] "GET / HTTP/2.0" 500 25847 "-" "Mozilla/5.0 AppleWebKit/537.36 (KHTML, like Gecko); compatible; ChatGPT-User/1.0; +https://openai.com/bot"
172.197.160.198 - - [26/Aug/2026:08:29:24 +0800] "GET / HTTP/2.0" 500 25848 "-" "Mozilla/5.0 AppleWebKit/537.36 (KHTML, like Gecko); compatible; ChatGPT-User/1.0; +https://openai.com/bot"
66.249.66.39 - - [26/Aug/2026:08:30:17 +0800] "GET /hcvalor-eshop-trusco-4306017 HTTP/1.1" 500 25850 "-" "Mozilla/5.0 (Linux; Android 6.0.1; Nexus 5X Build/MMB29P) AppleWebKit/537.36 (KHTML, like Gecko) Chrome/151.0.7922.173 Mobile Safari/537.36 (compatible; Googlebot/2.1; +http://www.google.com/bot.html)"
66.249.66.38 - - [26/Aug/2026:08:32:12 +0800] "GET /jordan23-19_79663852-1 HTTP/1.1" 500 25849 "-" "Mozilla/5.0 (Linux; Android 6.0.1; Nexus 5X Build/MMB29P) AppleWebKit/537.36 (KHTML, like Gecko) Chrome/151.0.7922.173 Mobile Safari/537.36 (compatible; Googlebot/2.1; +http://www.google.com/bot.html)"
66.249.66.32 - - [26/Aug/2026:08:33:31 +0800] "GET /vie-up-ds-2276449 HTTP/1.1" 500 25848 "-" "Mozilla/5.0 (Linux; Android 6.0.1; Nexus 5X Build/MMB29P) AppleWebKit/537.36 (KHTML, like Gecko) Chrome/151.0.7922.173 Mobile Safari/537.36 (compatible; Googlebot/2.1; +http://www.google.com/bot.html)"
66.249.66.39 - - [26/Aug/2026:08:35:25 +0800] "GET /238005913 HTTP/1.1" 500 25847 "-" "Mozilla/5.0 (Linux; Android 6.0.1; Nexus 5X Build/MMB29P) AppleWebKit/537.36 (KHTML, like Gecko) Chrome/151.0.7922.173 Mobile Safari/537.36 (compatible; Googlebot/2.1; +http://www.google.com/bot.html)"
66.249.66.39 - - [26/Aug/2026:08:37:19 +0800] "GET /?goods/021033732 HTTP/1.1" 500 25849 "-" "Mozilla/5.0 (Linux; Android 6.0.1; Nexus 5X Build/MMB29P) AppleWebKit/537.36 (KHTML, like Gecko) Chrome/151.0.7922.173 Mobile Safari/537.36 (compatible; Googlebot/2.1; +http://www.google.com/bot.html)"
66.249.66.39 - - [26/Aug/2026:08:37:20 +0800] "GET /esports-6000000131494-1 HTTP/1.1" 500 25849 "-" "Mozilla/5.0 (Linux; Android 6.0.1; Nexus 5X Build/MMB29P) AppleWebKit/537.36 (KHTML, like Gecko) Chrome/151.0.7922.173 Mobile Safari/537.36 (compatible; Googlebot/2.1; +http://www.google.com/bot.html)"
40.77.167.77 - - [26/Aug/2026:08:37:29 +0800] "GET /therapy-aide HTTP/2.0" 500 25848 "-" "Mozilla/5.0 AppleWebKit/537.36 (KHTML, like Gecko; compatible; bingbot/2.0; +http://www.bing.com/bingbot.htm) Chrome/116.0.1938.76 Safari/537.36"
66.249.66.38 - - [26/Aug/2026:08:37:51 +0800] "GET /products/48ch23792 HTTP/1.1" 404 2080 "-" "Mozilla/5.0 (Linux; Android 6.0.1; Nexus 5X Build/MMB29P) AppleWebKit/537.36 (KHTML, like Gecko) Chrome/151.0.7922.173 Mobile Safari/537.36 (compatible; Googlebot/2.1; +http://www.google.com/bot.html)"
54.213.14.241 - - [26/Aug/2026:08:39:06 +0800] "GET / HTTP/1.1" 500 25848 "-" "Mozilla/5.0 (compatible; CompanyBot/1.0)"
66.249.66.39 - - [26/Aug/2026:08:40:15 +0800] "GET /products/210xz38358 HTTP/1.1" 404 2080 "-" "Mozilla/5.0 (Linux; Android 6.0.1; Nexus 5X Build/MMB29P) AppleWebKit/537.36 (KHTML, like Gecko) Chrome/151.0.7922.173 Mobile Safari/537.36 (compatible; Googlebot/2.1; +http://www.google.com/bot.html)"
66.249.66.40 - - [26/Aug/2026:08:40:16 +0800] "GET /products/234xm7166 HTTP/1.1" 404 2080 "-" "Mozilla/5.0 (Linux; Android 6.0.1; Nexus 5X Build/MMB29P) AppleWebKit/537.36 (KHTML, like Gecko) Chrome/151.0.7922.173 Mobile Safari/537.36 (compatible; Googlebot/2.1; +http://www.google.com/bot.html)"
200.75.134.198 - - [26/Aug/2026:08:41:10 +0800] "GET /?shopbrand=478384 HTTP/1.1" 500 25849 "https://mipinternational.com/sitemap-9.xml" "Mozilla/5.0 (iPhone; CPU iPhone OS 17_0 like Mac OS X) AppleWebKit/605.1.15 (KHTML, like Gecko) Version/17.0 Mobile/15E148 Safari/604.1"
66.249.66.39 - - [26/Aug/2026:08:41:13 +0800] "GET /v-refine-140-902508110032 HTTP/1.1" 500 25848 "-" "Mozilla/5.0 (Linux; Android 6.0.1; Nexus 5X Build/MMB29P) AppleWebKit/537.36 (KHTML, like Gecko) Chrome/151.0.7922.173 Mobile Safari/537.36 (compatible; Googlebot/2.1; +http://www.google.com/bot.html)"
66.249.66.198 - - [26/Aug/2026:08:43:07 +0800] "GET /?jp/066027325.html HTTP/1.1" 500 25848 "-" "Mozilla/5.0 (Linux; Android 6.0.1; Nexus 5X Build/MMB29P) AppleWebKit/537.36 (KHTML, like Gecko) Chrome/151.0.7922.173 Mobile Safari/537.36 (compatible; Googlebot/2.1; +http://www.google.com/bot.html)"
31.133.116.3 - - [26/Aug/2026:08:43:58 +0800] "GET /?shopbrand=1096832157 HTTP/1.1" 500 25847 "https://mipinternational.com/sitemap.xml" "Mozilla/5.0 (iPhone; CPU iPhone OS 17_2 like Mac OS X) AppleWebKit/605.1.15 (KHTML, like Gecko) Version/17.2 Mobile/15E148 Safari/604.1"
66.249.66.38 - - [26/Aug/2026:08:44:33 +0800] "GET /products/298dx30024 HTTP/1.1" 404 2080 "-" "Mozilla/5.0 (Linux; Android 6.0.1; Nexus 5X Build/MMB29P) AppleWebKit/537.36 (KHTML, like Gecko) Chrome/151.0.7922.173 Mobile Safari/537.36 (compatible; Googlebot/2.1; +http://www.google.com/bot.html)"
181.196.88.20 - - [26/Aug/2026:08:45:22 +0800] "GET /?shopbrand=1020115990 HTTP/1.1" 500 25848 "https://mipinternational.com/?shopbrand=1020115990" "Mozilla/5.0 (Linux; Android 13; M2102J21) AppleWebKit/537.36 (KHTML, like Gecko) Chrome/154.0.5241.80 Mobile Safari/537.36"
66.249.66.38 - - [26/Aug/2026:08:46:28 +0800] "GET /kiro-p61113801 HTTP/1.1" 500 25848 "-" "Mozilla/5.0 (Linux; Android 6.0.1; Nexus 5X Build/MMB29P) AppleWebKit/537.36 (KHTML, like Gecko) Chrome/151.0.7922.173 Mobile Safari/537.36 (compatible; Googlebot/2.1; +http://www.google.com/bot.html)"
66.249.66.69 - - [26/Aug/2026:08:47:25 +0800] "GET /?goods/263034190 HTTP/1.1" 500 25847 "-" "Mozilla/5.0 (Linux; Android 6.0.1; Nexus 5X Build/MMB29P) AppleWebKit/537.36 (KHTML, like Gecko) Chrome/151.0.7922.173 Mobile Safari/537.36 (compatible; Googlebot/2.1; +http://www.google.com/bot.html)"
193.148.56.78 - - [26/Aug/2026:08:47:27 +0800] "GET / HTTP/1.1" 500 25848 "http://www.google.com.hk" "Mozilla/5.0 (Macintosh; Intel Mac OS X 10_15_7) AppleWebKit/605.1.15 (KHTML, like Gecko) Version/17.2 Safari/605.1.15"
193.148.56.78 - - [26/Aug/2026:08:48:05 +0800] "GET /?rest_route=/ HTTP/1.1" 500 25849 "-" "Mozilla/5.0 (Windows NT 10.0; Win64; x64) AppleWebKit/537.36 (KHTML, like Gecko) Chrome/120.0.0.0 Safari/537.36"
193.148.56.78 - - [26/Aug/2026:08:48:06 +0800] "GET /plugins/editors/jce/jce.xml HTTP/1.1" 404 2080 "-" "Mozilla/5.0 (Windows NT 10.0; Win64; x64; rv:120.0) Gecko/20100101 Firefox/120.0"
193.148.56.78 - - [26/Aug/2026:08:48:07 +0800] "GET /administrator/components/com_jce/ HTTP/1.1" 404 2080 "-" "Mozilla/5.0 (iPhone; CPU iPhone OS 17_2 like Mac OS X) AppleWebKit/605.1.15 (KHTML, like Gecko) Version/17.2 Mobile/15E148 Safari/604.1"
193.148.56.78 - - [26/Aug/2026:08:48:07 +0800] "GET /media/system/js/core.js HTTP/1.1" 404 2080 "-" "Mozilla/5.0 (Windows NT 10.0; Win64; x64) AppleWebKit/537.36 (KHTML, like Gecko) Chrome/120.0.0.0 Safari/537.36"
193.148.56.78 - - [26/Aug/2026:08:48:07 +0800] "GET /media/jui/js/bootstrap.min.js HTTP/1.1" 404 2080 "-" "Mozilla/5.0 (Windows NT 10.0; Win64; x64; rv:120.0) Gecko/20100101 Firefox/120.0"
193.148.56.78 - - [26/Aug/2026:08:48:08 +0800] "GET /media/vendor/jquery/js/jquery.min.js?3.6.0 HTTP/1.1" 404 2080 "-" "Mozilla/5.0 (Windows NT 10.0; Win64; x64) AppleWebKit/537.36 (KHTML, like Gecko) Chrome/120.0.0.0 Safari/537.36"
193.148.56.78 - - [26/Aug/2026:08:48:08 +0800] "GET / HTTP/1.1" 500 25848 "-" "Mozilla/5.0 (Windows NT 10.0; Win64; x64; rv:120.0) Gecko/20100101 Firefox/120.0"
66.249.66.38 - - [26/Aug/2026:08:49:13 +0800] "GET /?detail/2050391301177 HTTP/1.1" 500 25849 "-" "Mozilla/5.0 (Linux; Android 6.0.1; Nexus 5X Build/MMB29P) AppleWebKit/537.36 (KHTML, like Gecko) Chrome/151.0.7922.173 Mobile Safari/537.36 (compatible; Googlebot/2.1; +http://www.google.com/bot.html)"
66.249.66.70 - - [26/Aug/2026:08:49:20 +0800] "GET / HTTP/1.1" 500 25847 "-" "Mozilla/5.0 (compatible; Googlebot/2.1; +http://www.google.com/bot.html)"
79.116.174.115 - - [26/Aug/2026:08:50:56 +0800] "GET /?shopbrand=1020078897 HTTP/1.1" 500 25848 "https://mipinternational.com/sitemap.xml" "Mozilla/5.0 (Linux; Android 12; V2180) AppleWebKit/537.36 (KHTML, like Gecko) Chrome/152.0.5923.98 Mobile Safari/537.36 MicroMessenger/8.0.31(0x18001B3F) NetType/WIFI Language/zh_CN"
66.249.66.198 - - [26/Aug/2026:08:52:42 +0800] "GET /?detail/121024671358 HTTP/1.1" 500 25848 "-" "Mozilla/5.0 (Linux; Android 6.0.1; Nexus 5X Build/MMB29P) AppleWebKit/537.36 (KHTML, like Gecko) Chrome/151.0.7922.173 Mobile Safari/537.36 (compatible; Googlebot/2.1; +http://www.google.com/bot.html)"
186.158.120.13 - - [26/Aug/2026:08:53:48 +0800] "GET /?shopbrand=1096556046 HTTP/1.1" 500 25848 "https://mipinternational.com/sitemap.xml" "Mozilla/5.0 (Linux; Android 13; OPPO PCLM6) AppleWebKit/537.36 (KHTML, like Gecko) Chrome/141.0.5670.101 Mobile Safari/537.36"
102.179.115.133 - - [26/Aug/2026:08:56:32 +0800] "GET /?shopbrand=1019834975 HTTP/1.1" 500 25848 "https://mipinternational.com/?shopbrand=1019834975" "Mozilla/5.0 (iPhone; CPU iPhone OS 18_2 like Mac OS X) AppleWebKit/605.1.15 (KHTML, like Gecko) Version/18.2 Mobile/15E148 Safari/604.1"
66.249.66.39 - - [26/Aug/2026:08:57:26 +0800] "GET /products/238nq39708 HTTP/1.1" 404 2080 "-" "Mozilla/5.0 (Linux; Android 6.0.1; Nexus 5X Build/MMB29P) AppleWebKit/537.36 (KHTML, like Gecko) Chrome/151.0.7922.173 Mobile Safari/537.36 (compatible; Googlebot/2.1; +http://www.google.com/bot.html)"
188.155.125.210 - - [26/Aug/2026:08:57:58 +0800] "GET /?shopbrand=424692 HTTP/1.1" 500 25849 "https://mipinternational.com/?shopbrand=424692" "Mozilla/5.0 (iPhone; CPU iPhone OS 17_1 like Mac OS X) AppleWebKit/605.1.15 (KHTML, like Gecko) Version/17.1 Mobile/15E148 Safari/604.1"
9.154.223.96 - - [26/Aug/2026:08:59:21 +0800] "GET /?shopbrand=319554 HTTP/1.1" 500 25848 "https://mipinternational.com/sitemap-9.xml" "Mozilla/5.0 (Linux; Android 13; OPPO PCLM3) AppleWebKit/537.36 (KHTML, like Gecko) Chrome/144.0.5325.103 Mobile Safari/537.36 MicroMessenger/8.0.38(0x18001B3F) NetType/WIFI Language/zh_CN"
66.249.66.39 - - [26/Aug/2026:08:59:42 +0800] "GET /products/189pp243 HTTP/1.1" 404 2080 "-" "Mozilla/5.0 (Linux; Android 6.0.1; Nexus 5X Build/MMB29P) AppleWebKit/537.36 (KHTML, like Gecko) Chrome/151.0.7922.173 Mobile Safari/537.36 (compatible; Googlebot/2.1; +http://www.google.com/bot.html)"
190.104.37.45 - - [26/Aug/2026:09:03:34 +0800] "GET /?shopbrand=1096818365 HTTP/1.1" 200 3647 "https://mipinternational.com/?shopbrand=1096818365" "Mozilla/5.0 (Linux; Android 14; V2183) AppleWebKit/537.36 (KHTML, like Gecko) Chrome/151.0.5119.40 Mobile Safari/537.36"
66.249.66.202 - - [26/Aug/2026:09:03:41 +0800] "GET /?goods/251006847 HTTP/1.1" 500 25849 "-" "Mozilla/5.0 (Linux; Android 6.0.1; Nexus 5X Build/MMB29P) AppleWebKit/537.36 (KHTML, like Gecko) Chrome/151.0.7922.173 Mobile Safari/537.36 (compatible; Googlebot/2.1; +http://www.google.com/bot.html)"
66.249.66.38 - - [26/Aug/2026:09:03:41 +0800] "GET /products/67or31865 HTTP/1.1" 404 2080 "-" "Mozilla/5.0 (Linux; Android 6.0.1; Nexus 5X Build/MMB29P) AppleWebKit/537.36 (KHTML, like Gecko) Chrome/151.0.7922.173 Mobile Safari/537.36 (compatible; Googlebot/2.1; +http://www.google.com/bot.html)"
66.249.66.38 - - [26/Aug/2026:09:04:27 +0800] "GET /?goods/075049347 HTTP/1.1" 500 25848 "-" "Mozilla/5.0 (Linux; Android 6.0.1; Nexus 5X Build/MMB29P) AppleWebKit/537.36 (KHTML, like Gecko) Chrome/151.0.7922.173 Mobile Safari/537.36 (compatible; Googlebot/2.1; +http://www.google.com/bot.html)"
66.249.66.38 - - [26/Aug/2026:09:04:28 +0800] "GET /?goods/100028312 HTTP/1.1" 500 25848 "-" "Mozilla/5.0 (Linux; Android 6.0.1; Nexus 5X Build/MMB29P) AppleWebKit/537.36 (KHTML, like Gecko) Chrome/151.0.7922.173 Mobile Safari/537.36 (compatible; Googlebot/2.1; +http://www.google.com/bot.html)"
66.249.66.40 - - [26/Aug/2026:09:04:29 +0800] "GET /products/251hb44105 HTTP/1.1" 404 2080 "-" "Mozilla/5.0 (Linux; Android 6.0.1; Nexus 5X Build/MMB29P) AppleWebKit/537.36 (KHTML, like Gecko) Chrome/151.0.7922.173 Mobile Safari/537.36 (compatible; Googlebot/2.1; +http://www.google.com/bot.html)"
165.16.110.24 - - [26/Aug/2026:09:04:57 +0800] "GET /?shopbrand=1096716320 HTTP/1.1" 500 25849 "https://mipinternational.com/?shopbrand=1096716320" "Mozilla/5.0 (Linux; Android 12; OPPO PCLM2) AppleWebKit/537.36 (KHTML, like Gecko) Chrome/142.0.5405.42 Mobile Safari/537.36 MicroMessenger/8.0.44(0x18001B3F) NetType/WIFI Language/zh_CN"
204.11.2.245 - - [26/Aug/2026:09:05:07 +0800] "GET /.env HTTP/1.1" 500 25848 "-" "Mozilla/5.0 (Linux; U; Android 4.4.2; en-US; HM NOTE 1W Build/KOT49H) AppleWebKit/534.30 (KHTML, like Gecko) Version/4.0 UCBrowser/11.0.5.850 U3/0.8.0 Mobile Safari/534.30"
204.11.2.245 - - [26/Aug/2026:09:05:08 +0800] "POST / HTTP/1.1" 405 24850 "-" "Mozilla/5.0 (Linux; U; Android 4.4.2; en-US; HM NOTE 1W Build/KOT49H) AppleWebKit/534.30 (KHTML, like Gecko) Version/4.0 UCBrowser/11.0.5.850 U3/0.8.0 Mobile Safari/534.30"
66.249.66.32 - - [26/Aug/2026:09:05:59 +0800] "GET /perk-up-1477374-2881457 HTTP/1.1" 500 25849 "-" "Mozilla/5.0 (Linux; Android 6.0.1; Nexus 5X Build/MMB29P) AppleWebKit/537.36 (KHTML, like Gecko) Chrome/151.0.7922.173 Mobile Safari/537.36 (compatible; Googlebot/2.1; +http://www.google.com/bot.html)"
66.249.66.40 - - [26/Aug/2026:09:06:44 +0800] "GET /products/208eg32728 HTTP/1.1" 404 2080 "-" "Mozilla/5.0 (Linux; Android 6.0.1; Nexus 5X Build/MMB29P) AppleWebKit/537.36 (KHTML, like Gecko) Chrome/151.0.7922.173 Mobile Safari/537.36 (compatible; Googlebot/2.1; +http://www.google.com/bot.html)"
66.249.66.41 - - [26/Aug/2026:09:06:45 +0800] "GET /?jp/235041706.html HTTP/1.1" 500 25849 "-" "Mozilla/5.0 (Linux; Android 6.0.1; Nexus 5X Build/MMB29P) AppleWebKit/537.36 (KHTML, like Gecko) Chrome/151.0.7922.173 Mobile Safari/537.36 (compatible; Googlebot/2.1; +http://www.google.com/bot.html)"
66.249.66.43 - - [26/Aug/2026:09:07:30 +0800] "GET /rapassione-30341431-1 HTTP/1.1" 500 25849 "-" "Mozilla/5.0 (Linux; Android 6.0.1; Nexus 5X Build/MMB29P) AppleWebKit/537.36 (KHTML, like Gecko) Chrome/151.0.7922.173 Mobile Safari/537.36 (compatible; Googlebot/2.1; +http://www.google.com/bot.html)"
66.249.66.41 - - [26/Aug/2026:09:07:31 +0800] "GET /?detail/28003752207225 HTTP/1.1" 500 25848 "-" "Mozilla/5.0 (Linux; Android 6.0.1; Nexus 5X Build/MMB29P) AppleWebKit/537.36 (KHTML, like Gecko) Chrome/151.0.7922.173 Mobile Safari/537.36 (compatible; Googlebot/2.1; +http://www.google.com/bot.html)"
40.77.167.149 - - [26/Aug/2026:09:08:36 +0800] "GET /legal/policy/cookies-tracking HTTP/2.0" 404 2080 "-" "Mozilla/5.0 AppleWebKit/537.36 (KHTML, like Gecko; compatible; bingbot/2.0; +http://www.bing.com/bingbot.htm) Chrome/116.0.1938.76 Safari/537.36"
66.249.66.40 - - [26/Aug/2026:09:10:09 +0800] "GET /?goods/019008048 HTTP/1.1" 500 25849 "-" "Mozilla/5.0 (Linux; Android 6.0.1; Nexus 5X Build/MMB29P) AppleWebKit/537.36 (KHTML, like Gecko) Chrome/151.0.7922.173 Mobile Safari/537.36 (compatible; Googlebot/2.1; +http://www.google.com/bot.html)"
66.249.66.39 - - [26/Aug/2026:09:12:29 +0800] "GET /products/193qn28799 HTTP/1.1" 404 2080 "-" "Mozilla/5.0 (Linux; Android 6.0.1; Nexus 5X Build/MMB29P) AppleWebKit/537.36 (KHTML, like Gecko) Chrome/151.0.7922.173 Mobile Safari/537.36 (compatible; Googlebot/2.1; +http://www.google.com/bot.html)"
186.183.102.155 - - [26/Aug/2026:09:13:18 +0800] "GET /?shopbrand=970504870 HTTP/1.1" 500 25848 "https://mipinternational.com/sitemap.xml" "Mozilla/5.0 (Linux; Android 14; V2185) AppleWebKit/537.36 (KHTML, like Gecko) Chrome/143.0.5779.100 Mobile Safari/537.36"
66.249.66.38 - - [26/Aug/2026:09:14:01 +0800] "GET /0101marui-cf020310590101-1 HTTP/1.1" 500 25849 "-" "Mozilla/5.0 (Linux; Android 6.0.1; Nexus 5X Build/MMB29P) AppleWebKit/537.36 (KHTML, like Gecko) Chrome/151.0.7922.173 Mobile Safari/537.36 (compatible; Googlebot/2.1; +http://www.google.com/bot.html)"
66.249.66.39 - - [26/Aug/2026:09:14:02 +0800] "GET /products/47ex353 HTTP/1.1" 404 2080 "-" "Mozilla/5.0 (Linux; Android 6.0.1; Nexus 5X Build/MMB29P) AppleWebKit/537.36 (KHTML, like Gecko) Chrome/151.0.7922.173 Mobile Safari/537.36 (compatible; Googlebot/2.1; +http://www.google.com/bot.html)"
188.161.234.16 - - [26/Aug/2026:09:14:40 +0800] "GET /?shopbrand=1096791500 HTTP/1.1" 500 25847 "https://mipinternational.com/?shopbrand=1096791500" "Mozilla/5.0 (Linux; Android 12; OPPO PCLM2) AppleWebKit/537.36 (KHTML, like Gecko) Chrome/144.0.5338.127 Mobile Safari/537.36 MicroMessenger/8.0.40(0x18001B3F) NetType/WIFI Language/zh_CN"
74.7.244.10 - - [26/Aug/2026:09:15:25 +0800] "GET /robots.txt HTTP/2.0" 200 1 "-" "Mozilla/5.0 (Macintosh; Intel Mac OS X 10_15_7) AppleWebKit/537.36 (KHTML, like Gecko) Chrome/131.0.0.0 Safari/537.36; compatible; OAI-SearchBot/1.4; robots.txt; +https://openai.com/searchbot"
74.7.228.253 - - [26/Aug/2026:09:15:28 +0800] "GET /services HTTP/2.0" 500 25848 "-" "Mozilla/5.0 (Macintosh; Intel Mac OS X 10_15_7) AppleWebKit/537.36 (KHTML, like Gecko) Chrome/131.0.0.0 Safari/537.36; compatible; OAI-SearchBot/1.4; +https://openai.com/searchbot"
66.249.66.40 - - [26/Aug/2026:09:15:32 +0800] "GET /products/18zz22394 HTTP/1.1" 404 2080 "-" "Mozilla/5.0 (Linux; Android 6.0.1; Nexus 5X Build/MMB29P) AppleWebKit/537.36 (KHTML, like Gecko) Chrome/151.0.7922.173 Mobile Safari/537.36 (compatible; Googlebot/2.1; +http://www.google.com/bot.html)"
66.249.66.39 - - [26/Aug/2026:09:16:18 +0800] "GET /238001121 HTTP/1.1" 500 25848 "-" "Mozilla/5.0 (Linux; Android 6.0.1; Nexus 5X Build/MMB29P) AppleWebKit/537.36 (KHTML, like Gecko) Chrome/151.0.7922.173 Mobile Safari/537.36 (compatible; Googlebot/2.1; +http://www.google.com/bot.html)"
66.249.66.39 - - [26/Aug/2026:09:16:18 +0800] "GET /products/66cn2794 HTTP/1.1" 404 2080 "-" "Mozilla/5.0 (Linux; Android 6.0.1; Nexus 5X Build/MMB29P) AppleWebKit/537.36 (KHTML, like Gecko) Chrome/151.0.7922.173 Mobile Safari/537.36 (compatible; Googlebot/2.1; +http://www.google.com/bot.html)"
66.249.66.202 - - [26/Aug/2026:09:17:48 +0800] "GET /?goods/002002171 HTTP/1.1" 500 25847 "-" "Mozilla/5.0 (Linux; Android 6.0.1; Nexus 5X Build/MMB29P) AppleWebKit/537.36 (KHTML, like Gecko) Chrome/151.0.7922.173 Mobile Safari/537.36 (compatible; Googlebot/2.1; +http://www.google.com/bot.html)"
66.249.66.40 - - [26/Aug/2026:09:17:49 +0800] "GET /products/1kk293 HTTP/1.1" 404 2080 "-" "Mozilla/5.0 (Linux; Android 6.0.1; Nexus 5X Build/MMB29P) AppleWebKit/537.36 (KHTML, like Gecko) Chrome/151.0.7922.173 Mobile Safari/537.36 (compatible; Googlebot/2.1; +http://www.google.com/bot.html)"
66.249.66.38 - - [26/Aug/2026:09:17:50 +0800] "GET /043020980 HTTP/1.1" 500 25848 "-" "Mozilla/5.0 (Linux; Android 6.0.1; Nexus 5X Build/MMB29P) AppleWebKit/537.36 (KHTML, like Gecko) Chrome/151.0.7922.173 Mobile Safari/537.36 (compatible; Googlebot/2.1; +http://www.google.com/bot.html)"
66.249.66.39 - - [26/Aug/2026:09:18:35 +0800] "GET / HTTP/1.1" 500 25848 "-" "Mozilla/5.0 (Linux; Android 6.0.1; Nexus 5X Build/MMB29P) AppleWebKit/537.36 (KHTML, like Gecko) Chrome/151.0.7922.173 Mobile Safari/537.36 (compatible; Googlebot/2.1; +http://www.google.com/bot.html)"
66.249.66.38 - - [26/Aug/2026:09:20:06 +0800] "GET /hirochishop-2-ea829eg-14b HTTP/1.1" 500 25849 "-" "Mozilla/5.0 (Linux; Android 6.0.1; Nexus 5X Build/MMB29P) AppleWebKit/537.36 (KHTML, like Gecko) Chrome/151.0.7922.173 Mobile Safari/537.36 (compatible; Googlebot/2.1; +http://www.google.com/bot.html)"
66.249.66.38 - - [26/Aug/2026:09:20:51 +0800] "GET /?jp/201000734.html HTTP/1.1" 500 25849 "-" "Mozilla/5.0 (Linux; Android 6.0.1; Nexus 5X Build/MMB29P) AppleWebKit/537.36 (KHTML, like Gecko) Chrome/151.0.7922.173 Mobile Safari/537.36 (compatible; Googlebot/2.1; +http://www.google.com/bot.html)"
66.249.66.38 - - [26/Aug/2026:09:20:52 +0800] "GET /suzukimotors-uvao013 HTTP/1.1" 500 25849 "-" "Mozilla/5.0 (Linux; Android 6.0.1; Nexus 5X Build/MMB29P) AppleWebKit/537.36 (KHTML, like Gecko) Chrome/151.0.7922.173 Mobile Safari/537.36 (compatible; Googlebot/2.1; +http://www.google.com/bot.html)"
66.249.66.198 - - [26/Aug/2026:09:20:53 +0800] "GET /?jp/203002146.html HTTP/1.1" 500 25849 "-" "Mozilla/5.0 (Linux; Android 6.0.1; Nexus 5X Build/MMB29P) AppleWebKit/537.36 (KHTML, like Gecko) Chrome/151.0.7922.173 Mobile Safari/537.36 (compatible; Googlebot/2.1; +http://www.google.com/bot.html)"
66.249.66.38 - - [26/Aug/2026:09:22:23 +0800] "GET /tss-shop-c-25dp2 HTTP/1.1" 500 25849 "-" "Mozilla/5.0 (Linux; Android 6.0.1; Nexus 5X Build/MMB29P) AppleWebKit/537.36 (KHTML, like Gecko) Chrome/151.0.7922.173 Mobile Safari/537.36 (compatible; Googlebot/2.1; +http://www.google.com/bot.html)"
66.249.66.39 - - [26/Aug/2026:09:23:08 +0800] "GET /wondertec-givi_d2109st HTTP/1.1" 500 25849 "-" "Mozilla/5.0 (Linux; Android 6.0.1; Nexus 5X Build/MMB29P) AppleWebKit/537.36 (KHTML, like Gecko) Chrome/151.0.7922.173 Mobile Safari/537.36 (compatible; Googlebot/2.1; +http://www.google.com/bot.html)"
9.129.26.10 - - [26/Aug/2026:09:23:46 +0800] "GET / HTTP/2.0" 500 25846 "-" "Mozilla/5.0 AppleWebKit/537.36 (KHTML, like Gecko); compatible; ChatGPT-User/1.0; +https://openai.com/bot"
66.249.66.40 - - [26/Aug/2026:09:24:38 +0800] "GET /re-vida-k0-6440980-beige HTTP/1.1" 500 25849 "-" "Mozilla/5.0 (Linux; Android 6.0.1; Nexus 5X Build/MMB29P) AppleWebKit/537.36 (KHTML, like Gecko) Chrome/151.0.7922.173 Mobile Safari/537.36 (compatible; Googlebot/2.1; +http://www.google.com/bot.html)"
66.249.66.39 - - [26/Aug/2026:09:25:23 +0800] "GET /jism-6970357859801-34-74821-n HTTP/1.1" 500 25848 "-" "Mozilla/5.0 (Linux; Android 6.0.1; Nexus 5X Build/MMB29P) AppleWebKit/537.36 (KHTML, like Gecko) Chrome/151.0.7922.173 Mobile Safari/537.36 (compatible; Googlebot/2.1; +http://www.google.com/bot.html)"
66.249.66.39 - - [26/Aug/2026:09:26:53 +0800] "GET /?detail/17003101545350 HTTP/1.1" 500 25848 "-" "Mozilla/5.0 (Linux; Android 6.0.1; Nexus 5X Build/MMB29P) AppleWebKit/537.36 (KHTML, like Gecko) Chrome/151.0.7922.173 Mobile Safari/537.36 (compatible; Googlebot/2.1; +http://www.google.com/bot.html)"
66.249.66.40 - - [26/Aug/2026:09:26:54 +0800] "GET /la-graine-wlpkoowfcuhthsyajj3wpym2vu-lag-1 HTTP/1.1" 500 25849 "-" "Mozilla/5.0 (Linux; Android 6.0.1; Nexus 5X Build/MMB29P) AppleWebKit/537.36 (KHTML, like Gecko) Chrome/151.0.7922.173 Mobile Safari/537.36 (compatible; Googlebot/2.1; +http://www.google.com/bot.html)"
66.249.66.43 - - [26/Aug/2026:09:26:55 +0800] "GET /products/89xk22795 HTTP/1.1" 404 2080 "-" "Mozilla/5.0 (Linux; Android 6.0.1; Nexus 5X Build/MMB29P) AppleWebKit/537.36 (KHTML, like Gecko) Chrome/151.0.7922.173 Mobile Safari/537.36 (compatible; Googlebot/2.1; +http://www.google.com/bot.html)"
112.201.203.241 - - [26/Aug/2026:09:26:55 +0800] "GET / HTTP/2.0" 500 25849 "https://l.facebook.com/" "Mozilla/5.0 (Windows NT 10.0; Win64; x64) AppleWebKit/537.36 (KHTML, like Gecko) Chrome/151.0.0.0 Safari/537.36"
9.129.26.2 - - [26/Aug/2026:09:27:20 +0800] "GET / HTTP/2.0" 500 25847 "-" "Mozilla/5.0 AppleWebKit/537.36 (KHTML, like Gecko); compatible; ChatGPT-User/1.0; +https://openai.com/bot"
9.129.26.6 - - [26/Aug/2026:09:27:22 +0800] "GET / HTTP/2.0" 500 25848 "-" "Mozilla/5.0 AppleWebKit/537.36 (KHTML, like Gecko); compatible; ChatGPT-User/1.0; +https://openai.com/bot"
9.129.26.2 - - [26/Aug/2026:09:27:23 +0800] "GET / HTTP/2.0" 500 25849 "-" "Mozilla/5.0 AppleWebKit/537.36 (KHTML, like Gecko); compatible; ChatGPT-User/1.0; +https://openai.com/bot"
9.129.26.11 - - [26/Aug/2026:09:27:24 +0800] "GET / HTTP/2.0" 500 25849 "-" "Mozilla/5.0 AppleWebKit/537.36 (KHTML, like Gecko); compatible; ChatGPT-User/1.0; +https://openai.com/bot"
66.249.66.39 - - [26/Aug/2026:09:27:40 +0800] "GET /skymarketplus-b0157thnxk HTTP/1.1" 500 25849 "-" "Mozilla/5.0 (Linux; Android 6.0.1; Nexus 5X Build/MMB29P) AppleWebKit/537.36 (KHTML, like Gecko) Chrome/151.0.7922.173 Mobile Safari/537.36 (compatible; Googlebot/2.1; +http://www.google.com/bot.html)"
66.249.66.40 - - [26/Aug/2026:09:29:10 +0800] "GET /shopdeclinic-62-6273-56 HTTP/1.1" 500 25849 "-" "Mozilla/5.0 (Linux; Android 6.0.1; Nexus 5X Build/MMB29P) AppleWebKit/537.36 (KHTML, like Gecko) Chrome/151.0.7922.173 Mobile Safari/537.36 (compatible; Googlebot/2.1; +http://www.google.com/bot.html)"
66.249.66.38 - - [26/Aug/2026:09:29:11 +0800] "GET /products/276ay37140 HTTP/1.1" 404 2080 "-" "Mozilla/5.0 (Linux; Android 6.0.1; Nexus 5X Build/MMB29P) AppleWebKit/537.36 (KHTML, like Gecko) Chrome/151.0.7922.173 Mobile Safari/537.36 (compatible; Googlebot/2.1; +http://www.google.com/bot.html)"
66.249.66.39 - - [26/Aug/2026:09:29:55 +0800] "GET /283047976 HTTP/1.1" 200 2861 "-" "Mozilla/5.0 (Linux; Android 6.0.1; Nexus 5X Build/MMB29P) AppleWebKit/537.36 (KHTML, like Gecko) Chrome/151.0.7922.173 Mobile Safari/537.36 (compatible; Googlebot/2.1; +http://www.google.com/bot.html)"
66.249.66.38 - - [26/Aug/2026:09:31:05 +0800] "GET /fujix-ds-2297906 HTTP/1.1" 200 2861 "-" "Mozilla/5.0 (Linux; Android 6.0.1; Nexus 5X Build/MMB29P) AppleWebKit/537.36 (KHTML, like Gecko) Chrome/151.0.7922.173 Mobile Safari/537.36 (compatible; Googlebot/2.1; +http://www.google.com/bot.html)"
167.172.26.250 - - [26/Aug/2026:09:31:08 +0800] "GET / HTTP/1.1" 200 3647 "-" "Mozilla/5.0 (X11; Linux x86_64) AppleWebKit/537.36 (KHTML, like Gecko) Chrome/142.0.0.0 Safari/537.36"
167.172.26.250 - - [26/Aug/2026:09:31:08 +0800] "GET /favicon.ico HTTP/1.1" 200 - "https://mipinternational.com/" "Mozilla/5.0 (X11; Linux x86_64) AppleWebKit/537.36 (KHTML, like Gecko) Chrome/142.0.0.0 Safari/537.36"
66.249.66.39 - - [26/Aug/2026:09:32:28 +0800] "GET /1158003529 HTTP/1.1" 200 2861 "-" "Mozilla/5.0 (Linux; Android 6.0.1; Nexus 5X Build/MMB29P) AppleWebKit/537.36 (KHTML, like Gecko) Chrome/151.0.7922.173 Mobile Safari/537.36 (compatible; Googlebot/2.1; +http://www.google.com/bot.html)"
159.223.90.232 - - [26/Aug/2026:09:32:35 +0800] "GET /wp-login.php HTTP/1.1" 403 2861 "https://wordpress.org/" "Mozilla/5.0 (X11; Linux x86_64) AppleWebKit/537.36 (KHTML, like Gecko) Chrome/118.0.0.0 Safari/537.36"
159.223.90.232 - - [26/Aug/2026:09:32:52 +0800] "GET /wp-admin/ HTTP/1.1" 200 2861 "https://www.bing.com/" "Mozilla/5.0 (X11; Ubuntu; Linux x86_64) AppleWebKit/537.36 (KHTML, like Gecko) Chrome/119.0.0.0 Safari/537.36"
66.249.66.39 - - [26/Aug/2026:09:35:05 +0800] "GET /products/282zu38324 HTTP/1.1" 404 2080 "-" "Mozilla/5.0 (Linux; Android 6.0.1; Nexus 5X Build/MMB29P) AppleWebKit/537.36 (KHTML, like Gecko) Chrome/151.0.7922.173 Mobile Safari/537.36 (compatible; Googlebot/2.1; +http://www.google.com/bot.html)"
66.249.66.38 - - [26/Aug/2026:09:35:50 +0800] "GET /interiortool-skt-ga30d HTTP/1.1" 200 2861 "-" "Mozilla/5.0 (Linux; Android 6.0.1; Nexus 5X Build/MMB29P) AppleWebKit/537.36 (KHTML, like Gecko) Chrome/151.0.7922.173 Mobile Safari/537.36 (compatible; Googlebot/2.1; +http://www.google.com/bot.html)"
66.249.66.39 - - [26/Aug/2026:09:38:06 +0800] "GET /gekiyasu-shop-sanei-k231yk-13 HTTP/1.1" 200 2861 "-" "Mozilla/5.0 (Linux; Android 6.0.1; Nexus 5X Build/MMB29P) AppleWebKit/537.36 (KHTML, like Gecko) Chrome/151.0.7922.173 Mobile Safari/537.36 (compatible; Googlebot/2.1; +http://www.google.com/bot.html)"
103.97.162.104 - - [26/Aug/2026:09:38:20 +0800] "GET /?shopbrand=1096620661 HTTP/1.1" 200 3647 "https://mipinternational.com/?shopbrand=1096620661" "Mozilla/5.0 (Linux; Android 15; V2189) AppleWebKit/537.36 (KHTML, like Gecko) Chrome/155.0.5934.44 Mobile Safari/537.36"
66.249.66.203 - - [26/Aug/2026:09:38:51 +0800] "GET /?jp/272018329.html HTTP/1.1" 200 3650 "-" "Mozilla/5.0 (Linux; Android 6.0.1; Nexus 5X Build/MMB29P) AppleWebKit/537.36 (KHTML, like Gecko) Chrome/151.0.7922.173 Mobile Safari/537.36 (compatible; Googlebot/2.1; +http://www.google.com/bot.html)"
112.198.132.234 - - [26/Aug/2026:09:39:53 +0800] "GET /?shopbrand=1096605984 HTTP/1.1" 200 3647 "https://mipinternational.com/sitemap.xml" "Mozilla/5.0 (Linux; Android 12; M2102J20) AppleWebKit/537.36 (KHTML, like Gecko) Chrome/155.0.5057.81 Mobile Safari/537.36 MicroMessenger/8.0.36(0x18001B3F) NetType/WIFI Language/zh_CN"
121.229.156.106 - - [26/Aug/2026:09:40:09 +0800] "GET /support-staff HTTP/1.1" 200 3404 "-" "Sogou web spider/4.0(+http://www.sogou.com/docs/help/webmasters.htm#07)"
66.249.66.39 - - [26/Aug/2026:09:41:09 +0800] "GET /?jp/267037530.html HTTP/1.1" 200 3647 "-" "Mozilla/5.0 (Linux; Android 6.0.1; Nexus 5X Build/MMB29P) AppleWebKit/537.36 (KHTML, like Gecko) Chrome/151.0.7922.173 Mobile Safari/537.36 (compatible; Googlebot/2.1; +http://www.google.com/bot.html)"
102.206.93.80 - - [26/Aug/2026:09:41:14 +0800] "GET /?shopbrand=1020087058 HTTP/1.1" 200 3647 "https://mipinternational.com/?shopbrand=1020087058" "Mozilla/5.0 (Linux; Android 15; OPPO PCLM3) AppleWebKit/537.36 (KHTML, like Gecko) Chrome/142.0.5457.116 Mobile Safari/537.36 MicroMessenger/8.0.45(0x18001B3F) NetType/WIFI Language/zh_CN"
66.249.66.38 - - [26/Aug/2026:09:41:54 +0800] "GET /shop-angelica-410108 HTTP/1.1" 200 2861 "-" "Mozilla/5.0 (Linux; Android 6.0.1; Nexus 5X Build/MMB29P) AppleWebKit/537.36 (KHTML, like Gecko) Chrome/151.0.7922.173 Mobile Safari/537.36 (compatible; Googlebot/2.1; +http://www.google.com/bot.html)"
66.249.66.199 - - [26/Aug/2026:09:41:54 +0800] "GET /products/32yl46592 HTTP/1.1" 404 2080 "-" "Mozilla/5.0 (Linux; Android 6.0.1; Nexus 5X Build/MMB29P) AppleWebKit/537.36 (KHTML, like Gecko) Chrome/151.0.7922.173 Mobile Safari/537.36 (compatible; Googlebot/2.1; +http://www.google.com/bot.html)"
66.249.66.38 - - [26/Aug/2026:09:41:55 +0800] "GET /taharasports-qgmwja01-1 HTTP/1.1" 200 2861 "-" "Mozilla/5.0 (Linux; Android 6.0.1; Nexus 5X Build/MMB29P) AppleWebKit/537.36 (KHTML, like Gecko) Chrome/151.0.7922.173 Mobile Safari/537.36 (compatible; Googlebot/2.1; +http://www.google.com/bot.html)"
66.249.66.69 - - [26/Aug/2026:09:41:56 +0800] "GET /?jp/149027351.html HTTP/1.1" 200 3647 "-" "Mozilla/5.0 (Linux; Android 6.0.1; Nexus 5X Build/MMB29P) AppleWebKit/537.36 (KHTML, like Gecko) Chrome/151.0.7922.173 Mobile Safari/537.36 (compatible; Googlebot/2.1; +http://www.google.com/bot.html)"
66.249.66.69 - - [26/Aug/2026:09:41:56 +0800] "GET /?jp/271013003.html HTTP/1.1" 200 3647 "-" "Mozilla/5.0 (Linux; Android 6.0.1; Nexus 5X Build/MMB29P) AppleWebKit/537.36 (KHTML, like Gecko) Chrome/151.0.7922.173 Mobile Safari/537.36 (compatible; Googlebot/2.1; +http://www.google.com/bot.html)"
66.249.66.39 - - [26/Aug/2026:09:41:57 +0800] "GET /products/106yg16308 HTTP/1.1" 404 2080 "-" "Mozilla/5.0 (Linux; Android 6.0.1; Nexus 5X Build/MMB29P) AppleWebKit/537.36 (KHTML, like Gecko) Chrome/151.0.7922.173 Mobile Safari/537.36 (compatible; Googlebot/2.1; +http://www.google.com/bot.html)"
66.249.66.39 - - [26/Aug/2026:09:41:58 +0800] "GET /212010453 HTTP/1.1" 500 25850 "-" "Mozilla/5.0 (Linux; Android 6.0.1; Nexus 5X Build/MMB29P) AppleWebKit/537.36 (KHTML, like Gecko) Chrome/151.0.7922.173 Mobile Safari/537.36 (compatible; Googlebot/2.1; +http://www.google.com/bot.html)"
66.249.66.40 - - [26/Aug/2026:09:42:30 +0800] "GET /zaccaru-1-ds-1849899 HTTP/1.1" 500 25848 "-" "Mozilla/5.0 (Linux; Android 6.0.1; Nexus 5X Build/MMB29P) AppleWebKit/537.36 (KHTML, like Gecko) Chrome/151.0.7922.173 Mobile Safari/537.36 (compatible; Googlebot/2.1; +http://www.google.com/bot.html)"
91.92.55.156 - - [26/Aug/2026:09:42:34 +0800] "GET /?shopbrand=1020034586 HTTP/1.1" 500 25848 "https://mipinternational.com/?shopbrand=1020034586" "Mozilla/5.0 (Linux; Android 13; OPPO PCLM6) AppleWebKit/537.36 (KHTML, like Gecko) Chrome/141.0.5238.128 Mobile Safari/537.36 MicroMessenger/8.0.48(0x18001B3F) NetType/WIFI Language/zh_CN"
223.109.252.154 - - [26/Aug/2026:09:42:43 +0800] "GET /manpower-request HTTP/1.1" 500 25848 "-" "Sogou web spider/4.0(+http://www.sogou.com/docs/help/webmasters.htm#07)"
