185.103.89.96 - - [05/Mar/2026:01:39:19 +0800] "GET /pages.php?143019231 HTTP/1.1" 200 20501 "-" "Mozilla/5.0 (Macintosh; Intel Mac OS X 10_15_7) AppleWebKit/537.36 (KHTML, like Gecko) Chrome/105.0.0.0 Safari/537.36"
74.7.241.59 - - [05/Mar/2026:01:39:20 +0800] "GET /pages.php?detail/0730407743219 HTTP/2.0" 200 20738 "http://mipinternational.com" "Mozilla/5.0 AppleWebKit/537.36 (KHTML, like Gecko; compatible; GPTBot/1.3; +https://openai.com/gptbot)"
74.7.241.59 - - [05/Mar/2026:01:39:24 +0800] "GET /pages.php?jp/029015148.html HTTP/2.0" 200 20686 "https://mipinternational.com/pages.php?detail/029027683775" "Mozilla/5.0 AppleWebKit/537.36 (KHTML, like Gecko; compatible; GPTBot/1.3; +https://openai.com/gptbot)"
14.235.14.235 - - [05/Mar/2026:01:39:27 +0800] "GET /pages.php?m219008806 HTTP/1.1" 200 21128 "-" "Mozilla/5.0 (Macintosh; Intel Mac OS X 11_2_3) AppleWebKit/537.36 (KHTML, like Gecko) Chrome/87.0.4280.67 Safari/537.36"
74.7.241.59 - - [05/Mar/2026:01:39:32 +0800] "GET /pages.php?detail/129010197258 HTTP/2.0" 200 20483 "http://mipinternational.com" "Mozilla/5.0 AppleWebKit/537.36 (KHTML, like Gecko; compatible; GPTBot/1.3; +https://openai.com/gptbot)"
74.7.241.59 - - [05/Mar/2026:01:39:36 +0800] "GET /pages.php?detail/012024796023 HTTP/2.0" 200 20732 "http://mipinternational.com" "Mozilla/5.0 AppleWebKit/537.36 (KHTML, like Gecko; compatible; GPTBot/1.3; +https://openai.com/gptbot)"
74.7.241.59 - - [05/Mar/2026:01:39:54 +0800] "GET /pages.php?detail/0450080467748 HTTP/2.0" 200 20582 "https://mipinternational.com/pages.php?detail/161011987441" "Mozilla/5.0 AppleWebKit/537.36 (KHTML, like Gecko; compatible; GPTBot/1.3; +https://openai.com/gptbot)"
74.7.241.59 - - [05/Mar/2026:01:40:08 +0800] "GET /pages.php?detail/110011099324 HTTP/2.0" 200 20249 "https://mipinternational.com/pages.php?jp/029015148.html" "Mozilla/5.0 AppleWebKit/537.36 (KHTML, like Gecko; compatible; GPTBot/1.3; +https://openai.com/gptbot)"
74.7.241.59 - - [05/Mar/2026:01:40:17 +0800] "GET /pages.php?goods/129009766 HTTP/2.0" 200 20459 "https://mipinternational.com/pages.php?detail/129010197258" "Mozilla/5.0 AppleWebKit/537.36 (KHTML, like Gecko; compatible; GPTBot/1.3; +https://openai.com/gptbot)"
74.7.241.59 - - [05/Mar/2026:01:40:20 +0800] "GET /pages.php?detail/029015153799 HTTP/2.0" 200 21173 "https://mipinternational.com/pages.php?jp/029015148.html" "Mozilla/5.0 AppleWebKit/537.36 (KHTML, like Gecko; compatible; GPTBot/1.3; +https://openai.com/gptbot)"
66.249.64.130 - - [05/Mar/2026:01:40:27 +0800] "GET /?goods/066000205 HTTP/1.1" 200 20585 "-" "Mozilla/5.0 (Linux; Android 6.0.1; Nexus 5X Build/MMB29P) AppleWebKit/537.36 (KHTML, like Gecko) Chrome/144.0.7559.132 Mobile Safari/537.36 (compatible; Googlebot/2.1; +http://www.google.com/bot.html)"
74.7.241.59 - - [05/Mar/2026:01:40:23 +0800] "GET /pages.php?detail/012044158148 HTTP/2.0" 200 21209 "https://mipinternational.com/pages.php?detail/012024796023" "Mozilla/5.0 AppleWebKit/537.36 (KHTML, like Gecko; compatible; GPTBot/1.3; +https://openai.com/gptbot)"
74.7.241.59 - - [05/Mar/2026:01:40:35 +0800] "GET /pages.php?detail/225012540247 HTTP/2.0" 200 21623 "https://mipinternational.com/pages.php?detail/0450080467748" "Mozilla/5.0 AppleWebKit/537.36 (KHTML, like Gecko; compatible; GPTBot/1.3; +https://openai.com/gptbot)"
74.7.241.59 - - [05/Mar/2026:01:40:50 +0800] "GET /pages.php?detail/0980360328443 HTTP/2.0" 200 20646 "http://mipinternational.com" "Mozilla/5.0 AppleWebKit/537.36 (KHTML, like Gecko; compatible; GPTBot/1.3; +https://openai.com/gptbot)"
14.160.140.162 - - [05/Mar/2026:01:40:55 +0800] "GET /pages.php?jp%2F159036131.html HTTP/1.1" 200 20371 "-" "Mozilla/5.0 (Windows NT 5.1) AppleWebKit/537.36 (KHTML, like Gecko) Chrome/35.0.2117.157 Safari/537.36"
74.7.241.59 - - [05/Mar/2026:01:40:58 +0800] "GET /pages.php?detail/0250285301298 HTTP/2.0" 200 20542 "https://mipinternational.com/pages.php?detail/176014656505" "Mozilla/5.0 AppleWebKit/537.36 (KHTML, like Gecko; compatible; GPTBot/1.3; +https://openai.com/gptbot)"
74.7.241.59 - - [05/Mar/2026:01:41:02 +0800] "GET /pages.php?detail/276022530850 HTTP/2.0" 200 20398 "https://mipinternational.com/pages.php?detail/029015153799" "Mozilla/5.0 AppleWebKit/537.36 (KHTML, like Gecko; compatible; GPTBot/1.3; +https://openai.com/gptbot)"
66.249.64.130 - - [05/Mar/2026:01:41:06 +0800] "GET /products/218sp29576 HTTP/1.1" 200 20531 "-" "Mozilla/5.0 (Linux; Android 6.0.1; Nexus 5X Build/MMB29P) AppleWebKit/537.36 (KHTML, like Gecko) Chrome/144.0.7559.132 Mobile Safari/537.36 (compatible; Googlebot/2.1; +http://www.google.com/bot.html)"
74.7.241.59 - - [05/Mar/2026:01:41:05 +0800] "GET /pages.php?detail/01204588950157 HTTP/2.0" 200 21211 "https://mipinternational.com/pages.php?detail/012044158148" "Mozilla/5.0 AppleWebKit/537.36 (KHTML, like Gecko; compatible; GPTBot/1.3; +https://openai.com/gptbot)"
74.7.241.59 - - [05/Mar/2026:01:41:08 +0800] "GET /pages.php?detail/012045909208 HTTP/2.0" 200 21784 "https://mipinternational.com/pages.php?detail/012044158148" "Mozilla/5.0 AppleWebKit/537.36 (KHTML, like Gecko; compatible; GPTBot/1.3; +https://openai.com/gptbot)"
74.7.241.59 - - [05/Mar/2026:01:41:12 +0800] "GET /pages.php?detail/2790266986624 HTTP/2.0" 200 20655 "http://mipinternational.com" "Mozilla/5.0 AppleWebKit/537.36 (KHTML, like Gecko; compatible; GPTBot/1.3; +https://openai.com/gptbot)"
74.7.241.59 - - [05/Mar/2026:01:41:16 +0800] "GET /pages.php?detail/225012528911 HTTP/2.0" 200 20892 "https://mipinternational.com/pages.php?detail/225012540247" "Mozilla/5.0 AppleWebKit/537.36 (KHTML, like Gecko; compatible; GPTBot/1.3; +https://openai.com/gptbot)"
66.249.64.66 - - [05/Mar/2026:01:41:21 +0800] "GET /?shopbrand=1009836536 HTTP/1.1" 200 21201 "-" "Mozilla/5.0 (Linux; Android 6.0.1; Nexus 5X Build/MMB29P) AppleWebKit/537.36 (KHTML, like Gecko) Chrome/144.0.7559.132 Mobile Safari/537.36 (compatible; Googlebot/2.1; +http://www.google.com/bot.html)"
74.7.241.59 - - [05/Mar/2026:01:41:19 +0800] "GET /pages.php?detail/035018504493 HTTP/2.0" 200 21062 "https://mipinternational.com/pages.php?detail/225012540247" "Mozilla/5.0 AppleWebKit/537.36 (KHTML, like Gecko; compatible; GPTBot/1.3; +https://openai.com/gptbot)"
14.167.89.241 - - [05/Mar/2026:01:41:28 +0800] "GET /pages.php?012023176 HTTP/1.1" 200 20255 "-" "Mozilla/5.0 (Macintosh; Intel Mac OS X 11_2_0) AppleWebKit/537.36 (KHTML, like Gecko) Brave Chrome/87.0.4280.101 Safari/537.36"
74.7.241.59 - - [05/Mar/2026:01:41:40 +0800] "GET /pages.php?detail/094002543509 HTTP/2.0" 200 20948 "https://mipinternational.com/pages.php?detail/0250285301298" "Mozilla/5.0 AppleWebKit/537.36 (KHTML, like Gecko; compatible; GPTBot/1.3; +https://openai.com/gptbot)"
74.7.241.59 - - [05/Mar/2026:01:41:48 +0800] "GET /pages.php?goods/094002543 HTTP/2.0" 200 20895 "https://mipinternational.com/pages.php?detail/094002543509" "Mozilla/5.0 AppleWebKit/537.36 (KHTML, like Gecko; compatible; GPTBot/1.3; +https://openai.com/gptbot)"
74.7.241.59 - - [05/Mar/2026:01:41:54 +0800] "GET /pages.php?detail/300035523433 HTTP/2.0" 200 20256 "https://mipinternational.com/pages.php?detail/276022530850" "Mozilla/5.0 AppleWebKit/537.36 (KHTML, like Gecko; compatible; GPTBot/1.3; +https://openai.com/gptbot)"
74.7.241.59 - - [05/Mar/2026:01:41:58 +0800] "GET /pages.php?detail/2250125249600 HTTP/2.0" 200 21290 "https://mipinternational.com/pages.php?detail/225012540247" "Mozilla/5.0 AppleWebKit/537.36 (KHTML, like Gecko; compatible; GPTBot/1.3; +https://openai.com/gptbot)"
74.7.241.59 - - [05/Mar/2026:01:42:02 +0800] "GET /pages.php?jp/258002071.html HTTP/2.0" 200 21911 "https://mipinternational.com/pages.php?detail/225012528911" "Mozilla/5.0 AppleWebKit/537.36 (KHTML, like Gecko; compatible; GPTBot/1.3; +https://openai.com/gptbot)"
66.249.64.67 - - [05/Mar/2026:01:42:07 +0800] "GET /ads.txt HTTP/1.1" 200 20709 "-" "Mozilla/5.0 (compatible; Googlebot/2.1; +http://www.google.com/bot.html)"
74.7.241.59 - - [05/Mar/2026:01:42:05 +0800] "GET /pages.php?detail/035044901464 HTTP/2.0" 200 20786 "https://mipinternational.com/pages.php?detail/035018504493" "Mozilla/5.0 AppleWebKit/537.36 (KHTML, like Gecko; compatible; GPTBot/1.3; +https://openai.com/gptbot)"
74.7.241.59 - - [05/Mar/2026:01:42:11 +0800] "GET /pages.php?detail/057022964999 HTTP/2.0" 200 20716 "http://mipinternational.com" "Mozilla/5.0 AppleWebKit/537.36 (KHTML, like Gecko; compatible; GPTBot/1.3; +https://openai.com/gptbot)"
74.7.241.59 - - [05/Mar/2026:01:42:22 +0800] "GET /pages.php?goods/094033379 HTTP/2.0" 200 20756 "https://mipinternational.com/pages.php?detail/094002543509" "Mozilla/5.0 AppleWebKit/537.36 (KHTML, like Gecko; compatible; GPTBot/1.3; +https://openai.com/gptbot)"
74.7.241.59 - - [05/Mar/2026:01:42:27 +0800] "GET /pages.php?detail/002029530291 HTTP/2.0" 200 20973 "http://mipinternational.com" "Mozilla/5.0 AppleWebKit/537.36 (KHTML, like Gecko; compatible; GPTBot/1.3; +https://openai.com/gptbot)"
74.7.241.59 - - [05/Mar/2026:01:42:35 +0800] "GET /pages.php?detail/094036205201 HTTP/2.0" 200 21100 "https://mipinternational.com/pages.php?detail/094002543509" "Mozilla/5.0 AppleWebKit/537.36 (KHTML, like Gecko; compatible; GPTBot/1.3; +https://openai.com/gptbot)"
14.237.180.6 - - [05/Mar/2026:01:42:38 +0800] "GET /pages.php?m27587104599 HTTP/1.1" 200 20460 "-" "Mozilla/5.0 (Windows NT 6.2; Win64; x64) AppleWebKit/537.36 (KHTML, like Gecko) Chrome/107.0.0.0 Safari/537.36"
74.7.241.59 - - [05/Mar/2026:01:42:38 +0800] "GET /pages.php?detail/057037522334 HTTP/2.0" 200 20446 "http://mipinternational.com" "Mozilla/5.0 AppleWebKit/537.36 (KHTML, like Gecko; compatible; GPTBot/1.3; +https://openai.com/gptbot)"
74.7.241.59 - - [05/Mar/2026:01:42:48 +0800] "GET /pages.php?detail/110011728831 HTTP/2.0" 200 21257 "https://mipinternational.com/pages.php?detail/035044901464" "Mozilla/5.0 AppleWebKit/537.36 (KHTML, like Gecko; compatible; GPTBot/1.3; +https://openai.com/gptbot)"
66.249.64.128 - - [05/Mar/2026:01:42:53 +0800] "GET /?pid=22823623206&channel=farm-remain-cruel&cate_id=8671&page=https://mail.mipinternational.com/select.xhtml?074024693 HTTP/1.1" 200 21621 "-" "Mozilla/5.0 (Linux; Android 6.0.1; Nexus 5X Build/MMB29P) AppleWebKit/537.36 (KHTML, like Gecko) Chrome/144.0.7559.132 Mobile Safari/537.36 (compatible; Googlebot/2.1; +http://www.google.com/bot.html)"
66.249.64.130 - - [05/Mar/2026:01:42:54 +0800] "GET /clover9608-odelic250627-029-000524-l HTTP/1.1" 200 20478 "-" "Mozilla/5.0 (Linux; Android 6.0.1; Nexus 5X Build/MMB29P) AppleWebKit/537.36 (KHTML, like Gecko) Chrome/144.0.7559.132 Mobile Safari/537.36 (compatible; Googlebot/2.1; +http://www.google.com/bot.html)"
74.7.241.59 - - [05/Mar/2026:01:42:51 +0800] "GET /pages.php?detail/035044903812 HTTP/2.0" 200 20582 "https://mipinternational.com/pages.php?detail/035044901464" "Mozilla/5.0 AppleWebKit/537.36 (KHTML, like Gecko; compatible; GPTBot/1.3; +https://openai.com/gptbot)"
74.7.241.59 - - [05/Mar/2026:01:42:58 +0800] "GET /pages.php?detail/035044906808 HTTP/2.0" 200 20254 "https://mipinternational.com/pages.php?detail/035044901464" "Mozilla/5.0 AppleWebKit/537.36 (KHTML, like Gecko; compatible; GPTBot/1.3; +https://openai.com/gptbot)"
74.7.241.59 - - [05/Mar/2026:01:43:01 +0800] "GET /pages.php?detail/008007283319 HTTP/2.0" 200 21493 "http://mipinternational.com" "Mozilla/5.0 AppleWebKit/537.36 (KHTML, like Gecko; compatible; GPTBot/1.3; +https://openai.com/gptbot)"
74.7.241.59 - - [05/Mar/2026:01:43:04 +0800] "GET /pages.php?detail/1910343039069 HTTP/2.0" 200 20843 "https://mipinternational.com/pages.php?jp/258002071.html" "Mozilla/5.0 AppleWebKit/537.36 (KHTML, like Gecko; compatible; GPTBot/1.3; +https://openai.com/gptbot)"
74.7.241.59 - - [05/Mar/2026:01:43:08 +0800] "GET /pages.php?detail/002030891234 HTTP/2.0" 200 21624 "https://mipinternational.com/pages.php?detail/002029530291" "Mozilla/5.0 AppleWebKit/537.36 (KHTML, like Gecko; compatible; GPTBot/1.3; +https://openai.com/gptbot)"
74.7.241.59 - - [05/Mar/2026:01:43:12 +0800] "GET /pages.php?detail/263046374666 HTTP/2.0" 200 20684 "http://mipinternational.com" "Mozilla/5.0 AppleWebKit/537.36 (KHTML, like Gecko; compatible; GPTBot/1.3; +https://openai.com/gptbot)"
74.7.241.59 - - [05/Mar/2026:01:43:15 +0800] "GET /pages.php?detail/084019955194 HTTP/2.0" 200 21327 "https://mipinternational.com/pages.php?detail/094036205201" "Mozilla/5.0 AppleWebKit/537.36 (KHTML, like Gecko; compatible; GPTBot/1.3; +https://openai.com/gptbot)"
74.7.241.59 - - [05/Mar/2026:01:43:18 +0800] "GET /pages.php?detail/094012513912 HTTP/2.0" 200 20992 "https://mipinternational.com/pages.php?detail/094036205201" "Mozilla/5.0 AppleWebKit/537.36 (KHTML, like Gecko; compatible; GPTBot/1.3; +https://openai.com/gptbot)"
66.249.64.130 - - [05/Mar/2026:01:43:23 +0800] "GET /224026999 HTTP/1.1" 200 21023 "-" "Mozilla/5.0 (Linux; Android 6.0.1; Nexus 5X Build/MMB29P) AppleWebKit/537.36 (KHTML, like Gecko) Chrome/144.0.7559.132 Mobile Safari/537.36 (compatible; Googlebot/2.1; +http://www.google.com/bot.html)"
66.249.64.128 - - [05/Mar/2026:01:43:24 +0800] "GET /?jp/224000184.html HTTP/1.1" 200 20695 "-" "Mozilla/5.0 (Linux; Android 6.0.1; Nexus 5X Build/MMB29P) AppleWebKit/537.36 (KHTML, like Gecko) Chrome/144.0.7559.132 Mobile Safari/537.36 (compatible; Googlebot/2.1; +http://www.google.com/bot.html)"
74.7.241.59 - - [05/Mar/2026:01:43:22 +0800] "GET /pages.php?detail/093039966643 HTTP/2.0" 200 21749 "http://mipinternational.com" "Mozilla/5.0 AppleWebKit/537.36 (KHTML, like Gecko; compatible; GPTBot/1.3; +https://openai.com/gptbot)"
66.249.64.128 - - [05/Mar/2026:01:43:33 +0800] "GET /222010025 HTTP/1.1" 200 20976 "-" "Mozilla/5.0 (Linux; Android 6.0.1; Nexus 5X Build/MMB29P) AppleWebKit/537.36 (KHTML, like Gecko) Chrome/144.0.7559.132 Mobile Safari/537.36 (compatible; Googlebot/2.1; +http://www.google.com/bot.html)"
74.7.241.59 - - [05/Mar/2026:01:43:30 +0800] "GET /pages.php?detail/0020295320449 HTTP/2.0" 200 20993 "http://mipinternational.com" "Mozilla/5.0 AppleWebKit/537.36 (KHTML, like Gecko; compatible; GPTBot/1.3; +https://openai.com/gptbot)"
74.7.241.59 - - [05/Mar/2026:01:43:34 +0800] "GET /pages.php?detail/2850041313403 HTTP/2.0" 200 20582 "https://mipinternational.com/pages.php?detail/094002543509" "Mozilla/5.0 AppleWebKit/537.36 (KHTML, like Gecko; compatible; GPTBot/1.3; +https://openai.com/gptbot)"
74.7.241.59 - - [05/Mar/2026:01:43:38 +0800] "GET /pages.php?detail/0980470606117 HTTP/2.0" 200 20776 "https://mipinternational.com/pages.php?detail/0980360328443" "Mozilla/5.0 AppleWebKit/537.36 (KHTML, like Gecko; compatible; GPTBot/1.3; +https://openai.com/gptbot)"
66.249.64.128 - - [05/Mar/2026:01:43:42 +0800] "GET /201007920 HTTP/1.1" 200 20265 "-" "Mozilla/5.0 (Linux; Android 6.0.1; Nexus 5X Build/MMB29P) AppleWebKit/537.36 (KHTML, like Gecko) Chrome/144.0.7559.132 Mobile Safari/537.36 (compatible; Googlebot/2.1; +http://www.google.com/bot.html)"
74.7.241.59 - - [05/Mar/2026:01:43:42 +0800] "GET /pages.php?detail/0080108162377 HTTP/2.0" 200 20699 "https://mipinternational.com/pages.php?detail/0980360328443" "Mozilla/5.0 AppleWebKit/537.36 (KHTML, like Gecko; compatible; GPTBot/1.3; +https://openai.com/gptbot)"
74.7.241.59 - - [05/Mar/2026:01:43:47 +0800] "GET /pages.php?detail/273020293181 HTTP/2.0" 200 20721 "https://mipinternational.com/pages.php?detail/1910343039069" "Mozilla/5.0 AppleWebKit/537.36 (KHTML, like Gecko; compatible; GPTBot/1.3; +https://openai.com/gptbot)"
74.7.241.59 - - [05/Mar/2026:01:43:50 +0800] "GET /pages.php?detail/063000385360 HTTP/2.0" 200 21660 "https://mipinternational.com/pages.php?detail/002030891234" "Mozilla/5.0 AppleWebKit/537.36 (KHTML, like Gecko; compatible; GPTBot/1.3; +https://openai.com/gptbot)"
74.7.241.59 - - [05/Mar/2026:01:43:54 +0800] "GET /pages.php?detail/263014068637 HTTP/2.0" 200 21011 "https://mipinternational.com/pages.php?detail/263046374666" "Mozilla/5.0 AppleWebKit/537.36 (KHTML, like Gecko; compatible; GPTBot/1.3; +https://openai.com/gptbot)"
74.7.241.59 - - [05/Mar/2026:01:43:58 +0800] "GET /pages.php?detail/122049033422 HTTP/2.0" 200 20404 "https://mipinternational.com/pages.php?detail/084019955194" "Mozilla/5.0 AppleWebKit/537.36 (KHTML, like Gecko; compatible; GPTBot/1.3; +https://openai.com/gptbot)"
74.7.241.59 - - [05/Mar/2026:01:44:02 +0800] "GET /pages.php?detail/181043491989 HTTP/2.0" 200 20868 "https://mipinternational.com/pages.php?detail/094012513912" "Mozilla/5.0 AppleWebKit/537.36 (KHTML, like Gecko; compatible; GPTBot/1.3; +https://openai.com/gptbot)"
74.7.241.59 - - [05/Mar/2026:01:44:06 +0800] "GET /pages.php?detail/084045189149 HTTP/2.0" 200 20639 "https://mipinternational.com/pages.php?detail/084019955194" "Mozilla/5.0 AppleWebKit/537.36 (KHTML, like Gecko; compatible; GPTBot/1.3; +https://openai.com/gptbot)"
74.7.241.59 - - [05/Mar/2026:01:44:11 +0800] "GET /pages.php?detail/189039943441 HTTP/2.0" 200 21690 "https://mipinternational.com/pages.php?detail/263046374666" "Mozilla/5.0 AppleWebKit/537.36 (KHTML, like Gecko; compatible; GPTBot/1.3; +https://openai.com/gptbot)"
74.7.241.59 - - [05/Mar/2026:01:44:15 +0800] "GET /pages.php?detail/279033484773 HTTP/2.0" 200 21872 "https://mipinternational.com/pages.php?detail/002030891234" "Mozilla/5.0 AppleWebKit/537.36 (KHTML, like Gecko; compatible; GPTBot/1.3; +https://openai.com/gptbot)"
74.7.241.59 - - [05/Mar/2026:01:44:18 +0800] "GET /pages.php?detail/093026587293 HTTP/2.0" 200 21263 "http://mipinternational.com" "Mozilla/5.0 AppleWebKit/537.36 (KHTML, like Gecko; compatible; GPTBot/1.3; +https://openai.com/gptbot)"
74.7.241.59 - - [05/Mar/2026:01:44:21 +0800] "GET /pages.php?detail/098029446302 HTTP/2.0" 200 20652 "https://mipinternational.com/pages.php?detail/0980470606117" "Mozilla/5.0 AppleWebKit/537.36 (KHTML, like Gecko; compatible; GPTBot/1.3; +https://openai.com/gptbot)"
74.7.241.59 - - [05/Mar/2026:01:44:25 +0800] "GET /pages.php?detail/190016669577 HTTP/2.0" 200 21602 "https://mipinternational.com/pages.php?detail/0080108162377" "Mozilla/5.0 AppleWebKit/537.36 (KHTML, like Gecko; compatible; GPTBot/1.3; +https://openai.com/gptbot)"
74.7.241.59 - - [05/Mar/2026:01:44:28 +0800] "GET /pages.php?detail/27304969313945 HTTP/2.0" 200 20423 "https://mipinternational.com/pages.php?detail/273020293181" "Mozilla/5.0 AppleWebKit/537.36 (KHTML, like Gecko; compatible; GPTBot/1.3; +https://openai.com/gptbot)"
74.7.241.59 - - [05/Mar/2026:01:44:32 +0800] "GET /pages.php?detail/008004579038 HTTP/2.0" 200 20559 "https://mipinternational.com/pages.php?detail/0080108162377" "Mozilla/5.0 AppleWebKit/537.36 (KHTML, like Gecko; compatible; GPTBot/1.3; +https://openai.com/gptbot)"
74.7.241.59 - - [05/Mar/2026:01:44:35 +0800] "GET /pages.php?detail/008004581311 HTTP/2.0" 200 20492 "https://mipinternational.com/pages.php?detail/0080108162377" "Mozilla/5.0 AppleWebKit/537.36 (KHTML, like Gecko; compatible; GPTBot/1.3; +https://openai.com/gptbot)"
74.7.241.59 - - [05/Mar/2026:01:44:39 +0800] "GET /pages.php?detail/115008600503 HTTP/2.0" 200 19999 "https://mipinternational.com/pages.php?detail/122049033422" "Mozilla/5.0 AppleWebKit/537.36 (KHTML, like Gecko; compatible; GPTBot/1.3; +https://openai.com/gptbot)"
74.7.241.59 - - [05/Mar/2026:01:44:43 +0800] "GET /pages.php?detail/081027315858 HTTP/2.0" 200 21252 "https://mipinternational.com/pages.php?detail/181043491989" "Mozilla/5.0 AppleWebKit/537.36 (KHTML, like Gecko; compatible; GPTBot/1.3; +https://openai.com/gptbot)"
74.7.241.59 - - [05/Mar/2026:01:44:47 +0800] "GET /pages.php?detail/228007970889 HTTP/2.0" 200 20352 "https://mipinternational.com/pages.php?detail/0080108162377" "Mozilla/5.0 AppleWebKit/537.36 (KHTML, like Gecko; compatible; GPTBot/1.3; +https://openai.com/gptbot)"
74.7.241.59 - - [05/Mar/2026:01:44:51 +0800] "GET /pages.php?m29055588929 HTTP/2.0" 200 20842 "https://mipinternational.com/pages.php?detail/189039943441" "Mozilla/5.0 AppleWebKit/537.36 (KHTML, like Gecko; compatible; GPTBot/1.3; +https://openai.com/gptbot)"
74.7.241.59 - - [05/Mar/2026:01:44:55 +0800] "GET /pages.php?detail/002039064911 HTTP/2.0" 200 20594 "https://mipinternational.com/pages.php?detail/122049033422" "Mozilla/5.0 AppleWebKit/537.36 (KHTML, like Gecko; compatible; GPTBot/1.3; +https://openai.com/gptbot)"
74.7.241.59 - - [05/Mar/2026:01:44:58 +0800] "GET /pages.php?goods/093026791 HTTP/2.0" 200 20869 "https://mipinternational.com/pages.php?detail/093026587293" "Mozilla/5.0 AppleWebKit/537.36 (KHTML, like Gecko; compatible; GPTBot/1.3; +https://openai.com/gptbot)"
74.7.241.59 - - [05/Mar/2026:01:45:03 +0800] "GET /pages.php?detail/280043608685 HTTP/2.0" 200 20620 "https://mipinternational.com/pages.php?detail/189039943441" "Mozilla/5.0 AppleWebKit/537.36 (KHTML, like Gecko; compatible; GPTBot/1.3; +https://openai.com/gptbot)"
74.7.241.59 - - [05/Mar/2026:01:45:05 +0800] "GET /pages.php?goods/190016669 HTTP/2.0" 200 21597 "https://mipinternational.com/pages.php?detail/190016669577" "Mozilla/5.0 AppleWebKit/537.36 (KHTML, like Gecko; compatible; GPTBot/1.3; +https://openai.com/gptbot)"
74.7.241.59 - - [05/Mar/2026:01:45:09 +0800] "GET /pages.php?detail/061026131057 HTTP/2.0" 200 21601 "https://mipinternational.com/pages.php?detail/190016669577" "Mozilla/5.0 AppleWebKit/537.36 (KHTML, like Gecko; compatible; GPTBot/1.3; +https://openai.com/gptbot)"
74.7.241.59 - - [05/Mar/2026:01:45:12 +0800] "GET /pages.php?detail/272034297367 HTTP/2.0" 200 21396 "https://mipinternational.com/pages.php?detail/098029446302" "Mozilla/5.0 AppleWebKit/537.36 (KHTML, like Gecko; compatible; GPTBot/1.3; +https://openai.com/gptbot)"
74.7.241.59 - - [05/Mar/2026:01:45:16 +0800] "GET /pages.php?detail/225006094908 HTTP/2.0" 200 21005 "https://mipinternational.com/pages.php?detail/008004579038" "Mozilla/5.0 AppleWebKit/537.36 (KHTML, like Gecko; compatible; GPTBot/1.3; +https://openai.com/gptbot)"
74.7.241.59 - - [05/Mar/2026:01:45:20 +0800] "GET /pages.php?detail/0940025428602 HTTP/2.0" 200 21761 "https://mipinternational.com/pages.php?detail/094012513912" "Mozilla/5.0 AppleWebKit/537.36 (KHTML, like Gecko; compatible; GPTBot/1.3; +https://openai.com/gptbot)"
74.7.241.59 - - [05/Mar/2026:01:45:23 +0800] "GET /pages.php?detail/1610358448548 HTTP/2.0" 200 20590 "https://mipinternational.com/pages.php?detail/015010287881" "Mozilla/5.0 AppleWebKit/537.36 (KHTML, like Gecko; compatible; GPTBot/1.3; +https://openai.com/gptbot)"
74.7.241.59 - - [05/Mar/2026:01:45:26 +0800] "GET /pages.php?detail/1290081230094 HTTP/2.0" 200 20570 "https://mipinternational.com/pages.php?detail/163025474154" "Mozilla/5.0 AppleWebKit/537.36 (KHTML, like Gecko; compatible; GPTBot/1.3; +https://openai.com/gptbot)"
66.249.64.129 - - [05/Mar/2026:01:45:35 +0800] "GET /008040193 HTTP/1.1" 200 20845 "-" "Mozilla/5.0 (Linux; Android 6.0.1; Nexus 5X Build/MMB29P) AppleWebKit/537.36 (KHTML, like Gecko) Chrome/144.0.7559.132 Mobile Safari/537.36 (compatible; Googlebot/2.1; +http://www.google.com/bot.html)"
74.7.241.59 - - [05/Mar/2026:01:45:35 +0800] "GET /pages.php?detail/257001871125 HTTP/2.0" 200 20594 "https://mipinternational.com/pages.php?detail/002039064911" "Mozilla/5.0 AppleWebKit/537.36 (KHTML, like Gecko; compatible; GPTBot/1.3; +https://openai.com/gptbot)"
74.7.241.59 - - [05/Mar/2026:01:45:39 +0800] "GET /pages.php?detail/212022009055 HTTP/2.0" 200 21191 "https://mipinternational.com/pages.php?goods/093026791" "Mozilla/5.0 AppleWebKit/537.36 (KHTML, like Gecko; compatible; GPTBot/1.3; +https://openai.com/gptbot)"
74.7.241.59 - - [05/Mar/2026:01:45:44 +0800] "GET /pages.php?detail/2800467741874 HTTP/2.0" 200 20590 "https://mipinternational.com/pages.php?detail/280043608685" "Mozilla/5.0 AppleWebKit/537.36 (KHTML, like Gecko; compatible; GPTBot/1.3; +https://openai.com/gptbot)"
74.7.241.59 - - [05/Mar/2026:01:45:48 +0800] "GET /pages.php?detail/138002738439 HTTP/2.0" 200 21228 "https://mipinternational.com/pages.php?goods/190016669" "Mozilla/5.0 AppleWebKit/537.36 (KHTML, like Gecko; compatible; GPTBot/1.3; +https://openai.com/gptbot)"
74.7.241.59 - - [05/Mar/2026:01:45:56 +0800] "GET /pages.php?detail/0730407802821 HTTP/2.0" 200 21343 "https://mipinternational.com/pages.php?detail/0730407743219" "Mozilla/5.0 AppleWebKit/537.36 (KHTML, like Gecko; compatible; GPTBot/1.3; +https://openai.com/gptbot)"
74.7.241.59 - - [05/Mar/2026:01:46:00 +0800] "GET /pages.php?detail/162012082432 HTTP/2.0" 200 21428 "https://mipinternational.com/pages.php?detail/225006094908" "Mozilla/5.0 AppleWebKit/537.36 (KHTML, like Gecko; compatible; GPTBot/1.3; +https://openai.com/gptbot)"
14.172.246.23 - - [05/Mar/2026:01:46:01 +0800] "GET /pages.php?m037013158 HTTP/1.1" 200 20805 "-" "Mozilla/5.0 (Windows NT 6.1; WOW64) AppleWebKit/537.36 (KHTML, like Gecko) Chrome/107.0.0.0 Safari/537.36"
74.7.241.59 - - [05/Mar/2026:01:46:04 +0800] "GET /pages.php?detail/094033382883 HTTP/2.0" 200 20685 "https://mipinternational.com/pages.php?detail/0940025428602" "Mozilla/5.0 AppleWebKit/537.36 (KHTML, like Gecko; compatible; GPTBot/1.3; +https://openai.com/gptbot)"
66.249.64.67 - - [05/Mar/2026:01:46:10 +0800] "GET /products/98rx21448 HTTP/1.1" 200 20842 "-" "Mozilla/5.0 (Linux; Android 6.0.1; Nexus 5X Build/MMB29P) AppleWebKit/537.36 (KHTML, like Gecko) Chrome/144.0.7559.132 Mobile Safari/537.36 (compatible; Googlebot/2.1; +http://www.google.com/bot.html)"
74.7.241.59 - - [05/Mar/2026:01:46:08 +0800] "GET /pages.php?detail/094033385458 HTTP/2.0" 200 20925 "https://mipinternational.com/pages.php?detail/0940025428602" "Mozilla/5.0 AppleWebKit/537.36 (KHTML, like Gecko; compatible; GPTBot/1.3; +https://openai.com/gptbot)"
74.7.241.59 - - [05/Mar/2026:01:46:12 +0800] "GET /pages.php?detail/0680368766943 HTTP/2.0" 200 21350 "https://mipinternational.com/pages.php?detail/0940025428602" "Mozilla/5.0 AppleWebKit/537.36 (KHTML, like Gecko; compatible; GPTBot/1.3; +https://openai.com/gptbot)"
113.182.30.152 - - [05/Mar/2026:01:46:15 +0800] "GET /pages.php?498894349 HTTP/1.1" 200 20524 "-" "Mozilla/5.0 (Windows NT 4.0; WOW64) AppleWebKit/537.36 (KHTML, like Gecko) Chrome/37.0.2049.0 Safari/537.36"
74.7.241.59 - - [05/Mar/2026:01:46:16 +0800] "GET /pages.php?detail/2080165018092 HTTP/2.0" 200 20772 "https://mipinternational.com/pages.php?detail/208048078355" "Mozilla/5.0 AppleWebKit/537.36 (KHTML, like Gecko; compatible; GPTBot/1.3; +https://openai.com/gptbot)"
74.7.241.59 - - [05/Mar/2026:01:46:23 +0800] "GET /pages.php?detail/0320316391676 HTTP/2.0" 200 20800 "https://mipinternational.com/pages.php?detail/0620486860872" "Mozilla/5.0 AppleWebKit/537.36 (KHTML, like Gecko; compatible; GPTBot/1.3; +https://openai.com/gptbot)"
74.7.241.59 - - [05/Mar/2026:01:46:27 +0800] "GET /pages.php?detail/2800408518015 HTTP/2.0" 200 20672 "https://mipinternational.com/pages.php?detail/2800467741874" "Mozilla/5.0 AppleWebKit/537.36 (KHTML, like Gecko; compatible; GPTBot/1.3; +https://openai.com/gptbot)"
74.7.241.59 - - [05/Mar/2026:01:46:31 +0800] "GET /pages.php?detail/2800407803523 HTTP/2.0" 200 20475 "https://mipinternational.com/pages.php?detail/2800467741874" "Mozilla/5.0 AppleWebKit/537.36 (KHTML, like Gecko; compatible; GPTBot/1.3; +https://openai.com/gptbot)"
74.7.241.59 - - [05/Mar/2026:01:46:34 +0800] "GET /pages.php?detail/2010410216479 HTTP/2.0" 200 20632 "https://mipinternational.com/pages.php?detail/201041020390" "Mozilla/5.0 AppleWebKit/537.36 (KHTML, like Gecko; compatible; GPTBot/1.3; +https://openai.com/gptbot)"
74.7.241.59 - - [05/Mar/2026:01:46:37 +0800] "GET /pages.php?detail/0850073187397 HTTP/2.0" 200 20227 "https://mipinternational.com/pages.php?detail/009022564075" "Mozilla/5.0 AppleWebKit/537.36 (KHTML, like Gecko; compatible; GPTBot/1.3; +https://openai.com/gptbot)"
74.7.241.59 - - [05/Mar/2026:01:46:41 +0800] "GET /pages.php?detail/0820289665102 HTTP/2.0" 200 20767 "https://mipinternational.com/pages.php?detail/162012082432" "Mozilla/5.0 AppleWebKit/537.36 (KHTML, like Gecko; compatible; GPTBot/1.3; +https://openai.com/gptbot)"
66.249.64.66 - - [05/Mar/2026:01:46:44 +0800] "GET /products/84nz614 HTTP/1.1" 200 21969 "-" "Mozilla/5.0 (Linux; Android 6.0.1; Nexus 5X Build/MMB29P) AppleWebKit/537.36 (KHTML, like Gecko) Chrome/144.0.7559.132 Mobile Safari/537.36 (compatible; Googlebot/2.1; +http://www.google.com/bot.html)"
74.7.241.59 - - [05/Mar/2026:01:46:44 +0800] "GET /pages.php?detail/094002540518 HTTP/2.0" 200 20730 "https://mipinternational.com/pages.php?detail/094033382883" "Mozilla/5.0 AppleWebKit/537.36 (KHTML, like Gecko; compatible; GPTBot/1.3; +https://openai.com/gptbot)"
74.7.241.59 - - [05/Mar/2026:01:46:47 +0800] "GET /pages.php?detail/0010053594614 HTTP/2.0" 200 21036 "https://mipinternational.com/pages.php?detail/119040893591" "Mozilla/5.0 AppleWebKit/537.36 (KHTML, like Gecko; compatible; GPTBot/1.3; +https://openai.com/gptbot)"
74.7.241.59 - - [05/Mar/2026:01:46:51 +0800] "GET /pages.php?detail/2350112020397 HTTP/2.0" 200 20642 "https://mipinternational.com/pages.php?detail/235016620296" "Mozilla/5.0 AppleWebKit/537.36 (KHTML, like Gecko; compatible; GPTBot/1.3; +https://openai.com/gptbot)"
74.7.241.59 - - [05/Mar/2026:01:46:54 +0800] "GET /pages.php?detail/0570139720179 HTTP/2.0" 200 20985 "https://mipinternational.com/pages.php?detail/057019137595" "Mozilla/5.0 AppleWebKit/537.36 (KHTML, like Gecko; compatible; GPTBot/1.3; +https://openai.com/gptbot)"
14.191.169.163 - - [05/Mar/2026:01:46:54 +0800] "GET /pages.php?267038015 HTTP/1.1" 200 20834 "-" "Mozilla/5.0 (Windows NT 6.1; WOW64) AppleWebKit/537.36 (KHTML, like Gecko) Chrome/89.0.4389.114 Safari/537.36"
74.7.241.59 - - [05/Mar/2026:01:47:01 +0800] "GET /pages.php?detail/032020082416 HTTP/2.0" 200 21491 "https://mipinternational.com/pages.php?detail/0320316391676" "Mozilla/5.0 AppleWebKit/537.36 (KHTML, like Gecko; compatible; GPTBot/1.3; +https://openai.com/gptbot)"
74.7.241.59 - - [05/Mar/2026:01:47:04 +0800] "GET /pages.php?detail/2970156966955 HTTP/2.0" 200 21110 "http://mipinternational.com" "Mozilla/5.0 AppleWebKit/537.36 (KHTML, like Gecko; compatible; GPTBot/1.3; +https://openai.com/gptbot)"
66.249.64.128 - - [05/Mar/2026:01:47:08 +0800] "GET /?detail/28003477073223 HTTP/1.1" 200 20582 "-" "Mozilla/5.0 (Linux; Android 6.0.1; Nexus 5X Build/MMB29P) AppleWebKit/537.36 (KHTML, like Gecko) Chrome/144.0.7559.132 Mobile Safari/537.36 (compatible; Googlebot/2.1; +http://www.google.com/bot.html)"
74.7.241.59 - - [05/Mar/2026:01:47:08 +0800] "GET /pages.php?detail/116025789662 HTTP/2.0" 200 20595 "https://mipinternational.com/pages.php?detail/2800407803523" "Mozilla/5.0 AppleWebKit/537.36 (KHTML, like Gecko; compatible; GPTBot/1.3; +https://openai.com/gptbot)"
74.7.241.59 - - [05/Mar/2026:01:47:11 +0800] "GET /pages.php?detail/280014118204 HTTP/2.0" 200 20362 "https://mipinternational.com/pages.php?detail/2800407803523" "Mozilla/5.0 AppleWebKit/537.36 (KHTML, like Gecko; compatible; GPTBot/1.3; +https://openai.com/gptbot)"
74.7.241.59 - - [05/Mar/2026:01:47:17 +0800] "GET /pages.php?detail/085007317368 HTTP/2.0" 200 20257 "https://mipinternational.com/pages.php?detail/0850073187397" "Mozilla/5.0 AppleWebKit/537.36 (KHTML, like Gecko; compatible; GPTBot/1.3; +https://openai.com/gptbot)"
74.7.241.59 - - [05/Mar/2026:01:47:21 +0800] "GET /pages.php?detail/110009817376 HTTP/2.0" 200 21620 "https://mipinternational.com/pages.php?detail/0820289665102" "Mozilla/5.0 AppleWebKit/537.36 (KHTML, like Gecko; compatible; GPTBot/1.3; +https://openai.com/gptbot)"
66.249.64.68 - - [05/Mar/2026:01:47:23 +0800] "GET /products/88uv31956 HTTP/1.1" 200 21057 "-" "Mozilla/5.0 (Linux; Android 6.0.1; Nexus 5X Build/MMB29P) AppleWebKit/537.36 (KHTML, like Gecko) Chrome/144.0.7559.132 Mobile Safari/537.36 (compatible; Googlebot/2.1; +http://www.google.com/bot.html)"
74.7.241.59 - - [05/Mar/2026:01:47:24 +0800] "GET /pages.php?detail/130005750311 HTTP/2.0" 200 20364 "https://mipinternational.com/pages.php?detail/2800407803523" "Mozilla/5.0 AppleWebKit/537.36 (KHTML, like Gecko; compatible; GPTBot/1.3; +https://openai.com/gptbot)"
74.7.241.59 - - [05/Mar/2026:01:47:27 +0800] "GET /pages.php?detail/0280214460784 HTTP/2.0" 200 21766 "https://mipinternational.com/pages.php?detail/0280247164070" "Mozilla/5.0 AppleWebKit/537.36 (KHTML, like Gecko; compatible; GPTBot/1.3; +https://openai.com/gptbot)"
66.249.64.66 - - [05/Mar/2026:01:47:33 +0800] "GET /products/272cs46850 HTTP/1.1" 200 20803 "-" "Mozilla/5.0 (Linux; Android 6.0.1; Nexus 5X Build/MMB29P) AppleWebKit/537.36 (KHTML, like Gecko) Chrome/144.0.7559.132 Mobile Safari/537.36 (compatible; Googlebot/2.1; +http://www.google.com/bot.html)"
74.7.241.59 - - [05/Mar/2026:01:47:36 +0800] "GET /pages.php?detail/222012173224 HTTP/2.0" 200 21663 "https://mipinternational.com/pages.php?detail/0570139720179" "Mozilla/5.0 AppleWebKit/537.36 (KHTML, like Gecko; compatible; GPTBot/1.3; +https://openai.com/gptbot)"
74.7.241.59 - - [05/Mar/2026:01:47:44 +0800] "GET /pages.php?jp/032024767.html HTTP/2.0" 200 21111 "https://mipinternational.com/pages.php?detail/032020082416" "Mozilla/5.0 AppleWebKit/537.36 (KHTML, like Gecko; compatible; GPTBot/1.3; +https://openai.com/gptbot)"
74.7.241.59 - - [05/Mar/2026:01:47:47 +0800] "GET /pages.php?detail/255022199859 HTTP/2.0" 200 21170 "https://mipinternational.com/pages.php?detail/2970156966955" "Mozilla/5.0 AppleWebKit/537.36 (KHTML, like Gecko; compatible; GPTBot/1.3; +https://openai.com/gptbot)"
74.7.241.59 - - [05/Mar/2026:01:47:51 +0800] "GET /pages.php?detail/0010024578045 HTTP/2.0" 200 20019 "https://mipinternational.com/pages.php?detail/116025789662" "Mozilla/5.0 AppleWebKit/537.36 (KHTML, like Gecko; compatible; GPTBot/1.3; +https://openai.com/gptbot)"
74.7.241.59 - - [05/Mar/2026:01:47:56 +0800] "GET /pages.php?detail/280002243119 HTTP/2.0" 200 21575 "https://mipinternational.com/pages.php?detail/280014118204" "Mozilla/5.0 AppleWebKit/537.36 (KHTML, like Gecko; compatible; GPTBot/1.3; +https://openai.com/gptbot)"
74.7.241.59 - - [05/Mar/2026:01:48:00 +0800] "GET /pages.php?detail/1780054650646 HTTP/2.0" 200 21019 "http://mipinternational.com" "Mozilla/5.0 AppleWebKit/537.36 (KHTML, like Gecko; compatible; GPTBot/1.3; +https://openai.com/gptbot)"
74.7.241.59 - - [05/Mar/2026:01:48:09 +0800] "GET /pages.php?detail/2490204390481 HTTP/2.0" 200 20500 "https://mipinternational.com/pages.php?detail/0550487567574" "Mozilla/5.0 AppleWebKit/537.36 (KHTML, like Gecko; compatible; GPTBot/1.3; +https://openai.com/gptbot)"
156.197.49.96 - - [05/Mar/2026:01:48:10 +0800] "GET /pages.php?246036766 HTTP/1.1" 200 20466 "-" "Mozilla/5.0 (Macintosh; Intel Mac OS X 10_15_7) AppleWebKit/537.36 (KHTML, like Gecko) Chrome/93.0.4577.63 Safari/537.36"
74.7.241.59 - - [05/Mar/2026:01:48:13 +0800] "GET /pages.php?detail/028025938950 HTTP/2.0" 200 20524 "https://mipinternational.com/pages.php?detail/0280214460784" "Mozilla/5.0 AppleWebKit/537.36 (KHTML, like Gecko; compatible; GPTBot/1.3; +https://openai.com/gptbot)"
74.7.241.59 - - [05/Mar/2026:01:48:16 +0800] "GET /pages.php?detail/0120362917117 HTTP/2.0" 200 21385 "https://mipinternational.com/pages.php?detail/012045909208" "Mozilla/5.0 AppleWebKit/537.36 (KHTML, like Gecko; compatible; GPTBot/1.3; +https://openai.com/gptbot)"
14.191.164.40 - - [05/Mar/2026:01:48:24 +0800] "GET /img/credit/datatables/?edit=43.zip&fm=true&path=%2Fhome%2Fmip%2Fmip%2Fpublic%2Fimg%2Fcredit%2Fdatatables%2F HTTP/1.1" 200 9048 "-" "Mozilla/5.0 (Windows NT 6.1; Win64; x64) AppleWebKit/537.36 (KHTML, like Gecko) Chrome/88.0.4324.190 Safari/537.36"
74.7.241.59 - - [05/Mar/2026:01:48:24 +0800] "GET /pages.php?detail/212019878501 HTTP/2.0" 200 21068 "http://mipinternational.com" "Mozilla/5.0 AppleWebKit/537.36 (KHTML, like Gecko; compatible; GPTBot/1.3; +https://openai.com/gptbot)"
74.7.241.59 - - [05/Mar/2026:01:48:28 +0800] "GET /pages.php?detail/092017867866 HTTP/2.0" 200 21222 "https://mipinternational.com/pages.php?goods/093026791" "Mozilla/5.0 AppleWebKit/537.36 (KHTML, like Gecko; compatible; GPTBot/1.3; +https://openai.com/gptbot)"
74.7.241.59 - - [05/Mar/2026:01:48:36 +0800] "GET /pages.php?detail/073019219242 HTTP/2.0" 200 21020 "https://mipinternational.com/pages.php?detail/073019243039" "Mozilla/5.0 AppleWebKit/537.36 (KHTML, like Gecko; compatible; GPTBot/1.3; +https://openai.com/gptbot)"
74.7.241.59 - - [05/Mar/2026:01:48:44 +0800] "GET /pages.php?detail/243037537598 HTTP/2.0" 200 20522 "https://mipinternational.com/pages.php?detail/1200179152797" "Mozilla/5.0 AppleWebKit/537.36 (KHTML, like Gecko; compatible; GPTBot/1.3; +https://openai.com/gptbot)"
74.7.241.59 - - [05/Mar/2026:01:48:52 +0800] "GET /pages.php?detail/0190418659414 HTTP/2.0" 200 20759 "http://mipinternational.com" "Mozilla/5.0 AppleWebKit/537.36 (KHTML, like Gecko; compatible; GPTBot/1.3; +https://openai.com/gptbot)"
74.7.241.59 - - [05/Mar/2026:01:48:56 +0800] "GET /pages.php?detail/028000359294 HTTP/2.0" 200 20528 "https://mipinternational.com/pages.php?detail/028025938950" "Mozilla/5.0 AppleWebKit/537.36 (KHTML, like Gecko; compatible; GPTBot/1.3; +https://openai.com/gptbot)"
66.249.64.66 - - [05/Mar/2026:01:49:01 +0800] "GET /products/259ie2457 HTTP/1.1" 200 20660 "-" "Mozilla/5.0 (Linux; Android 6.0.1; Nexus 5X Build/MMB29P) AppleWebKit/537.36 (KHTML, like Gecko) Chrome/144.0.7559.132 Mobile Safari/537.36 (compatible; Googlebot/2.1; +http://www.google.com/bot.html)"
66.249.64.128 - - [05/Mar/2026:01:49:02 +0800] "GET /190035953 HTTP/1.1" 200 20412 "-" "Mozilla/5.0 (Linux; Android 6.0.1; Nexus 5X Build/MMB29P) AppleWebKit/537.36 (KHTML, like Gecko) Chrome/144.0.7559.132 Mobile Safari/537.36 (compatible; Googlebot/2.1; +http://www.google.com/bot.html)"
74.7.241.59 - - [05/Mar/2026:01:49:00 +0800] "GET /pages.php?detail/012023502366 HTTP/2.0" 200 20755 "https://mipinternational.com/pages.php?detail/0120362917117" "Mozilla/5.0 AppleWebKit/537.36 (KHTML, like Gecko; compatible; GPTBot/1.3; +https://openai.com/gptbot)"
74.7.241.59 - - [05/Mar/2026:01:49:04 +0800] "GET /pages.php?detail/047009982448 HTTP/2.0" 200 20599 "https://mipinternational.com/pages.php?detail/0120362917117" "Mozilla/5.0 AppleWebKit/537.36 (KHTML, like Gecko; compatible; GPTBot/1.3; +https://openai.com/gptbot)"
74.7.241.59 - - [05/Mar/2026:01:49:08 +0800] "GET /pages.php?detail/2170437432731 HTTP/2.0" 200 20897 "https://mipinternational.com/pages.php?detail/0120362917117" "Mozilla/5.0 AppleWebKit/537.36 (KHTML, like Gecko; compatible; GPTBot/1.3; +https://openai.com/gptbot)"
74.7.241.59 - - [05/Mar/2026:01:49:11 +0800] "GET /pages.php?detail/2120443944059 HTTP/2.0" 200 21080 "https://mipinternational.com/pages.php?detail/212019878501" "Mozilla/5.0 AppleWebKit/537.36 (KHTML, like Gecko; compatible; GPTBot/1.3; +https://openai.com/gptbot)"
74.7.241.59 - - [05/Mar/2026:01:49:15 +0800] "GET /pages.php?detail/087008711543 HTTP/2.0" 200 21134 "https://mipinternational.com/pages.php?detail/169026564002" "Mozilla/5.0 AppleWebKit/537.36 (KHTML, like Gecko; compatible; GPTBot/1.3; +https://openai.com/gptbot)"
74.7.241.59 - - [05/Mar/2026:01:49:20 +0800] "GET /pages.php?detail/2890293400266 HTTP/2.0" 200 21510 "https://mipinternational.com/pages.php?detail/073019219242" "Mozilla/5.0 AppleWebKit/537.36 (KHTML, like Gecko; compatible; GPTBot/1.3; +https://openai.com/gptbot)"
74.7.241.59 - - [05/Mar/2026:01:49:23 +0800] "GET /pages.php?detail/281028163430 HTTP/2.0" 200 20691 "https://mipinternational.com/pages.php?detail/281022248270" "Mozilla/5.0 AppleWebKit/537.36 (KHTML, like Gecko; compatible; GPTBot/1.3; +https://openai.com/gptbot)"
74.7.241.59 - - [05/Mar/2026:01:49:26 +0800] "GET /pages.php?detail/2430341242664 HTTP/2.0" 200 20599 "https://mipinternational.com/pages.php?detail/243037537598" "Mozilla/5.0 AppleWebKit/537.36 (KHTML, like Gecko; compatible; GPTBot/1.3; +https://openai.com/gptbot)"
14.191.199.110 - - [05/Mar/2026:01:49:30 +0800] "GET /pages.php?261048755 HTTP/1.1" 200 21086 "-" "Mozilla/5.0 (Macintosh; Intel Mac OS X 10_15_7) AppleWebKit/537.36 (KHTML, like Gecko) Brave Chrome/83.0.4103.116 Safari/537.36"
74.7.241.59 - - [05/Mar/2026:01:49:31 +0800] "GET /pages.php?detail/019041877195 HTTP/2.0" 200 20555 "http://mipinternational.com" "Mozilla/5.0 AppleWebKit/537.36 (KHTML, like Gecko; compatible; GPTBot/1.3; +https://openai.com/gptbot)"
74.7.241.59 - - [05/Mar/2026:01:49:35 +0800] "GET /pages.php?jp/019041879.html HTTP/2.0" 200 20534 "https://mipinternational.com/pages.php?detail/0190418659414" "Mozilla/5.0 AppleWebKit/537.36 (KHTML, like Gecko; compatible; GPTBot/1.3; +https://openai.com/gptbot)"
74.7.241.59 - - [05/Mar/2026:01:49:39 +0800] "GET /pages.php?detail/201014894070 HTTP/2.0" 200 20675 "https://mipinternational.com/pages.php?detail/028000359294" "Mozilla/5.0 AppleWebKit/537.36 (KHTML, like Gecko; compatible; GPTBot/1.3; +https://openai.com/gptbot)"
74.7.241.59 - - [05/Mar/2026:01:49:43 +0800] "GET /pages.php?detail/104046686939 HTTP/2.0" 200 20615 "https://mipinternational.com/pages.php?detail/012023502366" "Mozilla/5.0 AppleWebKit/537.36 (KHTML, like Gecko; compatible; GPTBot/1.3; +https://openai.com/gptbot)"
74.7.241.59 - - [05/Mar/2026:01:49:46 +0800] "GET /pages.php?goods/202025434 HTTP/2.0" 200 20664 "https://mipinternational.com/pages.php?detail/047009982448" "Mozilla/5.0 AppleWebKit/537.36 (KHTML, like Gecko; compatible; GPTBot/1.3; +https://openai.com/gptbot)"
74.7.241.59 - - [05/Mar/2026:01:49:50 +0800] "GET /pages.php?detail/017025981709 HTTP/2.0" 200 20495 "https://mipinternational.com/pages.php?detail/017025979087" "Mozilla/5.0 AppleWebKit/537.36 (KHTML, like Gecko; compatible; GPTBot/1.3; +https://openai.com/gptbot)"
119.154.27.86 - - [05/Mar/2026:01:49:52 +0800] "GET /pages.php?060002538 HTTP/1.1" 200 20296 "-" "Mozilla/5.0 (Macintosh; Intel Mac OS X 11_2_1) AppleWebKit/537.36 (KHTML, like Gecko) Chrome/88.0.4324.192 Safari/537.36"
74.7.241.59 - - [05/Mar/2026:01:49:59 +0800] "GET /pages.php?detail/087020976177 HTTP/2.0" 200 20556 "https://mipinternational.com/pages.php?detail/087008711543" "Mozilla/5.0 AppleWebKit/537.36 (KHTML, like Gecko; compatible; GPTBot/1.3; +https://openai.com/gptbot)"
74.7.241.59 - - [05/Mar/2026:01:50:03 +0800] "GET /pages.php?detail/192035192314 HTTP/2.0" 200 21432 "https://mipinternational.com/pages.php?jp/192048990.html" "Mozilla/5.0 AppleWebKit/537.36 (KHTML, like Gecko; compatible; GPTBot/1.3; +https://openai.com/gptbot)"
74.7.241.59 - - [05/Mar/2026:01:50:06 +0800] "GET /pages.php?detail/281010009528 HTTP/2.0" 200 21081 "https://mipinternational.com/pages.php?detail/281028163430" "Mozilla/5.0 AppleWebKit/537.36 (KHTML, like Gecko; compatible; GPTBot/1.3; +https://openai.com/gptbot)"
74.7.241.59 - - [05/Mar/2026:01:50:10 +0800] "GET /pages.php?detail/285041766655 HTTP/2.0" 200 20677 "https://mipinternational.com/pages.php?detail/291035903893" "Mozilla/5.0 AppleWebKit/537.36 (KHTML, like Gecko; compatible; GPTBot/1.3; +https://openai.com/gptbot)"
113.187.227.97 - - [05/Mar/2026:01:50:14 +0800] "GET /img/credit/datatables/?download=L2hvbWUvbWlwL21pcC9wdWJsaWMvaW1nL2NyZWRpdC9kYXRhdGFibGVzL2NhY2hlX2NhNzU3ZWZhNzVjOTJiOGE0ZTgxYjVhYWJkMjE2ZDMyLnRhcg%3D%3D HTTP/1.1" 200 27 "-" "Mozilla/5.0 (Macintosh; Intel Mac OS X 10_13_6) AppleWebKit/537.36 (KHTML, like Gecko) Brave Chrome/78.0.3904.108 Safari/537.36"
74.7.241.59 - - [05/Mar/2026:01:50:13 +0800] "GET /pages.php?detail/148027775826 HTTP/2.0" 200 20290 "https://mipinternational.com/pages.php?detail/1480269880648" "Mozilla/5.0 AppleWebKit/537.36 (KHTML, like Gecko; compatible; GPTBot/1.3; +https://openai.com/gptbot)"
66.249.64.68 - - [05/Mar/2026:01:50:19 +0800] "GET /products/57zg577 HTTP/1.1" 200 21558 "-" "Mozilla/5.0 (Linux; Android 6.0.1; Nexus 5X Build/MMB29P) AppleWebKit/537.36 (KHTML, like Gecko) Chrome/144.0.7559.132 Mobile Safari/537.36 (compatible; Googlebot/2.1; +http://www.google.com/bot.html)"
74.7.241.59 - - [05/Mar/2026:01:50:18 +0800] "GET /pages.php?detail/037003161204 HTTP/2.0" 200 21692 "https://mipinternational.com/pages.php?jp/019041879.html" "Mozilla/5.0 AppleWebKit/537.36 (KHTML, like Gecko; compatible; GPTBot/1.3; +https://openai.com/gptbot)"
74.7.241.59 - - [05/Mar/2026:01:50:21 +0800] "GET /pages.php?detail/002031062782 HTTP/2.0" 200 21341 "https://mipinternational.com/pages.php?detail/201014894070" "Mozilla/5.0 AppleWebKit/537.36 (KHTML, like Gecko; compatible; GPTBot/1.3; +https://openai.com/gptbot)"
74.7.241.59 - - [05/Mar/2026:01:50:25 +0800] "GET /pages.php?detail/286000373245 HTTP/2.0" 200 20395 "https://mipinternational.com/pages.php?detail/144040651544" "Mozilla/5.0 AppleWebKit/537.36 (KHTML, like Gecko; compatible; GPTBot/1.3; +https://openai.com/gptbot)"
74.7.241.59 - - [05/Mar/2026:01:50:29 +0800] "GET /pages.php?detail/202027778589 HTTP/2.0" 200 20458 "https://mipinternational.com/pages.php?goods/202025434" "Mozilla/5.0 AppleWebKit/537.36 (KHTML, like Gecko; compatible; GPTBot/1.3; +https://openai.com/gptbot)"
66.249.64.129 - - [05/Mar/2026:01:50:34 +0800] "GET /?jp/126037029.html HTTP/1.1" 200 21324 "-" "Mozilla/5.0 (Linux; Android 6.0.1; Nexus 5X Build/MMB29P) AppleWebKit/537.36 (KHTML, like Gecko) Chrome/144.0.7559.132 Mobile Safari/537.36 (compatible; Googlebot/2.1; +http://www.google.com/bot.html)"
66.249.64.67 - - [05/Mar/2026:01:50:34 +0800] "GET /055035198 HTTP/1.1" 200 20872 "-" "Mozilla/5.0 (Linux; Android 6.0.1; Nexus 5X Build/MMB29P) AppleWebKit/537.36 (KHTML, like Gecko) Chrome/144.0.7559.132 Mobile Safari/537.36 (compatible; Googlebot/2.1; +http://www.google.com/bot.html)"
66.249.64.129 - - [05/Mar/2026:01:50:35 +0800] "GET /?detail/296017848521 HTTP/1.1" 200 20815 "-" "Mozilla/5.0 (Linux; Android 6.0.1; Nexus 5X Build/MMB29P) AppleWebKit/537.36 (KHTML, like Gecko) Chrome/144.0.7559.132 Mobile Safari/537.36 (compatible; Googlebot/2.1; +http://www.google.com/bot.html)"
66.249.64.129 - - [05/Mar/2026:01:50:36 +0800] "GET /?pid=22823623206&channel=gay-overwhelm-fence&cate_id=8671&page=https://mail.mipinternational.com/select.xhtml?products/34fk6424 HTTP/1.1" 200 20663 "-" "Mozilla/5.0 (Linux; Android 6.0.1; Nexus 5X Build/MMB29P) AppleWebKit/537.36 (KHTML, like Gecko) Chrome/144.0.7559.132 Mobile Safari/537.36 (compatible; Googlebot/2.1; +http://www.google.com/bot.html)"
74.7.241.59 - - [05/Mar/2026:01:50:33 +0800] "GET /pages.php?jp/017048475.html HTTP/2.0" 200 20652 "https://mipinternational.com/pages.php?detail/017025981709" "Mozilla/5.0 AppleWebKit/537.36 (KHTML, like Gecko; compatible; GPTBot/1.3; +https://openai.com/gptbot)"
74.7.241.59 - - [05/Mar/2026:01:50:38 +0800] "GET /pages.php?detail/196010690511 HTTP/2.0" 200 20888 "https://mipinternational.com/pages.php?detail/017025981709" "Mozilla/5.0 AppleWebKit/537.36 (KHTML, like Gecko; compatible; GPTBot/1.3; +https://openai.com/gptbot)"
74.7.241.59 - - [05/Mar/2026:01:50:42 +0800] "GET /pages.php?detail/247033043939 HTTP/2.0" 200 20834 "https://mipinternational.com/pages.php?detail/087020976177" "Mozilla/5.0 AppleWebKit/537.36 (KHTML, like Gecko; compatible; GPTBot/1.3; +https://openai.com/gptbot)"
74.7.241.59 - - [05/Mar/2026:01:50:51 +0800] "GET /pages.php?m43052816588 HTTP/2.0" 200 21330 "https://mipinternational.com/pages.php?detail/281010009528" "Mozilla/5.0 AppleWebKit/537.36 (KHTML, like Gecko; compatible; GPTBot/1.3; +https://openai.com/gptbot)"
74.7.241.59 - - [05/Mar/2026:01:50:54 +0800] "GET /pages.php?goods/281022494 HTTP/2.0" 200 21149 "https://mipinternational.com/pages.php?detail/281010009528" "Mozilla/5.0 AppleWebKit/537.36 (KHTML, like Gecko; compatible; GPTBot/1.3; +https://openai.com/gptbot)"
181.234.135.45 - - [05/Mar/2026:01:50:57 +0800] "GET /pages.php?963158653 HTTP/1.1" 200 20385 "-" "Mozilla/5.0 (Windows NT 10.0; Win64; x64) AppleWebKit/537.36 (KHTML, like Gecko) Chrome/86.0.4240.75 Safari/537.36"
74.7.241.59 - - [05/Mar/2026:01:50:58 +0800] "GET /pages.php?detail/281022492402 HTTP/2.0" 200 21730 "https://mipinternational.com/pages.php?detail/281010009528" "Mozilla/5.0 AppleWebKit/537.36 (KHTML, like Gecko; compatible; GPTBot/1.3; +https://openai.com/gptbot)"
66.249.64.130 - - [05/Mar/2026:01:51:04 +0800] "GET /products/228rr36836 HTTP/1.1" 200 20890 "-" "Mozilla/5.0 (Linux; Android 6.0.1; Nexus 5X Build/MMB29P) AppleWebKit/537.36 (KHTML, like Gecko) Chrome/144.0.7559.132 Mobile Safari/537.36 (compatible; Googlebot/2.1; +http://www.google.com/bot.html)"
74.7.241.59 - - [05/Mar/2026:01:51:02 +0800] "GET /pages.php?detail/183037997783 HTTP/2.0" 200 20363 "https://mipinternational.com/pages.php?detail/148027775826" "Mozilla/5.0 AppleWebKit/537.36 (KHTML, like Gecko; compatible; GPTBot/1.3; +https://openai.com/gptbot)"
74.7.241.59 - - [05/Mar/2026:01:51:05 +0800] "GET /pages.php?detail/207004798778 HTTP/2.0" 200 20486 "https://mipinternational.com/pages.php?detail/285041766655" "Mozilla/5.0 AppleWebKit/537.36 (KHTML, like Gecko; compatible; GPTBot/1.3; +https://openai.com/gptbot)"
74.7.241.59 - - [05/Mar/2026:01:51:09 +0800] "GET /pages.php?detail/2800135875857 HTTP/2.0" 200 21009 "https://mipinternational.com/pages.php?detail/002031062782" "Mozilla/5.0 AppleWebKit/537.36 (KHTML, like Gecko; compatible; GPTBot/1.3; +https://openai.com/gptbot)"
74.7.241.59 - - [05/Mar/2026:01:51:14 +0800] "GET /pages.php?detail/202002209327 HTTP/2.0" 200 20988 "https://mipinternational.com/pages.php?detail/202027778589" "Mozilla/5.0 AppleWebKit/537.36 (KHTML, like Gecko; compatible; GPTBot/1.3; +https://openai.com/gptbot)"
74.7.241.59 - - [05/Mar/2026:01:51:17 +0800] "GET /pages.php?detail/017002861017 HTTP/2.0" 200 21018 "https://mipinternational.com/pages.php?jp/017048475.html" "Mozilla/5.0 AppleWebKit/537.36 (KHTML, like Gecko; compatible; GPTBot/1.3; +https://openai.com/gptbot)"
74.7.241.59 - - [05/Mar/2026:01:51:22 +0800] "GET /pages.php?jp/202002209.html HTTP/2.0" 200 20979 "https://mipinternational.com/pages.php?detail/202002209327" "Mozilla/5.0 AppleWebKit/537.36 (KHTML, like Gecko; compatible; GPTBot/1.3; +https://openai.com/gptbot)"
54.39.210.137 - - [05/Mar/2026:01:51:29 +0800] "GET /files/mip/shares/js/?path=%2Fhome%2Fmip&view_file=%2Fhome%2Fmip%2F.spamassassinenable HTTP/2.0" 200 1990 "-" "Mozilla/5.0 (compatible; AhrefsBot/7.0; +http://ahrefs.com/robot/)"
