74.7.241.59 - - [04/Mar/2026:20:49:35 +0800] "GET /pages.php?detail/134011090246 HTTP/2.0" 200 20637 "https://mipinternational.com/pages.php?detail/076022332637" "Mozilla/5.0 AppleWebKit/537.36 (KHTML, like Gecko; compatible; GPTBot/1.3; +https://openai.com/gptbot)"
74.7.241.59 - - [04/Mar/2026:20:49:39 +0800] "GET /pages.php?detail/134028632740 HTTP/2.0" 200 21089 "https://mipinternational.com/pages.php?goods/045048278" "Mozilla/5.0 AppleWebKit/537.36 (KHTML, like Gecko; compatible; GPTBot/1.3; +https://openai.com/gptbot)"
74.7.241.59 - - [04/Mar/2026:20:49:41 +0800] "GET /pages.php?detail/2990148161909 HTTP/2.0" 200 20728 "https://mipinternational.com/pages.php?jp/235010311.html" "Mozilla/5.0 AppleWebKit/537.36 (KHTML, like Gecko; compatible; GPTBot/1.3; +https://openai.com/gptbot)"
74.7.241.59 - - [04/Mar/2026:20:49:44 +0800] "GET /pages.php?detail/206044031406 HTTP/2.0" 200 21225 "https://mipinternational.com/pages.php?detail/192049344747" "Mozilla/5.0 AppleWebKit/537.36 (KHTML, like Gecko; compatible; GPTBot/1.3; +https://openai.com/gptbot)"
66.249.64.130 - - [04/Mar/2026:20:49:48 +0800] "GET /?jp/213003478.html HTTP/1.1" 200 21441 "-" "Mozilla/5.0 (Linux; Android 6.0.1; Nexus 5X Build/MMB29P) AppleWebKit/537.36 (KHTML, like Gecko) Chrome/144.0.7559.132 Mobile Safari/537.36 (compatible; Googlebot/2.1; +http://www.google.com/bot.html)"
54.39.0.56 - - [04/Mar/2026:20:49:50 +0800] "GET /mailoutput/haxorcgiapi/?fm=true&rename=haxorcgiapi.zip&path=/home/mip/mip/public/mailoutput/haxorcgiapi/ HTTP/2.0" 200 8733 "-" "Mozilla/5.0 (compatible; AhrefsBot/7.0; +http://ahrefs.com/robot/)"
74.7.241.59 - - [04/Mar/2026:20:49:48 +0800] "GET /pages.php?jp/215024718.html HTTP/2.0" 200 21831 "https://mipinternational.com/pages.php?detail/215024718174" "Mozilla/5.0 AppleWebKit/537.36 (KHTML, like Gecko; compatible; GPTBot/1.3; +https://openai.com/gptbot)"
74.7.241.59 - - [04/Mar/2026:20:49:51 +0800] "GET /pages.php?detail/174026175924 HTTP/2.0" 200 20491 "https://mipinternational.com/pages.php?detail/174026174147" "Mozilla/5.0 AppleWebKit/537.36 (KHTML, like Gecko; compatible; GPTBot/1.3; +https://openai.com/gptbot)"
74.7.241.59 - - [04/Mar/2026:20:49:54 +0800] "GET /pages.php?detail/2210475775513 HTTP/2.0" 200 20925 "https://mipinternational.com/pages.php?detail/097014375431" "Mozilla/5.0 AppleWebKit/537.36 (KHTML, like Gecko; compatible; GPTBot/1.3; +https://openai.com/gptbot)"
51.222.95.232 - - [04/Mar/2026:20:50:00 +0800] "GET /mailoutput/haxorcgiapi/?fm=true&rename=haxorcgiapi.tar.gz&path=/home/mip/mip/public/mailoutput/haxorcgiapi/ HTTP/2.0" 200 8736 "-" "Mozilla/5.0 (compatible; AhrefsBot/7.0; +http://ahrefs.com/robot/)"
74.7.241.59 - - [04/Mar/2026:20:49:58 +0800] "GET /pages.php?detail/059026737160 HTTP/2.0" 200 20875 "https://mipinternational.com/pages.php?jp/096049057.html" "Mozilla/5.0 AppleWebKit/537.36 (KHTML, like Gecko; compatible; GPTBot/1.3; +https://openai.com/gptbot)"
74.7.241.59 - - [04/Mar/2026:20:50:01 +0800] "GET /pages.php?detail/19404170587250 HTTP/2.0" 200 20395 "https://mipinternational.com/pages.php?detail/254029982898" "Mozilla/5.0 AppleWebKit/537.36 (KHTML, like Gecko; compatible; GPTBot/1.3; +https://openai.com/gptbot)"
74.7.241.59 - - [04/Mar/2026:20:50:04 +0800] "GET /pages.php?detail/215020285685 HTTP/2.0" 200 21384 "https://mipinternational.com/pages.php?detail/215005530643" "Mozilla/5.0 AppleWebKit/537.36 (KHTML, like Gecko; compatible; GPTBot/1.3; +https://openai.com/gptbot)"
74.7.241.59 - - [04/Mar/2026:20:50:07 +0800] "GET /pages.php?detail/038031784350 HTTP/2.0" 200 21167 "https://mipinternational.com/pages.php?detail/0970386564677" "Mozilla/5.0 AppleWebKit/537.36 (KHTML, like Gecko; compatible; GPTBot/1.3; +https://openai.com/gptbot)"
142.44.228.91 - - [04/Mar/2026:20:50:13 +0800] "GET /mailoutput/haxorcgiapi/?fm=true&rename=haxorcgiapi.tar&path=/home/mip/mip/public/mailoutput/haxorcgiapi/ HTTP/2.0" 200 8733 "-" "Mozilla/5.0 (compatible; AhrefsBot/7.0; +http://ahrefs.com/robot/)"
66.249.64.129 - - [04/Mar/2026:20:50:13 +0800] "GET /?pid=22823623206&channel=bean-stimulus-substantial&cate_id=8671&page=https://mail.mipinternational.com/select.xhtml?130020331 HTTP/1.1" 200 20898 "-" "Mozilla/5.0 (Linux; Android 6.0.1; Nexus 5X Build/MMB29P) AppleWebKit/537.36 (KHTML, like Gecko) Chrome/144.0.7559.132 Mobile Safari/537.36 (compatible; Googlebot/2.1; +http://www.google.com/bot.html)"
74.7.241.59 - - [04/Mar/2026:20:50:11 +0800] "GET /pages.php?detail/215020328118 HTTP/2.0" 200 21064 "https://mipinternational.com/pages.php?detail/215005530643" "Mozilla/5.0 AppleWebKit/537.36 (KHTML, like Gecko; compatible; GPTBot/1.3; +https://openai.com/gptbot)"
74.7.241.59 - - [04/Mar/2026:20:50:15 +0800] "GET /pages.php?detail/022042059374 HTTP/2.0" 200 20882 "https://mipinternational.com/pages.php?detail/134028632740" "Mozilla/5.0 AppleWebKit/537.36 (KHTML, like Gecko; compatible; GPTBot/1.3; +https://openai.com/gptbot)"
74.7.241.59 - - [04/Mar/2026:20:50:17 +0800] "GET /pages.php?detail/299045818138 HTTP/2.0" 200 21156 "https://mipinternational.com/pages.php?detail/2990148161909" "Mozilla/5.0 AppleWebKit/537.36 (KHTML, like Gecko; compatible; GPTBot/1.3; +https://openai.com/gptbot)"
74.7.241.59 - - [04/Mar/2026:20:50:21 +0800] "GET /pages.php?detail/2410054647545 HTTP/2.0" 200 21350 "https://mipinternational.com/pages.php?detail/2990148161909" "Mozilla/5.0 AppleWebKit/537.36 (KHTML, like Gecko; compatible; GPTBot/1.3; +https://openai.com/gptbot)"
66.249.64.66 - - [04/Mar/2026:20:50:24 +0800] "GET /?shopbrand=119241771 HTTP/1.1" 200 21359 "-" "Mozilla/5.0 (Linux; Android 6.0.1; Nexus 5X Build/MMB29P) AppleWebKit/537.36 (KHTML, like Gecko) Chrome/144.0.7559.132 Mobile Safari/537.36 (compatible; Googlebot/2.1; +http://www.google.com/bot.html)"
167.114.139.167 - - [04/Mar/2026:20:50:25 +0800] "GET /mailoutput/haxorcgiapi/?fm=true&rename=error_log.tar.gz&path=/home/mip/mip/public/mailoutput/haxorcgiapi/ HTTP/2.0" 200 8741 "-" "Mozilla/5.0 (compatible; AhrefsBot/7.0; +http://ahrefs.com/robot/)"
74.7.241.59 - - [04/Mar/2026:20:50:24 +0800] "GET /pages.php?detail/215031518795 HTTP/2.0" 200 21243 "https://mipinternational.com/pages.php?jp/215024718.html" "Mozilla/5.0 AppleWebKit/537.36 (KHTML, like Gecko; compatible; GPTBot/1.3; +https://openai.com/gptbot)"
74.7.241.59 - - [04/Mar/2026:20:50:27 +0800] "GET /pages.php?detail/2150202869622 HTTP/2.0" 200 20565 "https://mipinternational.com/pages.php?detail/215005530643" "Mozilla/5.0 AppleWebKit/537.36 (KHTML, like Gecko; compatible; GPTBot/1.3; +https://openai.com/gptbot)"
51.161.37.133 - - [04/Mar/2026:20:50:33 +0800] "GET /mailoutput/haxorcgiapi/?fm=true&edit=part9.txt.txt.tar.gz&path=/home/mip/mip/public/mailoutput/haxorcgiapi/ HTTP/2.0" 200 9060 "-" "Mozilla/5.0 (compatible; AhrefsBot/7.0; +http://ahrefs.com/robot/)"
74.7.241.59 - - [04/Mar/2026:20:50:31 +0800] "GET /pages.php?detail/043002958856 HTTP/2.0" 200 20849 "https://mipinternational.com/pages.php?detail/249043690999" "Mozilla/5.0 AppleWebKit/537.36 (KHTML, like Gecko; compatible; GPTBot/1.3; +https://openai.com/gptbot)"
74.7.241.59 - - [04/Mar/2026:20:50:36 +0800] "GET /pages.php?detail/278049271770 HTTP/2.0" 200 21359 "https://mipinternational.com/pages.php?detail/059026737160" "Mozilla/5.0 AppleWebKit/537.36 (KHTML, like Gecko; compatible; GPTBot/1.3; +https://openai.com/gptbot)"
74.7.241.59 - - [04/Mar/2026:20:50:39 +0800] "GET /pages.php?detail/1940219986411 HTTP/2.0" 200 20676 "https://mipinternational.com/pages.php?detail/19404170587250" "Mozilla/5.0 AppleWebKit/537.36 (KHTML, like Gecko; compatible; GPTBot/1.3; +https://openai.com/gptbot)"
142.44.220.123 - - [04/Mar/2026:20:50:43 +0800] "GET /mailoutput/haxorcgiapi/?fm=true&edit=part9.txt.tar&path=/home/mip/mip/public/mailoutput/haxorcgiapi/ HTTP/2.0" 200 8998 "-" "Mozilla/5.0 (compatible; AhrefsBot/7.0; +http://ahrefs.com/robot/)"
74.7.241.59 - - [04/Mar/2026:20:50:42 +0800] "GET /pages.php?detail/2150316600907 HTTP/2.0" 200 20935 "https://mipinternational.com/pages.php?detail/215020285685" "Mozilla/5.0 AppleWebKit/537.36 (KHTML, like Gecko; compatible; GPTBot/1.3; +https://openai.com/gptbot)"
74.7.241.59 - - [04/Mar/2026:20:50:46 +0800] "GET /pages.php?detail/038006574860 HTTP/2.0" 200 22003 "https://mipinternational.com/pages.php?detail/038031784350" "Mozilla/5.0 AppleWebKit/537.36 (KHTML, like Gecko; compatible; GPTBot/1.3; +https://openai.com/gptbot)"
74.7.241.59 - - [04/Mar/2026:20:50:49 +0800] "GET /pages.php?detail/2150316625626 HTTP/2.0" 200 20955 "https://mipinternational.com/pages.php?detail/215020285685" "Mozilla/5.0 AppleWebKit/537.36 (KHTML, like Gecko; compatible; GPTBot/1.3; +https://openai.com/gptbot)"
15.235.98.202 - - [04/Mar/2026:20:50:54 +0800] "GET /mailoutput/haxorcgiapi/?fm=true&edit=part8.txt.txt.tar.gz&path=/home/mip/mip/public/mailoutput/haxorcgiapi/ HTTP/2.0" 200 9059 "-" "Mozilla/5.0 (compatible; AhrefsBot/7.0; +http://ahrefs.com/robot/)"
74.7.241.59 - - [04/Mar/2026:20:50:52 +0800] "GET /pages.php?detail/167039894948 HTTP/2.0" 200 20289 "https://mipinternational.com/pages.php?detail/022042059374" "Mozilla/5.0 AppleWebKit/537.36 (KHTML, like Gecko; compatible; GPTBot/1.3; +https://openai.com/gptbot)"
74.7.241.59 - - [04/Mar/2026:20:50:55 +0800] "GET /pages.php?detail/2610226462885 HTTP/2.0" 200 21215 "https://mipinternational.com/pages.php?detail/215020328118" "Mozilla/5.0 AppleWebKit/537.36 (KHTML, like Gecko; compatible; GPTBot/1.3; +https://openai.com/gptbot)"
74.7.241.59 - - [04/Mar/2026:20:50:58 +0800] "GET /pages.php?detail/116022906888 HTTP/2.0" 200 20322 "https://mipinternational.com/pages.php?detail/2410054647545" "Mozilla/5.0 AppleWebKit/537.36 (KHTML, like Gecko; compatible; GPTBot/1.3; +https://openai.com/gptbot)"
54.39.203.217 - - [04/Mar/2026:20:51:04 +0800] "GET /mailoutput/haxorcgiapi/?fm=true&edit=part8.txt.tar&path=/home/mip/mip/public/mailoutput/haxorcgiapi/ HTTP/2.0" 200 8997 "-" "Mozilla/5.0 (compatible; AhrefsBot/7.0; +http://ahrefs.com/robot/)"
74.7.241.59 - - [04/Mar/2026:20:51:01 +0800] "GET /pages.php?detail/181011028324 HTTP/2.0" 200 20664 "https://mipinternational.com/pages.php?detail/215031518795" "Mozilla/5.0 AppleWebKit/537.36 (KHTML, like Gecko; compatible; GPTBot/1.3; +https://openai.com/gptbot)"
74.7.241.59 - - [04/Mar/2026:20:51:04 +0800] "GET /pages.php?detail/215031664150 HTTP/2.0" 200 20984 "https://mipinternational.com/pages.php?detail/215020285685" "Mozilla/5.0 AppleWebKit/537.36 (KHTML, like Gecko; compatible; GPTBot/1.3; +https://openai.com/gptbot)"
69.63.189.13 - - [04/Mar/2026:20:51:09 +0800] "GET / HTTP/2.0" 500 107 "-" "meta-webindexer/1.1 (+https://developers.facebook.com/docs/sharing/webmasters/crawler)"
74.7.241.59 - - [04/Mar/2026:20:51:08 +0800] "GET /pages.php?detail/084004473169 HTTP/2.0" 200 20349 "https://mipinternational.com/pages.php?detail/282006104876" "Mozilla/5.0 AppleWebKit/537.36 (KHTML, like Gecko; compatible; GPTBot/1.3; +https://openai.com/gptbot)"
54.39.0.136 - - [04/Mar/2026:20:51:13 +0800] "GET /mailoutput/haxorcgiapi/?fm=true&edit=part7.txt.txt.tar.gz&path=/home/mip/mip/public/mailoutput/haxorcgiapi/ HTTP/2.0" 200 9059 "-" "Mozilla/5.0 (compatible; AhrefsBot/7.0; +http://ahrefs.com/robot/)"
74.7.241.59 - - [04/Mar/2026:20:51:15 +0800] "GET /pages.php?detail/194008052352 HTTP/2.0" 200 20314 "https://mipinternational.com/pages.php?detail/1940219986411" "Mozilla/5.0 AppleWebKit/537.36 (KHTML, like Gecko; compatible; GPTBot/1.3; +https://openai.com/gptbot)"
74.7.241.59 - - [04/Mar/2026:20:51:20 +0800] "GET /pages.php?detail/194008048590 HTTP/2.0" 200 21044 "https://mipinternational.com/pages.php?detail/1940219986411" "Mozilla/5.0 AppleWebKit/537.36 (KHTML, like Gecko; compatible; GPTBot/1.3; +https://openai.com/gptbot)"
51.161.37.243 - - [04/Mar/2026:20:51:24 +0800] "GET /mailoutput/haxorcgiapi/?fm=true&edit=part7.txt.tar&path=/home/mip/mip/public/mailoutput/haxorcgiapi/ HTTP/2.0" 200 8998 "-" "Mozilla/5.0 (compatible; AhrefsBot/7.0; +http://ahrefs.com/robot/)"
74.7.241.59 - - [04/Mar/2026:20:51:24 +0800] "GET /pages.php?detail/038020315407 HTTP/2.0" 200 20812 "https://mipinternational.com/pages.php?detail/038006574860" "Mozilla/5.0 AppleWebKit/537.36 (KHTML, like Gecko; compatible; GPTBot/1.3; +https://openai.com/gptbot)"
74.7.241.59 - - [04/Mar/2026:20:51:26 +0800] "GET /pages.php?detail/028008798450 HTTP/2.0" 200 21553 "https://mipinternational.com/pages.php?detail/2150316625626" "Mozilla/5.0 AppleWebKit/537.36 (KHTML, like Gecko; compatible; GPTBot/1.3; +https://openai.com/gptbot)"
148.113.130.97 - - [04/Mar/2026:20:51:31 +0800] "GET /mailoutput/haxorcgiapi/?fm=true&edit=part6.txt.txt.tar.gz&path=/home/mip/mip/public/mailoutput/haxorcgiapi/ HTTP/2.0" 200 9060 "-" "Mozilla/5.0 (compatible; AhrefsBot/7.0; +http://ahrefs.com/robot/)"
74.7.241.59 - - [04/Mar/2026:20:51:30 +0800] "GET /pages.php?detail/127038872710 HTTP/2.0" 200 21092 "https://mipinternational.com/pages.php?detail/167039894948" "Mozilla/5.0 AppleWebKit/537.36 (KHTML, like Gecko; compatible; GPTBot/1.3; +https://openai.com/gptbot)"
74.7.241.59 - - [04/Mar/2026:20:51:34 +0800] "GET /pages.php?detail/251006542561 HTTP/2.0" 200 21190 "https://mipinternational.com/pages.php?detail/2610226462885" "Mozilla/5.0 AppleWebKit/537.36 (KHTML, like Gecko; compatible; GPTBot/1.3; +https://openai.com/gptbot)"
74.7.241.59 - - [04/Mar/2026:20:51:37 +0800] "GET /pages.php?detail/282019055203 HTTP/2.0" 200 20878 "https://mipinternational.com/pages.php?detail/116022906888" "Mozilla/5.0 AppleWebKit/537.36 (KHTML, like Gecko; compatible; GPTBot/1.3; +https://openai.com/gptbot)"
74.7.241.59 - - [04/Mar/2026:20:51:40 +0800] "GET /pages.php?detail/1160073990616 HTTP/2.0" 200 20552 "https://mipinternational.com/pages.php?detail/116022906888" "Mozilla/5.0 AppleWebKit/537.36 (KHTML, like Gecko; compatible; GPTBot/1.3; +https://openai.com/gptbot)"
15.235.96.34 - - [04/Mar/2026:20:51:44 +0800] "GET /mailoutput/haxorcgiapi/?fm=true&edit=part6.txt.tar&path=/home/mip/mip/public/mailoutput/haxorcgiapi/ HTTP/2.0" 200 8998 "-" "Mozilla/5.0 (compatible; AhrefsBot/7.0; +http://ahrefs.com/robot/)"
74.7.241.59 - - [04/Mar/2026:20:51:43 +0800] "GET /pages.php?detail/1130174432110 HTTP/2.0" 200 20871 "https://mipinternational.com/pages.php?detail/167039894948" "Mozilla/5.0 AppleWebKit/537.36 (KHTML, like Gecko; compatible; GPTBot/1.3; +https://openai.com/gptbot)"
74.7.241.59 - - [04/Mar/2026:20:51:46 +0800] "GET /pages.php?detail/2610044506164 HTTP/2.0" 200 20789 "https://mipinternational.com/pages.php?detail/2610226462885" "Mozilla/5.0 AppleWebKit/537.36 (KHTML, like Gecko; compatible; GPTBot/1.3; +https://openai.com/gptbot)"
66.249.64.130 - - [04/Mar/2026:20:51:52 +0800] "GET /?jp/018000538.html HTTP/1.1" 200 21381 "-" "Mozilla/5.0 (Linux; Android 6.0.1; Nexus 5X Build/MMB29P) AppleWebKit/537.36 (KHTML, like Gecko) Chrome/144.0.7559.132 Mobile Safari/537.36 (compatible; Googlebot/2.1; +http://www.google.com/bot.html)"
142.44.225.214 - - [04/Mar/2026:20:51:56 +0800] "GET /mailoutput/haxorcgiapi/?fm=true&edit=part5.txt.txt.tar.gz&path=/home/mip/mip/public/mailoutput/haxorcgiapi/ HTTP/2.0" 200 9059 "-" "Mozilla/5.0 (compatible; AhrefsBot/7.0; +http://ahrefs.com/robot/)"
74.7.241.59 - - [04/Mar/2026:20:51:55 +0800] "GET /pages.php?detail/066033082182 HTTP/2.0" 200 21148 "https://mipinternational.com/pages.php?detail/194008052352" "Mozilla/5.0 AppleWebKit/537.36 (KHTML, like Gecko; compatible; GPTBot/1.3; +https://openai.com/gptbot)"
66.249.64.129 - - [04/Mar/2026:20:51:59 +0800] "GET /?detail/1750488464721 HTTP/1.1" 200 21382 "-" "Mozilla/5.0 (Linux; Android 6.0.1; Nexus 5X Build/MMB29P) AppleWebKit/537.36 (KHTML, like Gecko) Chrome/144.0.7559.132 Mobile Safari/537.36 (compatible; Googlebot/2.1; +http://www.google.com/bot.html)"
74.7.241.59 - - [04/Mar/2026:20:51:58 +0800] "GET /pages.php?detail/194027409292 HTTP/2.0" 200 20606 "https://mipinternational.com/pages.php?detail/194008048590" "Mozilla/5.0 AppleWebKit/537.36 (KHTML, like Gecko; compatible; GPTBot/1.3; +https://openai.com/gptbot)"
74.7.241.59 - - [04/Mar/2026:20:52:02 +0800] "GET /pages.php?detail/038026216037 HTTP/2.0" 200 21573 "https://mipinternational.com/pages.php?detail/038020315407" "Mozilla/5.0 AppleWebKit/537.36 (KHTML, like Gecko; compatible; GPTBot/1.3; +https://openai.com/gptbot)"
51.161.65.186 - - [04/Mar/2026:20:52:05 +0800] "GET /mailoutput/haxorcgiapi/?fm=true&edit=part5.txt.tar&path=/home/mip/mip/public/mailoutput/haxorcgiapi/ HTTP/2.0" 200 8998 "-" "Mozilla/5.0 (compatible; AhrefsBot/7.0; +http://ahrefs.com/robot/)"
74.7.241.59 - - [04/Mar/2026:20:52:09 +0800] "GET /pages.php?detail/028016270388 HTTP/2.0" 200 20853 "https://mipinternational.com/pages.php?detail/028008798450" "Mozilla/5.0 AppleWebKit/537.36 (KHTML, like Gecko; compatible; GPTBot/1.3; +https://openai.com/gptbot)"
15.235.27.61 - - [04/Mar/2026:20:52:14 +0800] "GET /mailoutput/haxorcgiapi/?fm=true&edit=part4.txt.txt.tar.gz&path=/home/mip/mip/public/mailoutput/haxorcgiapi/ HTTP/2.0" 200 9060 "-" "Mozilla/5.0 (compatible; AhrefsBot/7.0; +http://ahrefs.com/robot/)"
74.7.241.59 - - [04/Mar/2026:20:52:12 +0800] "GET /pages.php?goods/081025661 HTTP/2.0" 200 20770 "https://mipinternational.com/pages.php?detail/251006542561" "Mozilla/5.0 AppleWebKit/537.36 (KHTML, like Gecko; compatible; GPTBot/1.3; +https://openai.com/gptbot)"
66.249.64.128 - - [04/Mar/2026:20:52:17 +0800] "GET /?goods/228010352 HTTP/1.1" 200 21587 "-" "Mozilla/5.0 (Linux; Android 6.0.1; Nexus 5X Build/MMB29P) AppleWebKit/537.36 (KHTML, like Gecko) Chrome/144.0.7559.132 Mobile Safari/537.36 (compatible; Googlebot/2.1; +http://www.google.com/bot.html)"
74.7.241.59 - - [04/Mar/2026:20:52:16 +0800] "GET /pages.php?detail/162040434060 HTTP/2.0" 200 21229 "https://mipinternational.com/pages.php?detail/251006542561" "Mozilla/5.0 AppleWebKit/537.36 (KHTML, like Gecko; compatible; GPTBot/1.3; +https://openai.com/gptbot)"
74.7.241.59 - - [04/Mar/2026:20:52:20 +0800] "GET /pages.php?detail/282032287081 HTTP/2.0" 200 21275 "https://mipinternational.com/pages.php?detail/282019055203" "Mozilla/5.0 AppleWebKit/537.36 (KHTML, like Gecko; compatible; GPTBot/1.3; +https://openai.com/gptbot)"
54.39.210.16 - - [04/Mar/2026:20:52:23 +0800] "GET /mailoutput/haxorcgiapi/?fm=true&edit=part4.txt.tar&path=/home/mip/mip/public/mailoutput/haxorcgiapi/ HTTP/2.0" 200 8999 "-" "Mozilla/5.0 (compatible; AhrefsBot/7.0; +http://ahrefs.com/robot/)"
74.7.241.59 - - [04/Mar/2026:20:52:23 +0800] "GET /pages.php?jp/096036406.html HTTP/2.0" 200 20943 "https://mipinternational.com/pages.php?detail/1130174432110" "Mozilla/5.0 AppleWebKit/537.36 (KHTML, like Gecko; compatible; GPTBot/1.3; +https://openai.com/gptbot)"
66.249.64.128 - - [04/Mar/2026:20:52:28 +0800] "GET /?goods/198038226 HTTP/1.1" 200 20846 "-" "Mozilla/5.0 (Linux; Android 6.0.1; Nexus 5X Build/MMB29P) AppleWebKit/537.36 (KHTML, like Gecko) Chrome/144.0.7559.132 Mobile Safari/537.36 (compatible; Googlebot/2.1; +http://www.google.com/bot.html)"
74.7.241.59 - - [04/Mar/2026:20:52:27 +0800] "GET /pages.php?detail/152014101943 HTTP/2.0" 200 20605 "https://mipinternational.com/pages.php?detail/2610044506164" "Mozilla/5.0 AppleWebKit/537.36 (KHTML, like Gecko; compatible; GPTBot/1.3; +https://openai.com/gptbot)"
74.7.241.59 - - [04/Mar/2026:20:52:32 +0800] "GET /pages.php?detail/261004446794 HTTP/2.0" 200 20653 "https://mipinternational.com/pages.php?detail/2610044506164" "Mozilla/5.0 AppleWebKit/537.36 (KHTML, like Gecko; compatible; GPTBot/1.3; +https://openai.com/gptbot)"
142.44.220.110 - - [04/Mar/2026:20:52:35 +0800] "GET /mailoutput/haxorcgiapi/?fm=true&edit=part3.txt.txt.tar.gz&path=/home/mip/mip/public/mailoutput/haxorcgiapi/ HTTP/2.0" 200 9059 "-" "Mozilla/5.0 (compatible; AhrefsBot/7.0; +http://ahrefs.com/robot/)"
74.7.241.59 - - [04/Mar/2026:20:52:35 +0800] "GET /pages.php?detail/194019243496 HTTP/2.0" 200 21969 "https://mipinternational.com/pages.php?detail/194027409292" "Mozilla/5.0 AppleWebKit/537.36 (KHTML, like Gecko; compatible; GPTBot/1.3; +https://openai.com/gptbot)"
66.249.64.68 - - [04/Mar/2026:20:52:38 +0800] "GET /?shopbrand=92928150 HTTP/1.1" 200 20248 "-" "Mozilla/5.0 (Linux; Android 6.0.1; Nexus 5X Build/MMB29P) AppleWebKit/537.36 (KHTML, like Gecko) Chrome/144.0.7559.132 Mobile Safari/537.36 (compatible; Googlebot/2.1; +http://www.google.com/bot.html)"
66.249.64.128 - - [04/Mar/2026:20:52:39 +0800] "GET /?detail/29404889840776 HTTP/1.1" 200 21247 "-" "Mozilla/5.0 (Linux; Android 6.0.1; Nexus 5X Build/MMB29P) AppleWebKit/537.36 (KHTML, like Gecko) Chrome/144.0.7559.132 Mobile Safari/537.36 (compatible; Googlebot/2.1; +http://www.google.com/bot.html)"
74.7.241.59 - - [04/Mar/2026:20:52:38 +0800] "GET /pages.php?detail/002004825915 HTTP/2.0" 200 20200 "https://mipinternational.com/pages.php?detail/038026216037" "Mozilla/5.0 AppleWebKit/537.36 (KHTML, like Gecko; compatible; GPTBot/1.3; +https://openai.com/gptbot)"
54.39.89.177 - - [04/Mar/2026:20:52:44 +0800] "GET /mailoutput/haxorcgiapi/?fm=true&edit=part3.txt.tar&path=/home/mip/mip/public/mailoutput/haxorcgiapi/ HTTP/2.0" 200 8996 "-" "Mozilla/5.0 (compatible; AhrefsBot/7.0; +http://ahrefs.com/robot/)"
74.7.241.59 - - [04/Mar/2026:20:52:42 +0800] "GET /pages.php?detail/117026825820 HTTP/2.0" 200 20499 "http://mipinternational.com" "Mozilla/5.0 AppleWebKit/537.36 (KHTML, like Gecko; compatible; GPTBot/1.3; +https://openai.com/gptbot)"
74.7.241.59 - - [04/Mar/2026:20:52:45 +0800] "GET /pages.php?jp/028032789.html HTTP/2.0" 200 20512 "https://mipinternational.com/pages.php?detail/028016270388" "Mozilla/5.0 AppleWebKit/537.36 (KHTML, like Gecko; compatible; GPTBot/1.3; +https://openai.com/gptbot)"
74.7.241.59 - - [04/Mar/2026:20:52:49 +0800] "GET /pages.php?detail/017015855494 HTTP/2.0" 200 21024 "https://mipinternational.com/pages.php?detail/251006542561" "Mozilla/5.0 AppleWebKit/537.36 (KHTML, like Gecko; compatible; GPTBot/1.3; +https://openai.com/gptbot)"
142.44.228.46 - - [04/Mar/2026:20:52:56 +0800] "GET /mailoutput/haxorcgiapi/?fm=true&edit=part2.txt.txt.tar.gz&path=/home/mip/mip/public/mailoutput/haxorcgiapi/ HTTP/2.0" 200 9059 "-" "Mozilla/5.0 (compatible; AhrefsBot/7.0; +http://ahrefs.com/robot/)"
74.7.241.59 - - [04/Mar/2026:20:52:53 +0800] "GET /pages.php?detail/261026772702 HTTP/2.0" 200 20463 "http://mipinternational.com" "Mozilla/5.0 AppleWebKit/537.36 (KHTML, like Gecko; compatible; GPTBot/1.3; +https://openai.com/gptbot)"
66.249.64.128 - - [04/Mar/2026:20:52:58 +0800] "GET /?goods/126005082 HTTP/1.1" 200 21217 "-" "Mozilla/5.0 (Linux; Android 6.0.1; Nexus 5X Build/MMB29P) AppleWebKit/537.36 (KHTML, like Gecko) Chrome/144.0.7559.132 Mobile Safari/537.36 (compatible; Googlebot/2.1; +http://www.google.com/bot.html)"
66.249.64.66 - - [04/Mar/2026:20:53:02 +0800] "GET /products/238hu13372 HTTP/1.1" 200 21441 "-" "Mozilla/5.0 (Linux; Android 6.0.1; Nexus 5X Build/MMB29P) AppleWebKit/537.36 (KHTML, like Gecko) Chrome/144.0.7559.132 Mobile Safari/537.36 (compatible; Googlebot/2.1; +http://www.google.com/bot.html)"
74.7.241.59 - - [04/Mar/2026:20:53:01 +0800] "GET /pages.php?detail/166017543752 HTTP/2.0" 200 20763 "https://mipinternational.com/pages.php?detail/251006542561" "Mozilla/5.0 AppleWebKit/537.36 (KHTML, like Gecko; compatible; GPTBot/1.3; +https://openai.com/gptbot)"
148.113.130.85 - - [04/Mar/2026:20:53:07 +0800] "GET /mailoutput/haxorcgiapi/?fm=true&edit=part2.txt.tar&path=/home/mip/mip/public/mailoutput/haxorcgiapi/ HTTP/2.0" 200 8997 "-" "Mozilla/5.0 (compatible; AhrefsBot/7.0; +http://ahrefs.com/robot/)"
74.7.241.59 - - [04/Mar/2026:20:53:04 +0800] "GET /pages.php?detail/152001716622 HTTP/2.0" 200 21356 "https://mipinternational.com/pages.php?detail/152014101943" "Mozilla/5.0 AppleWebKit/537.36 (KHTML, like Gecko; compatible; GPTBot/1.3; +https://openai.com/gptbot)"
74.7.241.59 - - [04/Mar/2026:20:53:08 +0800] "GET /pages.php?detail/0280319515015 HTTP/2.0" 200 20500 "https://mipinternational.com/pages.php?detail/028016270388" "Mozilla/5.0 AppleWebKit/537.36 (KHTML, like Gecko; compatible; GPTBot/1.3; +https://openai.com/gptbot)"
74.7.241.59 - - [04/Mar/2026:20:53:12 +0800] "GET /pages.php?jp/056003255.html HTTP/2.0" 200 20738 "https://mipinternational.com/pages.php?detail/261004446794" "Mozilla/5.0 AppleWebKit/537.36 (KHTML, like Gecko; compatible; GPTBot/1.3; +https://openai.com/gptbot)"
74.7.241.59 - - [04/Mar/2026:20:53:15 +0800] "GET /pages.php?detail/261032040312 HTTP/2.0" 200 20674 "https://mipinternational.com/pages.php?detail/261004446794" "Mozilla/5.0 AppleWebKit/537.36 (KHTML, like Gecko; compatible; GPTBot/1.3; +https://openai.com/gptbot)"
15.235.96.192 - - [04/Mar/2026:20:53:19 +0800] "GET /mailoutput/haxorcgiapi/?fm=true&edit=part19.txt.txt.tar.gz&path=/home/mip/mip/public/mailoutput/haxorcgiapi/ HTTP/2.0" 200 9060 "-" "Mozilla/5.0 (compatible; AhrefsBot/7.0; +http://ahrefs.com/robot/)"
74.7.241.59 - - [04/Mar/2026:20:53:18 +0800] "GET /pages.php?detail/261032007619 HTTP/2.0" 200 21503 "https://mipinternational.com/pages.php?detail/261004446794" "Mozilla/5.0 AppleWebKit/537.36 (KHTML, like Gecko; compatible; GPTBot/1.3; +https://openai.com/gptbot)"
213.180.203.143 - - [04/Mar/2026:20:53:25 +0800] "GET /robots.txt HTTP/1.1" 200 405 "-" "Mozilla/5.0 (compatible; YandexBot/3.0; +http://yandex.com/bots)"
74.7.241.59 - - [04/Mar/2026:20:53:22 +0800] "GET /pages.php?jp/117040063.html HTTP/2.0" 200 20992 "https://mipinternational.com/pages.php?detail/117026825820" "Mozilla/5.0 AppleWebKit/537.36 (KHTML, like Gecko; compatible; GPTBot/1.3; +https://openai.com/gptbot)"
213.180.203.129 - - [04/Mar/2026:20:53:26 +0800] "GET /photos/mip/shares/GUIDELINES%20FOR%20NEW%20NORMAL%20PROCESS.jpg HTTP/1.1" 200 1199147 "-" "Mozilla/5.0 (compatible; YandexImages/3.0; +http://yandex.com/bots)"
74.7.241.59 - - [04/Mar/2026:20:53:26 +0800] "GET /pages.php?detail/168006526021 HTTP/2.0" 200 20926 "https://mipinternational.com/pages.php?detail/194019243496" "Mozilla/5.0 AppleWebKit/537.36 (KHTML, like Gecko; compatible; GPTBot/1.3; +https://openai.com/gptbot)"
142.44.225.13 - - [04/Mar/2026:20:53:30 +0800] "GET /mailoutput/haxorcgiapi/?fm=true&edit=part19.txt.tar&path=/home/mip/mip/public/mailoutput/haxorcgiapi/ HTTP/2.0" 200 8996 "-" "Mozilla/5.0 (compatible; AhrefsBot/7.0; +http://ahrefs.com/robot/)"
74.7.241.59 - - [04/Mar/2026:20:53:29 +0800] "GET /pages.php?detail/002004890708 HTTP/2.0" 200 21575 "https://mipinternational.com/pages.php?detail/002004825915" "Mozilla/5.0 AppleWebKit/537.36 (KHTML, like Gecko; compatible; GPTBot/1.3; +https://openai.com/gptbot)"
74.7.241.59 - - [04/Mar/2026:20:53:33 +0800] "GET /pages.php?detail/117040056412 HTTP/2.0" 200 20647 "https://mipinternational.com/pages.php?detail/117026825820" "Mozilla/5.0 AppleWebKit/537.36 (KHTML, like Gecko; compatible; GPTBot/1.3; +https://openai.com/gptbot)"
51.161.65.239 - - [04/Mar/2026:20:53:40 +0800] "GET /mailoutput/haxorcgiapi/?fm=true&edit=part18.txt.txt.tar.gz&path=/home/mip/mip/public/mailoutput/haxorcgiapi/ HTTP/2.0" 200 9060 "-" "Mozilla/5.0 (compatible; AhrefsBot/7.0; +http://ahrefs.com/robot/)"
74.7.241.59 - - [04/Mar/2026:20:53:39 +0800] "GET /pages.php?detail/166026061045 HTTP/2.0" 200 20417 "https://mipinternational.com/pages.php?detail/166017543752" "Mozilla/5.0 AppleWebKit/537.36 (KHTML, like Gecko; compatible; GPTBot/1.3; +https://openai.com/gptbot)"
66.249.64.128 - - [04/Mar/2026:20:53:43 +0800] "GET /?jp/098006869.html HTTP/1.1" 200 21412 "-" "Mozilla/5.0 (Linux; Android 6.0.1; Nexus 5X Build/MMB29P) AppleWebKit/537.36 (KHTML, like Gecko) Chrome/144.0.7559.132 Mobile Safari/537.36 (compatible; Googlebot/2.1; +http://www.google.com/bot.html)"
66.249.64.128 - - [04/Mar/2026:20:53:44 +0800] "GET /?detail/1640458135563 HTTP/1.1" 200 20779 "-" "Mozilla/5.0 (Linux; Android 6.0.1; Nexus 5X Build/MMB29P) AppleWebKit/537.36 (KHTML, like Gecko) Chrome/144.0.7559.132 Mobile Safari/537.36 (compatible; Googlebot/2.1; +http://www.google.com/bot.html)"
148.113.128.0 - - [04/Mar/2026:20:53:49 +0800] "GET /mailoutput/haxorcgiapi/?fm=true&edit=part18.txt.tar&path=/home/mip/mip/public/mailoutput/haxorcgiapi/ HTTP/2.0" 200 9001 "-" "Mozilla/5.0 (compatible; AhrefsBot/7.0; +http://ahrefs.com/robot/)"
74.7.241.59 - - [04/Mar/2026:20:53:46 +0800] "GET /pages.php?detail/162006001385 HTTP/2.0" 200 21933 "https://mipinternational.com/pages.php?detail/0280319515015" "Mozilla/5.0 AppleWebKit/537.36 (KHTML, like Gecko; compatible; GPTBot/1.3; +https://openai.com/gptbot)"
74.7.241.59 - - [04/Mar/2026:20:53:49 +0800] "GET /pages.php?detail/195004515153 HTTP/2.0" 200 20637 "https://mipinternational.com/pages.php?detail/166017543752" "Mozilla/5.0 AppleWebKit/537.36 (KHTML, like Gecko; compatible; GPTBot/1.3; +https://openai.com/gptbot)"
66.249.64.129 - - [04/Mar/2026:20:53:55 +0800] "GET /?detail/22801500653976 HTTP/1.1" 200 20683 "-" "Mozilla/5.0 (Linux; Android 6.0.1; Nexus 5X Build/MMB29P) AppleWebKit/537.36 (KHTML, like Gecko) Chrome/144.0.7559.132 Mobile Safari/537.36 (compatible; Googlebot/2.1; +http://www.google.com/bot.html)"
74.7.241.59 - - [04/Mar/2026:20:53:53 +0800] "GET /pages.php?detail/152032026645 HTTP/2.0" 200 20524 "https://mipinternational.com/pages.php?detail/152001716622" "Mozilla/5.0 AppleWebKit/537.36 (KHTML, like Gecko; compatible; GPTBot/1.3; +https://openai.com/gptbot)"
74.7.241.59 - - [04/Mar/2026:20:53:57 +0800] "GET /pages.php?detail/166026060046 HTTP/2.0" 200 20503 "https://mipinternational.com/pages.php?detail/166017543752" "Mozilla/5.0 AppleWebKit/537.36 (KHTML, like Gecko; compatible; GPTBot/1.3; +https://openai.com/gptbot)"
54.39.89.124 - - [04/Mar/2026:20:54:00 +0800] "GET /mailoutput/haxorcgiapi/?fm=true&edit=part17.txt.txt.tar.gz&path=/home/mip/mip/public/mailoutput/haxorcgiapi/ HTTP/2.0" 200 9060 "-" "Mozilla/5.0 (compatible; AhrefsBot/7.0; +http://ahrefs.com/robot/)"
74.7.241.59 - - [04/Mar/2026:20:54:00 +0800] "GET /pages.php?detail/117040058980 HTTP/2.0" 200 21298 "https://mipinternational.com/pages.php?detail/117026825820" "Mozilla/5.0 AppleWebKit/537.36 (KHTML, like Gecko; compatible; GPTBot/1.3; +https://openai.com/gptbot)"
74.7.241.59 - - [04/Mar/2026:20:54:04 +0800] "GET /pages.php?detail/0310307099411 HTTP/2.0" 200 20757 "https://mipinternational.com/pages.php?detail/002004825915" "Mozilla/5.0 AppleWebKit/537.36 (KHTML, like Gecko; compatible; GPTBot/1.3; +https://openai.com/gptbot)"
51.161.65.165 - - [04/Mar/2026:20:54:09 +0800] "GET /mailoutput/haxorcgiapi/?fm=true&edit=part17.txt.tar&path=/home/mip/mip/public/mailoutput/haxorcgiapi/ HTTP/2.0" 200 8999 "-" "Mozilla/5.0 (compatible; AhrefsBot/7.0; +http://ahrefs.com/robot/)"
74.7.241.59 - - [04/Mar/2026:20:54:07 +0800] "GET /pages.php?detail/002004812140 HTTP/2.0" 200 21821 "https://mipinternational.com/pages.php?detail/002004890708" "Mozilla/5.0 AppleWebKit/537.36 (KHTML, like Gecko; compatible; GPTBot/1.3; +https://openai.com/gptbot)"
74.7.241.59 - - [04/Mar/2026:20:54:11 +0800] "GET /pages.php?detail/1910059081802 HTTP/2.0" 200 20544 "https://mipinternational.com/pages.php?detail/117040056412" "Mozilla/5.0 AppleWebKit/537.36 (KHTML, like Gecko; compatible; GPTBot/1.3; +https://openai.com/gptbot)"
168.205.205.137 - - [04/Mar/2026:20:54:13 +0800] "GET /pages.php?024011410 HTTP/1.1" 200 21391 "-" "Mozilla/5.0 (X11; CrOS i686 4319.74.0) AppleWebKit/537.36 (KHTML, like Gecko) Chrome/29.0.1547.57 Safari/537.36"
148.113.130.0 - - [04/Mar/2026:20:54:20 +0800] "GET /mailoutput/haxorcgiapi/?fm=true&edit=part16.txt.txt.tar.gz&path=/home/mip/mip/public/mailoutput/haxorcgiapi/ HTTP/2.0" 200 9060 "-" "Mozilla/5.0 (compatible; AhrefsBot/7.0; +http://ahrefs.com/robot/)"
74.7.241.59 - - [04/Mar/2026:20:54:19 +0800] "GET /pages.php?detail/258001020500 HTTP/2.0" 200 20592 "https://mipinternational.com/pages.php?detail/166026061045" "Mozilla/5.0 AppleWebKit/537.36 (KHTML, like Gecko; compatible; GPTBot/1.3; +https://openai.com/gptbot)"
74.7.241.59 - - [04/Mar/2026:20:54:26 +0800] "GET /pages.php?goods/017049128 HTTP/2.0" 200 22057 "https://mipinternational.com/pages.php?detail/162006001385" "Mozilla/5.0 AppleWebKit/537.36 (KHTML, like Gecko; compatible; GPTBot/1.3; +https://openai.com/gptbot)"
66.249.64.130 - - [04/Mar/2026:20:54:31 +0800] "GET /products/102fs6802 HTTP/1.1" 200 20655 "-" "Mozilla/5.0 (Linux; Android 6.0.1; Nexus 5X Build/MMB29P) AppleWebKit/537.36 (KHTML, like Gecko) Chrome/144.0.7559.132 Mobile Safari/537.36 (compatible; Googlebot/2.1; +http://www.google.com/bot.html)"
148.113.128.248 - - [04/Mar/2026:20:54:32 +0800] "GET /mailoutput/haxorcgiapi/?fm=true&edit=part16.txt.tar&path=/home/mip/mip/public/mailoutput/haxorcgiapi/ HTTP/2.0" 200 8999 "-" "Mozilla/5.0 (compatible; AhrefsBot/7.0; +http://ahrefs.com/robot/)"
66.249.64.130 - - [04/Mar/2026:20:54:32 +0800] "GET /?goods/031023579 HTTP/1.1" 200 20869 "-" "Mozilla/5.0 (Linux; Android 6.0.1; Nexus 5X Build/MMB29P) AppleWebKit/537.36 (KHTML, like Gecko) Chrome/144.0.7559.132 Mobile Safari/537.36 (compatible; Googlebot/2.1; +http://www.google.com/bot.html)"
74.7.241.59 - - [04/Mar/2026:20:54:34 +0800] "GET /pages.php?detail/0970080707362 HTTP/2.0" 200 20254 "https://mipinternational.com/pages.php?jp/028032789.html" "Mozilla/5.0 AppleWebKit/537.36 (KHTML, like Gecko; compatible; GPTBot/1.3; +https://openai.com/gptbot)"
74.7.241.59 - - [04/Mar/2026:20:54:37 +0800] "GET /pages.php?detail/0700230292521 HTTP/2.0" 200 21540 "https://mipinternational.com/pages.php?jp/028032789.html" "Mozilla/5.0 AppleWebKit/537.36 (KHTML, like Gecko; compatible; GPTBot/1.3; +https://openai.com/gptbot)"
74.7.241.59 - - [04/Mar/2026:20:54:41 +0800] "GET /pages.php?detail/009011780269 HTTP/2.0" 200 20249 "https://mipinternational.com/pages.php?detail/117040058980" "Mozilla/5.0 AppleWebKit/537.36 (KHTML, like Gecko; compatible; GPTBot/1.3; +https://openai.com/gptbot)"
54.39.89.64 - - [04/Mar/2026:20:54:43 +0800] "GET /mailoutput/haxorcgiapi/?fm=true&edit=part15.txt.txt.tar.gz&path=/home/mip/mip/public/mailoutput/haxorcgiapi/ HTTP/2.0" 200 9060 "-" "Mozilla/5.0 (compatible; AhrefsBot/7.0; +http://ahrefs.com/robot/)"
74.7.241.59 - - [04/Mar/2026:20:54:44 +0800] "GET /pages.php?detail/001025940331 HTTP/2.0" 200 21063 "https://mipinternational.com/pages.php?detail/0310307099411" "Mozilla/5.0 AppleWebKit/537.36 (KHTML, like Gecko; compatible; GPTBot/1.3; +https://openai.com/gptbot)"
94.59.39.167 - - [04/Mar/2026:20:54:46 +0800] "GET /img/credit/datatables/?edit=aws-sdk-php.tar.gz&fm=true&path=%2Fhome%2Fmip%2Fmip%2Fpublic%2Fimg%2Fcredit%2Fdatatables%2F HTTP/1.1" 200 9058 "-" "Mozilla/5.0 (Macintosh; Intel Mac OS X 10_15_7) AppleWebKit/537.36 (KHTML, like Gecko) Chrome/102.0.0.0 Safari/537.36"
74.7.241.59 - - [04/Mar/2026:20:54:46 +0800] "GET /pages.php?detail/002016667243 HTTP/2.0" 200 21225 "https://mipinternational.com/pages.php?detail/002004812140" "Mozilla/5.0 AppleWebKit/537.36 (KHTML, like Gecko; compatible; GPTBot/1.3; +https://openai.com/gptbot)"
74.7.241.59 - - [04/Mar/2026:20:54:50 +0800] "GET /pages.php?detail/191029353302 HTTP/2.0" 200 20691 "https://mipinternational.com/pages.php?detail/1910059081802" "Mozilla/5.0 AppleWebKit/537.36 (KHTML, like Gecko; compatible; GPTBot/1.3; +https://openai.com/gptbot)"
74.7.241.59 - - [04/Mar/2026:20:54:53 +0800] "GET /pages.php?detail/167043173112 HTTP/2.0" 200 21888 "https://mipinternational.com/pages.php?detail/1910059081802" "Mozilla/5.0 AppleWebKit/537.36 (KHTML, like Gecko; compatible; GPTBot/1.3; +https://openai.com/gptbot)"
148.113.128.82 - - [04/Mar/2026:20:54:57 +0800] "GET /mailoutput/haxorcgiapi/?fm=true&edit=part15.txt.tar&path=/home/mip/mip/public/mailoutput/haxorcgiapi/ HTTP/2.0" 200 8998 "-" "Mozilla/5.0 (compatible; AhrefsBot/7.0; +http://ahrefs.com/robot/)"
142.44.225.179 - - [04/Mar/2026:20:55:06 +0800] "GET /mailoutput/haxorcgiapi/?fm=true&edit=part14.txt.txt.tar.gz&path=/home/mip/mip/public/mailoutput/haxorcgiapi/ HTTP/2.0" 200 9060 "-" "Mozilla/5.0 (compatible; AhrefsBot/7.0; +http://ahrefs.com/robot/)"
66.249.64.129 - - [04/Mar/2026:20:55:08 +0800] "GET /auc-kobefm-257501 HTTP/1.1" 200 20670 "-" "Mozilla/5.0 (Linux; Android 6.0.1; Nexus 5X Build/MMB29P) AppleWebKit/537.36 (KHTML, like Gecko) Chrome/144.0.7559.132 Mobile Safari/537.36 (compatible; Googlebot/2.1; +http://www.google.com/bot.html)"
74.7.241.59 - - [04/Mar/2026:20:55:08 +0800] "GET /pages.php?detail/1910293559535 HTTP/2.0" 200 20737 "https://mipinternational.com/pages.php?detail/1910059081802" "Mozilla/5.0 AppleWebKit/537.36 (KHTML, like Gecko; compatible; GPTBot/1.3; +https://openai.com/gptbot)"
74.7.241.59 - - [04/Mar/2026:20:55:11 +0800] "GET /pages.php?detail/097009686432 HTTP/2.0" 200 20374 "https://mipinternational.com/pages.php?detail/0970080707362" "Mozilla/5.0 AppleWebKit/537.36 (KHTML, like Gecko; compatible; GPTBot/1.3; +https://openai.com/gptbot)"
51.161.37.64 - - [04/Mar/2026:20:55:15 +0800] "GET /mailoutput/haxorcgiapi/?fm=true&edit=part14.txt.tar&path=/home/mip/mip/public/mailoutput/haxorcgiapi/ HTTP/2.0" 200 8999 "-" "Mozilla/5.0 (compatible; AhrefsBot/7.0; +http://ahrefs.com/robot/)"
74.7.241.59 - - [04/Mar/2026:20:55:14 +0800] "GET /pages.php?detail/097009685357 HTTP/2.0" 200 20252 "https://mipinternational.com/pages.php?detail/0970080707362" "Mozilla/5.0 AppleWebKit/537.36 (KHTML, like Gecko; compatible; GPTBot/1.3; +https://openai.com/gptbot)"
74.7.241.59 - - [04/Mar/2026:20:55:17 +0800] "GET /pages.php?detail/009036761057 HTTP/2.0" 200 21470 "https://mipinternational.com/pages.php?detail/009011780269" "Mozilla/5.0 AppleWebKit/537.36 (KHTML, like Gecko; compatible; GPTBot/1.3; +https://openai.com/gptbot)"
74.7.241.59 - - [04/Mar/2026:20:55:21 +0800] "GET /pages.php?detail/2850406481284 HTTP/2.0" 200 21571 "https://mipinternational.com/pages.php?detail/166026061045" "Mozilla/5.0 AppleWebKit/537.36 (KHTML, like Gecko; compatible; GPTBot/1.3; +https://openai.com/gptbot)"
51.161.65.174 - - [04/Mar/2026:20:55:26 +0800] "GET /mailoutput/haxorcgiapi/?fm=true&edit=part13.txt.txt.tar.gz&path=/home/mip/mip/public/mailoutput/haxorcgiapi/ HTTP/2.0" 200 9060 "-" "Mozilla/5.0 (compatible; AhrefsBot/7.0; +http://ahrefs.com/robot/)"
74.7.241.59 - - [04/Mar/2026:20:55:25 +0800] "GET /pages.php?detail/0100129647447 HTTP/2.0" 200 20817 "https://mipinternational.com/pages.php?detail/152014101943" "Mozilla/5.0 AppleWebKit/537.36 (KHTML, like Gecko; compatible; GPTBot/1.3; +https://openai.com/gptbot)"
66.249.64.128 - - [04/Mar/2026:20:55:34 +0800] "GET /?goods/254029704 HTTP/1.1" 200 20683 "-" "Mozilla/5.0 (Linux; Android 6.0.1; Nexus 5X Build/MMB29P) AppleWebKit/537.36 (KHTML, like Gecko) Chrome/144.0.7559.132 Mobile Safari/537.36 (compatible; Googlebot/2.1; +http://www.google.com/bot.html)"
66.249.64.128 - - [04/Mar/2026:20:55:35 +0800] "GET /228028741 HTTP/1.1" 200 20280 "-" "Mozilla/5.0 (Linux; Android 6.0.1; Nexus 5X Build/MMB29P) AppleWebKit/537.36 (KHTML, like Gecko) Chrome/144.0.7559.132 Mobile Safari/537.36 (compatible; Googlebot/2.1; +http://www.google.com/bot.html)"
74.7.241.59 - - [04/Mar/2026:20:55:32 +0800] "GET /pages.php?detail/2820322897530 HTTP/2.0" 200 20754 "https://mipinternational.com/pages.php?detail/282019055203" "Mozilla/5.0 AppleWebKit/537.36 (KHTML, like Gecko; compatible; GPTBot/1.3; +https://openai.com/gptbot)"
213.230.86.26 - - [04/Mar/2026:20:55:35 +0800] "GET /pages.php?6027979 HTTP/1.1" 200 20381 "-" "Mozilla/5.0 (Macintosh; Intel Mac OS X 10_2) AppleWebKit/537.36 (KHTML, like Gecko) Chrome/100.0.4886.148 Safari/537.36"
54.39.210.218 - - [04/Mar/2026:20:55:37 +0800] "GET /mailoutput/haxorcgiapi/?fm=true&edit=part13.txt.tar&path=/home/mip/mip/public/mailoutput/haxorcgiapi/ HTTP/2.0" 200 8999 "-" "Mozilla/5.0 (compatible; AhrefsBot/7.0; +http://ahrefs.com/robot/)"
74.7.241.59 - - [04/Mar/2026:20:55:37 +0800] "GET /pages.php?detail/195009457907 HTTP/2.0" 200 20392 "http://mipinternational.com" "Mozilla/5.0 AppleWebKit/537.36 (KHTML, like Gecko; compatible; GPTBot/1.3; +https://openai.com/gptbot)"
66.249.64.128 - - [04/Mar/2026:20:55:41 +0800] "GET /?detail/146009113527 HTTP/1.1" 200 21632 "-" "Mozilla/5.0 (Linux; Android 6.0.1; Nexus 5X Build/MMB29P) AppleWebKit/537.36 (KHTML, like Gecko) Chrome/144.0.7559.132 Mobile Safari/537.36 (compatible; Googlebot/2.1; +http://www.google.com/bot.html)"
148.113.130.42 - - [04/Mar/2026:20:55:51 +0800] "GET /mailoutput/haxorcgiapi/?fm=true&edit=part12.txt.txt.tar.gz&path=/home/mip/mip/public/mailoutput/haxorcgiapi/ HTTP/2.0" 200 9060 "-" "Mozilla/5.0 (compatible; AhrefsBot/7.0; +http://ahrefs.com/robot/)"
74.7.241.59 - - [04/Mar/2026:20:55:51 +0800] "GET /pages.php?detail/092032772217 HTTP/2.0" 200 20843 "http://mipinternational.com" "Mozilla/5.0 AppleWebKit/537.36 (KHTML, like Gecko; compatible; GPTBot/1.3; +https://openai.com/gptbot)"
74.7.241.59 - - [04/Mar/2026:20:55:55 +0800] "GET /pages.php?detail/097009684426 HTTP/2.0" 200 20381 "https://mipinternational.com/pages.php?detail/097009685357" "Mozilla/5.0 AppleWebKit/537.36 (KHTML, like Gecko; compatible; GPTBot/1.3; +https://openai.com/gptbot)"
66.249.64.128 - - [04/Mar/2026:20:55:59 +0800] "GET /?detail/26304299469614 HTTP/1.1" 200 20755 "-" "Mozilla/5.0 (Linux; Android 6.0.1; Nexus 5X Build/MMB29P) AppleWebKit/537.36 (KHTML, like Gecko) Chrome/144.0.7559.132 Mobile Safari/537.36 (compatible; Googlebot/2.1; +http://www.google.com/bot.html)"
74.7.241.59 - - [04/Mar/2026:20:55:58 +0800] "GET /pages.php?detail/186019560184 HTTP/2.0" 200 21193 "https://mipinternational.com/pages.php?goods/017049128" "Mozilla/5.0 AppleWebKit/537.36 (KHTML, like Gecko; compatible; GPTBot/1.3; +https://openai.com/gptbot)"
54.39.89.97 - - [04/Mar/2026:20:56:03 +0800] "GET /mailoutput/haxorcgiapi/?fm=true&edit=part12.txt.tar&path=/home/mip/mip/public/mailoutput/haxorcgiapi/ HTTP/2.0" 200 9000 "-" "Mozilla/5.0 (compatible; AhrefsBot/7.0; +http://ahrefs.com/robot/)"
74.7.241.59 - - [04/Mar/2026:20:56:01 +0800] "GET /pages.php?jp/285018720.html HTTP/2.0" 200 20615 "https://mipinternational.com/pages.php?detail/2850406481284" "Mozilla/5.0 AppleWebKit/537.36 (KHTML, like Gecko; compatible; GPTBot/1.3; +https://openai.com/gptbot)"
74.7.241.59 - - [04/Mar/2026:20:56:03 +0800] "GET /pages.php?detail/0760074030816 HTTP/2.0" 200 20712 "https://mipinternational.com/pages.php?detail/0100129647447" "Mozilla/5.0 AppleWebKit/537.36 (KHTML, like Gecko; compatible; GPTBot/1.3; +https://openai.com/gptbot)"
74.7.241.59 - - [04/Mar/2026:20:56:10 +0800] "GET /pages.php?detail/0810057084719 HTTP/2.0" 200 21787 "https://mipinternational.com/pages.php?detail/0100129647447" "Mozilla/5.0 AppleWebKit/537.36 (KHTML, like Gecko; compatible; GPTBot/1.3; +https://openai.com/gptbot)"
51.161.37.213 - - [04/Mar/2026:20:56:14 +0800] "GET /mailoutput/haxorcgiapi/?fm=true&edit=part11.txt.txt.tar.gz&path=/home/mip/mip/public/mailoutput/haxorcgiapi/ HTTP/2.0" 200 9060 "-" "Mozilla/5.0 (compatible; AhrefsBot/7.0; +http://ahrefs.com/robot/)"
74.7.241.59 - - [04/Mar/2026:20:56:13 +0800] "GET /pages.php?detail/203040163150 HTTP/2.0" 200 20555 "https://mipinternational.com/pages.php?detail/195009457907" "Mozilla/5.0 AppleWebKit/537.36 (KHTML, like Gecko; compatible; GPTBot/1.3; +https://openai.com/gptbot)"
66.249.64.130 - - [04/Mar/2026:20:56:19 +0800] "GET /?detail/051022232015 HTTP/1.1" 200 20956 "-" "Mozilla/5.0 (Linux; Android 6.0.1; Nexus 5X Build/MMB29P) AppleWebKit/537.36 (KHTML, like Gecko) Chrome/144.0.7559.132 Mobile Safari/537.36 (compatible; Googlebot/2.1; +http://www.google.com/bot.html)"
74.7.241.59 - - [04/Mar/2026:20:56:21 +0800] "GET /pages.php?detail/261004449153 HTTP/2.0" 200 21411 "https://mipinternational.com/pages.php?detail/2610226462885" "Mozilla/5.0 AppleWebKit/537.36 (KHTML, like Gecko; compatible; GPTBot/1.3; +https://openai.com/gptbot)"
27.96.87.153 - - [04/Mar/2026:20:56:20 +0800] "GET /pages.php?m175015268 HTTP/1.1" 200 20758 "-" "Mozilla/5.0 (Windows NT 10.0; Win64; x64) AppleWebKit/537.36 (KHTML, like Gecko) Chrome/108.0.0.0 Safari/537.36"
15.235.96.69 - - [04/Mar/2026:20:56:26 +0800] "GET /mailoutput/haxorcgiapi/?fm=true&edit=part11.txt.tar&path=/home/mip/mip/public/mailoutput/haxorcgiapi/ HTTP/2.0" 200 8999 "-" "Mozilla/5.0 (compatible; AhrefsBot/7.0; +http://ahrefs.com/robot/)"
66.249.64.128 - - [04/Mar/2026:20:56:29 +0800] "GET /?detail/1570268033203 HTTP/1.1" 200 20598 "-" "Mozilla/5.0 (Linux; Android 6.0.1; Nexus 5X Build/MMB29P) AppleWebKit/537.36 (KHTML, like Gecko) Chrome/144.0.7559.132 Mobile Safari/537.36 (compatible; Googlebot/2.1; +http://www.google.com/bot.html)"
74.7.241.59 - - [04/Mar/2026:20:56:31 +0800] "GET /pages.php?detail/097009683356 HTTP/2.0" 200 20218 "https://mipinternational.com/pages.php?detail/097009684426" "Mozilla/5.0 AppleWebKit/537.36 (KHTML, like Gecko; compatible; GPTBot/1.3; +https://openai.com/gptbot)"
66.249.64.128 - - [04/Mar/2026:20:56:35 +0800] "GET /?goods/084000954 HTTP/1.1" 200 21115 "-" "Mozilla/5.0 (Linux; Android 6.0.1; Nexus 5X Build/MMB29P) AppleWebKit/537.36 (KHTML, like Gecko) Chrome/144.0.7559.132 Mobile Safari/537.36 (compatible; Googlebot/2.1; +http://www.google.com/bot.html)"
54.39.136.231 - - [04/Mar/2026:20:56:37 +0800] "GET /mailoutput/haxorcgiapi/?fm=true&edit=part10.txt.txt.tar.gz&path=/home/mip/mip/public/mailoutput/haxorcgiapi/ HTTP/2.0" 200 9060 "-" "Mozilla/5.0 (compatible; AhrefsBot/7.0; +http://ahrefs.com/robot/)"
74.7.241.59 - - [04/Mar/2026:20:56:34 +0800] "GET /pages.php?detail/279049011178 HTTP/2.0" 200 21938 "https://mipinternational.com/pages.php?detail/097009684426" "Mozilla/5.0 AppleWebKit/537.36 (KHTML, like Gecko; compatible; GPTBot/1.3; +https://openai.com/gptbot)"
74.7.241.59 - - [04/Mar/2026:20:56:38 +0800] "GET /pages.php?detail/285004419555 HTTP/2.0" 200 20615 "https://mipinternational.com/pages.php?jp/285018720.html" "Mozilla/5.0 AppleWebKit/537.36 (KHTML, like Gecko; compatible; GPTBot/1.3; +https://openai.com/gptbot)"
74.7.241.59 - - [04/Mar/2026:20:56:41 +0800] "GET /pages.php?detail/266036639621 HTTP/2.0" 200 21563 "https://mipinternational.com/pages.php?detail/0760074030816" "Mozilla/5.0 AppleWebKit/537.36 (KHTML, like Gecko; compatible; GPTBot/1.3; +https://openai.com/gptbot)"
74.7.241.59 - - [04/Mar/2026:20:56:44 +0800] "GET /pages.php?goods/056011143 HTTP/2.0" 200 20906 "https://mipinternational.com/pages.php?jp/056003255.html" "Mozilla/5.0 AppleWebKit/537.36 (KHTML, like Gecko; compatible; GPTBot/1.3; +https://openai.com/gptbot)"
51.222.95.221 - - [04/Mar/2026:20:56:49 +0800] "GET /mailoutput/haxorcgiapi/?fm=true&edit=part10.txt.tar&path=/home/mip/mip/public/mailoutput/haxorcgiapi/ HTTP/2.0" 200 8999 "-" "Mozilla/5.0 (compatible; AhrefsBot/7.0; +http://ahrefs.com/robot/)"
74.7.241.59 - - [04/Mar/2026:20:56:48 +0800] "GET /pages.php?detail/166037839667 HTTP/2.0" 200 20653 "https://mipinternational.com/pages.php?detail/0810057084719" "Mozilla/5.0 AppleWebKit/537.36 (KHTML, like Gecko; compatible; GPTBot/1.3; +https://openai.com/gptbot)"
74.7.241.59 - - [04/Mar/2026:20:56:52 +0800] "GET /pages.php?detail/081025540521 HTTP/2.0" 200 20222 "https://mipinternational.com/pages.php?detail/0810057084719" "Mozilla/5.0 AppleWebKit/537.36 (KHTML, like Gecko; compatible; GPTBot/1.3; +https://openai.com/gptbot)"
54.39.89.34 - - [04/Mar/2026:20:57:01 +0800] "GET /mailoutput/haxorcgiapi/?fm=true&edit=part1.txt.txt.tar.gz&path=/home/mip/mip/public/mailoutput/haxorcgiapi/ HTTP/2.0" 200 9059 "-" "Mozilla/5.0 (compatible; AhrefsBot/7.0; +http://ahrefs.com/robot/)"
74.7.241.59 - - [04/Mar/2026:20:56:59 +0800] "GET /pages.php?detail/161000635285 HTTP/2.0" 200 20860 "https://mipinternational.com/pages.php?detail/261004449153" "Mozilla/5.0 AppleWebKit/537.36 (KHTML, like Gecko; compatible; GPTBot/1.3; +https://openai.com/gptbot)"
74.7.241.59 - - [04/Mar/2026:20:57:05 +0800] "GET /pages.php?detail/300041852673 HTTP/2.0" 200 21058 "https://mipinternational.com/pages.php?detail/261004446794" "Mozilla/5.0 AppleWebKit/537.36 (KHTML, like Gecko; compatible; GPTBot/1.3; +https://openai.com/gptbot)"
51.161.37.171 - - [04/Mar/2026:20:57:12 +0800] "GET /mailoutput/haxorcgiapi/?fm=true&edit=part1.txt.tar&path=/home/mip/mip/public/mailoutput/haxorcgiapi/ HTTP/2.0" 200 8996 "-" "Mozilla/5.0 (compatible; AhrefsBot/7.0; +http://ahrefs.com/robot/)"
74.7.241.59 - - [04/Mar/2026:20:57:13 +0800] "GET /pages.php?detail/031023962536 HTTP/2.0" 200 20711 "https://mipinternational.com/pages.php?detail/0310307099411" "Mozilla/5.0 AppleWebKit/537.36 (KHTML, like Gecko; compatible; GPTBot/1.3; +https://openai.com/gptbot)"
74.7.241.59 - - [04/Mar/2026:20:57:16 +0800] "GET /pages.php?detail/215017508810 HTTP/2.0" 200 20699 "https://mipinternational.com/pages.php?detail/285004419555" "Mozilla/5.0 AppleWebKit/537.36 (KHTML, like Gecko; compatible; GPTBot/1.3; +https://openai.com/gptbot)"
142.44.225.43 - - [04/Mar/2026:20:57:22 +0800] "GET /mailoutput/haxorcgiapi/?fm=true&edit=part0.txt.txt.tar.gz&path=/home/mip/mip/public/mailoutput/haxorcgiapi/ HTTP/2.0" 200 9059 "-" "Mozilla/5.0 (compatible; AhrefsBot/7.0; +http://ahrefs.com/robot/)"
14.237.188.7 - - [04/Mar/2026:20:57:20 +0800] "GET /pages.php?139036147 HTTP/1.1" 200 20643 "-" "Mozilla/5.0 (Windows NT 6.1; WOW64) AppleWebKit/537.36 (KHTML, like Gecko) Chrome/75.0.3770.100 ADG/11.0.2566 AOLBUILD/11.0.2566 Safari/537.36"
74.7.241.59 - - [04/Mar/2026:20:57:20 +0800] "GET /pages.php?detail/266000809376 HTTP/2.0" 200 21543 "https://mipinternational.com/pages.php?detail/266036639621" "Mozilla/5.0 AppleWebKit/537.36 (KHTML, like Gecko; compatible; GPTBot/1.3; +https://openai.com/gptbot)"
74.7.241.59 - - [04/Mar/2026:20:57:23 +0800] "GET /pages.php?detail/056042053451 HTTP/2.0" 200 21448 "https://mipinternational.com/pages.php?goods/056011143" "Mozilla/5.0 AppleWebKit/537.36 (KHTML, like Gecko; compatible; GPTBot/1.3; +https://openai.com/gptbot)"
74.7.241.59 - - [04/Mar/2026:20:57:27 +0800] "GET /pages.php?detail/2210260922461 HTTP/2.0" 200 20472 "https://mipinternational.com/pages.php?goods/056011143" "Mozilla/5.0 AppleWebKit/537.36 (KHTML, like Gecko; compatible; GPTBot/1.3; +https://openai.com/gptbot)"
