14.191.39.123 - - [04/Mar/2026:20:26:15 +0800] "GET /pages.php?035017651 HTTP/1.1" 200 20297 "-" "Mozilla/5.0 (Windows NT 6.2; Win64; x64) AppleWebKit/537.36 (KHTML, like Gecko) Chrome/72.0.3626.121 Safari/537.36"
74.7.241.59 - - [04/Mar/2026:20:26:20 +0800] "GET /pages.php?detail/066048941131 HTTP/2.0" 200 20804 "https://mipinternational.com/pages.php?detail/066047979923" "Mozilla/5.0 AppleWebKit/537.36 (KHTML, like Gecko; compatible; GPTBot/1.3; +https://openai.com/gptbot)"
74.7.241.59 - - [04/Mar/2026:20:26:24 +0800] "GET /pages.php?detail/028048767606 HTTP/2.0" 200 20696 "https://mipinternational.com/pages.php?detail/0280409812798" "Mozilla/5.0 AppleWebKit/537.36 (KHTML, like Gecko; compatible; GPTBot/1.3; +https://openai.com/gptbot)"
66.249.64.128 - - [04/Mar/2026:20:26:31 +0800] "GET /?detail/084021451978 HTTP/1.1" 200 20437 "-" "Mozilla/5.0 (Linux; Android 6.0.1; Nexus 5X Build/MMB29P) AppleWebKit/537.36 (KHTML, like Gecko) Chrome/144.0.7559.132 Mobile Safari/537.36 (compatible; Googlebot/2.1; +http://www.google.com/bot.html)"
74.7.241.59 - - [04/Mar/2026:20:26:29 +0800] "GET /pages.php?detail/2350383615815 HTTP/2.0" 200 21595 "https://mipinternational.com/pages.php?detail/235000979460" "Mozilla/5.0 AppleWebKit/537.36 (KHTML, like Gecko; compatible; GPTBot/1.3; +https://openai.com/gptbot)"
51.161.65.233 - - [04/Mar/2026:20:26:35 +0800] "GET /mailoutput/haxorcgiapi/?fm=true&rights=mail-20180604-0729-457000.txt.tar&path=/home/mip/mip/public/mailoutput/haxorcgiapi/ HTTP/2.0" 200 8763 "-" "Mozilla/5.0 (compatible; AhrefsBot/7.0; +http://ahrefs.com/robot/)"
74.7.241.59 - - [04/Mar/2026:20:26:33 +0800] "GET /pages.php?detail/030041719850 HTTP/2.0" 200 20702 "https://mipinternational.com/pages.php?detail/237009832095" "Mozilla/5.0 AppleWebKit/537.36 (KHTML, like Gecko; compatible; GPTBot/1.3; +https://openai.com/gptbot)"
74.7.241.59 - - [04/Mar/2026:20:26:38 +0800] "GET /pages.php?detail/212021833381 HTTP/2.0" 200 21592 "https://mipinternational.com/pages.php?detail/016035820913" "Mozilla/5.0 AppleWebKit/537.36 (KHTML, like Gecko; compatible; GPTBot/1.3; +https://openai.com/gptbot)"
74.7.241.59 - - [04/Mar/2026:20:26:43 +0800] "GET /pages.php?detail/016004464463 HTTP/2.0" 200 20664 "https://mipinternational.com/pages.php?detail/016035820913" "Mozilla/5.0 AppleWebKit/537.36 (KHTML, like Gecko; compatible; GPTBot/1.3; +https://openai.com/gptbot)"
54.39.6.239 - - [04/Mar/2026:20:26:49 +0800] "GET /mailoutput/haxorcgiapi/?fm=true&rights=mail-20180604-0727-581000.txt.txt.tar.gz&path=/home/mip/mip/public/mailoutput/haxorcgiapi/ HTTP/2.0" 200 8766 "-" "Mozilla/5.0 (compatible; AhrefsBot/7.0; +http://ahrefs.com/robot/)"
74.7.241.59 - - [04/Mar/2026:20:26:48 +0800] "GET /pages.php?detail/235004587555 HTTP/2.0" 200 20936 "https://mipinternational.com/pages.php?detail/235032565421" "Mozilla/5.0 AppleWebKit/537.36 (KHTML, like Gecko; compatible; GPTBot/1.3; +https://openai.com/gptbot)"
74.7.241.59 - - [04/Mar/2026:20:26:53 +0800] "GET /pages.php?detail/281031223598 HTTP/2.0" 200 20865 "https://mipinternational.com/pages.php?detail/2810312424025" "Mozilla/5.0 AppleWebKit/537.36 (KHTML, like Gecko; compatible; GPTBot/1.3; +https://openai.com/gptbot)"
190.70.21.215 - - [04/Mar/2026:20:26:55 +0800] "GET /pages.php?143012511 HTTP/1.1" 200 20392 "-" "Mozilla/5.0 (Macintosh; Intel Mac OS X 10_13_6) AppleWebKit/537.36 (KHTML, like Gecko) Chrome/81.0.4044.43 Safari/537.36"
74.7.241.59 - - [04/Mar/2026:20:26:58 +0800] "GET /pages.php?detail/181036059010 HTTP/2.0" 200 20843 "https://mipinternational.com/pages.php?detail/042032560183" "Mozilla/5.0 AppleWebKit/537.36 (KHTML, like Gecko; compatible; GPTBot/1.3; +https://openai.com/gptbot)"
142.44.225.78 - - [04/Mar/2026:20:27:05 +0800] "GET /mailoutput/haxorcgiapi/?fm=true&rights=mail-20180604-0727-581000.txt.tar&path=/home/mip/mip/public/mailoutput/haxorcgiapi/ HTTP/2.0" 200 8762 "-" "Mozilla/5.0 (compatible; AhrefsBot/7.0; +http://ahrefs.com/robot/)"
74.7.241.59 - - [04/Mar/2026:20:27:03 +0800] "GET /pages.php?detail/10601849064833 HTTP/2.0" 200 21091 "https://mipinternational.com/pages.php?detail/010032548371" "Mozilla/5.0 AppleWebKit/537.36 (KHTML, like Gecko; compatible; GPTBot/1.3; +https://openai.com/gptbot)"
74.7.241.59 - - [04/Mar/2026:20:27:08 +0800] "GET /pages.php?detail/2990460512926 HTTP/2.0" 200 21030 "https://mipinternational.com/pages.php?detail/2990133477479" "Mozilla/5.0 AppleWebKit/537.36 (KHTML, like Gecko; compatible; GPTBot/1.3; +https://openai.com/gptbot)"
54.39.0.166 - - [04/Mar/2026:20:27:17 +0800] "GET /mailoutput/haxorcgiapi/?fm=true&rights=mail-20180604-0727-191000.txt.txt.tar.gz&path=/home/mip/mip/public/mailoutput/haxorcgiapi/ HTTP/2.0" 200 8766 "-" "Mozilla/5.0 (compatible; AhrefsBot/7.0; +http://ahrefs.com/robot/)"
74.7.241.59 - - [04/Mar/2026:20:27:14 +0800] "GET /pages.php?detail/275037657997 HTTP/2.0" 200 21449 "https://mipinternational.com/pages.php?detail/028048767606" "Mozilla/5.0 AppleWebKit/537.36 (KHTML, like Gecko; compatible; GPTBot/1.3; +https://openai.com/gptbot)"
74.7.241.59 - - [04/Mar/2026:20:27:18 +0800] "GET /pages.php?detail/120016833424 HTTP/2.0" 200 20616 "https://mipinternational.com/pages.php?detail/120014511878" "Mozilla/5.0 AppleWebKit/537.36 (KHTML, like Gecko; compatible; GPTBot/1.3; +https://openai.com/gptbot)"
74.7.241.59 - - [04/Mar/2026:20:27:22 +0800] "GET /pages.php?detail/190022460443 HTTP/2.0" 200 21228 "https://mipinternational.com/pages.php?detail/030041719850" "Mozilla/5.0 AppleWebKit/537.36 (KHTML, like Gecko; compatible; GPTBot/1.3; +https://openai.com/gptbot)"
54.39.203.2 - - [04/Mar/2026:20:27:30 +0800] "GET /mailoutput/haxorcgiapi/?fm=true&rights=mail-20180604-0727-191000.txt.tar&path=/home/mip/mip/public/mailoutput/haxorcgiapi/ HTTP/2.0" 200 8762 "-" "Mozilla/5.0 (compatible; AhrefsBot/7.0; +http://ahrefs.com/robot/)"
74.7.241.59 - - [04/Mar/2026:20:27:28 +0800] "GET /pages.php?detail/016047324848 HTTP/2.0" 200 21466 "https://mipinternational.com/pages.php?detail/016004464463" "Mozilla/5.0 AppleWebKit/537.36 (KHTML, like Gecko; compatible; GPTBot/1.3; +https://openai.com/gptbot)"
74.7.241.59 - - [04/Mar/2026:20:27:32 +0800] "GET /pages.php?detail/242020509700 HTTP/2.0" 200 20584 "https://mipinternational.com/pages.php?detail/016004464463" "Mozilla/5.0 AppleWebKit/537.36 (KHTML, like Gecko; compatible; GPTBot/1.3; +https://openai.com/gptbot)"
74.7.241.59 - - [04/Mar/2026:20:27:36 +0800] "GET /pages.php?detail/2350192236525 HTTP/2.0" 200 21612 "https://mipinternational.com/pages.php?detail/235004587555" "Mozilla/5.0 AppleWebKit/537.36 (KHTML, like Gecko; compatible; GPTBot/1.3; +https://openai.com/gptbot)"
15.235.27.255 - - [04/Mar/2026:20:27:40 +0800] "GET /mailoutput/haxorcgiapi/?fm=true&rights=mail-20180604-0715-995000.txt.txt.tar.gz&path=/home/mip/mip/public/mailoutput/haxorcgiapi/ HTTP/2.0" 200 8766 "-" "Mozilla/5.0 (compatible; AhrefsBot/7.0; +http://ahrefs.com/robot/)"
66.249.64.130 - - [04/Mar/2026:20:27:44 +0800] "GET /?detail/02103678091641 HTTP/1.1" 200 21395 "-" "Mozilla/5.0 (Linux; Android 6.0.1; Nexus 5X Build/MMB29P) AppleWebKit/537.36 (KHTML, like Gecko) Chrome/144.0.7559.132 Mobile Safari/537.36 (compatible; Googlebot/2.1; +http://www.google.com/bot.html)"
74.7.241.59 - - [04/Mar/2026:20:27:40 +0800] "GET /pages.php?detail/109014266406 HTTP/2.0" 200 21258 "https://mipinternational.com/pages.php?detail/181036059010" "Mozilla/5.0 AppleWebKit/537.36 (KHTML, like Gecko; compatible; GPTBot/1.3; +https://openai.com/gptbot)"
74.7.241.59 - - [04/Mar/2026:20:27:44 +0800] "GET /pages.php?detail/124025578024 HTTP/2.0" 200 22094 "https://mipinternational.com/pages.php?detail/10601849064833" "Mozilla/5.0 AppleWebKit/537.36 (KHTML, like Gecko; compatible; GPTBot/1.3; +https://openai.com/gptbot)"
74.7.241.59 - - [04/Mar/2026:20:27:48 +0800] "GET /pages.php?jp/299010607.html HTTP/2.0" 200 20548 "https://mipinternational.com/pages.php?detail/2990460512926" "Mozilla/5.0 AppleWebKit/537.36 (KHTML, like Gecko; compatible; GPTBot/1.3; +https://openai.com/gptbot)"
51.222.95.12 - - [04/Mar/2026:20:27:52 +0800] "GET /mailoutput/haxorcgiapi/?fm=true&rights=mail-20180604-0715-995000.txt.tar&path=/home/mip/mip/public/mailoutput/haxorcgiapi/ HTTP/2.0" 200 8763 "-" "Mozilla/5.0 (compatible; AhrefsBot/7.0; +http://ahrefs.com/robot/)"
74.7.241.59 - - [04/Mar/2026:20:27:52 +0800] "GET /pages.php?detail/052030532123 HTTP/2.0" 200 20652 "https://mipinternational.com/pages.php?detail/10601849064833" "Mozilla/5.0 AppleWebKit/537.36 (KHTML, like Gecko; compatible; GPTBot/1.3; +https://openai.com/gptbot)"
113.174.158.112 - - [04/Mar/2026:20:27:57 +0800] "GET /img/credit/datatables/?fm=true&path=%2Fhome%2Fmip%2Fmip%2Fpublic%2Fimg%2Fcredit%2Fdatatables%2F&rights=d91202394ad71645c007bd47b0bf15bc41419e.tar.gz HTTP/1.1" 200 8769 "-" "Mozilla/5.0 (Windows NT 6.1) AppleWebKit/537.36 (KHTML, like Gecko) Chrome/80.0.3987.132 Safari/537.36"
74.7.241.59 - - [04/Mar/2026:20:27:55 +0800] "GET /pages.php?goods/246006752 HTTP/2.0" 200 20392 "https://mipinternational.com/pages.php?detail/275037657997" "Mozilla/5.0 AppleWebKit/537.36 (KHTML, like Gecko; compatible; GPTBot/1.3; +https://openai.com/gptbot)"
74.7.241.59 - - [04/Mar/2026:20:28:00 +0800] "GET /pages.php?goods/120027547 HTTP/2.0" 200 21355 "https://mipinternational.com/pages.php?detail/120016833424" "Mozilla/5.0 AppleWebKit/537.36 (KHTML, like Gecko; compatible; GPTBot/1.3; +https://openai.com/gptbot)"
51.222.95.0 - - [04/Mar/2026:20:28:05 +0800] "GET /mailoutput/haxorcgiapi/?fm=true&rights=mail-20180604-0715-971000.txt.txt.tar.gz&path=/home/mip/mip/public/mailoutput/haxorcgiapi/ HTTP/2.0" 200 8766 "-" "Mozilla/5.0 (compatible; AhrefsBot/7.0; +http://ahrefs.com/robot/)"
74.7.241.59 - - [04/Mar/2026:20:28:03 +0800] "GET /pages.php?goods/190022460 HTTP/2.0" 200 21402 "https://mipinternational.com/pages.php?detail/190022460443" "Mozilla/5.0 AppleWebKit/537.36 (KHTML, like Gecko; compatible; GPTBot/1.3; +https://openai.com/gptbot)"
74.7.241.59 - - [04/Mar/2026:20:28:06 +0800] "GET /pages.php?detail/275028734242 HTTP/2.0" 200 22174 "https://mipinternational.com/pages.php?detail/275037657997" "Mozilla/5.0 AppleWebKit/537.36 (KHTML, like Gecko; compatible; GPTBot/1.3; +https://openai.com/gptbot)"
74.7.241.59 - - [04/Mar/2026:20:28:10 +0800] "GET /pages.php?detail/120021775590 HTTP/2.0" 200 20921 "https://mipinternational.com/pages.php?detail/120016833424" "Mozilla/5.0 AppleWebKit/537.36 (KHTML, like Gecko; compatible; GPTBot/1.3; +https://openai.com/gptbot)"
148.113.130.5 - - [04/Mar/2026:20:28:15 +0800] "GET /mailoutput/haxorcgiapi/?fm=true&rights=mail-20180604-0715-971000.txt.tar&path=/home/mip/mip/public/mailoutput/haxorcgiapi/ HTTP/2.0" 200 8762 "-" "Mozilla/5.0 (compatible; AhrefsBot/7.0; +http://ahrefs.com/robot/)"
74.7.241.59 - - [04/Mar/2026:20:28:13 +0800] "GET /pages.php?detail/242043047117 HTTP/2.0" 200 22211 "https://mipinternational.com/pages.php?detail/242020509700" "Mozilla/5.0 AppleWebKit/537.36 (KHTML, like Gecko; compatible; GPTBot/1.3; +https://openai.com/gptbot)"
74.7.241.59 - - [04/Mar/2026:20:28:17 +0800] "GET /pages.php?detail/242043044586 HTTP/2.0" 200 20835 "https://mipinternational.com/pages.php?detail/242020509700" "Mozilla/5.0 AppleWebKit/537.36 (KHTML, like Gecko; compatible; GPTBot/1.3; +https://openai.com/gptbot)"
74.7.241.59 - - [04/Mar/2026:20:28:24 +0800] "GET /pages.php?detail/108049112649 HTTP/2.0" 200 21076 "https://mipinternational.com/pages.php?detail/124025578024" "Mozilla/5.0 AppleWebKit/537.36 (KHTML, like Gecko; compatible; GPTBot/1.3; +https://openai.com/gptbot)"
15.235.27.15 - - [04/Mar/2026:20:28:28 +0800] "GET /mailoutput/haxorcgiapi/?fm=true&rights=mail-20180604-0715-440000.txt.txt.tar.gz&path=/home/mip/mip/public/mailoutput/haxorcgiapi/ HTTP/2.0" 200 8766 "-" "Mozilla/5.0 (compatible; AhrefsBot/7.0; +http://ahrefs.com/robot/)"
74.7.241.59 - - [04/Mar/2026:20:28:28 +0800] "GET /pages.php?goods/299013369 HTTP/2.0" 200 20675 "https://mipinternational.com/pages.php?jp/299010607.html" "Mozilla/5.0 AppleWebKit/537.36 (KHTML, like Gecko; compatible; GPTBot/1.3; +https://openai.com/gptbot)"
74.7.241.59 - - [04/Mar/2026:20:28:30 +0800] "GET /pages.php?detail/044036650500 HTTP/2.0" 200 20669 "https://mipinternational.com/pages.php?detail/052030532123" "Mozilla/5.0 AppleWebKit/537.36 (KHTML, like Gecko; compatible; GPTBot/1.3; +https://openai.com/gptbot)"
74.7.241.59 - - [04/Mar/2026:20:28:34 +0800] "GET /pages.php?detail/220046491996 HTTP/2.0" 200 20980 "https://mipinternational.com/pages.php?goods/246006752" "Mozilla/5.0 AppleWebKit/537.36 (KHTML, like Gecko; compatible; GPTBot/1.3; +https://openai.com/gptbot)"
54.39.6.177 - - [04/Mar/2026:20:28:40 +0800] "GET /mailoutput/haxorcgiapi/?fm=true&rights=mail-20180604-0715-440000.txt.tar&path=/home/mip/mip/public/mailoutput/haxorcgiapi/ HTTP/2.0" 200 8762 "-" "Mozilla/5.0 (compatible; AhrefsBot/7.0; +http://ahrefs.com/robot/)"
74.7.241.59 - - [04/Mar/2026:20:28:37 +0800] "GET /pages.php?detail/120044004385 HTTP/2.0" 200 20118 "https://mipinternational.com/pages.php?goods/120027547" "Mozilla/5.0 AppleWebKit/537.36 (KHTML, like Gecko; compatible; GPTBot/1.3; +https://openai.com/gptbot)"
74.7.241.59 - - [04/Mar/2026:20:28:41 +0800] "GET /pages.php?detail/240033690221 HTTP/2.0" 200 20709 "https://mipinternational.com/pages.php?detail/181036059010" "Mozilla/5.0 AppleWebKit/537.36 (KHTML, like Gecko; compatible; GPTBot/1.3; +https://openai.com/gptbot)"
66.249.64.128 - - [04/Mar/2026:20:28:47 +0800] "GET /?goods/011036192 HTTP/1.1" 200 20928 "-" "Mozilla/5.0 (Linux; Android 6.0.1; Nexus 5X Build/MMB29P) AppleWebKit/537.36 (KHTML, like Gecko) Chrome/144.0.7559.132 Mobile Safari/537.36 (compatible; Googlebot/2.1; +http://www.google.com/bot.html)"
74.7.241.59 - - [04/Mar/2026:20:28:45 +0800] "GET /pages.php?detail/275044005475 HTTP/2.0" 200 21010 "https://mipinternational.com/pages.php?detail/275028734242" "Mozilla/5.0 AppleWebKit/537.36 (KHTML, like Gecko; compatible; GPTBot/1.3; +https://openai.com/gptbot)"
15.235.98.38 - - [04/Mar/2026:20:28:54 +0800] "GET /mailoutput/haxorcgiapi/?fm=true&rights=mail-20180604-0714-949000.txt.txt.tar.gz&path=/home/mip/mip/public/mailoutput/haxorcgiapi/ HTTP/2.0" 200 8767 "-" "Mozilla/5.0 (compatible; AhrefsBot/7.0; +http://ahrefs.com/robot/)"
74.7.241.59 - - [04/Mar/2026:20:28:53 +0800] "GET /pages.php?detail/242035004090 HTTP/2.0" 200 20830 "https://mipinternational.com/pages.php?detail/242043047117" "Mozilla/5.0 AppleWebKit/537.36 (KHTML, like Gecko; compatible; GPTBot/1.3; +https://openai.com/gptbot)"
74.7.241.59 - - [04/Mar/2026:20:28:56 +0800] "GET /pages.php?detail/239005816916 HTTP/2.0" 200 20537 "https://mipinternational.com/pages.php?goods/120027547" "Mozilla/5.0 AppleWebKit/537.36 (KHTML, like Gecko; compatible; GPTBot/1.3; +https://openai.com/gptbot)"
74.7.241.59 - - [04/Mar/2026:20:28:59 +0800] "GET /pages.php?detail/008028155603 HTTP/2.0" 200 20108 "http://mipinternational.com" "Mozilla/5.0 AppleWebKit/537.36 (KHTML, like Gecko; compatible; GPTBot/1.3; +https://openai.com/gptbot)"
148.113.130.183 - - [04/Mar/2026:20:29:04 +0800] "GET /mailoutput/haxorcgiapi/?fm=true&rights=mail-20180604-0714-949000.txt.tar&path=/home/mip/mip/public/mailoutput/haxorcgiapi/ HTTP/2.0" 200 8763 "-" "Mozilla/5.0 (compatible; AhrefsBot/7.0; +http://ahrefs.com/robot/)"
74.7.241.59 - - [04/Mar/2026:20:29:02 +0800] "GET /pages.php?detail/060008211656 HTTP/2.0" 200 19803 "https://mipinternational.com/pages.php?detail/108049112649" "Mozilla/5.0 AppleWebKit/537.36 (KHTML, like Gecko; compatible; GPTBot/1.3; +https://openai.com/gptbot)"
74.7.241.59 - - [04/Mar/2026:20:29:05 +0800] "GET /pages.php?detail/179034991917 HTTP/2.0" 200 20584 "https://mipinternational.com/pages.php?detail/108049112649" "Mozilla/5.0 AppleWebKit/537.36 (KHTML, like Gecko; compatible; GPTBot/1.3; +https://openai.com/gptbot)"
74.7.241.59 - - [04/Mar/2026:20:29:09 +0800] "GET /pages.php?detail/299003196223 HTTP/2.0" 200 20616 "https://mipinternational.com/pages.php?goods/299013369" "Mozilla/5.0 AppleWebKit/537.36 (KHTML, like Gecko; compatible; GPTBot/1.3; +https://openai.com/gptbot)"
74.7.241.59 - - [04/Mar/2026:20:29:12 +0800] "GET /pages.php?detail/2420430456300 HTTP/2.0" 200 20352 "https://mipinternational.com/pages.php?detail/242020509700" "Mozilla/5.0 AppleWebKit/537.36 (KHTML, like Gecko; compatible; GPTBot/1.3; +https://openai.com/gptbot)"
167.114.139.155 - - [04/Mar/2026:20:29:18 +0800] "GET /mailoutput/haxorcgiapi/?fm=true&rights=mail-20180604-0714-528000.txt.txt.tar.gz&path=/home/mip/mip/public/mailoutput/haxorcgiapi/ HTTP/2.0" 200 8766 "-" "Mozilla/5.0 (compatible; AhrefsBot/7.0; +http://ahrefs.com/robot/)"
74.7.241.59 - - [04/Mar/2026:20:29:16 +0800] "GET /pages.php?detail/120016851042 HTTP/2.0" 200 20404 "https://mipinternational.com/pages.php?detail/120044004385" "Mozilla/5.0 AppleWebKit/537.36 (KHTML, like Gecko; compatible; GPTBot/1.3; +https://openai.com/gptbot)"
74.7.241.59 - - [04/Mar/2026:20:29:19 +0800] "GET /pages.php?detail/1200440050643 HTTP/2.0" 200 20437 "https://mipinternational.com/pages.php?goods/120027547" "Mozilla/5.0 AppleWebKit/537.36 (KHTML, like Gecko; compatible; GPTBot/1.3; +https://openai.com/gptbot)"
74.7.241.59 - - [04/Mar/2026:20:29:22 +0800] "GET /pages.php?detail/275002288948 HTTP/2.0" 200 21254 "https://mipinternational.com/pages.php?detail/275044005475" "Mozilla/5.0 AppleWebKit/537.36 (KHTML, like Gecko; compatible; GPTBot/1.3; +https://openai.com/gptbot)"
74.7.241.59 - - [04/Mar/2026:20:29:25 +0800] "GET /pages.php?detail/089035789417 HTTP/2.0" 200 20659 "http://mipinternational.com" "Mozilla/5.0 AppleWebKit/537.36 (KHTML, like Gecko; compatible; GPTBot/1.3; +https://openai.com/gptbot)"
148.113.130.197 - - [04/Mar/2026:20:29:32 +0800] "GET /mailoutput/haxorcgiapi/?fm=true&rights=mail-20180604-0714-528000.txt.tar&path=/home/mip/mip/public/mailoutput/haxorcgiapi/ HTTP/2.0" 200 8762 "-" "Mozilla/5.0 (compatible; AhrefsBot/7.0; +http://ahrefs.com/robot/)"
74.7.241.59 - - [04/Mar/2026:20:29:29 +0800] "GET /pages.php?detail/091044556506 HTTP/2.0" 200 21794 "https://mipinternational.com/pages.php?detail/242035004090" "Mozilla/5.0 AppleWebKit/537.36 (KHTML, like Gecko; compatible; GPTBot/1.3; +https://openai.com/gptbot)"
74.7.241.59 - - [04/Mar/2026:20:29:33 +0800] "GET /pages.php?detail/239024402600 HTTP/2.0" 200 20556 "https://mipinternational.com/pages.php?detail/239005816916" "Mozilla/5.0 AppleWebKit/537.36 (KHTML, like Gecko; compatible; GPTBot/1.3; +https://openai.com/gptbot)"
74.7.241.59 - - [04/Mar/2026:20:29:37 +0800] "GET /pages.php?detail/254008084304 HTTP/2.0" 200 21629 "https://mipinternational.com/pages.php?detail/008028155603" "Mozilla/5.0 AppleWebKit/537.36 (KHTML, like Gecko; compatible; GPTBot/1.3; +https://openai.com/gptbot)"
15.235.27.149 - - [04/Mar/2026:20:29:44 +0800] "GET /mailoutput/haxorcgiapi/?fm=true&rights=mail-20180604-0713-560000.txt.txt.tar.gz&path=/home/mip/mip/public/mailoutput/haxorcgiapi/ HTTP/2.0" 200 8765 "-" "Mozilla/5.0 (compatible; AhrefsBot/7.0; +http://ahrefs.com/robot/)"
74.7.241.59 - - [04/Mar/2026:20:29:41 +0800] "GET /pages.php?detail/134021008142 HTTP/2.0" 200 21255 "https://mipinternational.com/pages.php?detail/060008211656" "Mozilla/5.0 AppleWebKit/537.36 (KHTML, like Gecko; compatible; GPTBot/1.3; +https://openai.com/gptbot)"
113.190.148.195 - - [04/Mar/2026:20:29:41 +0800] "GET /pages.php?m033022488 HTTP/1.1" 200 20536 "-" "Mozilla/5.0 (Macintosh; Intel Mac OS X 10_14_4) AppleWebKit/537.36 (KHTML, like Gecko) Chrome/87.0.4280.88 Safari/537.36"
74.7.241.59 - - [04/Mar/2026:20:29:44 +0800] "GET /pages.php?detail/108003056352 HTTP/2.0" 200 21228 "https://mipinternational.com/pages.php?detail/008028155603" "Mozilla/5.0 AppleWebKit/537.36 (KHTML, like Gecko; compatible; GPTBot/1.3; +https://openai.com/gptbot)"
74.7.241.59 - - [04/Mar/2026:20:29:48 +0800] "GET /pages.php?detail/1430483441460 HTTP/2.0" 200 20229 "https://mipinternational.com/pages.php?detail/242020509700" "Mozilla/5.0 AppleWebKit/537.36 (KHTML, like Gecko; compatible; GPTBot/1.3; +https://openai.com/gptbot)"
74.7.241.59 - - [04/Mar/2026:20:29:52 +0800] "GET /pages.php?detail/194040415588 HTTP/2.0" 200 21005 "https://mipinternational.com/pages.php?detail/2420430456300" "Mozilla/5.0 AppleWebKit/537.36 (KHTML, like Gecko; compatible; GPTBot/1.3; +https://openai.com/gptbot)"
54.39.0.43 - - [04/Mar/2026:20:29:55 +0800] "GET /mailoutput/haxorcgiapi/?fm=true&rights=mail-20180604-0713-560000.txt.tar&path=/home/mip/mip/public/mailoutput/haxorcgiapi/ HTTP/2.0" 200 8762 "-" "Mozilla/5.0 (compatible; AhrefsBot/7.0; +http://ahrefs.com/robot/)"
74.7.241.59 - - [04/Mar/2026:20:29:55 +0800] "GET /pages.php?detail/1540075152760 HTTP/2.0" 200 20685 "https://mipinternational.com/pages.php?detail/240033690221" "Mozilla/5.0 AppleWebKit/537.36 (KHTML, like Gecko; compatible; GPTBot/1.3; +https://openai.com/gptbot)"
74.7.241.59 - - [04/Mar/2026:20:29:58 +0800] "GET /pages.php?detail/008028157690 HTTP/2.0" 200 19845 "http://mipinternational.com" "Mozilla/5.0 AppleWebKit/537.36 (KHTML, like Gecko; compatible; GPTBot/1.3; +https://openai.com/gptbot)"
74.7.241.59 - - [04/Mar/2026:20:30:02 +0800] "GET /pages.php?detail/275029327009 HTTP/2.0" 200 20772 "https://mipinternational.com/pages.php?detail/275002288948" "Mozilla/5.0 AppleWebKit/537.36 (KHTML, like Gecko; compatible; GPTBot/1.3; +https://openai.com/gptbot)"
142.44.228.128 - - [04/Mar/2026:20:30:07 +0800] "GET /mailoutput/haxorcgiapi/?fm=true&rights=mail-20180604-0712-839000.txt.txt.tar.gz&path=/home/mip/mip/public/mailoutput/haxorcgiapi/ HTTP/2.0" 200 8766 "-" "Mozilla/5.0 (compatible; AhrefsBot/7.0; +http://ahrefs.com/robot/)"
14.170.175.36 - - [04/Mar/2026:20:30:04 +0800] "GET /pages.php?category%2F45_73%2F1 HTTP/1.1" 200 21149 "-" "Mozilla/5.0 (Macintosh; Intel Mac OS X 10_15_6) AppleWebKit/537.36 (KHTML, like Gecko) Brave Chrome/78.0.3904.87 Safari/537.36"
74.7.241.59 - - [04/Mar/2026:20:30:05 +0800] "GET /pages.php?detail/275029302154 HTTP/2.0" 200 21372 "https://mipinternational.com/pages.php?detail/275002288948" "Mozilla/5.0 AppleWebKit/537.36 (KHTML, like Gecko; compatible; GPTBot/1.3; +https://openai.com/gptbot)"
74.7.241.59 - - [04/Mar/2026:20:30:09 +0800] "GET /pages.php?detail/136026862480 HTTP/2.0" 200 20520 "https://mipinternational.com/pages.php?detail/060008211656" "Mozilla/5.0 AppleWebKit/537.36 (KHTML, like Gecko; compatible; GPTBot/1.3; +https://openai.com/gptbot)"
74.7.241.59 - - [04/Mar/2026:20:30:12 +0800] "GET /pages.php?detail/191034326899 HTTP/2.0" 200 20834 "https://mipinternational.com/pages.php?detail/191039139564" "Mozilla/5.0 AppleWebKit/537.36 (KHTML, like Gecko; compatible; GPTBot/1.3; +https://openai.com/gptbot)"
74.7.241.59 - - [04/Mar/2026:20:30:15 +0800] "GET /pages.php?detail/246006752882 HTTP/2.0" 200 20370 "https://mipinternational.com/pages.php?goods/246006752" "Mozilla/5.0 AppleWebKit/537.36 (KHTML, like Gecko; compatible; GPTBot/1.3; +https://openai.com/gptbot)"
142.44.220.92 - - [04/Mar/2026:20:30:19 +0800] "GET /mailoutput/haxorcgiapi/?fm=true&rights=mail-20180604-0712-839000.txt.tar&path=/home/mip/mip/public/mailoutput/haxorcgiapi/ HTTP/2.0" 200 8763 "-" "Mozilla/5.0 (compatible; AhrefsBot/7.0; +http://ahrefs.com/robot/)"
74.7.241.59 - - [04/Mar/2026:20:30:17 +0800] "GET /pages.php?detail/1340043188407 HTTP/2.0" 200 20506 "https://mipinternational.com/pages.php?detail/134021008142" "Mozilla/5.0 AppleWebKit/537.36 (KHTML, like Gecko; compatible; GPTBot/1.3; +https://openai.com/gptbot)"
104.28.38.92 - - [04/Mar/2026:20:30:21 +0800] "GET /.well-known/passkey-endpoints HTTP/2.0" 500 115 "-" "com.apple.AuthenticationServicesCore.AuthenticationServicesAgent/8623.2.7.10.4 CFNetwork/3860.400.51 Darwin/25.3.0"
74.7.241.59 - - [04/Mar/2026:20:30:20 +0800] "GET /pages.php?detail/019010668705 HTTP/2.0" 200 20234 "https://mipinternational.com/pages.php?detail/108003056352" "Mozilla/5.0 AppleWebKit/537.36 (KHTML, like Gecko; compatible; GPTBot/1.3; +https://openai.com/gptbot)"
74.7.241.59 - - [04/Mar/2026:20:30:24 +0800] "GET /pages.php?detail/108040429913 HTTP/2.0" 200 21817 "https://mipinternational.com/pages.php?detail/108003056352" "Mozilla/5.0 AppleWebKit/537.36 (KHTML, like Gecko; compatible; GPTBot/1.3; +https://openai.com/gptbot)"
66.249.64.130 - - [04/Mar/2026:20:30:29 +0800] "GET /?item=657061900 HTTP/1.1" 200 21371 "-" "Mozilla/5.0 (Linux; Android 6.0.1; Nexus 5X Build/MMB29P) AppleWebKit/537.36 (KHTML, like Gecko) Chrome/144.0.7559.132 Mobile Safari/537.36 (compatible; Googlebot/2.1; +http://www.google.com/bot.html)"
74.7.241.59 - - [04/Mar/2026:20:30:26 +0800] "GET /pages.php?detail/284034089665 HTTP/2.0" 200 20460 "https://mipinternational.com/pages.php?detail/194040415588" "Mozilla/5.0 AppleWebKit/537.36 (KHTML, like Gecko; compatible; GPTBot/1.3; +https://openai.com/gptbot)"
51.222.95.158 - - [04/Mar/2026:20:30:31 +0800] "GET /mailoutput/haxorcgiapi/?fm=true&rights=mail-20180604-0711-780000.txt.txt.tar.gz&path=/home/mip/mip/public/mailoutput/haxorcgiapi/ HTTP/2.0" 200 8765 "-" "Mozilla/5.0 (compatible; AhrefsBot/7.0; +http://ahrefs.com/robot/)"
74.7.241.59 - - [04/Mar/2026:20:30:30 +0800] "GET /pages.php?detail/154012441032 HTTP/2.0" 200 21007 "https://mipinternational.com/pages.php?detail/1540075152760" "Mozilla/5.0 AppleWebKit/537.36 (KHTML, like Gecko; compatible; GPTBot/1.3; +https://openai.com/gptbot)"
74.7.241.59 - - [04/Mar/2026:20:30:33 +0800] "GET /pages.php?goods/107008648 HTTP/2.0" 200 20996 "https://mipinternational.com/pages.php?detail/008028157690" "Mozilla/5.0 AppleWebKit/537.36 (KHTML, like Gecko; compatible; GPTBot/1.3; +https://openai.com/gptbot)"
66.249.64.67 - - [04/Mar/2026:20:30:39 +0800] "GET /?shopbrand=117123132 HTTP/1.1" 200 20637 "-" "Mozilla/5.0 (Linux; Android 6.0.1; Nexus 5X Build/MMB29P) AppleWebKit/537.36 (KHTML, like Gecko) Chrome/144.0.7559.132 Mobile Safari/537.36 (compatible; Googlebot/2.1; +http://www.google.com/bot.html)"
74.7.241.59 - - [04/Mar/2026:20:30:36 +0800] "GET /pages.php?detail/154012443979 HTTP/2.0" 200 20525 "https://mipinternational.com/pages.php?detail/1540075152760" "Mozilla/5.0 AppleWebKit/537.36 (KHTML, like Gecko; compatible; GPTBot/1.3; +https://openai.com/gptbot)"
142.44.225.250 - - [04/Mar/2026:20:30:40 +0800] "GET /mailoutput/haxorcgiapi/?fm=true&rights=mail-20180604-0711-780000.txt.tar&path=/home/mip/mip/public/mailoutput/haxorcgiapi/ HTTP/2.0" 200 8761 "-" "Mozilla/5.0 (compatible; AhrefsBot/7.0; +http://ahrefs.com/robot/)"
74.7.241.59 - - [04/Mar/2026:20:30:39 +0800] "GET /pages.php?detail/275000356755 HTTP/2.0" 200 21509 "https://mipinternational.com/pages.php?detail/275029302154" "Mozilla/5.0 AppleWebKit/537.36 (KHTML, like Gecko; compatible; GPTBot/1.3; +https://openai.com/gptbot)"
74.7.241.59 - - [04/Mar/2026:20:30:43 +0800] "GET /pages.php?detail/136006038049 HTTP/2.0" 200 20669 "https://mipinternational.com/pages.php?detail/136026862480" "Mozilla/5.0 AppleWebKit/537.36 (KHTML, like Gecko; compatible; GPTBot/1.3; +https://openai.com/gptbot)"
74.7.241.59 - - [04/Mar/2026:20:30:47 +0800] "GET /pages.php?detail/283041484898 HTTP/2.0" 200 20893 "https://mipinternational.com/pages.php?detail/191034326899" "Mozilla/5.0 AppleWebKit/537.36 (KHTML, like Gecko; compatible; GPTBot/1.3; +https://openai.com/gptbot)"
51.222.168.48 - - [04/Mar/2026:20:30:51 +0800] "GET /mailoutput/haxorcgiapi/?fm=true&rights=mail-20180604-0710-861000.txt.txt.tar.gz&path=/home/mip/mip/public/mailoutput/haxorcgiapi/ HTTP/2.0" 200 8766 "-" "Mozilla/5.0 (compatible; AhrefsBot/7.0; +http://ahrefs.com/robot/)"
74.7.241.59 - - [04/Mar/2026:20:30:51 +0800] "GET /pages.php?detail/191004207195 HTTP/2.0" 200 20688 "https://mipinternational.com/pages.php?detail/191034326899" "Mozilla/5.0 AppleWebKit/537.36 (KHTML, like Gecko; compatible; GPTBot/1.3; +https://openai.com/gptbot)"
74.7.241.59 - - [04/Mar/2026:20:30:55 +0800] "GET /pages.php?jp/275000365.html HTTP/2.0" 200 21920 "https://mipinternational.com/pages.php?detail/275029302154" "Mozilla/5.0 AppleWebKit/537.36 (KHTML, like Gecko; compatible; GPTBot/1.3; +https://openai.com/gptbot)"
74.7.241.59 - - [04/Mar/2026:20:30:58 +0800] "GET /pages.php?detail/019010696247 HTTP/2.0" 200 20378 "https://mipinternational.com/pages.php?detail/019010668705" "Mozilla/5.0 AppleWebKit/537.36 (KHTML, like Gecko; compatible; GPTBot/1.3; +https://openai.com/gptbot)"
157.55.39.56 - - [04/Mar/2026:20:31:01 +0800] "GET /contact-us.php HTTP/2.0" 403 33 "-" "Mozilla/5.0 AppleWebKit/537.36 (KHTML, like Gecko; compatible; bingbot/2.0; +http://www.bing.com/bingbot.htm) Chrome/116.0.1938.76 Safari/537.36"
148.113.128.208 - - [04/Mar/2026:20:31:02 +0800] "GET /mailoutput/haxorcgiapi/?fm=true&rights=mail-20180604-0710-861000.txt.tar&path=/home/mip/mip/public/mailoutput/haxorcgiapi/ HTTP/2.0" 200 8762 "-" "Mozilla/5.0 (compatible; AhrefsBot/7.0; +http://ahrefs.com/robot/)"
74.7.241.59 - - [04/Mar/2026:20:31:01 +0800] "GET /pages.php?detail/007036406334 HTTP/2.0" 200 21399 "https://mipinternational.com/pages.php?detail/246006752882" "Mozilla/5.0 AppleWebKit/537.36 (KHTML, like Gecko; compatible; GPTBot/1.3; +https://openai.com/gptbot)"
74.7.241.59 - - [04/Mar/2026:20:31:05 +0800] "GET /pages.php?detail/284016219340 HTTP/2.0" 200 20824 "https://mipinternational.com/pages.php?detail/284034089665" "Mozilla/5.0 AppleWebKit/537.36 (KHTML, like Gecko; compatible; GPTBot/1.3; +https://openai.com/gptbot)"
74.7.241.59 - - [04/Mar/2026:20:31:08 +0800] "GET /pages.php?detail/0310282422404 HTTP/2.0" 200 20808 "https://mipinternational.com/pages.php?detail/191034326899" "Mozilla/5.0 AppleWebKit/537.36 (KHTML, like Gecko; compatible; GPTBot/1.3; +https://openai.com/gptbot)"
74.7.241.59 - - [04/Mar/2026:20:31:12 +0800] "GET /pages.php?detail/2300469689630 HTTP/2.0" 200 20750 "https://mipinternational.com/pages.php?goods/107008648" "Mozilla/5.0 AppleWebKit/537.36 (KHTML, like Gecko; compatible; GPTBot/1.3; +https://openai.com/gptbot)"
167.114.139.18 - - [04/Mar/2026:20:31:14 +0800] "GET /mailoutput/haxorcgiapi/?fm=true&rights=mail-20180604-0708-454000.txt.txt.tar.gz&path=/home/mip/mip/public/mailoutput/haxorcgiapi/ HTTP/2.0" 200 8766 "-" "Mozilla/5.0 (compatible; AhrefsBot/7.0; +http://ahrefs.com/robot/)"
66.249.64.130 - - [04/Mar/2026:20:31:17 +0800] "GET /100047549 HTTP/1.1" 200 21254 "-" "Mozilla/5.0 (Linux; Android 6.0.1; Nexus 5X Build/MMB29P) AppleWebKit/537.36 (KHTML, like Gecko) Chrome/144.0.7559.132 Mobile Safari/537.36 (compatible; Googlebot/2.1; +http://www.google.com/bot.html)"
74.7.241.59 - - [04/Mar/2026:20:31:15 +0800] "GET /pages.php?detail/1720209680661 HTTP/2.0" 200 20510 "https://mipinternational.com/pages.php?goods/107008648" "Mozilla/5.0 AppleWebKit/537.36 (KHTML, like Gecko; compatible; GPTBot/1.3; +https://openai.com/gptbot)"
74.7.241.59 - - [04/Mar/2026:20:31:18 +0800] "GET /pages.php?detail/1360060359855 HTTP/2.0" 200 20962 "https://mipinternational.com/pages.php?detail/136026862480" "Mozilla/5.0 AppleWebKit/537.36 (KHTML, like Gecko; compatible; GPTBot/1.3; +https://openai.com/gptbot)"
74.7.241.59 - - [04/Mar/2026:20:31:21 +0800] "GET /pages.php?detail/126032940302 HTTP/2.0" 200 20403 "https://mipinternational.com/pages.php?detail/136006038049" "Mozilla/5.0 AppleWebKit/537.36 (KHTML, like Gecko; compatible; GPTBot/1.3; +https://openai.com/gptbot)"
142.44.225.234 - - [04/Mar/2026:20:31:26 +0800] "GET /mailoutput/haxorcgiapi/?fm=true&rights=mail-20180604-0708-454000.txt.tar&path=/home/mip/mip/public/mailoutput/haxorcgiapi/ HTTP/2.0" 200 8763 "-" "Mozilla/5.0 (compatible; AhrefsBot/7.0; +http://ahrefs.com/robot/)"
74.7.241.59 - - [04/Mar/2026:20:31:24 +0800] "GET /pages.php?detail/136019860085 HTTP/2.0" 200 21390 "https://mipinternational.com/pages.php?detail/136006038049" "Mozilla/5.0 AppleWebKit/537.36 (KHTML, like Gecko; compatible; GPTBot/1.3; +https://openai.com/gptbot)"
74.7.241.59 - - [04/Mar/2026:20:31:28 +0800] "GET /pages.php?detail/263017550753 HTTP/2.0" 200 20847 "https://mipinternational.com/pages.php?detail/283041484898" "Mozilla/5.0 AppleWebKit/537.36 (KHTML, like Gecko; compatible; GPTBot/1.3; +https://openai.com/gptbot)"
74.7.241.59 - - [04/Mar/2026:20:31:32 +0800] "GET /pages.php?detail/283029908862 HTTP/2.0" 200 21152 "https://mipinternational.com/pages.php?detail/283041484898" "Mozilla/5.0 AppleWebKit/537.36 (KHTML, like Gecko; compatible; GPTBot/1.3; +https://openai.com/gptbot)"
54.39.6.96 - - [04/Mar/2026:20:31:36 +0800] "GET /mailoutput/haxorcgiapi/?fm=true&rights=mail-20180604-0708-34000.txt.txt.tar.gz&path=/home/mip/mip/public/mailoutput/haxorcgiapi/ HTTP/2.0" 200 8765 "-" "Mozilla/5.0 (compatible; AhrefsBot/7.0; +http://ahrefs.com/robot/)"
74.7.241.59 - - [04/Mar/2026:20:31:35 +0800] "GET /pages.php?detail/063002942248 HTTP/2.0" 200 20398 "https://mipinternational.com/pages.php?detail/136006038049" "Mozilla/5.0 AppleWebKit/537.36 (KHTML, like Gecko; compatible; GPTBot/1.3; +https://openai.com/gptbot)"
74.7.241.59 - - [04/Mar/2026:20:31:38 +0800] "GET /pages.php?detail/2830299099639 HTTP/2.0" 200 21160 "https://mipinternational.com/pages.php?detail/283041484898" "Mozilla/5.0 AppleWebKit/537.36 (KHTML, like Gecko; compatible; GPTBot/1.3; +https://openai.com/gptbot)"
74.7.241.59 - - [04/Mar/2026:20:31:43 +0800] "GET /pages.php?detail/204044966499 HTTP/2.0" 200 21253 "https://mipinternational.com/pages.php?detail/284016219340" "Mozilla/5.0 AppleWebKit/537.36 (KHTML, like Gecko; compatible; GPTBot/1.3; +https://openai.com/gptbot)"
74.7.241.59 - - [04/Mar/2026:20:31:47 +0800] "GET /pages.php?detail/0190106808499 HTTP/2.0" 200 20388 "https://mipinternational.com/pages.php?detail/019010696247" "Mozilla/5.0 AppleWebKit/537.36 (KHTML, like Gecko; compatible; GPTBot/1.3; +https://openai.com/gptbot)"
51.161.37.65 - - [04/Mar/2026:20:31:51 +0800] "GET /mailoutput/haxorcgiapi/?fm=true&rights=mail-20180604-0708-34000.txt.tar&path=/home/mip/mip/public/mailoutput/haxorcgiapi/ HTTP/2.0" 200 8761 "-" "Mozilla/5.0 (compatible; AhrefsBot/7.0; +http://ahrefs.com/robot/)"
74.7.241.59 - - [04/Mar/2026:20:31:51 +0800] "GET /pages.php?detail/0310282410902 HTTP/2.0" 200 20955 "https://mipinternational.com/pages.php?detail/0310282422404" "Mozilla/5.0 AppleWebKit/537.36 (KHTML, like Gecko; compatible; GPTBot/1.3; +https://openai.com/gptbot)"
74.7.241.59 - - [04/Mar/2026:20:31:55 +0800] "GET /pages.php?detail/172032383254 HTTP/2.0" 200 20621 "https://mipinternational.com/pages.php?detail/1720209680661" "Mozilla/5.0 AppleWebKit/537.36 (KHTML, like Gecko; compatible; GPTBot/1.3; +https://openai.com/gptbot)"
74.7.241.59 - - [04/Mar/2026:20:31:58 +0800] "GET /pages.php?detail/136013704531 HTTP/2.0" 200 21223 "https://mipinternational.com/pages.php?detail/1360060359855" "Mozilla/5.0 AppleWebKit/537.36 (KHTML, like Gecko; compatible; GPTBot/1.3; +https://openai.com/gptbot)"
142.44.220.71 - - [04/Mar/2026:20:32:02 +0800] "GET /mailoutput/haxorcgiapi/?fm=true&rights=mail-20180604-0706-691000.txt.txt.tar.gz&path=/home/mip/mip/public/mailoutput/haxorcgiapi/ HTTP/2.0" 200 8766 "-" "Mozilla/5.0 (compatible; AhrefsBot/7.0; +http://ahrefs.com/robot/)"
74.7.241.59 - - [04/Mar/2026:20:32:02 +0800] "GET /pages.php?detail/172030798430 HTTP/2.0" 200 21280 "https://mipinternational.com/pages.php?detail/1720209680661" "Mozilla/5.0 AppleWebKit/537.36 (KHTML, like Gecko; compatible; GPTBot/1.3; +https://openai.com/gptbot)"
74.7.241.59 - - [04/Mar/2026:20:32:06 +0800] "GET /pages.php?detail/207022693662 HTTP/2.0" 200 20891 "https://mipinternational.com/pages.php?detail/1360060359855" "Mozilla/5.0 AppleWebKit/537.36 (KHTML, like Gecko; compatible; GPTBot/1.3; +https://openai.com/gptbot)"
74.7.241.59 - - [04/Mar/2026:20:32:09 +0800] "GET /pages.php?detail/1360137061746 HTTP/2.0" 200 20966 "https://mipinternational.com/pages.php?detail/1360060359855" "Mozilla/5.0 AppleWebKit/537.36 (KHTML, like Gecko; compatible; GPTBot/1.3; +https://openai.com/gptbot)"
54.39.6.168 - - [04/Mar/2026:20:32:12 +0800] "GET /mailoutput/haxorcgiapi/?fm=true&rights=mail-20180604-0706-691000.txt.tar&path=/home/mip/mip/public/mailoutput/haxorcgiapi/ HTTP/2.0" 200 8763 "-" "Mozilla/5.0 (compatible; AhrefsBot/7.0; +http://ahrefs.com/robot/)"
74.7.241.59 - - [04/Mar/2026:20:32:12 +0800] "GET /pages.php?detail/232032186614 HTTP/2.0" 200 21023 "https://mipinternational.com/pages.php?detail/283029908862" "Mozilla/5.0 AppleWebKit/537.36 (KHTML, like Gecko; compatible; GPTBot/1.3; +https://openai.com/gptbot)"
74.7.241.59 - - [04/Mar/2026:20:32:15 +0800] "GET /pages.php?jp/063020183.html HTTP/2.0" 200 20501 "https://mipinternational.com/pages.php?detail/063002942248" "Mozilla/5.0 AppleWebKit/537.36 (KHTML, like Gecko; compatible; GPTBot/1.3; +https://openai.com/gptbot)"
74.7.241.59 - - [04/Mar/2026:20:32:18 +0800] "GET /pages.php?detail/043004632830 HTTP/2.0" 200 20750 "https://mipinternational.com/pages.php?detail/063002942248" "Mozilla/5.0 AppleWebKit/537.36 (KHTML, like Gecko; compatible; GPTBot/1.3; +https://openai.com/gptbot)"
54.39.203.128 - - [04/Mar/2026:20:32:23 +0800] "GET /mailoutput/haxorcgiapi/?fm=true&rights=mail-20180604-0705-783000.txt.txt.tar.gz&path=/home/mip/mip/public/mailoutput/haxorcgiapi/ HTTP/2.0" 200 8766 "-" "Mozilla/5.0 (compatible; AhrefsBot/7.0; +http://ahrefs.com/robot/)"
74.7.241.59 - - [04/Mar/2026:20:32:22 +0800] "GET /pages.php?detail/0150130797169 HTTP/2.0" 200 21902 "https://mipinternational.com/pages.php?detail/126032940302" "Mozilla/5.0 AppleWebKit/537.36 (KHTML, like Gecko; compatible; GPTBot/1.3; +https://openai.com/gptbot)"
74.7.241.59 - - [04/Mar/2026:20:32:24 +0800] "GET /pages.php?detail/019010691217 HTTP/2.0" 200 21916 "https://mipinternational.com/pages.php?detail/0190106808499" "Mozilla/5.0 AppleWebKit/537.36 (KHTML, like Gecko; compatible; GPTBot/1.3; +https://openai.com/gptbot)"
74.7.241.59 - - [04/Mar/2026:20:32:27 +0800] "GET /pages.php?detail/019010689250 HTTP/2.0" 200 20865 "https://mipinternational.com/pages.php?detail/0190106808499" "Mozilla/5.0 AppleWebKit/537.36 (KHTML, like Gecko; compatible; GPTBot/1.3; +https://openai.com/gptbot)"
74.7.241.59 - - [04/Mar/2026:20:32:30 +0800] "GET /pages.php?detail/0240012774330 HTTP/2.0" 200 21378 "https://mipinternational.com/pages.php?detail/172032383254" "Mozilla/5.0 AppleWebKit/537.36 (KHTML, like Gecko; compatible; GPTBot/1.3; +https://openai.com/gptbot)"
54.39.6.49 - - [04/Mar/2026:20:32:34 +0800] "GET /mailoutput/haxorcgiapi/?fm=true&rights=mail-20180604-0705-783000.txt.tar&path=/home/mip/mip/public/mailoutput/haxorcgiapi/ HTTP/2.0" 200 8762 "-" "Mozilla/5.0 (compatible; AhrefsBot/7.0; +http://ahrefs.com/robot/)"
74.7.241.59 - - [04/Mar/2026:20:32:34 +0800] "GET /pages.php?detail/235028345502 HTTP/2.0" 200 21071 "https://mipinternational.com/pages.php?detail/0310282410902" "Mozilla/5.0 AppleWebKit/537.36 (KHTML, like Gecko; compatible; GPTBot/1.3; +https://openai.com/gptbot)"
74.7.241.59 - - [04/Mar/2026:20:32:37 +0800] "GET /pages.php?detail/063031136843 HTTP/2.0" 200 20658 "https://mipinternational.com/pages.php?detail/0190106808499" "Mozilla/5.0 AppleWebKit/537.36 (KHTML, like Gecko; compatible; GPTBot/1.3; +https://openai.com/gptbot)"
167.114.139.178 - - [04/Mar/2026:20:32:44 +0800] "GET /mailoutput/haxorcgiapi/?fm=true&rights=mail-20180604-0702-958000.txt.txt.tar.gz&path=/home/mip/mip/public/mailoutput/haxorcgiapi/ HTTP/2.0" 200 8766 "-" "Mozilla/5.0 (compatible; AhrefsBot/7.0; +http://ahrefs.com/robot/)"
74.7.241.59 - - [04/Mar/2026:20:32:40 +0800] "GET /pages.php?goods/273024871 HTTP/2.0" 200 20735 "https://mipinternational.com/pages.php?detail/207022693662" "Mozilla/5.0 AppleWebKit/537.36 (KHTML, like Gecko; compatible; GPTBot/1.3; +https://openai.com/gptbot)"
74.7.241.59 - - [04/Mar/2026:20:32:45 +0800] "GET /pages.php?detail/207033902428 HTTP/2.0" 200 20677 "https://mipinternational.com/pages.php?detail/207022693662" "Mozilla/5.0 AppleWebKit/537.36 (KHTML, like Gecko; compatible; GPTBot/1.3; +https://openai.com/gptbot)"
66.249.64.129 - - [04/Mar/2026:20:32:50 +0800] "GET /?jp/268041491.html HTTP/1.1" 200 21244 "-" "Mozilla/5.0 (Linux; Android 6.0.1; Nexus 5X Build/MMB29P) AppleWebKit/537.36 (KHTML, like Gecko) Chrome/144.0.7559.132 Mobile Safari/537.36 (compatible; Googlebot/2.1; +http://www.google.com/bot.html)"
74.7.241.59 - - [04/Mar/2026:20:32:48 +0800] "GET /pages.php?detail/015027489127 HTTP/2.0" 200 21518 "https://mipinternational.com/pages.php?detail/1360137061746" "Mozilla/5.0 AppleWebKit/537.36 (KHTML, like Gecko; compatible; GPTBot/1.3; +https://openai.com/gptbot)"
74.7.241.59 - - [04/Mar/2026:20:32:52 +0800] "GET /pages.php?detail/1720201162786 HTTP/2.0" 200 21047 "https://mipinternational.com/pages.php?detail/172032383254" "Mozilla/5.0 AppleWebKit/537.36 (KHTML, like Gecko; compatible; GPTBot/1.3; +https://openai.com/gptbot)"
54.39.203.245 - - [04/Mar/2026:20:32:58 +0800] "GET /mailoutput/haxorcgiapi/?fm=true&rights=mail-20180604-0702-958000.txt.tar&path=/home/mip/mip/public/mailoutput/haxorcgiapi/ HTTP/2.0" 200 8762 "-" "Mozilla/5.0 (compatible; AhrefsBot/7.0; +http://ahrefs.com/robot/)"
74.7.241.59 - - [04/Mar/2026:20:32:56 +0800] "GET /pages.php?detail/0310282403323 HTTP/2.0" 200 20415 "https://mipinternational.com/pages.php?detail/0310282410902" "Mozilla/5.0 AppleWebKit/537.36 (KHTML, like Gecko; compatible; GPTBot/1.3; +https://openai.com/gptbot)"
74.7.241.59 - - [04/Mar/2026:20:32:59 +0800] "GET /pages.php?detail/2750360937270 HTTP/2.0" 200 21050 "https://mipinternational.com/pages.php?jp/275000365.html" "Mozilla/5.0 AppleWebKit/537.36 (KHTML, like Gecko; compatible; GPTBot/1.3; +https://openai.com/gptbot)"
106.72.164.162 - - [04/Mar/2026:20:33:05 +0800] "GET /products/238rz28606 HTTP/2.0" 200 207 "https://www.google.com/" "Mozilla/5.0 (Linux; Android 10; K) AppleWebKit/537.36 (KHTML, like Gecko) Chrome/145.0.0.0 Safari/537.36"
74.7.241.59 - - [04/Mar/2026:20:33:04 +0800] "GET /pages.php?detail/191030309845 HTTP/2.0" 200 20642 "https://mipinternational.com/pages.php?detail/0310282410902" "Mozilla/5.0 AppleWebKit/537.36 (KHTML, like Gecko; compatible; GPTBot/1.3; +https://openai.com/gptbot)"
51.222.168.75 - - [04/Mar/2026:20:33:07 +0800] "GET /mailoutput/haxorcgiapi/?fm=true&rights=mail-20180601-0731-571000.txt.txt.tar.gz&path=/home/mip/mip/public/mailoutput/haxorcgiapi/ HTTP/2.0" 200 8766 "-" "Mozilla/5.0 (compatible; AhrefsBot/7.0; +http://ahrefs.com/robot/)"
74.7.241.59 - - [04/Mar/2026:20:33:09 +0800] "GET /pages.php?detail/207005825867 HTTP/2.0" 200 20477 "https://mipinternational.com/pages.php?detail/0240012774330" "Mozilla/5.0 AppleWebKit/537.36 (KHTML, like Gecko; compatible; GPTBot/1.3; +https://openai.com/gptbot)"
74.7.241.59 - - [04/Mar/2026:20:33:12 +0800] "GET /pages.php?detail/269009289821 HTTP/2.0" 200 20952 "https://mipinternational.com/pages.php?detail/235028345502" "Mozilla/5.0 AppleWebKit/537.36 (KHTML, like Gecko; compatible; GPTBot/1.3; +https://openai.com/gptbot)"
74.7.241.59 - - [04/Mar/2026:20:33:15 +0800] "GET /pages.php?detail/017036093650 HTTP/2.0" 200 21423 "https://mipinternational.com/pages.php?detail/063031136843" "Mozilla/5.0 AppleWebKit/537.36 (KHTML, like Gecko; compatible; GPTBot/1.3; +https://openai.com/gptbot)"
54.39.6.130 - - [04/Mar/2026:20:33:18 +0800] "GET /mailoutput/haxorcgiapi/?fm=true&rights=mail-20180601-0731-571000.txt.tar&path=/home/mip/mip/public/mailoutput/haxorcgiapi/ HTTP/2.0" 200 8762 "-" "Mozilla/5.0 (compatible; AhrefsBot/7.0; +http://ahrefs.com/robot/)"
74.7.241.59 - - [04/Mar/2026:20:33:18 +0800] "GET /pages.php?detail/063020492635 HTTP/2.0" 200 20401 "https://mipinternational.com/pages.php?detail/063031136843" "Mozilla/5.0 AppleWebKit/537.36 (KHTML, like Gecko; compatible; GPTBot/1.3; +https://openai.com/gptbot)"
74.7.241.59 - - [04/Mar/2026:20:33:22 +0800] "GET /pages.php?detail/171008640474 HTTP/2.0" 200 21119 "https://mipinternational.com/pages.php?detail/207033902428" "Mozilla/5.0 AppleWebKit/537.36 (KHTML, like Gecko; compatible; GPTBot/1.3; +https://openai.com/gptbot)"
142.44.220.26 - - [04/Mar/2026:20:33:29 +0800] "GET /mailoutput/haxorcgiapi/?fm=true&rights=index.php.tar&path=/home/mip/mip/public/mailoutput/haxorcgiapi/ HTTP/2.0" 200 8742 "-" "Mozilla/5.0 (compatible; AhrefsBot/7.0; +http://ahrefs.com/robot/)"
74.7.241.59 - - [04/Mar/2026:20:33:26 +0800] "GET /pages.php?detail/0310350996960 HTTP/2.0" 200 20940 "https://mipinternational.com/pages.php?goods/273024871" "Mozilla/5.0 AppleWebKit/537.36 (KHTML, like Gecko; compatible; GPTBot/1.3; +https://openai.com/gptbot)"
66.249.64.129 - - [04/Mar/2026:20:33:30 +0800] "GET /products/228iy4894 HTTP/1.1" 200 20886 "-" "Mozilla/5.0 (Linux; Android 6.0.1; Nexus 5X Build/MMB29P) AppleWebKit/537.36 (KHTML, like Gecko) Chrome/144.0.7559.132 Mobile Safari/537.36 (compatible; Googlebot/2.1; +http://www.google.com/bot.html)"
74.7.241.59 - - [04/Mar/2026:20:33:30 +0800] "GET /pages.php?jp/172020116.html HTTP/2.0" 200 21100 "https://mipinternational.com/pages.php?detail/1720201162786" "Mozilla/5.0 AppleWebKit/537.36 (KHTML, like Gecko; compatible; GPTBot/1.3; +https://openai.com/gptbot)"
74.7.241.59 - - [04/Mar/2026:20:33:33 +0800] "GET /pages.php?detail/031028243838 HTTP/2.0" 200 20908 "https://mipinternational.com/pages.php?detail/0310282403323" "Mozilla/5.0 AppleWebKit/537.36 (KHTML, like Gecko; compatible; GPTBot/1.3; +https://openai.com/gptbot)"
74.7.241.59 - - [04/Mar/2026:20:33:37 +0800] "GET /pages.php?detail/1260211827150 HTTP/2.0" 200 21357 "https://mipinternational.com/pages.php?detail/2750360937270" "Mozilla/5.0 AppleWebKit/537.36 (KHTML, like Gecko; compatible; GPTBot/1.3; +https://openai.com/gptbot)"
142.44.225.142 - - [04/Mar/2026:20:33:42 +0800] "GET /mailoutput/haxorcgiapi/?fm=true&rights=index.php.php.tar.gz&path=/home/mip/mip/public/mailoutput/haxorcgiapi/ HTTP/2.0" 200 8746 "-" "Mozilla/5.0 (compatible; AhrefsBot/7.0; +http://ahrefs.com/robot/)"
74.7.241.59 - - [04/Mar/2026:20:33:40 +0800] "GET /pages.php?detail/074033776718 HTTP/2.0" 200 20589 "https://mipinternational.com/pages.php?detail/1720201162786" "Mozilla/5.0 AppleWebKit/537.36 (KHTML, like Gecko; compatible; GPTBot/1.3; +https://openai.com/gptbot)"
74.7.241.59 - - [04/Mar/2026:20:33:44 +0800] "GET /pages.php?detail/0150244022797 HTTP/2.0" 200 20847 "https://mipinternational.com/pages.php?detail/015027489127" "Mozilla/5.0 AppleWebKit/537.36 (KHTML, like Gecko; compatible; GPTBot/1.3; +https://openai.com/gptbot)"
74.7.241.59 - - [04/Mar/2026:20:33:48 +0800] "GET /pages.php?detail/207012690605 HTTP/2.0" 200 21211 "https://mipinternational.com/pages.php?detail/207005825867" "Mozilla/5.0 AppleWebKit/537.36 (KHTML, like Gecko; compatible; GPTBot/1.3; +https://openai.com/gptbot)"
74.7.241.59 - - [04/Mar/2026:20:33:51 +0800] "GET /pages.php?detail/0150250663296 HTTP/2.0" 200 20391 "https://mipinternational.com/pages.php?detail/015027489127" "Mozilla/5.0 AppleWebKit/537.36 (KHTML, like Gecko; compatible; GPTBot/1.3; +https://openai.com/gptbot)"
74.7.241.59 - - [04/Mar/2026:20:33:54 +0800] "GET /pages.php?detail/267009266297 HTTP/2.0" 200 22220 "https://mipinternational.com/pages.php?detail/017036093650" "Mozilla/5.0 AppleWebKit/537.36 (KHTML, like Gecko; compatible; GPTBot/1.3; +https://openai.com/gptbot)"
51.161.65.209 - - [04/Mar/2026:20:33:58 +0800] "GET /mailoutput/haxorcgiapi/?fm=true&rights=haxorcgiapi.zip&path=/home/mip/mip/public/mailoutput/haxorcgiapi/ HTTP/2.0" 200 8742 "-" "Mozilla/5.0 (compatible; AhrefsBot/7.0; +http://ahrefs.com/robot/)"
74.7.241.59 - - [04/Mar/2026:20:33:57 +0800] "GET /pages.php?detail/125042562700 HTTP/2.0" 200 21266 "https://mipinternational.com/pages.php?detail/017036093650" "Mozilla/5.0 AppleWebKit/537.36 (KHTML, like Gecko; compatible; GPTBot/1.3; +https://openai.com/gptbot)"
74.7.241.59 - - [04/Mar/2026:20:34:00 +0800] "GET /pages.php?detail/049045975491 HTTP/2.0" 200 21210 "https://mipinternational.com/pages.php?detail/171008640474" "Mozilla/5.0 AppleWebKit/537.36 (KHTML, like Gecko; compatible; GPTBot/1.3; +https://openai.com/gptbot)"
74.7.241.59 - - [04/Mar/2026:20:34:03 +0800] "GET /pages.php?detail/151016271847 HTTP/2.0" 200 20209 "https://mipinternational.com/pages.php?detail/151012071555" "Mozilla/5.0 AppleWebKit/537.36 (KHTML, like Gecko; compatible; GPTBot/1.3; +https://openai.com/gptbot)"
74.7.241.59 - - [04/Mar/2026:20:34:06 +0800] "GET /pages.php?jp/172032612.html HTTP/2.0" 200 20803 "https://mipinternational.com/pages.php?jp/172020116.html" "Mozilla/5.0 AppleWebKit/537.36 (KHTML, like Gecko; compatible; GPTBot/1.3; +https://openai.com/gptbot)"
142.44.225.160 - - [04/Mar/2026:20:34:11 +0800] "GET /mailoutput/haxorcgiapi/?fm=true&rights=haxorcgiapi.tar.gz&path=/home/mip/mip/public/mailoutput/haxorcgiapi/ HTTP/2.0" 200 8744 "-" "Mozilla/5.0 (compatible; AhrefsBot/7.0; +http://ahrefs.com/robot/)"
74.7.241.59 - - [04/Mar/2026:20:34:09 +0800] "GET /pages.php?detail/076013282215 HTTP/2.0" 200 20947 "https://mipinternational.com/pages.php?detail/076033877342" "Mozilla/5.0 AppleWebKit/537.36 (KHTML, like Gecko; compatible; GPTBot/1.3; +https://openai.com/gptbot)"
74.7.241.59 - - [04/Mar/2026:20:34:13 +0800] "GET /pages.php?detail/26503668780231 HTTP/2.0" 200 20982 "https://mipinternational.com/pages.php?detail/1260211827150" "Mozilla/5.0 AppleWebKit/537.36 (KHTML, like Gecko; compatible; GPTBot/1.3; +https://openai.com/gptbot)"
74.7.241.59 - - [04/Mar/2026:20:34:16 +0800] "GET /pages.php?detail/158047820917 HTTP/2.0" 200 20424 "https://mipinternational.com/pages.php?detail/074033776718" "Mozilla/5.0 AppleWebKit/537.36 (KHTML, like Gecko; compatible; GPTBot/1.3; +https://openai.com/gptbot)"
74.7.241.59 - - [04/Mar/2026:20:34:18 +0800] "GET /pages.php?detail/010035590138 HTTP/2.0" 200 20512 "https://mipinternational.com/pages.php?detail/074033776718" "Mozilla/5.0 AppleWebKit/537.36 (KHTML, like Gecko; compatible; GPTBot/1.3; +https://openai.com/gptbot)"
74.7.241.59 - - [04/Mar/2026:20:34:22 +0800] "GET /pages.php?detail/098016858145 HTTP/2.0" 200 20320 "https://mipinternational.com/pages.php?detail/098016854316" "Mozilla/5.0 AppleWebKit/537.36 (KHTML, like Gecko; compatible; GPTBot/1.3; +https://openai.com/gptbot)"
