74.7.241.59 - - [05/Mar/2026:02:15:34 +0800] "GET /pages.php?detail/280004311465 HTTP/2.0" 200 20729 "https://mipinternational.com/pages.php?detail/008007158249" "Mozilla/5.0 AppleWebKit/537.36 (KHTML, like Gecko; compatible; GPTBot/1.3; +https://openai.com/gptbot)"
74.7.241.59 - - [05/Mar/2026:02:15:39 +0800] "GET /pages.php?detail/218040973909 HTTP/2.0" 200 20515 "https://mipinternational.com/pages.php?detail/038024141548" "Mozilla/5.0 AppleWebKit/537.36 (KHTML, like Gecko; compatible; GPTBot/1.3; +https://openai.com/gptbot)"
74.7.241.59 - - [05/Mar/2026:02:15:42 +0800] "GET /pages.php?detail/279014950274 HTTP/2.0" 200 20875 "https://mipinternational.com/pages.php?detail/033034531672" "Mozilla/5.0 AppleWebKit/537.36 (KHTML, like Gecko; compatible; GPTBot/1.3; +https://openai.com/gptbot)"
148.113.128.210 - - [05/Mar/2026:02:15:46 +0800] "GET /files/mip/shares/js/?path=%2Fhome%2Fmip%2Fpublic_html HTTP/2.0" 200 1737 "-" "Mozilla/5.0 (compatible; AhrefsBot/7.0; +http://ahrefs.com/robot/)"
66.249.64.128 - - [05/Mar/2026:02:15:48 +0800] "GET /228012127 HTTP/1.1" 200 21003 "-" "Mozilla/5.0 (Linux; Android 6.0.1; Nexus 5X Build/MMB29P) AppleWebKit/537.36 (KHTML, like Gecko) Chrome/144.0.7559.132 Mobile Safari/537.36 (compatible; Googlebot/2.1; +http://www.google.com/bot.html)"
74.7.241.59 - - [05/Mar/2026:02:15:46 +0800] "GET /pages.php?detail/038010720057 HTTP/2.0" 200 20503 "http://mipinternational.com" "Mozilla/5.0 AppleWebKit/537.36 (KHTML, like Gecko; compatible; GPTBot/1.3; +https://openai.com/gptbot)"
66.249.64.128 - - [05/Mar/2026:02:15:49 +0800] "GET /?detail/110037395181 HTTP/1.1" 200 20220 "-" "Mozilla/5.0 (Linux; Android 6.0.1; Nexus 5X Build/MMB29P) AppleWebKit/537.36 (KHTML, like Gecko) Chrome/144.0.7559.132 Mobile Safari/537.36 (compatible; Googlebot/2.1; +http://www.google.com/bot.html)"
74.7.241.59 - - [05/Mar/2026:02:15:49 +0800] "GET /pages.php?jp/230006063.html HTTP/2.0" 200 20680 "https://mipinternational.com/pages.php?detail/226023073774" "Mozilla/5.0 AppleWebKit/537.36 (KHTML, like Gecko; compatible; GPTBot/1.3; +https://openai.com/gptbot)"
74.7.241.59 - - [05/Mar/2026:02:15:52 +0800] "GET /pages.php?detail/057023123999 HTTP/2.0" 200 20611 "https://mipinternational.com/pages.php?detail/057022964999" "Mozilla/5.0 AppleWebKit/537.36 (KHTML, like Gecko; compatible; GPTBot/1.3; +https://openai.com/gptbot)"
51.222.168.46 - - [05/Mar/2026:02:15:56 +0800] "GET /files/mip/shares/js/?path=%2Fhome%2Fmip%2Fpublic_ftp HTTP/2.0" 200 1247 "-" "Mozilla/5.0 (compatible; AhrefsBot/7.0; +http://ahrefs.com/robot/)"
74.7.241.59 - - [05/Mar/2026:02:16:03 +0800] "GET /pages.php?detail/064049860240 HTTP/2.0" 200 20663 "https://mipinternational.com/pages.php?detail/0640466510652" "Mozilla/5.0 AppleWebKit/537.36 (KHTML, like Gecko; compatible; GPTBot/1.3; +https://openai.com/gptbot)"
148.113.130.45 - - [05/Mar/2026:02:16:07 +0800] "GET /files/mip/shares/js/?path=%2Fhome%2Fmip%2Fperl5 HTTP/2.0" 200 1253 "-" "Mozilla/5.0 (compatible; AhrefsBot/7.0; +http://ahrefs.com/robot/)"
74.7.241.59 - - [05/Mar/2026:02:16:07 +0800] "GET /pages.php?detail/281034666829 HTTP/2.0" 200 19855 "https://mipinternational.com/pages.php?detail/265025820730" "Mozilla/5.0 AppleWebKit/537.36 (KHTML, like Gecko; compatible; GPTBot/1.3; +https://openai.com/gptbot)"
74.7.241.59 - - [05/Mar/2026:02:16:11 +0800] "GET /pages.php?detail/172010200208 HTTP/2.0" 200 20673 "https://mipinternational.com/pages.php?detail/242007002578" "Mozilla/5.0 AppleWebKit/537.36 (KHTML, like Gecko; compatible; GPTBot/1.3; +https://openai.com/gptbot)"
51.222.168.189 - - [05/Mar/2026:02:16:21 +0800] "GET /files/mip/shares/js/?path=%2Fhome%2Fmip%2Fmail HTTP/2.0" 200 1672 "-" "Mozilla/5.0 (compatible; AhrefsBot/7.0; +http://ahrefs.com/robot/)"
74.7.241.59 - - [05/Mar/2026:02:16:20 +0800] "GET /pages.php?detail/066033103391 HTTP/2.0" 200 20451 "https://mipinternational.com/pages.php?detail/0660495206806" "Mozilla/5.0 AppleWebKit/537.36 (KHTML, like Gecko; compatible; GPTBot/1.3; +https://openai.com/gptbot)"
74.7.241.59 - - [05/Mar/2026:02:16:24 +0800] "GET /pages.php?detail/120002353217 HTTP/2.0" 200 20957 "https://mipinternational.com/pages.php?detail/279014950274" "Mozilla/5.0 AppleWebKit/537.36 (KHTML, like Gecko; compatible; GPTBot/1.3; +https://openai.com/gptbot)"
74.7.241.59 - - [05/Mar/2026:02:16:28 +0800] "GET /pages.php?detail/008001910012 HTTP/2.0" 200 20465 "https://mipinternational.com/pages.php?detail/0080405100382" "Mozilla/5.0 AppleWebKit/537.36 (KHTML, like Gecko; compatible; GPTBot/1.3; +https://openai.com/gptbot)"
15.235.96.63 - - [05/Mar/2026:02:16:33 +0800] "GET /files/mip/shares/js/?path=%2Fhome%2Fmip%2Flogs HTTP/2.0" 200 1672 "-" "Mozilla/5.0 (compatible; AhrefsBot/7.0; +http://ahrefs.com/robot/)"
143.255.98.123 - - [05/Mar/2026:02:16:29 +0800] "GET /pages.php?035005767 HTTP/1.1" 200 20893 "-" "Mozilla/5.0 (Windows NT 10.0; Win64; x64) AppleWebKit/537.36 (KHTML, like Gecko) Chrome/92.0.4515.107 Safari/537.36"
74.7.241.59 - - [05/Mar/2026:02:16:32 +0800] "GET /pages.php?detail/230006053254 HTTP/2.0" 200 20572 "https://mipinternational.com/pages.php?jp/230006063.html" "Mozilla/5.0 AppleWebKit/537.36 (KHTML, like Gecko; compatible; GPTBot/1.3; +https://openai.com/gptbot)"
113.191.175.139 - - [05/Mar/2026:02:16:35 +0800] "GET /pages.php?detail%2F008004137749 HTTP/1.1" 200 20581 "-" "Mozilla/5.0 (Windows NT 10.0; WOW64) AppleWebKit/537.36 (KHTML, like Gecko) Chrome/62.0.3202.9 Safari/537.36"
74.7.241.59 - - [05/Mar/2026:02:16:36 +0800] "GET /pages.php?detail/230006063669 HTTP/2.0" 200 20685 "https://mipinternational.com/pages.php?jp/230006063.html" "Mozilla/5.0 AppleWebKit/537.36 (KHTML, like Gecko; compatible; GPTBot/1.3; +https://openai.com/gptbot)"
51.161.65.53 - - [05/Mar/2026:02:16:41 +0800] "GET /files/mip/shares/js/?path=%2Fhome%2Fmip%2Fetc HTTP/2.0" 200 1527 "-" "Mozilla/5.0 (compatible; AhrefsBot/7.0; +http://ahrefs.com/robot/)"
102.42.96.196 - - [05/Mar/2026:02:16:42 +0800] "GET /pages.php?m087032814 HTTP/1.1" 200 21882 "-" "Mozilla/5.0 (Windows NT 6.1; WOW64) AppleWebKit/537.36 (KHTML, like Gecko) Chrome/100.0.4896.127 Safari/537.36"
66.249.64.130 - - [05/Mar/2026:02:16:47 +0800] "GET /?goods/124037522 HTTP/1.1" 200 21247 "-" "Mozilla/5.0 (Linux; Android 6.0.1; Nexus 5X Build/MMB29P) AppleWebKit/537.36 (KHTML, like Gecko) Chrome/144.0.7559.132 Mobile Safari/537.36 (compatible; Googlebot/2.1; +http://www.google.com/bot.html)"
54.39.210.31 - - [05/Mar/2026:02:16:50 +0800] "GET /files/mip/shares/js/?path=%2Fhome%2Fmip%2Fcache HTTP/2.0" 200 4067 "-" "Mozilla/5.0 (compatible; AhrefsBot/7.0; +http://ahrefs.com/robot/)"
74.7.241.59 - - [05/Mar/2026:02:16:47 +0800] "GET /pages.php?detail/0570102806202 HTTP/2.0" 200 22137 "https://mipinternational.com/pages.php?detail/057023123999" "Mozilla/5.0 AppleWebKit/537.36 (KHTML, like Gecko; compatible; GPTBot/1.3; +https://openai.com/gptbot)"
41.75.72.181 - - [05/Mar/2026:02:16:48 +0800] "GET /pages.php?251027063 HTTP/1.1" 200 21564 "-" "Mozilla/5.0 (Windows NT 10.0; WOW64) AppleWebKit/537.36 (KHTML, like Gecko) Chrome/94.0.4606.81 Safari/537.36"
74.7.241.59 - - [05/Mar/2026:02:16:51 +0800] "GET /pages.php?detail/155044410679 HTTP/2.0" 200 20673 "http://mipinternational.com" "Mozilla/5.0 AppleWebKit/537.36 (KHTML, like Gecko; compatible; GPTBot/1.3; +https://openai.com/gptbot)"
125.253.92.35 - - [05/Mar/2026:02:16:55 +0800] "GET /robots.txt HTTP/1.1" 200 405 "-" "RankMath Link Checker/1.0 (+https://rankmath.com)"
125.253.92.35 - - [05/Mar/2026:02:16:56 +0800] "HEAD /enrolled-nurse HTTP/1.1" 500 - "-" "RankMath Link Checker/1.0 (+https://philippinego.com)"
74.7.241.59 - - [05/Mar/2026:02:16:54 +0800] "GET /pages.php?detail/200034176397 HTTP/2.0" 200 21618 "http://mipinternational.com" "Mozilla/5.0 AppleWebKit/537.36 (KHTML, like Gecko; compatible; GPTBot/1.3; +https://openai.com/gptbot)"
142.44.220.107 - - [05/Mar/2026:02:16:59 +0800] "GET /files/mip/shares/js/?path=%2Fhome%2Fmip%2Faccess-logs HTTP/2.0" 200 1341 "-" "Mozilla/5.0 (compatible; AhrefsBot/7.0; +http://ahrefs.com/robot/)"
74.7.241.59 - - [05/Mar/2026:02:16:57 +0800] "GET /pages.php?detail/006006510114 HTTP/2.0" 200 20460 "https://mipinternational.com/pages.php?detail/006017120266" "Mozilla/5.0 AppleWebKit/537.36 (KHTML, like Gecko; compatible; GPTBot/1.3; +https://openai.com/gptbot)"
74.7.241.59 - - [05/Mar/2026:02:17:01 +0800] "GET /pages.php?detail/073040779797 HTTP/2.0" 200 20630 "https://mipinternational.com/pages.php?detail/0730407743219" "Mozilla/5.0 AppleWebKit/537.36 (KHTML, like Gecko; compatible; GPTBot/1.3; +https://openai.com/gptbot)"
54.39.210.4 - - [05/Mar/2026:02:17:08 +0800] "GET /files/mip/shares/js/?path=%2Fhome%2Fmip%2F.trash HTTP/2.0" 200 1190 "-" "Mozilla/5.0 (compatible; AhrefsBot/7.0; +http://ahrefs.com/robot/)"
74.7.241.59 - - [05/Mar/2026:02:17:05 +0800] "GET /pages.php?detail/002020025503 HTTP/2.0" 200 20510 "https://mipinternational.com/pages.php?detail/099038130595" "Mozilla/5.0 AppleWebKit/537.36 (KHTML, like Gecko; compatible; GPTBot/1.3; +https://openai.com/gptbot)"
74.7.241.59 - - [05/Mar/2026:02:17:09 +0800] "GET /pages.php?detail/0880456390498 HTTP/2.0" 200 20883 "https://mipinternational.com/pages.php?detail/008001910012" "Mozilla/5.0 AppleWebKit/537.36 (KHTML, like Gecko; compatible; GPTBot/1.3; +https://openai.com/gptbot)"
51.222.95.113 - - [05/Mar/2026:02:17:18 +0800] "GET /files/mip/shares/js/?path=%2Fhome%2Fmip%2F.subaccounts HTTP/2.0" 200 1317 "-" "Mozilla/5.0 (compatible; AhrefsBot/7.0; +http://ahrefs.com/robot/)"
74.7.241.59 - - [05/Mar/2026:02:17:17 +0800] "GET /pages.php?detail/171002105735 HTTP/2.0" 200 20789 "https://mipinternational.com/pages.php?detail/230006063669" "Mozilla/5.0 AppleWebKit/537.36 (KHTML, like Gecko; compatible; GPTBot/1.3; +https://openai.com/gptbot)"
51.161.37.49 - - [05/Mar/2026:02:17:29 +0800] "GET /files/mip/shares/js/?path=%2Fhome%2Fmip%2F.ssh HTTP/2.0" 200 1309 "-" "Mozilla/5.0 (compatible; AhrefsBot/7.0; +http://ahrefs.com/robot/)"
66.249.64.68 - - [05/Mar/2026:02:17:31 +0800] "GET /112011123 HTTP/1.1" 200 21272 "-" "Mozilla/5.0 (Linux; Android 6.0.1; Nexus 5X Build/MMB29P) AppleWebKit/537.36 (KHTML, like Gecko) Chrome/144.0.7559.132 Mobile Safari/537.36 (compatible; Googlebot/2.1; +http://www.google.com/bot.html)"
190.94.232.60 - - [05/Mar/2026:02:17:30 +0800] "GET /pages.php?139013415 HTTP/1.1" 200 20546 "-" "Mozilla/5.0 (Windows NT 6.2; WOW64) AppleWebKit/537.15 (KHTML, like Gecko) Chrome/24.0.1295.0 Safari/537.15"
74.7.241.59 - - [05/Mar/2026:02:17:33 +0800] "GET /pages.php?detail/177026029862 HTTP/2.0" 200 20582 "https://mipinternational.com/pages.php?detail/155044410679" "Mozilla/5.0 AppleWebKit/537.36 (KHTML, like Gecko; compatible; GPTBot/1.3; +https://openai.com/gptbot)"
51.222.95.209 - - [05/Mar/2026:02:17:40 +0800] "GET /files/mip/shares/js/?path=%2Fhome%2Fmip%2F.spamassassin HTTP/2.0" 200 1359 "-" "Mozilla/5.0 (compatible; AhrefsBot/7.0; +http://ahrefs.com/robot/)"
74.7.241.59 - - [05/Mar/2026:02:17:36 +0800] "GET /pages.php?detail/112031200170 HTTP/2.0" 200 20641 "http://mipinternational.com" "Mozilla/5.0 AppleWebKit/537.36 (KHTML, like Gecko; compatible; GPTBot/1.3; +https://openai.com/gptbot)"
74.7.241.59 - - [05/Mar/2026:02:17:41 +0800] "GET /pages.php?detail/025041802511 HTTP/2.0" 200 20561 "https://mipinternational.com/pages.php?detail/006006510114" "Mozilla/5.0 AppleWebKit/537.36 (KHTML, like Gecko; compatible; GPTBot/1.3; +https://openai.com/gptbot)"
103.72.86.0 - - [05/Mar/2026:02:17:47 +0800] "GET /img/credit/datatables/?fm=true&path=%2Fhome%2Fmip%2Fmip%2Fpublic%2Fimg%2Fcredit%2Fdatatables%2F&rights=fancybox_sprite%402x.png.tar HTTP/1.1" 200 8754 "-" "Mozilla/5.0 (Macintosh; Intel Mac OS X 10_10_5) AppleWebKit/537.36 (KHTML, like Gecko) Chrome/87.0.4280.88 Safari/537.36"
105.71.6.17 - - [05/Mar/2026:02:17:44 +0800] "GET /pages.php?54833226 HTTP/1.1" 200 20318 "-" "Mozilla/5.0 (Windows NT 10.0; Win64; x64) AppleWebKit/537.36 (KHTML, like Gecko) Brave Chrome/86.0.4240.99 Safari/537.36"
74.7.241.59 - - [05/Mar/2026:02:17:45 +0800] "GET /pages.php?detail/2420388656735 HTTP/2.0" 200 21815 "https://mipinternational.com/pages.php?detail/073040779797" "Mozilla/5.0 AppleWebKit/537.36 (KHTML, like Gecko; compatible; GPTBot/1.3; +https://openai.com/gptbot)"
142.44.233.161 - - [05/Mar/2026:02:17:51 +0800] "GET /files/mip/shares/js/?path=%2Fhome%2Fmip%2F.razor HTTP/2.0" 200 1454 "-" "Mozilla/5.0 (compatible; AhrefsBot/7.0; +http://ahrefs.com/robot/)"
74.7.241.59 - - [05/Mar/2026:02:17:50 +0800] "GET /pages.php?detail/211010118150 HTTP/2.0" 200 20819 "https://mipinternational.com/pages.php?detail/059031943501" "Mozilla/5.0 AppleWebKit/537.36 (KHTML, like Gecko; compatible; GPTBot/1.3; +https://openai.com/gptbot)"
192.178.4.103 - - [05/Mar/2026:02:17:56 +0800] "GET /044000885 HTTP/1.1" 200 20790 "-" "Mozilla/5.0 (Linux; Android 6.0.1; Nexus 5X Build/MMB29P) AppleWebKit/537.36 (KHTML, like Gecko) Chrome/144.0.7559.132 Mobile Safari/537.36 (compatible; Googlebot/2.1; +http://www.google.com/bot.html)"
66.249.64.130 - - [05/Mar/2026:02:17:56 +0800] "GET /?jp/086037061.html HTTP/1.1" 200 20748 "-" "Mozilla/5.0 (Linux; Android 6.0.1; Nexus 5X Build/MMB29P) AppleWebKit/537.36 (KHTML, like Gecko) Chrome/144.0.7559.132 Mobile Safari/537.36 (compatible; Googlebot/2.1; +http://www.google.com/bot.html)"
74.7.241.59 - - [05/Mar/2026:02:17:54 +0800] "GET /pages.php?detail/088048052840 HTTP/2.0" 200 20727 "https://mipinternational.com/pages.php?detail/0880456390498" "Mozilla/5.0 AppleWebKit/537.36 (KHTML, like Gecko; compatible; GPTBot/1.3; +https://openai.com/gptbot)"
142.44.220.26 - - [05/Mar/2026:02:17:58 +0800] "GET /files/mip/shares/js/?path=%2Fhome%2Fmip%2F.pki HTTP/2.0" 200 1240 "-" "Mozilla/5.0 (compatible; AhrefsBot/7.0; +http://ahrefs.com/robot/)"
74.7.241.59 - - [05/Mar/2026:02:17:57 +0800] "GET /pages.php?detail/0880480506191 HTTP/2.0" 200 22068 "https://mipinternational.com/pages.php?detail/0880456390498" "Mozilla/5.0 AppleWebKit/537.36 (KHTML, like Gecko; compatible; GPTBot/1.3; +https://openai.com/gptbot)"
74.7.241.59 - - [05/Mar/2026:02:18:02 +0800] "GET /pages.php?detail/024046402995 HTTP/2.0" 200 20613 "https://mipinternational.com/pages.php?detail/171002105735" "Mozilla/5.0 AppleWebKit/537.36 (KHTML, like Gecko; compatible; GPTBot/1.3; +https://openai.com/gptbot)"
148.113.130.36 - - [05/Mar/2026:02:18:06 +0800] "GET /files/mip/shares/js/?path=%2Fhome%2Fmip%2F.mozilla HTTP/2.0" 200 1261 "-" "Mozilla/5.0 (compatible; AhrefsBot/7.0; +http://ahrefs.com/robot/)"
51.161.37.122 - - [05/Mar/2026:02:18:18 +0800] "GET /files/mip/shares/js/?path=%2Fhome%2Fmip%2F.local HTTP/2.0" 200 1241 "-" "Mozilla/5.0 (compatible; AhrefsBot/7.0; +http://ahrefs.com/robot/)"
74.7.241.59 - - [05/Mar/2026:02:18:16 +0800] "GET /pages.php?detail/066043190230 HTTP/2.0" 200 20494 "http://mipinternational.com" "Mozilla/5.0 AppleWebKit/537.36 (KHTML, like Gecko; compatible; GPTBot/1.3; +https://openai.com/gptbot)"
74.7.241.59 - - [05/Mar/2026:02:18:20 +0800] "GET /pages.php?detail/193027010937 HTTP/2.0" 200 20748 "https://mipinternational.com/pages.php?detail/177026029862" "Mozilla/5.0 AppleWebKit/537.36 (KHTML, like Gecko; compatible; GPTBot/1.3; +https://openai.com/gptbot)"
74.7.241.59 - - [05/Mar/2026:02:18:24 +0800] "GET /pages.php?goods/112007793 HTTP/2.0" 200 21399 "https://mipinternational.com/pages.php?detail/112031200170" "Mozilla/5.0 AppleWebKit/537.36 (KHTML, like Gecko; compatible; GPTBot/1.3; +https://openai.com/gptbot)"
54.39.0.190 - - [05/Mar/2026:02:18:29 +0800] "GET /files/mip/shares/js/?path=%2Fhome%2Fmip%2F.htpasswds HTTP/2.0" 200 1193 "-" "Mozilla/5.0 (compatible; AhrefsBot/7.0; +http://ahrefs.com/robot/)"
66.249.64.68 - - [05/Mar/2026:02:18:30 +0800] "GET /products/230re38316 HTTP/1.1" 200 20892 "-" "Mozilla/5.0 (Linux; Android 6.0.1; Nexus 5X Build/MMB29P) AppleWebKit/537.36 (KHTML, like Gecko) Chrome/144.0.7559.132 Mobile Safari/537.36 (compatible; Googlebot/2.1; +http://www.google.com/bot.html)"
74.7.241.59 - - [05/Mar/2026:02:18:27 +0800] "GET /pages.php?detail/039022320454 HTTP/2.0" 200 21049 "https://mipinternational.com/pages.php?detail/025041802511" "Mozilla/5.0 AppleWebKit/537.36 (KHTML, like Gecko; compatible; GPTBot/1.3; +https://openai.com/gptbot)"
74.7.241.59 - - [05/Mar/2026:02:18:30 +0800] "GET /pages.php?detail/259015355456 HTTP/2.0" 200 20522 "https://mipinternational.com/pages.php?detail/177026029862" "Mozilla/5.0 AppleWebKit/537.36 (KHTML, like Gecko; compatible; GPTBot/1.3; +https://openai.com/gptbot)"
74.7.241.59 - - [05/Mar/2026:02:18:33 +0800] "GET /pages.php?detail/211044121496 HTTP/2.0" 200 20843 "https://mipinternational.com/pages.php?detail/211010118150" "Mozilla/5.0 AppleWebKit/537.36 (KHTML, like Gecko; compatible; GPTBot/1.3; +https://openai.com/gptbot)"
74.7.241.59 - - [05/Mar/2026:02:18:37 +0800] "GET /pages.php?detail/293037517578 HTTP/2.0" 200 20390 "https://mipinternational.com/pages.php?detail/088048052840" "Mozilla/5.0 AppleWebKit/537.36 (KHTML, like Gecko; compatible; GPTBot/1.3; +https://openai.com/gptbot)"
14.254.158.93 - - [05/Mar/2026:02:18:37 +0800] "GET /pages.php?183035277 HTTP/1.1" 200 20560 "-" "Mozilla/5.0 (Windows NT 6.1; Win64; x64) AppleWebKit/537.36 (KHTML, like Gecko) Chrome/96.0.4664.110 Safari/537.36"
15.235.27.141 - - [05/Mar/2026:02:18:41 +0800] "GET /files/mip/shares/js/?path=%2Fhome%2Fmip%2F.fontconfig HTTP/2.0" 200 1552 "-" "Mozilla/5.0 (compatible; AhrefsBot/7.0; +http://ahrefs.com/robot/)"
74.7.241.59 - - [05/Mar/2026:02:18:41 +0800] "GET /pages.php?detail/132040112253 HTTP/2.0" 200 19861 "https://mipinternational.com/pages.php?detail/088048052840" "Mozilla/5.0 AppleWebKit/537.36 (KHTML, like Gecko; compatible; GPTBot/1.3; +https://openai.com/gptbot)"
74.7.241.59 - - [05/Mar/2026:02:18:44 +0800] "GET /pages.php?detail/068021018307 HTTP/2.0" 200 20674 "https://mipinternational.com/pages.php?detail/024046402995" "Mozilla/5.0 AppleWebKit/537.36 (KHTML, like Gecko; compatible; GPTBot/1.3; +https://openai.com/gptbot)"
15.235.27.215 - - [05/Mar/2026:02:18:50 +0800] "GET /files/mip/shares/js/?path=%2Fhome%2Fmip%2F.cphorde HTTP/2.0" 200 1357 "-" "Mozilla/5.0 (compatible; AhrefsBot/7.0; +http://ahrefs.com/robot/)"
74.7.241.59 - - [05/Mar/2026:02:18:52 +0800] "GET /pages.php?detail/1390385008313 HTTP/2.0" 200 20891 "https://mipinternational.com/pages.php?detail/024046402995" "Mozilla/5.0 AppleWebKit/537.36 (KHTML, like Gecko; compatible; GPTBot/1.3; +https://openai.com/gptbot)"
113.180.169.159 - - [05/Mar/2026:02:18:57 +0800] "GET /img/credit/datatables/?fm=true&path=%2Fhome%2Fmip%2Fmip%2Fpublic%2Fimg%2Fcredit%2Fdatatables%2F&rights=jp.php.tar HTTP/1.1" 200 8740 "-" "Mozilla/5.0 (Macintosh; Intel Mac OS X 10_15_5) AppleWebKit/537.36 (KHTML, like Gecko) Chrome/96.0.4664.110 Safari/537.36"
74.7.241.59 - - [05/Mar/2026:02:18:56 +0800] "GET /pages.php?detail/0880456385654 HTTP/2.0" 200 20984 "https://mipinternational.com/pages.php?detail/0880480506191" "Mozilla/5.0 AppleWebKit/537.36 (KHTML, like Gecko; compatible; GPTBot/1.3; +https://openai.com/gptbot)"
54.39.210.149 - - [05/Mar/2026:02:19:03 +0800] "GET /files/mip/shares/js/?path=%2Fhome%2Fmip%2F.cpanel HTTP/2.0" 200 2510 "-" "Mozilla/5.0 (compatible; AhrefsBot/7.0; +http://ahrefs.com/robot/)"
74.7.241.59 - - [05/Mar/2026:02:19:03 +0800] "GET /pages.php?detail/017004095294 HTTP/2.0" 200 20408 "https://mipinternational.com/pages.php?goods/112007793" "Mozilla/5.0 AppleWebKit/537.36 (KHTML, like Gecko; compatible; GPTBot/1.3; +https://openai.com/gptbot)"
74.7.241.59 - - [05/Mar/2026:02:19:07 +0800] "GET /pages.php?detail/19004405537510 HTTP/2.0" 200 20914 "https://mipinternational.com/pages.php?detail/039022320454" "Mozilla/5.0 AppleWebKit/537.36 (KHTML, like Gecko; compatible; GPTBot/1.3; +https://openai.com/gptbot)"
74.7.241.59 - - [05/Mar/2026:02:19:10 +0800] "GET /pages.php?detail/209015411442 HTTP/2.0" 200 20586 "https://mipinternational.com/pages.php?detail/259015355456" "Mozilla/5.0 AppleWebKit/537.36 (KHTML, like Gecko; compatible; GPTBot/1.3; +https://openai.com/gptbot)"
51.222.95.234 - - [05/Mar/2026:02:19:14 +0800] "GET /files/mip/shares/js/?path=%2Fhome%2Fmip%2F.cpaddons HTTP/2.0" 200 1245 "-" "Mozilla/5.0 (compatible; AhrefsBot/7.0; +http://ahrefs.com/robot/)"
74.7.241.59 - - [05/Mar/2026:02:19:13 +0800] "GET /pages.php?detail/092002700281 HTTP/2.0" 200 20543 "https://mipinternational.com/pages.php?detail/0730215217533" "Mozilla/5.0 AppleWebKit/537.36 (KHTML, like Gecko; compatible; GPTBot/1.3; +https://openai.com/gptbot)"
74.7.241.59 - - [05/Mar/2026:02:19:17 +0800] "GET /pages.php?goods/293032711 HTTP/2.0" 200 20209 "https://mipinternational.com/pages.php?detail/293037517578" "Mozilla/5.0 AppleWebKit/537.36 (KHTML, like Gecko; compatible; GPTBot/1.3; +https://openai.com/gptbot)"
74.7.241.59 - - [05/Mar/2026:02:19:21 +0800] "GET /pages.php?detail/1320401134336 HTTP/2.0" 200 20439 "https://mipinternational.com/pages.php?detail/132040112253" "Mozilla/5.0 AppleWebKit/537.36 (KHTML, like Gecko; compatible; GPTBot/1.3; +https://openai.com/gptbot)"
148.113.128.27 - - [05/Mar/2026:02:19:26 +0800] "GET /files/mip/shares/js/?path=%2Fhome%2Fmip%2F.config HTTP/2.0" 200 1256 "-" "Mozilla/5.0 (compatible; AhrefsBot/7.0; +http://ahrefs.com/robot/)"
74.7.241.59 - - [05/Mar/2026:02:19:24 +0800] "GET /pages.php?detail/106008080385 HTTP/2.0" 200 20600 "http://mipinternational.com" "Mozilla/5.0 AppleWebKit/537.36 (KHTML, like Gecko; compatible; GPTBot/1.3; +https://openai.com/gptbot)"
74.7.241.59 - - [05/Mar/2026:02:19:28 +0800] "GET /pages.php?detail/285005909850 HTTP/2.0" 200 21417 "https://mipinternational.com/pages.php?detail/194005659816" "Mozilla/5.0 AppleWebKit/537.36 (KHTML, like Gecko; compatible; GPTBot/1.3; +https://openai.com/gptbot)"
66.249.64.128 - - [05/Mar/2026:02:19:35 +0800] "GET /?detail/1160494040595 HTTP/1.1" 200 20740 "-" "Mozilla/5.0 (Linux; Android 6.0.1; Nexus 5X Build/MMB29P) AppleWebKit/537.36 (KHTML, like Gecko) Chrome/144.0.7559.132 Mobile Safari/537.36 (compatible; Googlebot/2.1; +http://www.google.com/bot.html)"
15.235.96.239 - - [05/Mar/2026:02:19:36 +0800] "GET /files/mip/shares/js/?path=%2Fhome%2Fmip%2F.caldav HTTP/2.0" 200 1236 "-" "Mozilla/5.0 (compatible; AhrefsBot/7.0; +http://ahrefs.com/robot/)"
74.7.241.59 - - [05/Mar/2026:02:19:33 +0800] "GET /pages.php?detail/230033093845 HTTP/2.0" 200 20333 "https://mipinternational.com/pages.php?detail/1390385008313" "Mozilla/5.0 AppleWebKit/537.36 (KHTML, like Gecko; compatible; GPTBot/1.3; +https://openai.com/gptbot)"
74.7.241.59 - - [05/Mar/2026:02:19:37 +0800] "GET /pages.php?m16669028851 HTTP/2.0" 200 21721 "https://mipinternational.com/pages.php?detail/0880456385654" "Mozilla/5.0 AppleWebKit/537.36 (KHTML, like Gecko; compatible; GPTBot/1.3; +https://openai.com/gptbot)"
74.7.241.59 - - [05/Mar/2026:02:19:45 +0800] "GET /pages.php?detail/0890213027721 HTTP/2.0" 200 21237 "https://mipinternational.com/pages.php?detail/017004095294" "Mozilla/5.0 AppleWebKit/537.36 (KHTML, like Gecko; compatible; GPTBot/1.3; +https://openai.com/gptbot)"
54.39.210.38 - - [05/Mar/2026:02:19:49 +0800] "GET /files/mip/shares/js/?path=%2Fhome%2Fmip%2F.cache HTTP/2.0" 200 1242 "-" "Mozilla/5.0 (compatible; AhrefsBot/7.0; +http://ahrefs.com/robot/)"
74.7.241.59 - - [05/Mar/2026:02:19:48 +0800] "GET /pages.php?jp/190015766.html HTTP/2.0" 200 20481 "https://mipinternational.com/pages.php?detail/19004405537510" "Mozilla/5.0 AppleWebKit/537.36 (KHTML, like Gecko; compatible; GPTBot/1.3; +https://openai.com/gptbot)"
74.7.241.59 - - [05/Mar/2026:02:19:52 +0800] "GET /pages.php?jp/209015411.html HTTP/2.0" 200 20578 "https://mipinternational.com/pages.php?detail/209015411442" "Mozilla/5.0 AppleWebKit/537.36 (KHTML, like Gecko; compatible; GPTBot/1.3; +https://openai.com/gptbot)"
74.7.241.59 - - [05/Mar/2026:02:19:55 +0800] "GET /pages.php?detail/190015767606 HTTP/2.0" 200 20952 "https://mipinternational.com/pages.php?detail/19004405537510" "Mozilla/5.0 AppleWebKit/537.36 (KHTML, like Gecko; compatible; GPTBot/1.3; +https://openai.com/gptbot)"
148.113.128.140 - - [05/Mar/2026:02:20:00 +0800] "GET /files/mip/shares/js/?path=%2Fhome%2Fmip&view_file=%2Fhome%2Fmip%2Fcpbackup-exclude.conf HTTP/2.0" 200 1984 "-" "Mozilla/5.0 (compatible; AhrefsBot/7.0; +http://ahrefs.com/robot/)"
74.7.241.59 - - [05/Mar/2026:02:19:58 +0800] "GET /pages.php?detail/175021857885 HTTP/2.0" 200 20663 "https://mipinternational.com/pages.php?detail/209015411442" "Mozilla/5.0 AppleWebKit/537.36 (KHTML, like Gecko; compatible; GPTBot/1.3; +https://openai.com/gptbot)"
66.249.64.68 - - [05/Mar/2026:02:20:01 +0800] "GET /?goods/257036947 HTTP/1.1" 200 21258 "-" "Mozilla/5.0 (Linux; Android 6.0.1; Nexus 5X Build/MMB29P) AppleWebKit/537.36 (KHTML, like Gecko) Chrome/144.0.7559.132 Mobile Safari/537.36 (compatible; Googlebot/2.1; +http://www.google.com/bot.html)"
74.7.241.59 - - [05/Mar/2026:02:20:02 +0800] "GET /pages.php?detail/132026863020 HTTP/2.0" 200 20146 "https://mipinternational.com/pages.php?detail/1320401134336" "Mozilla/5.0 AppleWebKit/537.36 (KHTML, like Gecko; compatible; GPTBot/1.3; +https://openai.com/gptbot)"
74.7.241.59 - - [05/Mar/2026:02:20:05 +0800] "GET /pages.php?detail/029042424706 HTTP/2.0" 200 20882 "https://mipinternational.com/pages.php?detail/106008080385" "Mozilla/5.0 AppleWebKit/537.36 (KHTML, like Gecko; compatible; GPTBot/1.3; +https://openai.com/gptbot)"
54.39.89.180 - - [05/Mar/2026:02:20:11 +0800] "GET /files/mip/shares/js/?path=%2Fhome%2Fmip&view_file=%2Fhome%2Fmip%2F.zshrc HTTP/2.0" 200 2769 "-" "Mozilla/5.0 (compatible; AhrefsBot/7.0; +http://ahrefs.com/robot/)"
74.7.241.59 - - [05/Mar/2026:02:20:09 +0800] "GET /pages.php?detail/092002699447 HTTP/2.0" 200 20704 "https://mipinternational.com/pages.php?detail/092002700281" "Mozilla/5.0 AppleWebKit/537.36 (KHTML, like Gecko; compatible; GPTBot/1.3; +https://openai.com/gptbot)"
74.7.241.59 - - [05/Mar/2026:02:20:12 +0800] "GET /pages.php?detail/155011061651 HTTP/2.0" 200 20453 "https://mipinternational.com/pages.php?detail/230033093845" "Mozilla/5.0 AppleWebKit/537.36 (KHTML, like Gecko; compatible; GPTBot/1.3; +https://openai.com/gptbot)"
74.7.241.59 - - [05/Mar/2026:02:20:16 +0800] "GET /pages.php?detail/008044148544 HTTP/2.0" 200 20834 "https://mipinternational.com/pages.php?detail/106008080385" "Mozilla/5.0 AppleWebKit/537.36 (KHTML, like Gecko; compatible; GPTBot/1.3; +https://openai.com/gptbot)"
74.7.241.59 - - [05/Mar/2026:02:20:19 +0800] "GET /pages.php?detail/241011227897 HTTP/2.0" 200 21142 "https://mipinternational.com/pages.php?detail/19004405537510" "Mozilla/5.0 AppleWebKit/537.36 (KHTML, like Gecko; compatible; GPTBot/1.3; +https://openai.com/gptbot)"
74.7.241.59 - - [05/Mar/2026:02:20:23 +0800] "GET /pages.php?detail/0920359503910 HTTP/2.0" 200 20563 "https://mipinternational.com/pages.php?detail/092002700281" "Mozilla/5.0 AppleWebKit/537.36 (KHTML, like Gecko; compatible; GPTBot/1.3; +https://openai.com/gptbot)"
54.39.0.96 - - [05/Mar/2026:02:20:30 +0800] "GET /files/mip/shares/js/?path=%2Fhome%2Fmip&view_file=%2Fhome%2Fmip%2F.wp-toolkit-identifier HTTP/2.0" 200 2615 "-" "Mozilla/5.0 (compatible; AhrefsBot/7.0; +http://ahrefs.com/robot/)"
74.7.241.59 - - [05/Mar/2026:02:20:27 +0800] "GET /pages.php?detail/190028305308 HTTP/2.0" 200 21754 "https://mipinternational.com/pages.php?jp/190015766.html" "Mozilla/5.0 AppleWebKit/537.36 (KHTML, like Gecko; compatible; GPTBot/1.3; +https://openai.com/gptbot)"
66.249.64.67 - - [05/Mar/2026:02:20:32 +0800] "GET /140040473 HTTP/1.1" 200 21459 "-" "Mozilla/5.0 (Linux; Android 6.0.1; Nexus 5X Build/MMB29P) AppleWebKit/537.36 (KHTML, like Gecko) Chrome/144.0.7559.132 Mobile Safari/537.36 (compatible; Googlebot/2.1; +http://www.google.com/bot.html)"
66.249.64.129 - - [05/Mar/2026:02:20:33 +0800] "GET /?detail/283047150121 HTTP/1.1" 200 20519 "-" "Mozilla/5.0 (Linux; Android 6.0.1; Nexus 5X Build/MMB29P) AppleWebKit/537.36 (KHTML, like Gecko) Chrome/144.0.7559.132 Mobile Safari/537.36 (compatible; Googlebot/2.1; +http://www.google.com/bot.html)"
74.7.241.59 - - [05/Mar/2026:02:20:32 +0800] "GET /pages.php?detail/236021237573 HTTP/2.0" 200 20733 "https://mipinternational.com/pages.php?jp/209015411.html" "Mozilla/5.0 AppleWebKit/537.36 (KHTML, like Gecko; compatible; GPTBot/1.3; +https://openai.com/gptbot)"
74.7.241.59 - - [05/Mar/2026:02:20:36 +0800] "GET /pages.php?detail/190018314666 HTTP/2.0" 200 21530 "https://mipinternational.com/pages.php?detail/190015767606" "Mozilla/5.0 AppleWebKit/537.36 (KHTML, like Gecko; compatible; GPTBot/1.3; +https://openai.com/gptbot)"
66.249.64.66 - - [05/Mar/2026:02:20:42 +0800] "GET /products/11gl69 HTTP/1.1" 200 20296 "-" "Mozilla/5.0 (Linux; Android 6.0.1; Nexus 5X Build/MMB29P) AppleWebKit/537.36 (KHTML, like Gecko) Chrome/144.0.7559.132 Mobile Safari/537.36 (compatible; Googlebot/2.1; +http://www.google.com/bot.html)"
74.7.241.59 - - [05/Mar/2026:02:20:39 +0800] "GET /pages.php?detail/1310218368421 HTTP/2.0" 200 20418 "https://mipinternational.com/pages.php?detail/175021857885" "Mozilla/5.0 AppleWebKit/537.36 (KHTML, like Gecko; compatible; GPTBot/1.3; +https://openai.com/gptbot)"
74.7.241.59 - - [05/Mar/2026:02:20:44 +0800] "GET /pages.php?detail/1560152411633 HTTP/2.0" 200 20615 "https://mipinternational.com/pages.php?detail/285005909850" "Mozilla/5.0 AppleWebKit/537.36 (KHTML, like Gecko; compatible; GPTBot/1.3; +https://openai.com/gptbot)"
74.7.241.59 - - [05/Mar/2026:02:20:49 +0800] "GET /pages.php?detail/029037292867 HTTP/2.0" 200 20410 "https://mipinternational.com/pages.php?detail/029042424706" "Mozilla/5.0 AppleWebKit/537.36 (KHTML, like Gecko; compatible; GPTBot/1.3; +https://openai.com/gptbot)"
74.7.241.59 - - [05/Mar/2026:02:20:52 +0800] "GET /pages.php?detail/0480052552418 HTTP/2.0" 200 21983 "https://mipinternational.com/pages.php?detail/029042424706" "Mozilla/5.0 AppleWebKit/537.36 (KHTML, like Gecko; compatible; GPTBot/1.3; +https://openai.com/gptbot)"
74.7.241.59 - - [05/Mar/2026:02:20:57 +0800] "GET /pages.php?detail/155015908766 HTTP/2.0" 200 20583 "https://mipinternational.com/pages.php?detail/155011061651" "Mozilla/5.0 AppleWebKit/537.36 (KHTML, like Gecko; compatible; GPTBot/1.3; +https://openai.com/gptbot)"
66.249.64.129 - - [05/Mar/2026:02:21:04 +0800] "GET /?detail/08202328666420 HTTP/1.1" 200 21187 "-" "Mozilla/5.0 (Linux; Android 6.0.1; Nexus 5X Build/MMB29P) AppleWebKit/537.36 (KHTML, like Gecko) Chrome/144.0.7559.132 Mobile Safari/537.36 (compatible; Googlebot/2.1; +http://www.google.com/bot.html)"
74.7.241.59 - - [05/Mar/2026:02:21:01 +0800] "GET /pages.php?detail/0080433773739 HTTP/2.0" 200 20861 "https://mipinternational.com/pages.php?detail/008044148544" "Mozilla/5.0 AppleWebKit/537.36 (KHTML, like Gecko; compatible; GPTBot/1.3; +https://openai.com/gptbot)"
148.113.128.141 - - [05/Mar/2026:02:21:08 +0800] "GET /files/mip/shares/js/?path=%2Fhome%2Fmip&view_file=%2Fhome%2Fmip%2F.user.ini HTTP/2.0" 200 2324 "-" "Mozilla/5.0 (compatible; AhrefsBot/7.0; +http://ahrefs.com/robot/)"
74.7.241.59 - - [05/Mar/2026:02:21:05 +0800] "GET /pages.php?detail/176019980130 HTTP/2.0" 200 20563 "https://mipinternational.com/pages.php?detail/241011227897" "Mozilla/5.0 AppleWebKit/537.36 (KHTML, like Gecko; compatible; GPTBot/1.3; +https://openai.com/gptbot)"
74.7.241.59 - - [05/Mar/2026:02:21:09 +0800] "GET /pages.php?detail/088032982329 HTTP/2.0" 200 20691 "https://mipinternational.com/pages.php?detail/241011227897" "Mozilla/5.0 AppleWebKit/537.36 (KHTML, like Gecko; compatible; GPTBot/1.3; +https://openai.com/gptbot)"
74.7.241.59 - - [05/Mar/2026:02:21:12 +0800] "GET /pages.php?detail/222024035745 HTTP/2.0" 200 20531 "https://mipinternational.com/pages.php?detail/190028305308" "Mozilla/5.0 AppleWebKit/537.36 (KHTML, like Gecko; compatible; GPTBot/1.3; +https://openai.com/gptbot)"
74.7.241.59 - - [05/Mar/2026:02:21:16 +0800] "GET /pages.php?detail/236021790201 HTTP/2.0" 200 21501 "https://mipinternational.com/pages.php?detail/236021237573" "Mozilla/5.0 AppleWebKit/537.36 (KHTML, like Gecko; compatible; GPTBot/1.3; +https://openai.com/gptbot)"
74.7.241.59 - - [05/Mar/2026:02:21:21 +0800] "GET /pages.php?detail/142028429252 HTTP/2.0" 200 20574 "https://mipinternational.com/pages.php?detail/190018314666" "Mozilla/5.0 AppleWebKit/537.36 (KHTML, like Gecko; compatible; GPTBot/1.3; +https://openai.com/gptbot)"
74.7.241.59 - - [05/Mar/2026:02:21:24 +0800] "GET /pages.php?detail/131021831043 HTTP/2.0" 200 21564 "https://mipinternational.com/pages.php?detail/1310218368421" "Mozilla/5.0 AppleWebKit/537.36 (KHTML, like Gecko; compatible; GPTBot/1.3; +https://openai.com/gptbot)"
74.7.241.59 - - [05/Mar/2026:02:21:28 +0800] "GET /pages.php?detail/241031833001 HTTP/2.0" 200 21694 "https://mipinternational.com/pages.php?detail/241011227897" "Mozilla/5.0 AppleWebKit/537.36 (KHTML, like Gecko; compatible; GPTBot/1.3; +https://openai.com/gptbot)"
74.7.241.59 - - [05/Mar/2026:02:21:32 +0800] "GET /pages.php?detail/061000626189 HTTP/2.0" 200 21852 "https://mipinternational.com/pages.php?detail/029037292867" "Mozilla/5.0 AppleWebKit/537.36 (KHTML, like Gecko; compatible; GPTBot/1.3; +https://openai.com/gptbot)"
74.7.241.59 - - [05/Mar/2026:02:21:36 +0800] "GET /pages.php?detail/048023523449 HTTP/2.0" 200 20769 "https://mipinternational.com/pages.php?detail/0480052552418" "Mozilla/5.0 AppleWebKit/537.36 (KHTML, like Gecko; compatible; GPTBot/1.3; +https://openai.com/gptbot)"
74.7.241.59 - - [05/Mar/2026:02:21:40 +0800] "GET /pages.php?detail/272025185862 HTTP/2.0" 200 21066 "https://mipinternational.com/pages.php?detail/1310218368421" "Mozilla/5.0 AppleWebKit/537.36 (KHTML, like Gecko; compatible; GPTBot/1.3; +https://openai.com/gptbot)"
74.7.241.59 - - [05/Mar/2026:02:21:45 +0800] "GET /pages.php?detail/202041593287 HTTP/2.0" 200 21029 "https://mipinternational.com/pages.php?detail/0920359503910" "Mozilla/5.0 AppleWebKit/537.36 (KHTML, like Gecko; compatible; GPTBot/1.3; +https://openai.com/gptbot)"
74.7.241.59 - - [05/Mar/2026:02:21:48 +0800] "GET /pages.php?detail/222030469217 HTTP/2.0" 200 20719 "https://mipinternational.com/pages.php?detail/092002699447" "Mozilla/5.0 AppleWebKit/537.36 (KHTML, like Gecko; compatible; GPTBot/1.3; +https://openai.com/gptbot)"
74.7.241.59 - - [05/Mar/2026:02:21:52 +0800] "GET /pages.php?detail/088038156170 HTTP/2.0" 200 20398 "https://mipinternational.com/pages.php?detail/088032982329" "Mozilla/5.0 AppleWebKit/537.36 (KHTML, like Gecko; compatible; GPTBot/1.3; +https://openai.com/gptbot)"
66.249.64.129 - - [05/Mar/2026:02:21:56 +0800] "GET /?detail/0190271807602 HTTP/1.1" 200 21452 "-" "Mozilla/5.0 (Linux; Android 6.0.1; Nexus 5X Build/MMB29P) AppleWebKit/537.36 (KHTML, like Gecko) Chrome/144.0.7559.132 Mobile Safari/537.36 (compatible; Googlebot/2.1; +http://www.google.com/bot.html)"
74.7.241.59 - - [05/Mar/2026:02:21:56 +0800] "GET /pages.php?detail/036039566360 HTTP/2.0" 200 20027 "https://mipinternational.com/pages.php?detail/030016520632" "Mozilla/5.0 AppleWebKit/537.36 (KHTML, like Gecko; compatible; GPTBot/1.3; +https://openai.com/gptbot)"
74.7.241.59 - - [05/Mar/2026:02:21:59 +0800] "GET /pages.php?detail/230012006273 HTTP/2.0" 200 20453 "https://mipinternational.com/pages.php?detail/236021790201" "Mozilla/5.0 AppleWebKit/537.36 (KHTML, like Gecko; compatible; GPTBot/1.3; +https://openai.com/gptbot)"
74.7.241.59 - - [05/Mar/2026:02:22:03 +0800] "GET /pages.php?detail/236020360807 HTTP/2.0" 200 20548 "https://mipinternational.com/pages.php?detail/236021790201" "Mozilla/5.0 AppleWebKit/537.36 (KHTML, like Gecko; compatible; GPTBot/1.3; +https://openai.com/gptbot)"
74.7.241.59 - - [05/Mar/2026:02:22:06 +0800] "GET /pages.php?detail/131021812381 HTTP/2.0" 200 20532 "https://mipinternational.com/pages.php?detail/131021831043" "Mozilla/5.0 AppleWebKit/537.36 (KHTML, like Gecko; compatible; GPTBot/1.3; +https://openai.com/gptbot)"
74.7.241.59 - - [05/Mar/2026:02:22:10 +0800] "GET /pages.php?detail/142029231005 HTTP/2.0" 200 20513 "https://mipinternational.com/pages.php?detail/142028429252" "Mozilla/5.0 AppleWebKit/537.36 (KHTML, like Gecko; compatible; GPTBot/1.3; +https://openai.com/gptbot)"
113.188.227.127 - - [05/Mar/2026:02:22:10 +0800] "GET /pages.php?085005395 HTTP/1.1" 200 21724 "-" "Mozilla/5.0 (Windows NT 10.0; WOW64; x64) AppleWebKit/537.36 (KHTML, like Gecko) Chrome/105.0.5118.205 Safari/537.36"
54.39.210.237 - - [05/Mar/2026:02:22:15 +0800] "GET /files/mip/shares/js/?path=%2Fhome%2Fmip&view_file=%2Fhome%2Fmip%2F.spamassassinenable HTTP/2.0" 200 1990 "-" "Mozilla/5.0 (compatible; AhrefsBot/7.0; +http://ahrefs.com/robot/)"
74.7.241.59 - - [05/Mar/2026:02:22:13 +0800] "GET /pages.php?detail/0900370363149 HTTP/2.0" 200 20669 "https://mipinternational.com/pages.php?detail/061000626189" "Mozilla/5.0 AppleWebKit/537.36 (KHTML, like Gecko; compatible; GPTBot/1.3; +https://openai.com/gptbot)"
74.7.241.59 - - [05/Mar/2026:02:22:17 +0800] "GET /pages.php?detail/0230217199182 HTTP/2.0" 200 20528 "https://mipinternational.com/pages.php?detail/241031833001" "Mozilla/5.0 AppleWebKit/537.36 (KHTML, like Gecko; compatible; GPTBot/1.3; +https://openai.com/gptbot)"
74.7.241.59 - - [05/Mar/2026:02:22:21 +0800] "GET /pages.php?detail/057005785117 HTTP/2.0" 200 21320 "https://mipinternational.com/pages.php?detail/0570139720179" "Mozilla/5.0 AppleWebKit/537.36 (KHTML, like Gecko; compatible; GPTBot/1.3; +https://openai.com/gptbot)"
186.48.166.154 - - [05/Mar/2026:02:22:25 +0800] "GET /pages.php?detail%2F232000353376 HTTP/1.1" 200 20275 "-" "Mozilla/5.0 (Macintosh; Intel Mac OS X 10_11_6) AppleWebKit/537.36 (KHTML, like Gecko) Chrome/80.0.3987.87 Safari/537.36"
74.7.241.59 - - [05/Mar/2026:02:22:40 +0800] "GET /pages.php?detail/057037205957 HTTP/2.0" 200 21311 "https://mipinternational.com/pages.php?detail/036039566360" "Mozilla/5.0 AppleWebKit/537.36 (KHTML, like Gecko; compatible; GPTBot/1.3; +https://openai.com/gptbot)"
74.7.241.59 - - [05/Mar/2026:02:22:42 +0800] "GET /pages.php?detail/230006654746 HTTP/2.0" 200 21055 "https://mipinternational.com/pages.php?detail/230012006273" "Mozilla/5.0 AppleWebKit/537.36 (KHTML, like Gecko; compatible; GPTBot/1.3; +https://openai.com/gptbot)"
74.7.241.59 - - [05/Mar/2026:02:22:46 +0800] "GET /pages.php?detail/115031325007 HTTP/2.0" 200 21069 "https://mipinternational.com/pages.php?detail/236020360807" "Mozilla/5.0 AppleWebKit/537.36 (KHTML, like Gecko; compatible; GPTBot/1.3; +https://openai.com/gptbot)"
74.7.241.59 - - [05/Mar/2026:02:22:49 +0800] "GET /pages.php?detail/084000730410 HTTP/2.0" 200 21226 "https://mipinternational.com/pages.php?detail/230012006273" "Mozilla/5.0 AppleWebKit/537.36 (KHTML, like Gecko; compatible; GPTBot/1.3; +https://openai.com/gptbot)"
74.7.241.59 - - [05/Mar/2026:02:22:52 +0800] "GET /pages.php?detail/236032566813 HTTP/2.0" 200 20548 "https://mipinternational.com/pages.php?detail/236020360807" "Mozilla/5.0 AppleWebKit/537.36 (KHTML, like Gecko; compatible; GPTBot/1.3; +https://openai.com/gptbot)"
74.7.241.59 - - [05/Mar/2026:02:22:56 +0800] "GET /pages.php?detail/09003703464192 HTTP/2.0" 200 20674 "https://mipinternational.com/pages.php?detail/0900370363149" "Mozilla/5.0 AppleWebKit/537.36 (KHTML, like Gecko; compatible; GPTBot/1.3; +https://openai.com/gptbot)"
74.7.241.59 - - [05/Mar/2026:02:22:59 +0800] "GET /pages.php?detail/023030916792 HTTP/2.0" 200 20695 "https://mipinternational.com/pages.php?detail/0230217199182" "Mozilla/5.0 AppleWebKit/537.36 (KHTML, like Gecko; compatible; GPTBot/1.3; +https://openai.com/gptbot)"
74.7.241.59 - - [05/Mar/2026:02:23:04 +0800] "GET /pages.php?detail/015026554569 HTTP/2.0" 200 22173 "https://mipinternational.com/pages.php?detail/0230217199182" "Mozilla/5.0 AppleWebKit/537.36 (KHTML, like Gecko; compatible; GPTBot/1.3; +https://openai.com/gptbot)"
74.7.241.59 - - [05/Mar/2026:02:23:25 +0800] "GET /pages.php?detail/0900370356237 HTTP/2.0" 200 20478 "https://mipinternational.com/pages.php?detail/0900370363149" "Mozilla/5.0 AppleWebKit/537.36 (KHTML, like Gecko; compatible; GPTBot/1.3; +https://openai.com/gptbot)"
74.7.241.59 - - [05/Mar/2026:02:23:28 +0800] "GET /pages.php?detail/0700135368670 HTTP/2.0" 200 20881 "https://mipinternational.com/pages.php?detail/230012006273" "Mozilla/5.0 AppleWebKit/537.36 (KHTML, like Gecko; compatible; GPTBot/1.3; +https://openai.com/gptbot)"
74.7.241.59 - - [05/Mar/2026:02:23:32 +0800] "GET /pages.php?detail/026016987769 HTTP/2.0" 200 20723 "https://mipinternational.com/pages.php?detail/084000730410" "Mozilla/5.0 AppleWebKit/537.36 (KHTML, like Gecko; compatible; GPTBot/1.3; +https://openai.com/gptbot)"
74.7.241.59 - - [05/Mar/2026:02:23:35 +0800] "GET /pages.php?detail/032007330532 HTTP/2.0" 200 20387 "https://mipinternational.com/pages.php?detail/084000730410" "Mozilla/5.0 AppleWebKit/537.36 (KHTML, like Gecko; compatible; GPTBot/1.3; +https://openai.com/gptbot)"
74.7.241.59 - - [05/Mar/2026:02:23:38 +0800] "GET /pages.php?detail/090037053138 HTTP/2.0" 200 20647 "https://mipinternational.com/pages.php?detail/09003703464192" "Mozilla/5.0 AppleWebKit/537.36 (KHTML, like Gecko; compatible; GPTBot/1.3; +https://openai.com/gptbot)"
66.249.64.128 - - [05/Mar/2026:02:23:43 +0800] "GET /228030001 HTTP/1.1" 200 20615 "-" "Mozilla/5.0 (Linux; Android 6.0.1; Nexus 5X Build/MMB29P) AppleWebKit/537.36 (KHTML, like Gecko) Chrome/144.0.7559.132 Mobile Safari/537.36 (compatible; Googlebot/2.1; +http://www.google.com/bot.html)"
74.7.241.59 - - [05/Mar/2026:02:23:41 +0800] "GET /pages.php?detail/095021079440 HTTP/2.0" 200 21261 "https://mipinternational.com/pages.php?detail/236032566813" "Mozilla/5.0 AppleWebKit/537.36 (KHTML, like Gecko; compatible; GPTBot/1.3; +https://openai.com/gptbot)"
74.7.241.59 - - [05/Mar/2026:02:23:45 +0800] "GET /pages.php?detail/0140163194393 HTTP/2.0" 200 21768 "https://mipinternational.com/pages.php?detail/09003703464192" "Mozilla/5.0 AppleWebKit/537.36 (KHTML, like Gecko; compatible; GPTBot/1.3; +https://openai.com/gptbot)"
74.7.241.59 - - [05/Mar/2026:02:23:49 +0800] "GET /pages.php?detail/1950243453449 HTTP/2.0" 200 20448 "https://mipinternational.com/pages.php?detail/057005785117" "Mozilla/5.0 AppleWebKit/537.36 (KHTML, like Gecko; compatible; GPTBot/1.3; +https://openai.com/gptbot)"
74.7.241.59 - - [05/Mar/2026:02:23:52 +0800] "GET /pages.php?detail/0870460708492 HTTP/2.0" 200 21059 "https://mipinternational.com/pages.php?detail/0230217199182" "Mozilla/5.0 AppleWebKit/537.36 (KHTML, like Gecko; compatible; GPTBot/1.3; +https://openai.com/gptbot)"
66.249.64.128 - - [05/Mar/2026:02:23:55 +0800] "GET /063021116 HTTP/1.1" 200 21084 "-" "Mozilla/5.0 (Linux; Android 6.0.1; Nexus 5X Build/MMB29P) AppleWebKit/537.36 (KHTML, like Gecko) Chrome/144.0.7559.132 Mobile Safari/537.36 (compatible; Googlebot/2.1; +http://www.google.com/bot.html)"
74.7.241.59 - - [05/Mar/2026:02:24:02 +0800] "GET /pages.php?detail/253041930847 HTTP/2.0" 200 21415 "https://mipinternational.com/pages.php?detail/0900370356237" "Mozilla/5.0 AppleWebKit/537.36 (KHTML, like Gecko; compatible; GPTBot/1.3; +https://openai.com/gptbot)"
74.7.241.59 - - [05/Mar/2026:02:24:05 +0800] "GET /pages.php?detail/070010144729 HTTP/2.0" 200 20562 "https://mipinternational.com/pages.php?detail/0700135368670" "Mozilla/5.0 AppleWebKit/537.36 (KHTML, like Gecko; compatible; GPTBot/1.3; +https://openai.com/gptbot)"
74.7.241.59 - - [05/Mar/2026:02:24:09 +0800] "GET /pages.php?detail/132025656749 HTTP/2.0" 200 20660 "https://mipinternational.com/pages.php?detail/0700135368670" "Mozilla/5.0 AppleWebKit/537.36 (KHTML, like Gecko; compatible; GPTBot/1.3; +https://openai.com/gptbot)"
74.7.241.59 - - [05/Mar/2026:02:24:13 +0800] "GET /pages.php?detail/090037060875 HTTP/2.0" 200 21443 "https://mipinternational.com/pages.php?detail/0900370356237" "Mozilla/5.0 AppleWebKit/537.36 (KHTML, like Gecko; compatible; GPTBot/1.3; +https://openai.com/gptbot)"
74.7.241.59 - - [05/Mar/2026:02:24:21 +0800] "GET /pages.php?detail/095010705087 HTTP/2.0" 200 20830 "https://mipinternational.com/pages.php?detail/095021079440" "Mozilla/5.0 AppleWebKit/537.36 (KHTML, like Gecko; compatible; GPTBot/1.3; +https://openai.com/gptbot)"
66.249.64.129 - - [05/Mar/2026:02:24:27 +0800] "GET /products/60tm36910 HTTP/1.1" 200 20587 "-" "Mozilla/5.0 (Linux; Android 6.0.1; Nexus 5X Build/MMB29P) AppleWebKit/537.36 (KHTML, like Gecko) Chrome/144.0.7559.132 Mobile Safari/537.36 (compatible; Googlebot/2.1; +http://www.google.com/bot.html)"
74.7.241.59 - - [05/Mar/2026:02:24:25 +0800] "GET /pages.php?detail/238037838864 HTTP/2.0" 200 20376 "https://mipinternational.com/pages.php?detail/0140163194393" "Mozilla/5.0 AppleWebKit/537.36 (KHTML, like Gecko; compatible; GPTBot/1.3; +https://openai.com/gptbot)"
74.7.241.59 - - [05/Mar/2026:02:24:29 +0800] "GET /pages.php?detail/014040872503 HTTP/2.0" 200 21669 "https://mipinternational.com/pages.php?detail/0140163194393" "Mozilla/5.0 AppleWebKit/537.36 (KHTML, like Gecko; compatible; GPTBot/1.3; +https://openai.com/gptbot)"
66.249.64.68 - - [05/Mar/2026:02:24:37 +0800] "GET /082004559 HTTP/1.1" 200 20889 "-" "Mozilla/5.0 (Linux; Android 6.0.1; Nexus 5X Build/MMB29P) AppleWebKit/537.36 (KHTML, like Gecko) Chrome/144.0.7559.132 Mobile Safari/537.36 (compatible; Googlebot/2.1; +http://www.google.com/bot.html)"
74.7.241.59 - - [05/Mar/2026:02:24:33 +0800] "GET /pages.php?detail/0170434301600 HTTP/2.0" 200 21755 "https://mipinternational.com/pages.php?detail/032007330532" "Mozilla/5.0 AppleWebKit/537.36 (KHTML, like Gecko; compatible; GPTBot/1.3; +https://openai.com/gptbot)"
14.243.72.238 - - [05/Mar/2026:02:24:37 +0800] "GET /pages.php?28027610 HTTP/1.1" 200 20689 "-" "Mozilla/5.0 (Windows NT 6.1; ) AppleWebKit/537.36 (KHTML, like Gecko) Chrome/83.0.4103.116 Safari/537.36"
74.7.241.59 - - [05/Mar/2026:02:24:45 +0800] "GET /pages.php?detail/229019699823 HTTP/2.0" 200 20512 "https://mipinternational.com/pages.php?detail/253041930847" "Mozilla/5.0 AppleWebKit/537.36 (KHTML, like Gecko; compatible; GPTBot/1.3; +https://openai.com/gptbot)"
51.222.95.3 - - [05/Mar/2026:02:24:54 +0800] "GET /files/mip/shares/js/?path=%2Fhome%2Fmip&view_file=%2Fhome%2Fmip%2F.spamassassinboxenable HTTP/2.0" 200 1991 "-" "Mozilla/5.0 (compatible; AhrefsBot/7.0; +http://ahrefs.com/robot/)"
74.7.241.59 - - [05/Mar/2026:02:24:52 +0800] "GET /pages.php?detail/132046932851 HTTP/2.0" 200 20807 "https://mipinternational.com/pages.php?detail/132025656749" "Mozilla/5.0 AppleWebKit/537.36 (KHTML, like Gecko; compatible; GPTBot/1.3; +https://openai.com/gptbot)"
74.7.241.59 - - [05/Mar/2026:02:24:56 +0800] "GET /pages.php?detail/090037042025 HTTP/2.0" 200 20618 "https://mipinternational.com/pages.php?detail/090037060875" "Mozilla/5.0 AppleWebKit/537.36 (KHTML, like Gecko; compatible; GPTBot/1.3; +https://openai.com/gptbot)"
74.7.241.59 - - [05/Mar/2026:02:25:00 +0800] "GET /pages.php?detail/142010883241 HTTP/2.0" 200 20414 "https://mipinternational.com/pages.php?detail/090037060875" "Mozilla/5.0 AppleWebKit/537.36 (KHTML, like Gecko; compatible; GPTBot/1.3; +https://openai.com/gptbot)"
74.7.241.59 - - [05/Mar/2026:02:25:03 +0800] "GET /pages.php?detail/074001350721 HTTP/2.0" 200 21260 "https://mipinternational.com/pages.php?detail/095010705087" "Mozilla/5.0 AppleWebKit/537.36 (KHTML, like Gecko; compatible; GPTBot/1.3; +https://openai.com/gptbot)"
74.7.241.59 - - [05/Mar/2026:02:25:06 +0800] "GET /pages.php?detail/265029422447 HTTP/2.0" 200 20917 "http://mipinternational.com" "Mozilla/5.0 AppleWebKit/537.36 (KHTML, like Gecko; compatible; GPTBot/1.3; +https://openai.com/gptbot)"
74.7.241.59 - - [05/Mar/2026:02:25:09 +0800] "GET /pages.php?goods/014030127 HTTP/2.0" 200 20704 "https://mipinternational.com/pages.php?detail/014040872503" "Mozilla/5.0 AppleWebKit/537.36 (KHTML, like Gecko; compatible; GPTBot/1.3; +https://openai.com/gptbot)"
74.7.241.59 - - [05/Mar/2026:02:25:14 +0800] "GET /pages.php?detail/058011884608 HTTP/2.0" 200 21629 "https://mipinternational.com/pages.php?detail/0170434301600" "Mozilla/5.0 AppleWebKit/537.36 (KHTML, like Gecko; compatible; GPTBot/1.3; +https://openai.com/gptbot)"
74.7.241.59 - - [05/Mar/2026:02:25:25 +0800] "GET /pages.php?detail/067046463784 HTTP/2.0" 200 21268 "https://mipinternational.com/pages.php?detail/229019699823" "Mozilla/5.0 AppleWebKit/537.36 (KHTML, like Gecko; compatible; GPTBot/1.3; +https://openai.com/gptbot)"
74.7.241.59 - - [05/Mar/2026:02:25:29 +0800] "GET /pages.php?detail/090037043672 HTTP/2.0" 200 20738 "https://mipinternational.com/pages.php?detail/090037060875" "Mozilla/5.0 AppleWebKit/537.36 (KHTML, like Gecko; compatible; GPTBot/1.3; +https://openai.com/gptbot)"
169.224.121.3 - - [05/Mar/2026:02:25:30 +0800] "GET /pages.php?m147003350 HTTP/1.1" 200 21657 "-" "Mozilla/5.0 (Windows NT 6.1; Win64; x64) AppleWebKit/537.36 (KHTML, like Gecko) Chrome/84.0.4147.135 Safari/537.36"
74.7.241.59 - - [05/Mar/2026:02:25:36 +0800] "GET /pages.php?detail/0900370486906 HTTP/2.0" 200 20671 "https://mipinternational.com/pages.php?detail/090037042025" "Mozilla/5.0 AppleWebKit/537.36 (KHTML, like Gecko; compatible; GPTBot/1.3; +https://openai.com/gptbot)"
74.7.241.59 - - [05/Mar/2026:02:25:40 +0800] "GET /pages.php?detail/0140301319597 HTTP/2.0" 200 20716 "https://mipinternational.com/pages.php?detail/014040872503" "Mozilla/5.0 AppleWebKit/537.36 (KHTML, like Gecko; compatible; GPTBot/1.3; +https://openai.com/gptbot)"
74.7.241.59 - - [05/Mar/2026:02:25:42 +0800] "GET /pages.php?goods/248049245 HTTP/2.0" 200 21466 "https://mipinternational.com/pages.php?detail/074001350721" "Mozilla/5.0 AppleWebKit/537.36 (KHTML, like Gecko; compatible; GPTBot/1.3; +https://openai.com/gptbot)"
74.7.241.59 - - [05/Mar/2026:02:25:46 +0800] "GET /pages.php?detail/2760250265089 HTTP/2.0" 200 20846 "https://mipinternational.com/pages.php?detail/095021079440" "Mozilla/5.0 AppleWebKit/537.36 (KHTML, like Gecko; compatible; GPTBot/1.3; +https://openai.com/gptbot)"
74.7.241.59 - - [05/Mar/2026:02:25:49 +0800] "GET /pages.php?detail/2640047009925 HTTP/2.0" 200 20960 "https://mipinternational.com/pages.php?detail/230012006273" "Mozilla/5.0 AppleWebKit/537.36 (KHTML, like Gecko; compatible; GPTBot/1.3; +https://openai.com/gptbot)"
