74.7.241.59 - - [04/Mar/2026:22:29:56 +0800] "GET /pages.php?detail/0090140921508 HTTP/2.0" 200 20252 "https://mipinternational.com/pages.php?detail/009041113075" "Mozilla/5.0 AppleWebKit/537.36 (KHTML, like Gecko; compatible; GPTBot/1.3; +https://openai.com/gptbot)"
74.7.241.59 - - [04/Mar/2026:22:29:59 +0800] "GET /pages.php?detail/225029650773 HTTP/2.0" 200 21255 "https://mipinternational.com/pages.php?detail/275046531112" "Mozilla/5.0 AppleWebKit/537.36 (KHTML, like Gecko; compatible; GPTBot/1.3; +https://openai.com/gptbot)"
51.161.65.247 - - [04/Mar/2026:22:30:04 +0800] "GET /js/images/?path=%2Fhome%2Fmip%2Fmip%2Fvendor%2Fsymfony%2Frouting HTTP/2.0" 200 1715 "-" "Mozilla/5.0 (compatible; AhrefsBot/7.0; +http://ahrefs.com/robot/)"
74.7.241.59 - - [04/Mar/2026:22:30:05 +0800] "GET /pages.php?detail/2650242432044 HTTP/2.0" 200 21636 "https://mipinternational.com/pages.php?detail/265024238248" "Mozilla/5.0 AppleWebKit/537.36 (KHTML, like Gecko; compatible; GPTBot/1.3; +https://openai.com/gptbot)"
74.7.241.59 - - [04/Mar/2026:22:30:09 +0800] "GET /pages.php?detail/2650242464503 HTTP/2.0" 200 21886 "https://mipinternational.com/pages.php?detail/265024238248" "Mozilla/5.0 AppleWebKit/537.36 (KHTML, like Gecko; compatible; GPTBot/1.3; +https://openai.com/gptbot)"
142.44.225.41 - - [04/Mar/2026:22:30:15 +0800] "GET /vendor/jsvalidation/js/?C=N;O=A HTTP/2.0" 200 348 "-" "Mozilla/5.0 (compatible; AhrefsBot/7.0; +http://ahrefs.com/robot/)"
74.7.241.59 - - [04/Mar/2026:22:30:11 +0800] "GET /pages.php?detail/244004134229 HTTP/2.0" 200 21424 "https://mipinternational.com/pages.php?detail/282034058043" "Mozilla/5.0 AppleWebKit/537.36 (KHTML, like Gecko; compatible; GPTBot/1.3; +https://openai.com/gptbot)"
74.7.241.59 - - [04/Mar/2026:22:30:16 +0800] "GET /pages.php?jp/059038496.html HTTP/2.0" 200 21033 "https://mipinternational.com/pages.php?detail/275046531112" "Mozilla/5.0 AppleWebKit/537.36 (KHTML, like Gecko; compatible; GPTBot/1.3; +https://openai.com/gptbot)"
66.249.64.128 - - [04/Mar/2026:22:30:21 +0800] "GET /?goods/146009496 HTTP/1.1" 200 20795 "-" "Mozilla/5.0 (Linux; Android 6.0.1; Nexus 5X Build/MMB29P) AppleWebKit/537.36 (KHTML, like Gecko) Chrome/144.0.7559.132 Mobile Safari/537.36 (compatible; Googlebot/2.1; +http://www.google.com/bot.html)"
74.7.241.59 - - [04/Mar/2026:22:30:20 +0800] "GET /pages.php?detail/201014334272 HTTP/2.0" 200 20491 "https://mipinternational.com/pages.php?detail/201023812530" "Mozilla/5.0 AppleWebKit/537.36 (KHTML, like Gecko; compatible; GPTBot/1.3; +https://openai.com/gptbot)"
142.44.228.110 - - [04/Mar/2026:22:30:25 +0800] "GET /js/images/?path=%2Fhome%2Fmip%2Fmip%2Fvendor%2Fsymfony%2Fpolyfill-intl-idn HTTP/2.0" 200 1501 "-" "Mozilla/5.0 (compatible; AhrefsBot/7.0; +http://ahrefs.com/robot/)"
74.7.241.59 - - [04/Mar/2026:22:30:23 +0800] "GET /pages.php?detail/2750323248375 HTTP/2.0" 200 20373 "https://mipinternational.com/pages.php?detail/275046531112" "Mozilla/5.0 AppleWebKit/537.36 (KHTML, like Gecko; compatible; GPTBot/1.3; +https://openai.com/gptbot)"
66.249.64.66 - - [04/Mar/2026:22:30:27 +0800] "GET /118017967 HTTP/1.1" 200 20578 "-" "Mozilla/5.0 (Linux; Android 6.0.1; Nexus 5X Build/MMB29P) AppleWebKit/537.36 (KHTML, like Gecko) Chrome/144.0.7559.132 Mobile Safari/537.36 (compatible; Googlebot/2.1; +http://www.google.com/bot.html)"
74.7.241.59 - - [04/Mar/2026:22:30:26 +0800] "GET /pages.php?goods/173013982 HTTP/2.0" 200 20431 "https://mipinternational.com/pages.php?detail/173013974910" "Mozilla/5.0 AppleWebKit/537.36 (KHTML, like Gecko; compatible; GPTBot/1.3; +https://openai.com/gptbot)"
74.7.241.59 - - [04/Mar/2026:22:30:29 +0800] "GET /pages.php?jp/173013981.html HTTP/2.0" 200 20586 "https://mipinternational.com/pages.php?detail/173013974910" "Mozilla/5.0 AppleWebKit/537.36 (KHTML, like Gecko; compatible; GPTBot/1.3; +https://openai.com/gptbot)"
66.249.64.129 - - [04/Mar/2026:22:30:31 +0800] "GET /?goods/084009514 HTTP/1.1" 200 21528 "-" "Mozilla/5.0 (Linux; Android 6.0.1; Nexus 5X Build/MMB29P) AppleWebKit/537.36 (KHTML, like Gecko) Chrome/144.0.7559.132 Mobile Safari/537.36 (compatible; Googlebot/2.1; +http://www.google.com/bot.html)"
74.7.241.59 - - [04/Mar/2026:22:30:32 +0800] "GET /pages.php?detail/192018949015 HTTP/2.0" 200 20624 "https://mipinternational.com/pages.php?detail/0090140921508" "Mozilla/5.0 AppleWebKit/537.36 (KHTML, like Gecko; compatible; GPTBot/1.3; +https://openai.com/gptbot)"
15.235.98.186 - - [04/Mar/2026:22:30:36 +0800] "GET /js/images/?path=%2Fhome%2Fmip%2Fmip%2Fvendor%2Fpsr%2Flog HTTP/2.0" 200 1407 "-" "Mozilla/5.0 (compatible; AhrefsBot/7.0; +http://ahrefs.com/robot/)"
74.7.241.59 - - [04/Mar/2026:22:30:35 +0800] "GET /pages.php?detail/0630386370479 HTTP/2.0" 200 20843 "https://mipinternational.com/pages.php?detail/070041849177" "Mozilla/5.0 AppleWebKit/537.36 (KHTML, like Gecko; compatible; GPTBot/1.3; +https://openai.com/gptbot)"
66.249.64.128 - - [04/Mar/2026:22:30:40 +0800] "GET /?goods/031048910 HTTP/1.1" 200 20738 "-" "Mozilla/5.0 (Linux; Android 6.0.1; Nexus 5X Build/MMB29P) AppleWebKit/537.36 (KHTML, like Gecko) Chrome/144.0.7559.132 Mobile Safari/537.36 (compatible; Googlebot/2.1; +http://www.google.com/bot.html)"
66.249.64.128 - - [04/Mar/2026:22:30:41 +0800] "GET /?goods/104010376 HTTP/1.1" 200 21357 "-" "Mozilla/5.0 (Linux; Android 6.0.1; Nexus 5X Build/MMB29P) AppleWebKit/537.36 (KHTML, like Gecko) Chrome/144.0.7559.132 Mobile Safari/537.36 (compatible; Googlebot/2.1; +http://www.google.com/bot.html)"
74.7.241.59 - - [04/Mar/2026:22:30:41 +0800] "GET /pages.php?detail/0950395349185 HTTP/2.0" 200 21450 "https://mipinternational.com/pages.php?detail/2280254020859" "Mozilla/5.0 AppleWebKit/537.36 (KHTML, like Gecko; compatible; GPTBot/1.3; +https://openai.com/gptbot)"
54.39.203.143 - - [04/Mar/2026:22:30:45 +0800] "GET /website/js/old-js/?C=D;O=D HTTP/2.0" 200 402 "-" "Mozilla/5.0 (compatible; AhrefsBot/7.0; +http://ahrefs.com/robot/)"
74.7.241.59 - - [04/Mar/2026:22:30:45 +0800] "GET /pages.php?detail/265025592627 HTTP/2.0" 200 20885 "https://mipinternational.com/pages.php?detail/2650242464503" "Mozilla/5.0 AppleWebKit/537.36 (KHTML, like Gecko; compatible; GPTBot/1.3; +https://openai.com/gptbot)"
74.7.241.59 - - [04/Mar/2026:22:30:47 +0800] "GET /pages.php?detail/265025589282 HTTP/2.0" 200 21696 "https://mipinternational.com/pages.php?detail/2650242464503" "Mozilla/5.0 AppleWebKit/537.36 (KHTML, like Gecko; compatible; GPTBot/1.3; +https://openai.com/gptbot)"
74.7.241.59 - - [04/Mar/2026:22:30:51 +0800] "GET /pages.php?detail/059005711769 HTTP/2.0" 200 21545 "https://mipinternational.com/pages.php?jp/059038496.html" "Mozilla/5.0 AppleWebKit/537.36 (KHTML, like Gecko; compatible; GPTBot/1.3; +https://openai.com/gptbot)"
51.222.168.146 - - [04/Mar/2026:22:30:56 +0800] "GET /vendor/laravel-filemanager/img/?C=D;O=D HTTP/2.0" 200 396 "-" "Mozilla/5.0 (compatible; AhrefsBot/7.0; +http://ahrefs.com/robot/)"
74.7.241.59 - - [04/Mar/2026:22:30:55 +0800] "GET /pages.php?detail/265025593958 HTTP/2.0" 200 20936 "https://mipinternational.com/pages.php?detail/2650242464503" "Mozilla/5.0 AppleWebKit/537.36 (KHTML, like Gecko; compatible; GPTBot/1.3; +https://openai.com/gptbot)"
74.7.241.59 - - [04/Mar/2026:22:30:58 +0800] "GET /pages.php?detail/2010430421519 HTTP/2.0" 200 20763 "https://mipinternational.com/pages.php?detail/201014334272" "Mozilla/5.0 AppleWebKit/537.36 (KHTML, like Gecko; compatible; GPTBot/1.3; +https://openai.com/gptbot)"
74.7.241.59 - - [04/Mar/2026:22:31:01 +0800] "GET /pages.php?detail/097044431729 HTTP/2.0" 200 21218 "http://mipinternational.com" "Mozilla/5.0 AppleWebKit/537.36 (KHTML, like Gecko; compatible; GPTBot/1.3; +https://openai.com/gptbot)"
142.44.233.128 - - [04/Mar/2026:22:31:05 +0800] "GET /vendor/laravel-filemanager/img/?C=M;O=D HTTP/2.0" 200 396 "-" "Mozilla/5.0 (compatible; AhrefsBot/7.0; +http://ahrefs.com/robot/)"
74.7.241.59 - - [04/Mar/2026:22:31:05 +0800] "GET /pages.php?detail/270002966938 HTTP/2.0" 200 21287 "https://mipinternational.com/pages.php?detail/2700199018994" "Mozilla/5.0 AppleWebKit/537.36 (KHTML, like Gecko; compatible; GPTBot/1.3; +https://openai.com/gptbot)"
74.7.241.59 - - [04/Mar/2026:22:31:07 +0800] "GET /pages.php?detail/217039862228 HTTP/2.0" 200 20388 "https://mipinternational.com/pages.php?jp/217035664.html" "Mozilla/5.0 AppleWebKit/537.36 (KHTML, like Gecko; compatible; GPTBot/1.3; +https://openai.com/gptbot)"
74.7.241.59 - - [04/Mar/2026:22:31:10 +0800] "GET /pages.php?detail/024034287407 HTTP/2.0" 200 20985 "https://mipinternational.com/pages.php?detail/0630386370479" "Mozilla/5.0 AppleWebKit/537.36 (KHTML, like Gecko; compatible; GPTBot/1.3; +https://openai.com/gptbot)"
74.7.241.59 - - [04/Mar/2026:22:31:13 +0800] "GET /pages.php?detail/073030085319 HTTP/2.0" 200 20744 "http://mipinternational.com" "Mozilla/5.0 AppleWebKit/537.36 (KHTML, like Gecko; compatible; GPTBot/1.3; +https://openai.com/gptbot)"
66.249.64.128 - - [04/Mar/2026:22:31:18 +0800] "GET /?jp/254007307.html HTTP/1.1" 200 21230 "-" "Mozilla/5.0 (Linux; Android 6.0.1; Nexus 5X Build/MMB29P) AppleWebKit/537.36 (KHTML, like Gecko) Chrome/144.0.7559.132 Mobile Safari/537.36 (compatible; Googlebot/2.1; +http://www.google.com/bot.html)"
142.44.233.31 - - [04/Mar/2026:22:31:19 +0800] "GET /website/js/old-js/?C=M;O=D HTTP/2.0" 200 401 "-" "Mozilla/5.0 (compatible; AhrefsBot/7.0; +http://ahrefs.com/robot/)"
74.7.241.59 - - [04/Mar/2026:22:31:16 +0800] "GET /pages.php?detail/095039535851 HTTP/2.0" 200 20146 "https://mipinternational.com/pages.php?detail/0950395349185" "Mozilla/5.0 AppleWebKit/537.36 (KHTML, like Gecko; compatible; GPTBot/1.3; +https://openai.com/gptbot)"
74.7.241.59 - - [04/Mar/2026:22:31:20 +0800] "GET /pages.php?detail/105011554215 HTTP/2.0" 200 21561 "https://mipinternational.com/pages.php?detail/0950395349185" "Mozilla/5.0 AppleWebKit/537.36 (KHTML, like Gecko; compatible; GPTBot/1.3; +https://openai.com/gptbot)"
51.222.168.242 - - [04/Mar/2026:22:31:27 +0800] "GET /vendor/inputmask/phone-codes/?C=S;O=A HTTP/2.0" 200 351 "-" "Mozilla/5.0 (compatible; AhrefsBot/7.0; +http://ahrefs.com/robot/)"
66.249.64.68 - - [04/Mar/2026:22:31:28 +0800] "GET /products/62gd43508 HTTP/1.1" 200 21678 "-" "Mozilla/5.0 (Linux; Android 6.0.1; Nexus 5X Build/MMB29P) AppleWebKit/537.36 (KHTML, like Gecko) Chrome/144.0.7559.132 Mobile Safari/537.36 (compatible; Googlebot/2.1; +http://www.google.com/bot.html)"
74.7.241.59 - - [04/Mar/2026:22:31:24 +0800] "GET /pages.php?detail/265041555235 HTTP/2.0" 200 21326 "https://mipinternational.com/pages.php?detail/265025589282" "Mozilla/5.0 AppleWebKit/537.36 (KHTML, like Gecko; compatible; GPTBot/1.3; +https://openai.com/gptbot)"
74.7.241.59 - - [04/Mar/2026:22:31:28 +0800] "GET /pages.php?detail/117003252910 HTTP/2.0" 200 20689 "https://mipinternational.com/pages.php?detail/059005711769" "Mozilla/5.0 AppleWebKit/537.36 (KHTML, like Gecko; compatible; GPTBot/1.3; +https://openai.com/gptbot)"
74.7.241.59 - - [04/Mar/2026:22:31:32 +0800] "GET /pages.php?detail/171049809950 HTTP/2.0" 200 20312 "https://mipinternational.com/pages.php?detail/265025589282" "Mozilla/5.0 AppleWebKit/537.36 (KHTML, like Gecko; compatible; GPTBot/1.3; +https://openai.com/gptbot)"
74.7.241.59 - - [04/Mar/2026:22:31:34 +0800] "GET /pages.php?detail/2650118188201 HTTP/2.0" 200 20980 "https://mipinternational.com/pages.php?detail/265025593958" "Mozilla/5.0 AppleWebKit/537.36 (KHTML, like Gecko; compatible; GPTBot/1.3; +https://openai.com/gptbot)"
142.44.233.83 - - [04/Mar/2026:22:31:39 +0800] "GET /vendor/inputmask/phone-codes/?C=M;O=A HTTP/2.0" 200 352 "-" "Mozilla/5.0 (compatible; AhrefsBot/7.0; +http://ahrefs.com/robot/)"
74.7.241.59 - - [04/Mar/2026:22:31:38 +0800] "GET /pages.php?detail/097000800677 HTTP/2.0" 200 20488 "https://mipinternational.com/pages.php?detail/097044431729" "Mozilla/5.0 AppleWebKit/537.36 (KHTML, like Gecko; compatible; GPTBot/1.3; +https://openai.com/gptbot)"
74.7.241.59 - - [04/Mar/2026:22:31:40 +0800] "GET /pages.php?detail/270019910267 HTTP/2.0" 200 22135 "https://mipinternational.com/pages.php?detail/270002966938" "Mozilla/5.0 AppleWebKit/537.36 (KHTML, like Gecko; compatible; GPTBot/1.3; +https://openai.com/gptbot)"
74.7.241.59 - - [04/Mar/2026:22:31:43 +0800] "GET /pages.php?detail/2450282819088 HTTP/2.0" 200 20659 "https://mipinternational.com/pages.php?detail/217039862228" "Mozilla/5.0 AppleWebKit/537.36 (KHTML, like Gecko; compatible; GPTBot/1.3; +https://openai.com/gptbot)"
142.44.228.120 - - [04/Mar/2026:22:31:47 +0800] "GET /vendor/inputmask/phone-codes/?C=D;O=A HTTP/2.0" 200 349 "-" "Mozilla/5.0 (compatible; AhrefsBot/7.0; +http://ahrefs.com/robot/)"
74.7.241.59 - - [04/Mar/2026:22:31:47 +0800] "GET /pages.php?detail/024030242997 HTTP/2.0" 200 21392 "https://mipinternational.com/pages.php?detail/024034287407" "Mozilla/5.0 AppleWebKit/537.36 (KHTML, like Gecko; compatible; GPTBot/1.3; +https://openai.com/gptbot)"
66.249.64.128 - - [04/Mar/2026:22:31:52 +0800] "GET /?goods/300016243 HTTP/1.1" 200 20568 "-" "Mozilla/5.0 (Linux; Android 6.0.1; Nexus 5X Build/MMB29P) AppleWebKit/537.36 (KHTML, like Gecko) Chrome/144.0.7559.132 Mobile Safari/537.36 (compatible; Googlebot/2.1; +http://www.google.com/bot.html)"
74.7.241.59 - - [04/Mar/2026:22:31:51 +0800] "GET /pages.php?detail/153014706012 HTTP/2.0" 200 21295 "https://mipinternational.com/pages.php?detail/073030085319" "Mozilla/5.0 AppleWebKit/537.36 (KHTML, like Gecko; compatible; GPTBot/1.3; +https://openai.com/gptbot)"
54.39.136.87 - - [04/Mar/2026:22:31:57 +0800] "GET /website/fancybox/lib/?C=S;O=A HTTP/2.0" 200 351 "-" "Mozilla/5.0 (compatible; AhrefsBot/7.0; +http://ahrefs.com/robot/)"
74.7.241.59 - - [04/Mar/2026:22:31:54 +0800] "GET /pages.php?jp/039004620.html HTTP/2.0" 200 20327 "https://mipinternational.com/pages.php?detail/095039535851" "Mozilla/5.0 AppleWebKit/537.36 (KHTML, like Gecko; compatible; GPTBot/1.3; +https://openai.com/gptbot)"
66.249.64.128 - - [04/Mar/2026:22:32:01 +0800] "GET /?detail/21703833355933 HTTP/1.1" 200 21485 "-" "Mozilla/5.0 (Linux; Android 6.0.1; Nexus 5X Build/MMB29P) AppleWebKit/537.36 (KHTML, like Gecko) Chrome/144.0.7559.132 Mobile Safari/537.36 (compatible; Googlebot/2.1; +http://www.google.com/bot.html)"
74.7.241.59 - - [04/Mar/2026:22:31:58 +0800] "GET /pages.php?detail/105002572407 HTTP/2.0" 200 21093 "https://mipinternational.com/pages.php?detail/105011554215" "Mozilla/5.0 AppleWebKit/537.36 (KHTML, like Gecko; compatible; GPTBot/1.3; +https://openai.com/gptbot)"
74.7.241.59 - - [04/Mar/2026:22:32:02 +0800] "GET /pages.php?detail/265024843027 HTTP/2.0" 200 21229 "https://mipinternational.com/pages.php?detail/265041555235" "Mozilla/5.0 AppleWebKit/537.36 (KHTML, like Gecko; compatible; GPTBot/1.3; +https://openai.com/gptbot)"
15.235.98.153 - - [04/Mar/2026:22:32:07 +0800] "GET /website/fancybox/lib/?C=M;O=A HTTP/2.0" 200 348 "-" "Mozilla/5.0 (compatible; AhrefsBot/7.0; +http://ahrefs.com/robot/)"
74.7.241.59 - - [04/Mar/2026:22:32:05 +0800] "GET /pages.php?detail/071002118538 HTTP/2.0" 200 20432 "https://mipinternational.com/pages.php?detail/073030085319" "Mozilla/5.0 AppleWebKit/537.36 (KHTML, like Gecko; compatible; GPTBot/1.3; +https://openai.com/gptbot)"
74.7.241.59 - - [04/Mar/2026:22:32:08 +0800] "GET /pages.php?goods/122036383 HTTP/2.0" 200 20982 "https://mipinternational.com/pages.php?detail/171049809950" "Mozilla/5.0 AppleWebKit/537.36 (KHTML, like Gecko; compatible; GPTBot/1.3; +https://openai.com/gptbot)"
74.7.241.59 - - [04/Mar/2026:22:32:11 +0800] "GET /pages.php?detail/006049799652 HTTP/2.0" 200 22047 "https://mipinternational.com/pages.php?detail/171049809950" "Mozilla/5.0 AppleWebKit/537.36 (KHTML, like Gecko; compatible; GPTBot/1.3; +https://openai.com/gptbot)"
54.39.203.96 - - [04/Mar/2026:22:32:16 +0800] "GET /website/fancybox/lib/?C=D;O=A HTTP/2.0" 200 347 "-" "Mozilla/5.0 (compatible; AhrefsBot/7.0; +http://ahrefs.com/robot/)"
74.7.241.59 - - [04/Mar/2026:22:32:14 +0800] "GET /pages.php?detail/097037827989 HTTP/2.0" 200 20791 "https://mipinternational.com/pages.php?detail/097000800677" "Mozilla/5.0 AppleWebKit/537.36 (KHTML, like Gecko; compatible; GPTBot/1.3; +https://openai.com/gptbot)"
74.7.241.59 - - [04/Mar/2026:22:32:17 +0800] "GET /pages.php?detail/2260276811702 HTTP/2.0" 200 20789 "https://mipinternational.com/pages.php?detail/171049809950" "Mozilla/5.0 AppleWebKit/537.36 (KHTML, like Gecko; compatible; GPTBot/1.3; +https://openai.com/gptbot)"
74.7.241.59 - - [04/Mar/2026:22:32:21 +0800] "GET /pages.php?detail/245028360440 HTTP/2.0" 200 21718 "https://mipinternational.com/pages.php?detail/2450282819088" "Mozilla/5.0 AppleWebKit/537.36 (KHTML, like Gecko; compatible; GPTBot/1.3; +https://openai.com/gptbot)"
15.235.96.196 - - [04/Mar/2026:22:32:26 +0800] "GET /website/css/10/?path=%2Fhome%2F HTTP/2.0" 200 254 "-" "Mozilla/5.0 (compatible; AhrefsBot/7.0; +http://ahrefs.com/robot/)"
74.7.241.59 - - [04/Mar/2026:22:32:25 +0800] "GET /pages.php?detail/028015723203 HTTP/2.0" 200 20481 "https://mipinternational.com/pages.php?detail/024030242997" "Mozilla/5.0 AppleWebKit/537.36 (KHTML, like Gecko; compatible; GPTBot/1.3; +https://openai.com/gptbot)"
74.7.241.59 - - [04/Mar/2026:22:32:27 +0800] "GET /pages.php?detail/2450283594554 HTTP/2.0" 200 21650 "https://mipinternational.com/pages.php?detail/2450282819088" "Mozilla/5.0 AppleWebKit/537.36 (KHTML, like Gecko; compatible; GPTBot/1.3; +https://openai.com/gptbot)"
74.7.241.59 - - [04/Mar/2026:22:32:30 +0800] "GET /pages.php?detail/039004619894 HTTP/2.0" 200 20385 "https://mipinternational.com/pages.php?jp/039004620.html" "Mozilla/5.0 AppleWebKit/537.36 (KHTML, like Gecko; compatible; GPTBot/1.3; +https://openai.com/gptbot)"
74.7.241.59 - - [04/Mar/2026:22:32:33 +0800] "GET /pages.php?detail/105008536775 HTTP/2.0" 200 21459 "https://mipinternational.com/pages.php?detail/105002572407" "Mozilla/5.0 AppleWebKit/537.36 (KHTML, like Gecko; compatible; GPTBot/1.3; +https://openai.com/gptbot)"
51.222.168.152 - - [04/Mar/2026:22:32:38 +0800] "GET /js/images/?path=%2Fhome%2Fmip%2Fmip%2Fapp%2FHttp%2FControllers HTTP/2.0" 200 1376 "-" "Mozilla/5.0 (compatible; AhrefsBot/7.0; +http://ahrefs.com/robot/)"
74.7.241.59 - - [04/Mar/2026:22:32:37 +0800] "GET /pages.php?detail/0730331483931 HTTP/2.0" 200 20705 "https://mipinternational.com/pages.php?detail/073030085319" "Mozilla/5.0 AppleWebKit/537.36 (KHTML, like Gecko; compatible; GPTBot/1.3; +https://openai.com/gptbot)"
74.7.241.59 - - [04/Mar/2026:22:32:40 +0800] "GET /pages.php?detail/0420034275909 HTTP/2.0" 200 20591 "https://mipinternational.com/pages.php?detail/265025589282" "Mozilla/5.0 AppleWebKit/537.36 (KHTML, like Gecko; compatible; GPTBot/1.3; +https://openai.com/gptbot)"
15.235.98.176 - - [04/Mar/2026:22:32:46 +0800] "GET /js/images/?path=%2Fhome%2Fmip%2Fmip%2Fpublic%2F.well-known%2Facme-challenge&view_file=%2Fhome%2Fmip%2Fmip%2Fpublic%2F.well-known%2Facme-challenge%2Findex.php HTTP/2.0" 200 1447 "-" "Mozilla/5.0 (compatible; AhrefsBot/7.0; +http://ahrefs.com/robot/)"
74.7.241.59 - - [04/Mar/2026:22:32:44 +0800] "GET /pages.php?detail/039025084558 HTTP/2.0" 200 20667 "https://mipinternational.com/pages.php?goods/122036383" "Mozilla/5.0 AppleWebKit/537.36 (KHTML, like Gecko; compatible; GPTBot/1.3; +https://openai.com/gptbot)"
74.7.241.59 - - [04/Mar/2026:22:32:46 +0800] "GET /pages.php?detail/060005947815 HTTP/2.0" 200 20896 "https://mipinternational.com/pages.php?detail/2650118188201" "Mozilla/5.0 AppleWebKit/537.36 (KHTML, like Gecko; compatible; GPTBot/1.3; +https://openai.com/gptbot)"
74.7.241.59 - - [04/Mar/2026:22:32:49 +0800] "GET /pages.php?detail/0970399447575 HTTP/2.0" 200 20914 "https://mipinternational.com/pages.php?detail/097037827989" "Mozilla/5.0 AppleWebKit/537.36 (KHTML, like Gecko; compatible; GPTBot/1.3; +https://openai.com/gptbot)"
66.249.64.128 - - [04/Mar/2026:22:32:54 +0800] "GET /?goods/031025280 HTTP/1.1" 200 20732 "-" "Mozilla/5.0 (Linux; Android 6.0.1; Nexus 5X Build/MMB29P) AppleWebKit/537.36 (KHTML, like Gecko) Chrome/144.0.7559.132 Mobile Safari/537.36 (compatible; Googlebot/2.1; +http://www.google.com/bot.html)"
74.7.241.59 - - [04/Mar/2026:22:32:52 +0800] "GET /pages.php?detail/297013705109 HTTP/2.0" 200 20788 "https://mipinternational.com/pages.php?detail/2260276811702" "Mozilla/5.0 AppleWebKit/537.36 (KHTML, like Gecko; compatible; GPTBot/1.3; +https://openai.com/gptbot)"
148.113.130.18 - - [04/Mar/2026:22:32:56 +0800] "GET /js/images/?path=%2Fhome%2Fmip%2Fmip%2Fpublic%2F.well-known%2Facme-challenge&view_file=%2Fhome%2Fmip%2Fmip%2Fpublic%2F.well-known%2Facme-challenge%2Ferror_log HTTP/2.0" 200 1747 "-" "Mozilla/5.0 (compatible; AhrefsBot/7.0; +http://ahrefs.com/robot/)"
74.7.241.59 - - [04/Mar/2026:22:32:54 +0800] "GET /pages.php?detail/2570258762476 HTTP/2.0" 200 19959 "https://mipinternational.com/pages.php?detail/2260276811702" "Mozilla/5.0 AppleWebKit/537.36 (KHTML, like Gecko; compatible; GPTBot/1.3; +https://openai.com/gptbot)"
66.249.64.129 - - [04/Mar/2026:22:33:02 +0800] "GET /f303437-kudoyama-ab91017-r HTTP/1.1" 200 21235 "-" "Mozilla/5.0 (Linux; Android 6.0.1; Nexus 5X Build/MMB29P) AppleWebKit/537.36 (KHTML, like Gecko) Chrome/144.0.7559.132 Mobile Safari/537.36 (compatible; Googlebot/2.1; +http://www.google.com/bot.html)"
74.7.241.59 - - [04/Mar/2026:22:33:01 +0800] "GET /pages.php?detail/215013560777 HTTP/2.0" 200 20725 "https://mipinternational.com/pages.php?detail/215036034367" "Mozilla/5.0 AppleWebKit/537.36 (KHTML, like Gecko; compatible; GPTBot/1.3; +https://openai.com/gptbot)"
74.7.241.59 - - [04/Mar/2026:22:33:04 +0800] "GET /pages.php?detail/299010355959 HTTP/2.0" 200 20227 "https://mipinternational.com/pages.php?detail/039004619894" "Mozilla/5.0 AppleWebKit/537.36 (KHTML, like Gecko; compatible; GPTBot/1.3; +https://openai.com/gptbot)"
15.235.27.39 - - [04/Mar/2026:22:33:08 +0800] "GET /js/images/?path=%2Fhome%2Fmip%2Fmip%2Fresources%2Fviews%2Fauth HTTP/2.0" 200 1390 "-" "Mozilla/5.0 (compatible; AhrefsBot/7.0; +http://ahrefs.com/robot/)"
74.7.241.59 - - [04/Mar/2026:22:33:10 +0800] "GET /pages.php?detail/061022643339 HTTP/2.0" 200 20783 "https://mipinternational.com/pages.php?detail/271035410549" "Mozilla/5.0 AppleWebKit/537.36 (KHTML, like Gecko; compatible; GPTBot/1.3; +https://openai.com/gptbot)"
74.7.241.59 - - [04/Mar/2026:22:33:13 +0800] "GET /pages.php?detail/0420062066716 HTTP/2.0" 200 20294 "https://mipinternational.com/pages.php?detail/0420034275909" "Mozilla/5.0 AppleWebKit/537.36 (KHTML, like Gecko; compatible; GPTBot/1.3; +https://openai.com/gptbot)"
54.39.203.248 - - [04/Mar/2026:22:33:18 +0800] "GET /js/images/?path=%2Fhome%2Fmip%2Fmip%2Fapp%2FHttp%2FMiddleware HTTP/2.0" 200 1418 "-" "Mozilla/5.0 (compatible; AhrefsBot/7.0; +http://ahrefs.com/robot/)"
74.7.241.59 - - [04/Mar/2026:22:33:17 +0800] "GET /pages.php?detail/293006940680 HTTP/2.0" 200 21023 "https://mipinternational.com/pages.php?detail/039025084558" "Mozilla/5.0 AppleWebKit/537.36 (KHTML, like Gecko; compatible; GPTBot/1.3; +https://openai.com/gptbot)"
74.7.241.59 - - [04/Mar/2026:22:33:20 +0800] "GET /pages.php?detail/085028777140 HTTP/2.0" 200 21108 "https://mipinternational.com/pages.php?detail/039025084558" "Mozilla/5.0 AppleWebKit/537.36 (KHTML, like Gecko; compatible; GPTBot/1.3; +https://openai.com/gptbot)"
74.7.241.59 - - [04/Mar/2026:22:33:24 +0800] "GET /pages.php?detail/115033004042 HTTP/2.0" 200 20549 "https://mipinternational.com/pages.php?detail/0970399447575" "Mozilla/5.0 AppleWebKit/537.36 (KHTML, like Gecko; compatible; GPTBot/1.3; +https://openai.com/gptbot)"
51.161.37.21 - - [04/Mar/2026:22:33:30 +0800] "GET /files/?C=M;O=A HTTP/2.0" 200 285 "-" "Mozilla/5.0 (compatible; AhrefsBot/7.0; +http://ahrefs.com/robot/)"
74.7.241.59 - - [04/Mar/2026:22:33:28 +0800] "GET /pages.php?goods/297049569 HTTP/2.0" 200 20463 "https://mipinternational.com/pages.php?detail/297013705109" "Mozilla/5.0 AppleWebKit/537.36 (KHTML, like Gecko; compatible; GPTBot/1.3; +https://openai.com/gptbot)"
66.249.64.128 - - [04/Mar/2026:22:33:32 +0800] "GET /?jp/018044553.html HTTP/1.1" 200 21586 "-" "Mozilla/5.0 (Linux; Android 6.0.1; Nexus 5X Build/MMB29P) AppleWebKit/537.36 (KHTML, like Gecko) Chrome/144.0.7559.132 Mobile Safari/537.36 (compatible; Googlebot/2.1; +http://www.google.com/bot.html)"
66.249.64.128 - - [04/Mar/2026:22:33:33 +0800] "GET /?jp/260003782.html HTTP/1.1" 200 20626 "-" "Mozilla/5.0 (Linux; Android 6.0.1; Nexus 5X Build/MMB29P) AppleWebKit/537.36 (KHTML, like Gecko) Chrome/144.0.7559.132 Mobile Safari/537.36 (compatible; Googlebot/2.1; +http://www.google.com/bot.html)"
74.7.241.59 - - [04/Mar/2026:22:33:31 +0800] "GET /pages.php?detail/297049567492 HTTP/2.0" 200 21046 "https://mipinternational.com/pages.php?detail/297013705109" "Mozilla/5.0 AppleWebKit/537.36 (KHTML, like Gecko; compatible; GPTBot/1.3; +https://openai.com/gptbot)"
74.7.241.59 - - [04/Mar/2026:22:33:36 +0800] "GET /pages.php?detail/060028679032 HTTP/2.0" 200 20382 "https://mipinternational.com/pages.php?detail/060005947815" "Mozilla/5.0 AppleWebKit/537.36 (KHTML, like Gecko; compatible; GPTBot/1.3; +https://openai.com/gptbot)"
74.7.241.59 - - [04/Mar/2026:22:33:38 +0800] "GET /pages.php?detail/215013010991 HTTP/2.0" 200 21049 "https://mipinternational.com/pages.php?detail/215013560777" "Mozilla/5.0 AppleWebKit/537.36 (KHTML, like Gecko; compatible; GPTBot/1.3; +https://openai.com/gptbot)"
66.249.64.128 - - [04/Mar/2026:22:33:42 +0800] "GET /?goods/011020411 HTTP/1.1" 200 21323 "-" "Mozilla/5.0 (Linux; Android 6.0.1; Nexus 5X Build/MMB29P) AppleWebKit/537.36 (KHTML, like Gecko) Chrome/144.0.7559.132 Mobile Safari/537.36 (compatible; Googlebot/2.1; +http://www.google.com/bot.html)"
54.39.0.47 - - [04/Mar/2026:22:33:43 +0800] "GET /files/?C=D;O=A HTTP/2.0" 200 283 "-" "Mozilla/5.0 (compatible; AhrefsBot/7.0; +http://ahrefs.com/robot/)"
74.7.241.59 - - [04/Mar/2026:22:33:41 +0800] "GET /pages.php?detail/215013014371 HTTP/2.0" 200 20982 "https://mipinternational.com/pages.php?detail/215013560777" "Mozilla/5.0 AppleWebKit/537.36 (KHTML, like Gecko; compatible; GPTBot/1.3; +https://openai.com/gptbot)"
74.7.241.59 - - [04/Mar/2026:22:33:45 +0800] "GET /pages.php?detail/2970495709914 HTTP/2.0" 200 20448 "https://mipinternational.com/pages.php?detail/297013705109" "Mozilla/5.0 AppleWebKit/537.36 (KHTML, like Gecko; compatible; GPTBot/1.3; +https://openai.com/gptbot)"
74.7.241.59 - - [04/Mar/2026:22:33:48 +0800] "GET /pages.php?detail/061030909430 HTTP/2.0" 200 20571 "https://mipinternational.com/pages.php?detail/061022643339" "Mozilla/5.0 AppleWebKit/537.36 (KHTML, like Gecko; compatible; GPTBot/1.3; +https://openai.com/gptbot)"
66.249.64.128 - - [04/Mar/2026:22:33:51 +0800] "GET /?goods/243038228 HTTP/1.1" 200 20898 "-" "Mozilla/5.0 (Linux; Android 6.0.1; Nexus 5X Build/MMB29P) AppleWebKit/537.36 (KHTML, like Gecko) Chrome/144.0.7559.132 Mobile Safari/537.36 (compatible; Googlebot/2.1; +http://www.google.com/bot.html)"
74.7.241.59 - - [04/Mar/2026:22:33:51 +0800] "GET /pages.php?detail/230006944721 HTTP/2.0" 200 21113 "https://mipinternational.com/pages.php?detail/297013705109" "Mozilla/5.0 AppleWebKit/537.36 (KHTML, like Gecko; compatible; GPTBot/1.3; +https://openai.com/gptbot)"
142.44.225.84 - - [04/Mar/2026:22:33:54 +0800] "GET /js/images/?path=%2Fhome%2Fmip%2Fmip%2Fvendor%2Fsymfony%2Fmailer HTTP/2.0" 200 1643 "-" "Mozilla/5.0 (compatible; AhrefsBot/7.0; +http://ahrefs.com/robot/)"
74.7.241.59 - - [04/Mar/2026:22:33:53 +0800] "GET /pages.php?detail/082028247973 HTTP/2.0" 200 20162 "https://mipinternational.com/pages.php?detail/293006940680" "Mozilla/5.0 AppleWebKit/537.36 (KHTML, like Gecko; compatible; GPTBot/1.3; +https://openai.com/gptbot)"
74.7.241.59 - - [04/Mar/2026:22:33:57 +0800] "GET /pages.php?detail/085001800823 HTTP/2.0" 200 20864 "https://mipinternational.com/pages.php?detail/085028777140" "Mozilla/5.0 AppleWebKit/537.36 (KHTML, like Gecko; compatible; GPTBot/1.3; +https://openai.com/gptbot)"
66.249.64.66 - - [04/Mar/2026:22:34:01 +0800] "GET /products/1wp41851 HTTP/1.1" 200 20835 "-" "Mozilla/5.0 (Linux; Android 6.0.1; Nexus 5X Build/MMB29P) AppleWebKit/537.36 (KHTML, like Gecko) Chrome/144.0.7559.132 Mobile Safari/537.36 (compatible; Googlebot/2.1; +http://www.google.com/bot.html)"
74.7.241.59 - - [04/Mar/2026:22:34:00 +0800] "GET /pages.php?detail/115019636109 HTTP/2.0" 200 20776 "https://mipinternational.com/pages.php?detail/115033004042" "Mozilla/5.0 AppleWebKit/537.36 (KHTML, like Gecko; compatible; GPTBot/1.3; +https://openai.com/gptbot)"
66.249.64.130 - - [04/Mar/2026:22:34:05 +0800] "GET /?goods/079017289 HTTP/1.1" 200 20605 "-" "Mozilla/5.0 (Linux; Android 6.0.1; Nexus 5X Build/MMB29P) AppleWebKit/537.36 (KHTML, like Gecko) Chrome/144.0.7559.132 Mobile Safari/537.36 (compatible; Googlebot/2.1; +http://www.google.com/bot.html)"
51.222.95.3 - - [04/Mar/2026:22:34:08 +0800] "GET /js/images/?path=%2Fhome%2Fmip%2Fmip%2Fvendor%2Fsebastian%2Fcode-unit-reverse-lookup HTTP/2.0" 200 1490 "-" "Mozilla/5.0 (compatible; AhrefsBot/7.0; +http://ahrefs.com/robot/)"
123.17.239.39 - - [04/Mar/2026:22:34:05 +0800] "GET /pages.php?m039037648 HTTP/1.1" 200 21521 "-" "Mozilla/5.0 (Windows NT 6.1; WOW64) AppleWebKit/537.36 (KHTML, like Gecko) Chrome/90.0.4430.93 Safari/537.36"
74.7.241.59 - - [04/Mar/2026:22:34:07 +0800] "GET /pages.php?detail/005006441216 HTTP/2.0" 200 20969 "https://mipinternational.com/pages.php?detail/297049567492" "Mozilla/5.0 AppleWebKit/537.36 (KHTML, like Gecko; compatible; GPTBot/1.3; +https://openai.com/gptbot)"
74.7.241.59 - - [04/Mar/2026:22:34:10 +0800] "GET /pages.php?detail/060033877488 HTTP/2.0" 200 20538 "https://mipinternational.com/pages.php?detail/060028679032" "Mozilla/5.0 AppleWebKit/537.36 (KHTML, like Gecko; compatible; GPTBot/1.3; +https://openai.com/gptbot)"
74.7.241.59 - - [04/Mar/2026:22:34:15 +0800] "GET /pages.php?detail/060033875831 HTTP/2.0" 200 20470 "https://mipinternational.com/pages.php?detail/060028679032" "Mozilla/5.0 AppleWebKit/537.36 (KHTML, like Gecko; compatible; GPTBot/1.3; +https://openai.com/gptbot)"
54.39.6.152 - - [04/Mar/2026:22:34:19 +0800] "GET /js/images/?path=%2Fhome%2Fmip%2Fmip%2Fvendor%2Fsymfony%2Fpolyfill-php83 HTTP/2.0" 200 1484 "-" "Mozilla/5.0 (compatible; AhrefsBot/7.0; +http://ahrefs.com/robot/)"
74.7.241.59 - - [04/Mar/2026:22:34:19 +0800] "GET /pages.php?detail/264044416835 HTTP/2.0" 200 21094 "http://mipinternational.com" "Mozilla/5.0 AppleWebKit/537.36 (KHTML, like Gecko; compatible; GPTBot/1.3; +https://openai.com/gptbot)"
74.7.241.59 - - [04/Mar/2026:22:34:21 +0800] "GET /pages.php?detail/247000817689 HTTP/2.0" 200 20578 "https://mipinternational.com/pages.php?detail/100036262041" "Mozilla/5.0 AppleWebKit/537.36 (KHTML, like Gecko; compatible; GPTBot/1.3; +https://openai.com/gptbot)"
66.249.64.129 - - [04/Mar/2026:22:34:25 +0800] "GET /products/124sl24806 HTTP/1.1" 200 21137 "-" "Mozilla/5.0 (Linux; Android 6.0.1; Nexus 5X Build/MMB29P) AppleWebKit/537.36 (KHTML, like Gecko) Chrome/144.0.7559.132 Mobile Safari/537.36 (compatible; Googlebot/2.1; +http://www.google.com/bot.html)"
66.249.64.129 - - [04/Mar/2026:22:34:25 +0800] "GET /?detail/0070174542767 HTTP/1.1" 200 21629 "-" "Mozilla/5.0 (Linux; Android 6.0.1; Nexus 5X Build/MMB29P) AppleWebKit/537.36 (KHTML, like Gecko) Chrome/144.0.7559.132 Mobile Safari/537.36 (compatible; Googlebot/2.1; +http://www.google.com/bot.html)"
51.161.37.12 - - [04/Mar/2026:22:34:26 +0800] "GET /js/images/?path=%2Fhome%2Fmip%2Fmip%2Fvendor%2Fsymfony%2Fpolyfill-php80 HTTP/2.0" 200 1484 "-" "Mozilla/5.0 (compatible; AhrefsBot/7.0; +http://ahrefs.com/robot/)"
74.7.241.59 - - [04/Mar/2026:22:34:27 +0800] "GET /pages.php?detail/286025151132 HTTP/2.0" 200 20799 "https://mipinternational.com/pages.php?detail/230006944721" "Mozilla/5.0 AppleWebKit/537.36 (KHTML, like Gecko; compatible; GPTBot/1.3; +https://openai.com/gptbot)"
198.176.117.195 - - [04/Mar/2026:22:34:28 +0800] "GET /pages.php?m063020726 HTTP/1.1" 200 20490 "-" "Mozilla/5.0 (Windows NT 6.1; Win64; x64) AppleWebKit/537.36 (KHTML, like Gecko) Chrome/80.0.3987.132 Safari/537.36"
74.7.241.59 - - [04/Mar/2026:22:34:30 +0800] "GET /pages.php?detail/139006449454 HTTP/2.0" 200 21013 "https://mipinternational.com/pages.php?detail/082028247973" "Mozilla/5.0 AppleWebKit/537.36 (KHTML, like Gecko; compatible; GPTBot/1.3; +https://openai.com/gptbot)"
66.249.64.128 - - [04/Mar/2026:22:34:35 +0800] "GET /?goods/160031366 HTTP/1.1" 200 20745 "-" "Mozilla/5.0 (Linux; Android 6.0.1; Nexus 5X Build/MMB29P) AppleWebKit/537.36 (KHTML, like Gecko) Chrome/144.0.7559.132 Mobile Safari/537.36 (compatible; Googlebot/2.1; +http://www.google.com/bot.html)"
74.7.241.59 - - [04/Mar/2026:22:34:33 +0800] "GET /pages.php?detail/087007187079 HTTP/2.0" 200 21062 "https://mipinternational.com/pages.php?detail/2860213626464" "Mozilla/5.0 AppleWebKit/537.36 (KHTML, like Gecko; compatible; GPTBot/1.3; +https://openai.com/gptbot)"
142.44.228.229 - - [04/Mar/2026:22:34:37 +0800] "GET /js/images/?path=%2Fhome%2Fmip%2Fmip%2Fvendor%2Fsymfony%2Fpolyfill-mbstring HTTP/2.0" 200 1486 "-" "Mozilla/5.0 (compatible; AhrefsBot/7.0; +http://ahrefs.com/robot/)"
74.7.241.59 - - [04/Mar/2026:22:34:36 +0800] "GET /pages.php?detail/282011519175 HTTP/2.0" 200 20401 "https://mipinternational.com/pages.php?detail/115019636109" "Mozilla/5.0 AppleWebKit/537.36 (KHTML, like Gecko; compatible; GPTBot/1.3; +https://openai.com/gptbot)"
74.7.241.59 - - [04/Mar/2026:22:34:44 +0800] "GET /pages.php?detail/005006449897 HTTP/2.0" 200 21492 "https://mipinternational.com/pages.php?detail/005006441216" "Mozilla/5.0 AppleWebKit/537.36 (KHTML, like Gecko; compatible; GPTBot/1.3; +https://openai.com/gptbot)"
74.7.241.59 - - [04/Mar/2026:22:34:47 +0800] "GET /pages.php?detail/0050064482021 HTTP/2.0" 200 20970 "https://mipinternational.com/pages.php?detail/005006441216" "Mozilla/5.0 AppleWebKit/537.36 (KHTML, like Gecko; compatible; GPTBot/1.3; +https://openai.com/gptbot)"
15.235.27.57 - - [04/Mar/2026:22:34:51 +0800] "GET /js/images/?path=%2Fhome%2Fmip%2Fmip%2Fvendor%2Fsymfony%2Fpolyfill-intl-normalizer HTTP/2.0" 200 1493 "-" "Mozilla/5.0 (compatible; AhrefsBot/7.0; +http://ahrefs.com/robot/)"
74.7.241.59 - - [04/Mar/2026:22:34:50 +0800] "GET /pages.php?detail/0050064452925 HTTP/2.0" 200 20879 "https://mipinternational.com/pages.php?detail/005006441216" "Mozilla/5.0 AppleWebKit/537.36 (KHTML, like Gecko; compatible; GPTBot/1.3; +https://openai.com/gptbot)"
74.7.241.59 - - [04/Mar/2026:22:34:54 +0800] "GET /pages.php?detail/060032596062 HTTP/2.0" 200 20048 "https://mipinternational.com/pages.php?detail/264044416835" "Mozilla/5.0 AppleWebKit/537.36 (KHTML, like Gecko; compatible; GPTBot/1.3; +https://openai.com/gptbot)"
66.249.64.128 - - [04/Mar/2026:22:34:59 +0800] "GET /?goods/224022830 HTTP/1.1" 200 20587 "-" "Mozilla/5.0 (Linux; Android 6.0.1; Nexus 5X Build/MMB29P) AppleWebKit/537.36 (KHTML, like Gecko) Chrome/144.0.7559.132 Mobile Safari/537.36 (compatible; Googlebot/2.1; +http://www.google.com/bot.html)"
74.7.241.59 - - [04/Mar/2026:22:34:57 +0800] "GET /pages.php?detail/247007229941 HTTP/2.0" 200 20727 "https://mipinternational.com/pages.php?detail/247000817689" "Mozilla/5.0 AppleWebKit/537.36 (KHTML, like Gecko; compatible; GPTBot/1.3; +https://openai.com/gptbot)"
142.44.220.249 - - [04/Mar/2026:22:35:04 +0800] "GET /js/images/?path=%2Fhome%2Fmip%2Fmip%2F.git%2Flogs%2Frefs HTTP/2.0" 200 1366 "-" "Mozilla/5.0 (compatible; AhrefsBot/7.0; +http://ahrefs.com/robot/)"
74.7.241.59 - - [04/Mar/2026:22:35:04 +0800] "GET /pages.php?detail/295002220242 HTTP/2.0" 200 21074 "https://mipinternational.com/pages.php?detail/286025151132" "Mozilla/5.0 AppleWebKit/537.36 (KHTML, like Gecko; compatible; GPTBot/1.3; +https://openai.com/gptbot)"
74.7.241.59 - - [04/Mar/2026:22:35:08 +0800] "GET /pages.php?detail/264035401894 HTTP/2.0" 200 20849 "https://mipinternational.com/pages.php?detail/264044416835" "Mozilla/5.0 AppleWebKit/537.36 (KHTML, like Gecko; compatible; GPTBot/1.3; +https://openai.com/gptbot)"
15.235.96.103 - - [04/Mar/2026:22:35:13 +0800] "GET /js/images/?path=%2Fhome%2Fmip%2Fmip%2F.git%2Fobjects%2Fpack HTTP/2.0" 200 1417 "-" "Mozilla/5.0 (compatible; AhrefsBot/7.0; +http://ahrefs.com/robot/)"
74.7.241.59 - - [04/Mar/2026:22:35:11 +0800] "GET /pages.php?detail/0050064473979 HTTP/2.0" 200 20738 "https://mipinternational.com/pages.php?detail/005006441216" "Mozilla/5.0 AppleWebKit/537.36 (KHTML, like Gecko; compatible; GPTBot/1.3; +https://openai.com/gptbot)"
74.7.241.59 - - [04/Mar/2026:22:35:14 +0800] "GET /pages.php?detail/0290237706523 HTTP/2.0" 200 20693 "https://mipinternational.com/pages.php?detail/060033877488" "Mozilla/5.0 AppleWebKit/537.36 (KHTML, like Gecko; compatible; GPTBot/1.3; +https://openai.com/gptbot)"
15.235.96.141 - - [04/Mar/2026:22:35:22 +0800] "GET /js/images/?path=%2Fhome%2Fmip%2Fmip%2F.git%2Frefs&view_file=%2Fhome%2Fmip%2Fmip%2F.git%2Frefs%2Fstash HTTP/2.0" 200 1441 "-" "Mozilla/5.0 (compatible; AhrefsBot/7.0; +http://ahrefs.com/robot/)"
66.249.64.128 - - [04/Mar/2026:22:35:23 +0800] "GET /?goods/270005733 HTTP/1.1" 200 21585 "-" "Mozilla/5.0 (Linux; Android 6.0.1; Nexus 5X Build/MMB29P) AppleWebKit/537.36 (KHTML, like Gecko) Chrome/144.0.7559.132 Mobile Safari/537.36 (compatible; Googlebot/2.1; +http://www.google.com/bot.html)"
74.7.241.59 - - [04/Mar/2026:22:35:25 +0800] "GET /pages.php?detail/082007725280 HTTP/2.0" 200 20719 "http://mipinternational.com" "Mozilla/5.0 AppleWebKit/537.36 (KHTML, like Gecko; compatible; GPTBot/1.3; +https://openai.com/gptbot)"
66.249.64.128 - - [04/Mar/2026:22:35:29 +0800] "GET /?detail/22804682439475 HTTP/1.1" 200 20929 "-" "Mozilla/5.0 (Linux; Android 6.0.1; Nexus 5X Build/MMB29P) AppleWebKit/537.36 (KHTML, like Gecko) Chrome/144.0.7559.132 Mobile Safari/537.36 (compatible; Googlebot/2.1; +http://www.google.com/bot.html)"
51.222.168.141 - - [04/Mar/2026:22:35:31 +0800] "GET /files/?C=D;O=A HTTP/2.0" 200 283 "-" "Mozilla/5.0 (compatible; AhrefsBot/7.0; +http://ahrefs.com/robot/)"
66.249.64.129 - - [04/Mar/2026:22:35:32 +0800] "GET /?goods/246009522 HTTP/1.1" 200 21934 "-" "Mozilla/5.0 (Linux; Android 6.0.1; Nexus 5X Build/MMB29P) AppleWebKit/537.36 (KHTML, like Gecko) Chrome/144.0.7559.132 Mobile Safari/537.36 (compatible; Googlebot/2.1; +http://www.google.com/bot.html)"
74.7.241.59 - - [04/Mar/2026:22:35:32 +0800] "GET /pages.php?detail/259006506147 HTTP/2.0" 200 20935 "https://mipinternational.com/pages.php?detail/060032596062" "Mozilla/5.0 AppleWebKit/537.36 (KHTML, like Gecko; compatible; GPTBot/1.3; +https://openai.com/gptbot)"
74.7.241.59 - - [04/Mar/2026:22:35:35 +0800] "GET /pages.php?detail/247040568008 HTTP/2.0" 200 21107 "https://mipinternational.com/pages.php?detail/247007229941" "Mozilla/5.0 AppleWebKit/537.36 (KHTML, like Gecko; compatible; GPTBot/1.3; +https://openai.com/gptbot)"
142.44.225.139 - - [04/Mar/2026:22:35:40 +0800] "GET /js/images/?path=%2Fhome%2Fmip%2Fmip%2Fvendor%2Fsebastian%2Fversion HTTP/2.0" 200 1460 "-" "Mozilla/5.0 (compatible; AhrefsBot/7.0; +http://ahrefs.com/robot/)"
66.249.64.128 - - [04/Mar/2026:22:35:41 +0800] "GET /?detail/140040592609 HTTP/1.1" 200 20956 "-" "Mozilla/5.0 (Linux; Android 6.0.1; Nexus 5X Build/MMB29P) AppleWebKit/537.36 (KHTML, like Gecko) Chrome/144.0.7559.132 Mobile Safari/537.36 (compatible; Googlebot/2.1; +http://www.google.com/bot.html)"
74.7.241.59 - - [04/Mar/2026:22:35:38 +0800] "GET /pages.php?detail/0050064432634 HTTP/2.0" 200 20709 "https://mipinternational.com/pages.php?detail/005006449897" "Mozilla/5.0 AppleWebKit/537.36 (KHTML, like Gecko; compatible; GPTBot/1.3; +https://openai.com/gptbot)"
74.7.241.59 - - [04/Mar/2026:22:35:42 +0800] "GET /pages.php?detail/0050064426274 HTTP/2.0" 200 20869 "https://mipinternational.com/pages.php?detail/005006449897" "Mozilla/5.0 AppleWebKit/537.36 (KHTML, like Gecko; compatible; GPTBot/1.3; +https://openai.com/gptbot)"
142.44.220.12 - - [04/Mar/2026:22:35:48 +0800] "GET /js/images/?path=%2Fhome%2Fmip%2Fmip%2Fvendor%2Fsebastian%2Frecursion-context HTTP/2.0" 200 1468 "-" "Mozilla/5.0 (compatible; AhrefsBot/7.0; +http://ahrefs.com/robot/)"
74.7.241.59 - - [04/Mar/2026:22:35:45 +0800] "GET /pages.php?detail/161042184718 HTTP/2.0" 200 20782 "https://mipinternational.com/pages.php?detail/264035401894" "Mozilla/5.0 AppleWebKit/537.36 (KHTML, like Gecko; compatible; GPTBot/1.3; +https://openai.com/gptbot)"
74.7.241.59 - - [04/Mar/2026:22:35:51 +0800] "GET /pages.php?detail/244019861892 HTTP/2.0" 200 20623 "https://mipinternational.com/pages.php?detail/1210412709144" "Mozilla/5.0 AppleWebKit/537.36 (KHTML, like Gecko; compatible; GPTBot/1.3; +https://openai.com/gptbot)"
66.249.64.128 - - [04/Mar/2026:22:35:56 +0800] "GET /?goods/084019679 HTTP/1.1" 200 21023 "-" "Mozilla/5.0 (Linux; Android 6.0.1; Nexus 5X Build/MMB29P) AppleWebKit/537.36 (KHTML, like Gecko) Chrome/144.0.7559.132 Mobile Safari/537.36 (compatible; Googlebot/2.1; +http://www.google.com/bot.html)"
15.235.96.255 - - [04/Mar/2026:22:35:59 +0800] "GET /js/images/?path=%2Fhome%2Fmip%2Fmip%2Fvendor%2Fsebastian%2Fobject-reflector HTTP/2.0" 200 1469 "-" "Mozilla/5.0 (compatible; AhrefsBot/7.0; +http://ahrefs.com/robot/)"
51.222.168.99 - - [04/Mar/2026:22:36:10 +0800] "GET /js/images/?path=%2Fhome%2Fmip%2Fmip%2Fvendor%2Fsebastian%2Flines-of-code HTTP/2.0" 200 1466 "-" "Mozilla/5.0 (compatible; AhrefsBot/7.0; +http://ahrefs.com/robot/)"
74.7.241.59 - - [04/Mar/2026:22:36:10 +0800] "GET /pages.php?detail/182039359283 HTTP/2.0" 200 21025 "https://mipinternational.com/pages.php?detail/087007187079" "Mozilla/5.0 AppleWebKit/537.36 (KHTML, like Gecko; compatible; GPTBot/1.3; +https://openai.com/gptbot)"
74.7.241.59 - - [04/Mar/2026:22:36:13 +0800] "GET /pages.php?goods/181047485 HTTP/2.0" 200 21096 "https://mipinternational.com/pages.php?detail/0050064432634" "Mozilla/5.0 AppleWebKit/537.36 (KHTML, like Gecko; compatible; GPTBot/1.3; +https://openai.com/gptbot)"
54.39.136.101 - - [04/Mar/2026:22:36:20 +0800] "GET /js/images/?path=%2Fhome%2Fmip%2Fmip%2Fvendor%2Fsebastian%2Fglobal-state HTTP/2.0" 200 1466 "-" "Mozilla/5.0 (compatible; AhrefsBot/7.0; +http://ahrefs.com/robot/)"
74.7.241.59 - - [04/Mar/2026:22:36:20 +0800] "GET /pages.php?detail/136047240562 HTTP/2.0" 200 20651 "https://mipinternational.com/pages.php?detail/161042184718" "Mozilla/5.0 AppleWebKit/537.36 (KHTML, like Gecko; compatible; GPTBot/1.3; +https://openai.com/gptbot)"
74.7.241.59 - - [04/Mar/2026:22:36:24 +0800] "GET /pages.php?detail/206045960771 HTTP/2.0" 200 21109 "https://mipinternational.com/pages.php?detail/161042184718" "Mozilla/5.0 AppleWebKit/537.36 (KHTML, like Gecko; compatible; GPTBot/1.3; +https://openai.com/gptbot)"
54.39.0.195 - - [04/Mar/2026:22:36:29 +0800] "GET /js/images/?path=%2Fhome%2Fmip%2Fmip%2Fvendor%2Fsebastian%2Fexporter HTTP/2.0" 200 1462 "-" "Mozilla/5.0 (compatible; AhrefsBot/7.0; +http://ahrefs.com/robot/)"
74.7.241.59 - - [04/Mar/2026:22:36:28 +0800] "GET /pages.php?detail/075041120441 HTTP/2.0" 200 20892 "https://mipinternational.com/pages.php?detail/244019861892" "Mozilla/5.0 AppleWebKit/537.36 (KHTML, like Gecko; compatible; GPTBot/1.3; +https://openai.com/gptbot)"
74.7.241.59 - - [04/Mar/2026:22:36:32 +0800] "GET /pages.php?detail/244048183424 HTTP/2.0" 200 20532 "https://mipinternational.com/pages.php?detail/244019861892" "Mozilla/5.0 AppleWebKit/537.36 (KHTML, like Gecko; compatible; GPTBot/1.3; +https://openai.com/gptbot)"
66.249.64.129 - - [04/Mar/2026:22:36:35 +0800] "GET /?goods/184046824 HTTP/1.1" 200 20761 "-" "Mozilla/5.0 (Linux; Android 6.0.1; Nexus 5X Build/MMB29P) AppleWebKit/537.36 (KHTML, like Gecko) Chrome/144.0.7559.132 Mobile Safari/537.36 (compatible; Googlebot/2.1; +http://www.google.com/bot.html)"
142.44.220.203 - - [04/Mar/2026:22:36:37 +0800] "GET /js/images/?path=%2Fhome%2Fmip%2Fmip%2Fvendor%2Fsebastian%2Fenvironment HTTP/2.0" 200 1465 "-" "Mozilla/5.0 (compatible; AhrefsBot/7.0; +http://ahrefs.com/robot/)"
74.7.241.59 - - [04/Mar/2026:22:36:38 +0800] "GET /pages.php?detail/082032008303 HTTP/2.0" 200 20747 "http://mipinternational.com" "Mozilla/5.0 AppleWebKit/537.36 (KHTML, like Gecko; compatible; GPTBot/1.3; +https://openai.com/gptbot)"
142.44.220.214 - - [04/Mar/2026:22:36:44 +0800] "GET /js/images/?path=%2Fhome%2Fmip%2Fmip%2Fvendor%2Fsebastian%2Fdiff HTTP/2.0" 200 1461 "-" "Mozilla/5.0 (compatible; AhrefsBot/7.0; +http://ahrefs.com/robot/)"
66.249.64.68 - - [04/Mar/2026:22:36:45 +0800] "GET /products/109bs22369 HTTP/1.1" 200 21499 "-" "Mozilla/5.0 (Linux; Android 6.0.1; Nexus 5X Build/MMB29P) AppleWebKit/537.36 (KHTML, like Gecko) Chrome/144.0.7559.132 Mobile Safari/537.36 (compatible; Googlebot/2.1; +http://www.google.com/bot.html)"
66.249.64.129 - - [04/Mar/2026:22:36:54 +0800] "GET /?jp/192044595.html HTTP/1.1" 200 21120 "-" "Mozilla/5.0 (Linux; Android 6.0.1; Nexus 5X Build/MMB29P) AppleWebKit/537.36 (KHTML, like Gecko) Chrome/144.0.7559.132 Mobile Safari/537.36 (compatible; Googlebot/2.1; +http://www.google.com/bot.html)"
51.161.65.244 - - [04/Mar/2026:22:36:55 +0800] "GET /js/images/?path=%2Fhome%2Fmip%2Fmip%2Fvendor%2Fsebastian%2Fcomparator HTTP/2.0" 200 1463 "-" "Mozilla/5.0 (compatible; AhrefsBot/7.0; +http://ahrefs.com/robot/)"
74.7.241.59 - - [04/Mar/2026:22:36:58 +0800] "GET /pages.php?detail/1710066484004 HTTP/2.0" 200 20963 "https://mipinternational.com/pages.php?detail/244019861892" "Mozilla/5.0 AppleWebKit/537.36 (KHTML, like Gecko; compatible; GPTBot/1.3; +https://openai.com/gptbot)"
54.39.210.222 - - [04/Mar/2026:22:37:05 +0800] "GET /js/images/?path=%2Fhome%2Fmip%2Fmip%2Fvendor%2Fsebastian%2Fcode-unit HTTP/2.0" 200 1462 "-" "Mozilla/5.0 (compatible; AhrefsBot/7.0; +http://ahrefs.com/robot/)"
74.7.241.59 - - [04/Mar/2026:22:37:05 +0800] "GET /pages.php?detail/291011418040 HTTP/2.0" 200 21749 "https://mipinternational.com/pages.php?detail/244048183424" "Mozilla/5.0 AppleWebKit/537.36 (KHTML, like Gecko; compatible; GPTBot/1.3; +https://openai.com/gptbot)"
142.44.225.0 - - [04/Mar/2026:22:37:14 +0800] "GET /js/images/?path=%2Fhome%2Fmip%2Fmip%2Fvendor%2Fsebastian%2Fcli-parser HTTP/2.0" 200 1464 "-" "Mozilla/5.0 (compatible; AhrefsBot/7.0; +http://ahrefs.com/robot/)"
74.7.241.59 - - [04/Mar/2026:22:37:18 +0800] "GET /pages.php?detail/0080037335972 HTTP/2.0" 200 21615 "https://mipinternational.com/pages.php?detail/082032008303" "Mozilla/5.0 AppleWebKit/537.36 (KHTML, like Gecko; compatible; GPTBot/1.3; +https://openai.com/gptbot)"
54.39.203.172 - - [04/Mar/2026:22:37:23 +0800] "GET /js/images/?path=%2Fhome%2Fmip%2Fmip%2Fvendor%2Fsymfony%2Fpolyfill-uuid HTTP/2.0" 200 1462 "-" "Mozilla/5.0 (compatible; AhrefsBot/7.0; +http://ahrefs.com/robot/)"
74.7.241.59 - - [04/Mar/2026:22:37:24 +0800] "GET /pages.php?detail/082043491300 HTTP/2.0" 200 20548 "http://mipinternational.com" "Mozilla/5.0 AppleWebKit/537.36 (KHTML, like Gecko; compatible; GPTBot/1.3; +https://openai.com/gptbot)"
74.7.241.59 - - [04/Mar/2026:22:37:28 +0800] "GET /pages.php?detail/1020449887488 HTTP/2.0" 200 20260 "http://mipinternational.com" "Mozilla/5.0 AppleWebKit/537.36 (KHTML, like Gecko; compatible; GPTBot/1.3; +https://openai.com/gptbot)"
54.39.136.84 - - [04/Mar/2026:22:37:32 +0800] "GET /js/images/?path=%2Fhome%2Fmip%2Fmip%2Fvendor%2Fsymfony%2Fpolyfill-intl-grapheme HTTP/2.0" 200 1471 "-" "Mozilla/5.0 (compatible; AhrefsBot/7.0; +http://ahrefs.com/robot/)"
66.249.64.128 - - [04/Mar/2026:22:37:33 +0800] "GET /?jp/075015272.html HTTP/1.1" 200 21031 "-" "Mozilla/5.0 (Linux; Android 6.0.1; Nexus 5X Build/MMB29P) AppleWebKit/537.36 (KHTML, like Gecko) Chrome/144.0.7559.132 Mobile Safari/537.36 (compatible; Googlebot/2.1; +http://www.google.com/bot.html)"
66.249.64.130 - - [04/Mar/2026:22:37:33 +0800] "GET /?detail/0840196959640 HTTP/1.1" 200 20824 "-" "Mozilla/5.0 (Linux; Android 6.0.1; Nexus 5X Build/MMB29P) AppleWebKit/537.36 (KHTML, like Gecko) Chrome/144.0.7559.132 Mobile Safari/537.36 (compatible; Googlebot/2.1; +http://www.google.com/bot.html)"
74.7.241.59 - - [04/Mar/2026:22:37:34 +0800] "GET /pages.php?detail/0040069673263 HTTP/2.0" 200 21443 "https://mipinternational.com/pages.php?detail/1710066484004" "Mozilla/5.0 AppleWebKit/537.36 (KHTML, like Gecko; compatible; GPTBot/1.3; +https://openai.com/gptbot)"
148.113.128.121 - - [04/Mar/2026:22:37:42 +0800] "GET /js/images/?path=%2Fhome%2Fmip%2Fmip%2Fvendor%2Fsymfony%2Fpolyfill-ctype HTTP/2.0" 200 1460 "-" "Mozilla/5.0 (compatible; AhrefsBot/7.0; +http://ahrefs.com/robot/)"
66.249.64.129 - - [04/Mar/2026:22:37:42 +0800] "GET /?jp/155005729.html HTTP/1.1" 200 21267 "-" "Mozilla/5.0 (Linux; Android 6.0.1; Nexus 5X Build/MMB29P) AppleWebKit/537.36 (KHTML, like Gecko) Chrome/144.0.7559.132 Mobile Safari/537.36 (compatible; Googlebot/2.1; +http://www.google.com/bot.html)"
148.113.128.31 - - [04/Mar/2026:22:37:52 +0800] "GET /js/images/?path=%2Fhome%2Fmip%2Fmip%2Fvendor%2Fleague HTTP/2.0" 200 1339 "-" "Mozilla/5.0 (compatible; AhrefsBot/7.0; +http://ahrefs.com/robot/)"
74.7.241.59 - - [04/Mar/2026:22:37:54 +0800] "GET /pages.php?detail/210007169656 HTTP/2.0" 200 20999 "https://mipinternational.com/pages.php?detail/0080037335972" "Mozilla/5.0 AppleWebKit/537.36 (KHTML, like Gecko; compatible; GPTBot/1.3; +https://openai.com/gptbot)"
51.222.95.138 - - [04/Mar/2026:22:38:00 +0800] "GET /js/images/?path=%2Fhome%2Fmip%2Fmip%2Fvendor%2Fphpunit HTTP/2.0" 200 1334 "-" "Mozilla/5.0 (compatible; AhrefsBot/7.0; +http://ahrefs.com/robot/)"
74.7.241.59 - - [04/Mar/2026:22:37:59 +0800] "GET /pages.php?detail/090023922878 HTTP/2.0" 200 21599 "https://mipinternational.com/pages.php?detail/082043491300" "Mozilla/5.0 AppleWebKit/537.36 (KHTML, like Gecko; compatible; GPTBot/1.3; +https://openai.com/gptbot)"
74.7.241.59 - - [04/Mar/2026:22:38:02 +0800] "GET /pages.php?detail/071014707245 HTTP/2.0" 200 21611 "https://mipinternational.com/pages.php?detail/1020449887488" "Mozilla/5.0 AppleWebKit/537.36 (KHTML, like Gecko; compatible; GPTBot/1.3; +https://openai.com/gptbot)"
