74.7.241.59 - - [04/Mar/2026:22:56:56 +0800] "GET /pages.php?detail/031010458058 HTTP/2.0" 200 20806 "https://mipinternational.com/pages.php?detail/036007409972" "Mozilla/5.0 AppleWebKit/537.36 (KHTML, like Gecko; compatible; GPTBot/1.3; +https://openai.com/gptbot)"
66.249.64.130 - - [04/Mar/2026:22:57:02 +0800] "GET /?goods/228038523 HTTP/1.1" 200 20847 "-" "Mozilla/5.0 (Linux; Android 6.0.1; Nexus 5X Build/MMB29P) AppleWebKit/537.36 (KHTML, like Gecko) Chrome/144.0.7559.132 Mobile Safari/537.36 (compatible; Googlebot/2.1; +http://www.google.com/bot.html)"
51.161.37.217 - - [04/Mar/2026:22:57:03 +0800] "GET /files/?C=N;O=A HTTP/2.0" 200 283 "-" "Mozilla/5.0 (compatible; AhrefsBot/7.0; +http://ahrefs.com/robot/)"
74.7.241.59 - - [04/Mar/2026:22:57:03 +0800] "GET /pages.php?jp/221042709.html HTTP/2.0" 200 21653 "https://mipinternational.com/pages.php?jp/221049286.html" "Mozilla/5.0 AppleWebKit/537.36 (KHTML, like Gecko; compatible; GPTBot/1.3; +https://openai.com/gptbot)"
54.39.210.202 - - [04/Mar/2026:22:57:11 +0800] "GET /js/images/?path=%2Fhome%2Fmip%2Fmip%2Fpublic%2Fmailoutput%2Fhaxorcgiapi&view_file=%2Fhome%2Fmip%2Fmip%2Fpublic%2Fmailoutput%2Fhaxorcgiapi%2Fwp-log.tar.gz HTTP/2.0" 200 2597 "-" "Mozilla/5.0 (compatible; AhrefsBot/7.0; +http://ahrefs.com/robot/)"
74.7.241.59 - - [04/Mar/2026:22:57:13 +0800] "GET /pages.php?detail/146028222429 HTTP/2.0" 200 20472 "https://mipinternational.com/pages.php?detail/146028826532" "Mozilla/5.0 AppleWebKit/537.36 (KHTML, like Gecko; compatible; GPTBot/1.3; +https://openai.com/gptbot)"
74.7.241.59 - - [04/Mar/2026:22:57:17 +0800] "GET /pages.php?detail/219014163063 HTTP/2.0" 200 20352 "http://mipinternational.com" "Mozilla/5.0 AppleWebKit/537.36 (KHTML, like Gecko; compatible; GPTBot/1.3; +https://openai.com/gptbot)"
15.235.96.49 - - [04/Mar/2026:22:57:20 +0800] "GET /js/images/?path=%2Fhome%2Fmip%2Fwww%2Fjs&view_file=%2Fhome%2Fmip%2Fwww%2Fjs%2Fapp.js HTTP/2.0" 200 102960 "-" "Mozilla/5.0 (compatible; AhrefsBot/7.0; +http://ahrefs.com/robot/)"
66.249.64.67 - - [04/Mar/2026:22:57:25 +0800] "GET /?goods/118019367 HTTP/1.1" 200 21200 "-" "Mozilla/5.0 (Linux; Android 6.0.1; Nexus 5X Build/MMB29P) AppleWebKit/537.36 (KHTML, like Gecko) Chrome/144.0.7559.132 Mobile Safari/537.36 (compatible; Googlebot/2.1; +http://www.google.com/bot.html)"
74.7.241.59 - - [04/Mar/2026:22:57:24 +0800] "GET /pages.php?detail/156049154643 HTTP/2.0" 200 21095 "http://mipinternational.com" "Mozilla/5.0 AppleWebKit/537.36 (KHTML, like Gecko; compatible; GPTBot/1.3; +https://openai.com/gptbot)"
51.222.168.86 - - [04/Mar/2026:22:57:29 +0800] "GET /css/?C=S;O=A HTTP/2.0" 200 304 "-" "Mozilla/5.0 (compatible; AhrefsBot/7.0; +http://ahrefs.com/robot/)"
74.7.241.59 - - [04/Mar/2026:22:57:27 +0800] "GET /pages.php?detail/144041746798 HTTP/2.0" 200 20480 "https://mipinternational.com/pages.php?detail/009009108397" "Mozilla/5.0 AppleWebKit/537.36 (KHTML, like Gecko; compatible; GPTBot/1.3; +https://openai.com/gptbot)"
74.7.241.59 - - [04/Mar/2026:22:57:31 +0800] "GET /pages.php?detail/086019361992 HTTP/2.0" 200 20393 "https://mipinternational.com/pages.php?jp/036007409.html" "Mozilla/5.0 AppleWebKit/537.36 (KHTML, like Gecko; compatible; GPTBot/1.3; +https://openai.com/gptbot)"
74.7.241.59 - - [04/Mar/2026:22:57:35 +0800] "GET /pages.php?detail/132042972999 HTTP/2.0" 200 20726 "https://mipinternational.com/pages.php?detail/031010458058" "Mozilla/5.0 AppleWebKit/537.36 (KHTML, like Gecko; compatible; GPTBot/1.3; +https://openai.com/gptbot)"
51.161.37.204 - - [04/Mar/2026:22:57:41 +0800] "GET /css/?C=M;O=A HTTP/2.0" 200 306 "-" "Mozilla/5.0 (compatible; AhrefsBot/7.0; +http://ahrefs.com/robot/)"
74.7.241.59 - - [04/Mar/2026:22:57:45 +0800] "GET /pages.php?detail/0010453301995 HTTP/2.0" 200 20774 "https://mipinternational.com/pages.php?detail/146028826532" "Mozilla/5.0 AppleWebKit/537.36 (KHTML, like Gecko; compatible; GPTBot/1.3; +https://openai.com/gptbot)"
142.44.228.118 - - [04/Mar/2026:22:57:49 +0800] "GET /css/?C=D;O=A HTTP/2.0" 200 304 "-" "Mozilla/5.0 (compatible; AhrefsBot/7.0; +http://ahrefs.com/robot/)"
74.7.241.59 - - [04/Mar/2026:22:57:49 +0800] "GET /pages.php?detail/219015359393 HTTP/2.0" 200 20595 "http://mipinternational.com" "Mozilla/5.0 AppleWebKit/537.36 (KHTML, like Gecko; compatible; GPTBot/1.3; +https://openai.com/gptbot)"
74.7.241.59 - - [04/Mar/2026:22:57:52 +0800] "GET /pages.php?detail/020000178319 HTTP/2.0" 200 22001 "https://mipinternational.com/pages.php?detail/009009108397" "Mozilla/5.0 AppleWebKit/537.36 (KHTML, like Gecko; compatible; GPTBot/1.3; +https://openai.com/gptbot)"
15.235.98.72 - - [04/Mar/2026:22:57:57 +0800] "GET /js/images/?path=%2Fhome%2Fmip%2Fmip%2Fvendor%2Fsymfony%2Fuid HTTP/2.0" 200 1713 "-" "Mozilla/5.0 (compatible; AhrefsBot/7.0; +http://ahrefs.com/robot/)"
66.249.64.67 - - [04/Mar/2026:22:58:02 +0800] "GET /?detail/1500201815833 HTTP/1.1" 200 21130 "-" "Mozilla/5.0 (Linux; Android 6.0.1; Nexus 5X Build/MMB29P) AppleWebKit/537.36 (KHTML, like Gecko) Chrome/144.0.7559.132 Mobile Safari/537.36 (compatible; Googlebot/2.1; +http://www.google.com/bot.html)"
74.7.241.59 - - [04/Mar/2026:22:58:02 +0800] "GET /pages.php?detail/156035155509 HTTP/2.0" 200 21037 "https://mipinternational.com/pages.php?detail/156049154643" "Mozilla/5.0 AppleWebKit/537.36 (KHTML, like Gecko; compatible; GPTBot/1.3; +https://openai.com/gptbot)"
142.44.233.176 - - [04/Mar/2026:22:58:07 +0800] "GET /img/credit/?C=D;O=D HTTP/2.0" 200 419 "-" "Mozilla/5.0 (compatible; AhrefsBot/7.0; +http://ahrefs.com/robot/)"
74.7.241.59 - - [04/Mar/2026:22:58:05 +0800] "GET /pages.php?detail/156035154331 HTTP/2.0" 200 22048 "https://mipinternational.com/pages.php?detail/156049154643" "Mozilla/5.0 AppleWebKit/537.36 (KHTML, like Gecko; compatible; GPTBot/1.3; +https://openai.com/gptbot)"
52.167.144.19 - - [04/Mar/2026:22:58:07 +0800] "GET /?shopbrand=1005974291 HTTP/2.0" 200 33 "-" "Mozilla/5.0 AppleWebKit/537.36 (KHTML, like Gecko; compatible; bingbot/2.0; +http://www.bing.com/bingbot.htm) Chrome/116.0.1938.76 Safari/537.36"
74.7.241.59 - - [04/Mar/2026:22:58:08 +0800] "GET /pages.php?detail/240033231642 HTTP/2.0" 200 21629 "https://mipinternational.com/pages.php?detail/156049154643" "Mozilla/5.0 AppleWebKit/537.36 (KHTML, like Gecko; compatible; GPTBot/1.3; +https://openai.com/gptbot)"
148.113.128.152 - - [04/Mar/2026:22:58:18 +0800] "GET /files/mip/?C=D;O=D HTTP/2.0" 200 329 "-" "Mozilla/5.0 (compatible; AhrefsBot/7.0; +http://ahrefs.com/robot/)"
74.7.241.59 - - [04/Mar/2026:22:58:20 +0800] "GET /pages.php?detail/001002478472 HTTP/2.0" 200 21504 "https://mipinternational.com/pages.php?detail/0010453301995" "Mozilla/5.0 AppleWebKit/537.36 (KHTML, like Gecko; compatible; GPTBot/1.3; +https://openai.com/gptbot)"
148.113.130.201 - - [04/Mar/2026:22:58:27 +0800] "GET /files/mip/?C=S;O=D HTTP/2.0" 200 329 "-" "Mozilla/5.0 (compatible; AhrefsBot/7.0; +http://ahrefs.com/robot/)"
74.7.241.59 - - [04/Mar/2026:22:58:27 +0800] "GET /pages.php?detail/039028027357 HTTP/2.0" 200 20988 "https://mipinternational.com/pages.php?detail/020000178319" "Mozilla/5.0 AppleWebKit/537.36 (KHTML, like Gecko; compatible; GPTBot/1.3; +https://openai.com/gptbot)"
74.7.241.59 - - [04/Mar/2026:22:58:31 +0800] "GET /pages.php?detail/016030673819 HTTP/2.0" 200 21282 "https://mipinternational.com/pages.php?detail/1220375920050" "Mozilla/5.0 AppleWebKit/537.36 (KHTML, like Gecko; compatible; GPTBot/1.3; +https://openai.com/gptbot)"
54.39.0.146 - - [04/Mar/2026:22:58:37 +0800] "GET /img/credit/?C=M;O=D HTTP/2.0" 200 423 "-" "Mozilla/5.0 (compatible; AhrefsBot/7.0; +http://ahrefs.com/robot/)"
66.249.64.130 - - [04/Mar/2026:22:58:38 +0800] "GET /?detail/0840212172861 HTTP/1.1" 200 21465 "-" "Mozilla/5.0 (Linux; Android 6.0.1; Nexus 5X Build/MMB29P) AppleWebKit/537.36 (KHTML, like Gecko) Chrome/144.0.7559.132 Mobile Safari/537.36 (compatible; Googlebot/2.1; +http://www.google.com/bot.html)"
74.7.241.59 - - [04/Mar/2026:22:58:38 +0800] "GET /pages.php?detail/153023496166 HTTP/2.0" 200 20982 "https://mipinternational.com/pages.php?detail/2660310672260" "Mozilla/5.0 AppleWebKit/537.36 (KHTML, like Gecko; compatible; GPTBot/1.3; +https://openai.com/gptbot)"
54.39.89.15 - - [04/Mar/2026:22:58:45 +0800] "GET /js/images/?path=%2Fhome%2Fmip%2Fmip%2Fvendor%2Fmarkbaker%2Fmatrix HTTP/2.0" 200 1511 "-" "Mozilla/5.0 (compatible; AhrefsBot/7.0; +http://ahrefs.com/robot/)"
74.7.241.59 - - [04/Mar/2026:22:58:44 +0800] "GET /pages.php?detail/190041913415 HTTP/2.0" 200 21534 "https://mipinternational.com/pages.php?detail/240033231642" "Mozilla/5.0 AppleWebKit/537.36 (KHTML, like Gecko; compatible; GPTBot/1.3; +https://openai.com/gptbot)"
51.222.95.124 - - [04/Mar/2026:22:58:52 +0800] "GET /files/mip/15/?C=D;O=D HTTP/2.0" 200 255 "-" "Mozilla/5.0 (compatible; AhrefsBot/7.0; +http://ahrefs.com/robot/)"
51.222.95.28 - - [04/Mar/2026:22:58:59 +0800] "GET /files/mip/15/?C=M;O=D HTTP/2.0" 200 255 "-" "Mozilla/5.0 (compatible; AhrefsBot/7.0; +http://ahrefs.com/robot/)"
115.147.15.37 - - [04/Mar/2026:22:59:01 +0800] "GET /website/images/favicon.ico HTTP/2.0" 500 115 "https://www.mipinternational.com/general-application" "Mozilla/5.0 (Windows NT 10.0; Win64; x64) AppleWebKit/537.36 (KHTML, like Gecko) Chrome/145.0.0.0 Safari/537.36"
74.7.241.59 - - [04/Mar/2026:22:59:00 +0800] "GET /pages.php?detail/234018248410 HTTP/2.0" 200 20546 "https://mipinternational.com/pages.php?detail/001002478472" "Mozilla/5.0 AppleWebKit/537.36 (KHTML, like Gecko; compatible; GPTBot/1.3; +https://openai.com/gptbot)"
74.7.241.59 - - [04/Mar/2026:22:59:13 +0800] "GET /pages.php?detail/153015770712 HTTP/2.0" 200 20589 "https://mipinternational.com/pages.php?detail/153023496166" "Mozilla/5.0 AppleWebKit/537.36 (KHTML, like Gecko; compatible; GPTBot/1.3; +https://openai.com/gptbot)"
74.7.241.59 - - [04/Mar/2026:22:59:16 +0800] "GET /pages.php?detail/0390290943454 HTTP/2.0" 200 21665 "https://mipinternational.com/pages.php?detail/039028027357" "Mozilla/5.0 AppleWebKit/537.36 (KHTML, like Gecko; compatible; GPTBot/1.3; +https://openai.com/gptbot)"
54.39.203.61 - - [04/Mar/2026:22:59:20 +0800] "GET /files/mip/15/?C=S;O=D HTTP/2.0" 200 255 "-" "Mozilla/5.0 (compatible; AhrefsBot/7.0; +http://ahrefs.com/robot/)"
66.249.64.129 - - [04/Mar/2026:22:59:21 +0800] "GET /?goods/058010830 HTTP/1.1" 200 20580 "-" "Mozilla/5.0 (Linux; Android 6.0.1; Nexus 5X Build/MMB29P) AppleWebKit/537.36 (KHTML, like Gecko) Chrome/144.0.7559.132 Mobile Safari/537.36 (compatible; Googlebot/2.1; +http://www.google.com/bot.html)"
74.7.241.59 - - [04/Mar/2026:22:59:19 +0800] "GET /pages.php?detail/2340212412952 HTTP/2.0" 200 20716 "https://mipinternational.com/pages.php?detail/190041913415" "Mozilla/5.0 AppleWebKit/537.36 (KHTML, like Gecko; compatible; GPTBot/1.3; +https://openai.com/gptbot)"
74.7.241.59 - - [04/Mar/2026:22:59:23 +0800] "GET /pages.php?detail/165014209652 HTTP/2.0" 200 20886 "http://mipinternational.com" "Mozilla/5.0 AppleWebKit/537.36 (KHTML, like Gecko; compatible; GPTBot/1.3; +https://openai.com/gptbot)"
74.7.241.59 - - [04/Mar/2026:22:59:27 +0800] "GET /pages.php?detail/2920357562392 HTTP/2.0" 200 20978 "http://mipinternational.com" "Mozilla/5.0 AppleWebKit/537.36 (KHTML, like Gecko; compatible; GPTBot/1.3; +https://openai.com/gptbot)"
203.223.89.238 - - [04/Mar/2026:22:59:27 +0800] "GET /pages.php?detail%2F0430373209489 HTTP/1.1" 200 21402 "-" "Mozilla/5.0 (X11; NetBSD) AppleWebKit/537.36 (KHTML, like Gecko) Chrome/27.0.1453.116 Safari/537.36"
74.7.241.59 - - [04/Mar/2026:22:59:34 +0800] "GET /pages.php?detail/095027273228 HTTP/2.0" 200 20627 "http://mipinternational.com" "Mozilla/5.0 AppleWebKit/537.36 (KHTML, like Gecko; compatible; GPTBot/1.3; +https://openai.com/gptbot)"
66.249.64.129 - - [04/Mar/2026:22:59:40 +0800] "GET /?jp/077038289.html HTTP/1.1" 200 20974 "-" "Mozilla/5.0 (Linux; Android 6.0.1; Nexus 5X Build/MMB29P) AppleWebKit/537.36 (KHTML, like Gecko) Chrome/144.0.7559.132 Mobile Safari/537.36 (compatible; Googlebot/2.1; +http://www.google.com/bot.html)"
74.7.241.59 - - [04/Mar/2026:22:59:46 +0800] "GET /pages.php?detail/025040548091 HTTP/2.0" 200 21246 "http://mipinternational.com" "Mozilla/5.0 AppleWebKit/537.36 (KHTML, like Gecko; compatible; GPTBot/1.3; +https://openai.com/gptbot)"
74.7.241.59 - - [04/Mar/2026:22:59:48 +0800] "GET /pages.php?detail/153031438853 HTTP/2.0" 200 21367 "https://mipinternational.com/pages.php?detail/153015770712" "Mozilla/5.0 AppleWebKit/537.36 (KHTML, like Gecko; compatible; GPTBot/1.3; +https://openai.com/gptbot)"
15.235.96.97 - - [04/Mar/2026:22:59:56 +0800] "GET /files/mip/12/?C=D;O=D HTTP/2.0" 200 255 "-" "Mozilla/5.0 (compatible; AhrefsBot/7.0; +http://ahrefs.com/robot/)"
91.98.178.152 - - [04/Mar/2026:22:59:58 +0800] "GET / HTTP/2.0" 500 115 "-" "Mozilla/5.0 (Macintosh; Intel Mac OS X 10_12_6) AppleWebKit/537.36 (KHTML, like Gecko) Chrome/103.0.0.0 Safari/537.36"
74.7.241.59 - - [04/Mar/2026:22:59:56 +0800] "GET /pages.php?detail/074042040602 HTTP/2.0" 200 21098 "https://mipinternational.com/pages.php?detail/2340212412952" "Mozilla/5.0 AppleWebKit/537.36 (KHTML, like Gecko; compatible; GPTBot/1.3; +https://openai.com/gptbot)"
74.7.241.59 - - [04/Mar/2026:22:59:59 +0800] "GET /pages.php?detail/249003001383 HTTP/2.0" 200 20879 "https://mipinternational.com/pages.php?detail/165014209652" "Mozilla/5.0 AppleWebKit/537.36 (KHTML, like Gecko; compatible; GPTBot/1.3; +https://openai.com/gptbot)"
74.7.241.59 - - [04/Mar/2026:23:00:02 +0800] "GET /pages.php?detail/078001817193 HTTP/2.0" 200 20479 "https://mipinternational.com/pages.php?detail/165014209652" "Mozilla/5.0 AppleWebKit/537.36 (KHTML, like Gecko; compatible; GPTBot/1.3; +https://openai.com/gptbot)"
74.7.241.59 - - [04/Mar/2026:23:00:09 +0800] "GET /pages.php?detail/0980160036049 HTTP/2.0" 200 20959 "https://mipinternational.com/pages.php?detail/2920357562392" "Mozilla/5.0 AppleWebKit/537.36 (KHTML, like Gecko; compatible; GPTBot/1.3; +https://openai.com/gptbot)"
66.249.64.130 - - [04/Mar/2026:23:00:13 +0800] "GET /?pid=22823623206&channel=each-sir-dimension&cate_id=8671&page=https://mail.mipinternational.com/select.xhtml?products/173cq5465 HTTP/1.1" 200 21042 "-" "Mozilla/5.0 (Linux; Android 6.0.1; Nexus 5X Build/MMB29P) AppleWebKit/537.36 (KHTML, like Gecko) Chrome/144.0.7559.132 Mobile Safari/537.36 (compatible; Googlebot/2.1; +http://www.google.com/bot.html)"
74.7.241.59 - - [04/Mar/2026:23:00:16 +0800] "GET /pages.php?detail/087038700418 HTTP/2.0" 200 21737 "http://mipinternational.com" "Mozilla/5.0 AppleWebKit/537.36 (KHTML, like Gecko; compatible; GPTBot/1.3; +https://openai.com/gptbot)"
74.7.241.59 - - [04/Mar/2026:23:00:26 +0800] "GET /pages.php?detail/153003846301 HTTP/2.0" 200 20717 "https://mipinternational.com/pages.php?detail/153031438853" "Mozilla/5.0 AppleWebKit/537.36 (KHTML, like Gecko; compatible; GPTBot/1.3; +https://openai.com/gptbot)"
74.7.241.59 - - [04/Mar/2026:23:00:33 +0800] "GET /pages.php?detail/074040660410 HTTP/2.0" 200 20762 "https://mipinternational.com/pages.php?detail/074042040602" "Mozilla/5.0 AppleWebKit/537.36 (KHTML, like Gecko; compatible; GPTBot/1.3; +https://openai.com/gptbot)"
74.7.241.59 - - [04/Mar/2026:23:00:35 +0800] "GET /pages.php?jp/249036034.html HTTP/2.0" 200 20743 "https://mipinternational.com/pages.php?detail/249003001383" "Mozilla/5.0 AppleWebKit/537.36 (KHTML, like Gecko; compatible; GPTBot/1.3; +https://openai.com/gptbot)"
66.249.64.129 - - [04/Mar/2026:23:00:41 +0800] "GET /pippi-store-rsummzgqwyvs63v2nj5v24geqy HTTP/1.1" 200 20979 "-" "Mozilla/5.0 (Linux; Android 6.0.1; Nexus 5X Build/MMB29P) AppleWebKit/537.36 (KHTML, like Gecko) Chrome/144.0.7559.132 Mobile Safari/537.36 (compatible; Googlebot/2.1; +http://www.google.com/bot.html)"
74.7.241.59 - - [04/Mar/2026:23:00:48 +0800] "GET /pages.php?detail/249036035548 HTTP/2.0" 200 20532 "https://mipinternational.com/pages.php?detail/249003001383" "Mozilla/5.0 AppleWebKit/537.36 (KHTML, like Gecko; compatible; GPTBot/1.3; +https://openai.com/gptbot)"
66.249.64.128 - - [04/Mar/2026:23:00:50 +0800] "GET /?jp/246041257.html HTTP/1.1" 200 21670 "-" "Mozilla/5.0 (Linux; Android 6.0.1; Nexus 5X Build/MMB29P) AppleWebKit/537.36 (KHTML, like Gecko) Chrome/144.0.7559.132 Mobile Safari/537.36 (compatible; Googlebot/2.1; +http://www.google.com/bot.html)"
14.173.4.25 - - [04/Mar/2026:23:00:49 +0800] "GET /pages.php?117002653 HTTP/1.1" 200 21040 "-" "Mozilla/5.0 (Macintosh; Intel Mac OS X 10_15_7) AppleWebKit/537.36 (KHTML, like Gecko) Chrome/98.0.4758.80 Safari/537.36"
74.7.241.59 - - [04/Mar/2026:23:00:51 +0800] "GET /pages.php?detail/118009589551 HTTP/2.0" 200 21628 "https://mipinternational.com/pages.php?detail/087038700418" "Mozilla/5.0 AppleWebKit/537.36 (KHTML, like Gecko; compatible; GPTBot/1.3; +https://openai.com/gptbot)"
74.7.241.59 - - [04/Mar/2026:23:01:03 +0800] "GET /pages.php?jp/095014684.html HTTP/2.0" 200 20482 "https://mipinternational.com/pages.php?detail/095027273228" "Mozilla/5.0 AppleWebKit/537.36 (KHTML, like Gecko; compatible; GPTBot/1.3; +https://openai.com/gptbot)"
74.7.241.59 - - [04/Mar/2026:23:01:06 +0800] "GET /pages.php?detail/165001222473 HTTP/2.0" 200 20522 "https://mipinternational.com/pages.php?detail/165014209652" "Mozilla/5.0 AppleWebKit/537.36 (KHTML, like Gecko; compatible; GPTBot/1.3; +https://openai.com/gptbot)"
54.39.89.110 - - [04/Mar/2026:23:01:09 +0800] "GET /files/mip/12/?C=M;O=D HTTP/2.0" 200 255 "-" "Mozilla/5.0 (compatible; AhrefsBot/7.0; +http://ahrefs.com/robot/)"
66.249.64.130 - - [04/Mar/2026:23:01:09 +0800] "GET /?pid=22823623206&channel=noise-entitle-priority&cate_id=8671&page=https://mail.mipinternational.com/select.xhtml?286040829 HTTP/1.1" 200 21077 "-" "Mozilla/5.0 (Linux; Android 6.0.1; Nexus 5X Build/MMB29P) AppleWebKit/537.36 (KHTML, like Gecko) Chrome/144.0.7559.132 Mobile Safari/537.36 (compatible; Googlebot/2.1; +http://www.google.com/bot.html)"
74.7.241.59 - - [04/Mar/2026:23:01:09 +0800] "GET /pages.php?jp/249022259.html HTTP/2.0" 200 20492 "https://mipinternational.com/pages.php?jp/249036034.html" "Mozilla/5.0 AppleWebKit/537.36 (KHTML, like Gecko; compatible; GPTBot/1.3; +https://openai.com/gptbot)"
66.249.64.67 - - [04/Mar/2026:23:01:17 +0800] "GET /products/81fy40753 HTTP/1.1" 200 20775 "-" "Mozilla/5.0 (Linux; Android 6.0.1; Nexus 5X Build/MMB29P) AppleWebKit/537.36 (KHTML, like Gecko) Chrome/144.0.7559.132 Mobile Safari/537.36 (compatible; Googlebot/2.1; +http://www.google.com/bot.html)"
74.7.241.59 - - [04/Mar/2026:23:01:16 +0800] "GET /pages.php?detail/050043337815 HTTP/2.0" 200 21783 "http://mipinternational.com" "Mozilla/5.0 AppleWebKit/537.36 (KHTML, like Gecko; compatible; GPTBot/1.3; +https://openai.com/gptbot)"
74.7.241.59 - - [04/Mar/2026:23:01:21 +0800] "GET /pages.php?detail/082018085708 HTTP/2.0" 200 20587 "http://mipinternational.com" "Mozilla/5.0 AppleWebKit/537.36 (KHTML, like Gecko; compatible; GPTBot/1.3; +https://openai.com/gptbot)"
74.7.241.59 - - [04/Mar/2026:23:01:29 +0800] "GET /pages.php?detail/042034269407 HTTP/2.0" 200 20497 "http://mipinternational.com" "Mozilla/5.0 AppleWebKit/537.36 (KHTML, like Gecko; compatible; GPTBot/1.3; +https://openai.com/gptbot)"
66.249.64.67 - - [04/Mar/2026:23:01:43 +0800] "GET /020000791 HTTP/1.1" 200 20645 "-" "Mozilla/5.0 (Linux; Android 6.0.1; Nexus 5X Build/MMB29P) AppleWebKit/537.36 (KHTML, like Gecko) Chrome/144.0.7559.132 Mobile Safari/537.36 (compatible; Googlebot/2.1; +http://www.google.com/bot.html)"
74.7.241.59 - - [04/Mar/2026:23:01:43 +0800] "GET /pages.php?jp/278026102.html HTTP/2.0" 200 20912 "https://mipinternational.com/pages.php?detail/165001222473" "Mozilla/5.0 AppleWebKit/537.36 (KHTML, like Gecko; compatible; GPTBot/1.3; +https://openai.com/gptbot)"
74.7.241.59 - - [04/Mar/2026:23:01:46 +0800] "GET /pages.php?detail/025005024152 HTTP/2.0" 200 20848 "https://mipinternational.com/pages.php?jp/249036034.html" "Mozilla/5.0 AppleWebKit/537.36 (KHTML, like Gecko; compatible; GPTBot/1.3; +https://openai.com/gptbot)"
74.7.241.59 - - [04/Mar/2026:23:01:52 +0800] "GET /pages.php?detail/082004924916 HTTP/2.0" 200 20725 "http://mipinternational.com" "Mozilla/5.0 AppleWebKit/537.36 (KHTML, like Gecko; compatible; GPTBot/1.3; +https://openai.com/gptbot)"
74.7.241.59 - - [04/Mar/2026:23:01:59 +0800] "GET /pages.php?detail/245007755065 HTTP/2.0" 200 20523 "https://mipinternational.com/pages.php?detail/082018085708" "Mozilla/5.0 AppleWebKit/537.36 (KHTML, like Gecko; compatible; GPTBot/1.3; +https://openai.com/gptbot)"
74.7.241.59 - - [04/Mar/2026:23:02:06 +0800] "GET /pages.php?detail/042034237529 HTTP/2.0" 200 20512 "https://mipinternational.com/pages.php?detail/042034269407" "Mozilla/5.0 AppleWebKit/537.36 (KHTML, like Gecko; compatible; GPTBot/1.3; +https://openai.com/gptbot)"
113.170.222.247 - - [04/Mar/2026:23:02:07 +0800] "GET /pages.php?m21052581970 HTTP/1.1" 200 22053 "-" "Mozilla/5.0 (Windows NT 10.0; Win64; x64) AppleWebKit/537.36 (KHTML, like Gecko) Chrome/101.0.4951.67 Safari/537.36"
66.249.64.128 - - [04/Mar/2026:23:02:21 +0800] "GET /?detail/228010483163 HTTP/1.1" 200 21930 "-" "Mozilla/5.0 (Linux; Android 6.0.1; Nexus 5X Build/MMB29P) AppleWebKit/537.36 (KHTML, like Gecko) Chrome/144.0.7559.132 Mobile Safari/537.36 (compatible; Googlebot/2.1; +http://www.google.com/bot.html)"
74.7.241.59 - - [04/Mar/2026:23:02:21 +0800] "GET /pages.php?detail/0900224200658 HTTP/2.0" 200 20420 "https://mipinternational.com/pages.php?detail/050043337815" "Mozilla/5.0 AppleWebKit/537.36 (KHTML, like Gecko; compatible; GPTBot/1.3; +https://openai.com/gptbot)"
74.7.241.59 - - [04/Mar/2026:23:02:25 +0800] "GET /pages.php?detail/1210017943213 HTTP/2.0" 200 20704 "https://mipinternational.com/pages.php?detail/249036035548" "Mozilla/5.0 AppleWebKit/537.36 (KHTML, like Gecko; compatible; GPTBot/1.3; +https://openai.com/gptbot)"
74.7.241.59 - - [04/Mar/2026:23:02:28 +0800] "GET /pages.php?detail/082047590401 HTTP/2.0" 200 20573 "https://mipinternational.com/pages.php?detail/082004924916" "Mozilla/5.0 AppleWebKit/537.36 (KHTML, like Gecko; compatible; GPTBot/1.3; +https://openai.com/gptbot)"
74.7.241.59 - - [04/Mar/2026:23:02:33 +0800] "GET /pages.php?detail/103021156350 HTTP/2.0" 200 21672 "http://mipinternational.com" "Mozilla/5.0 AppleWebKit/537.36 (KHTML, like Gecko; compatible; GPTBot/1.3; +https://openai.com/gptbot)"
74.7.241.59 - - [04/Mar/2026:23:02:36 +0800] "GET /pages.php?detail/082047589647 HTTP/2.0" 200 20790 "https://mipinternational.com/pages.php?detail/082004924916" "Mozilla/5.0 AppleWebKit/537.36 (KHTML, like Gecko; compatible; GPTBot/1.3; +https://openai.com/gptbot)"
74.7.241.59 - - [04/Mar/2026:23:02:39 +0800] "GET /pages.php?detail/1180134049749 HTTP/2.0" 200 20496 "https://mipinternational.com/pages.php?detail/118009589551" "Mozilla/5.0 AppleWebKit/537.36 (KHTML, like Gecko; compatible; GPTBot/1.3; +https://openai.com/gptbot)"
38.51.199.131 - - [04/Mar/2026:23:02:56 +0800] "GET /hg/job-list HTTP/1.1" 200 20245 "-" "Mozilla/5.0 (Windows NT 10.0; WOW64) AppleWebKit/537.36 (KHTML, like Gecko) Chrome/75.0.3770.100 ADG/11.0.2566 AOLBUILD/11.0.2566 Safari/537.36"
74.7.241.59 - - [04/Mar/2026:23:02:59 +0800] "GET /pages.php?detail/090000373626 HTTP/2.0" 200 20573 "https://mipinternational.com/pages.php?detail/0900224200658" "Mozilla/5.0 AppleWebKit/537.36 (KHTML, like Gecko; compatible; GPTBot/1.3; +https://openai.com/gptbot)"
74.7.241.59 - - [04/Mar/2026:23:03:02 +0800] "GET /pages.php?detail/162028077061 HTTP/2.0" 200 21510 "https://mipinternational.com/pages.php?detail/1210017943213" "Mozilla/5.0 AppleWebKit/537.36 (KHTML, like Gecko; compatible; GPTBot/1.3; +https://openai.com/gptbot)"
74.7.241.59 - - [04/Mar/2026:23:03:04 +0800] "GET /pages.php?detail/1470360180614 HTTP/2.0" 200 21330 "https://mipinternational.com/pages.php?detail/249036035548" "Mozilla/5.0 AppleWebKit/537.36 (KHTML, like Gecko; compatible; GPTBot/1.3; +https://openai.com/gptbot)"
74.7.241.59 - - [04/Mar/2026:23:03:11 +0800] "GET /pages.php?detail/190002976373 HTTP/2.0" 200 20776 "https://mipinternational.com/pages.php?detail/190041913415" "Mozilla/5.0 AppleWebKit/537.36 (KHTML, like Gecko; compatible; GPTBot/1.3; +https://openai.com/gptbot)"
74.7.241.59 - - [04/Mar/2026:23:03:14 +0800] "GET /pages.php?detail/202021062328 HTTP/2.0" 200 20582 "https://mipinternational.com/pages.php?jp/249036034.html" "Mozilla/5.0 AppleWebKit/537.36 (KHTML, like Gecko; compatible; GPTBot/1.3; +https://openai.com/gptbot)"
74.7.241.59 - - [04/Mar/2026:23:03:20 +0800] "GET /pages.php?detail/221041946715 HTTP/2.0" 200 21168 "https://mipinternational.com/pages.php?detail/021012857060" "Mozilla/5.0 AppleWebKit/537.36 (KHTML, like Gecko; compatible; GPTBot/1.3; +https://openai.com/gptbot)"
142.44.220.143 - - [04/Mar/2026:23:03:33 +0800] "GET /files/mip/12/?C=S;O=D HTTP/2.0" 200 255 "-" "Mozilla/5.0 (compatible; AhrefsBot/7.0; +http://ahrefs.com/robot/)"
74.7.241.59 - - [04/Mar/2026:23:03:32 +0800] "GET /pages.php?goods/090022420 HTTP/2.0" 200 20378 "https://mipinternational.com/pages.php?detail/090000373626" "Mozilla/5.0 AppleWebKit/537.36 (KHTML, like Gecko; compatible; GPTBot/1.3; +https://openai.com/gptbot)"
66.249.64.68 - - [04/Mar/2026:23:03:37 +0800] "GET /?goods/154043608 HTTP/1.1" 200 21073 "-" "Mozilla/5.0 (Linux; Android 6.0.1; Nexus 5X Build/MMB29P) AppleWebKit/537.36 (KHTML, like Gecko) Chrome/144.0.7559.132 Mobile Safari/537.36 (compatible; Googlebot/2.1; +http://www.google.com/bot.html)"
66.249.64.128 - - [04/Mar/2026:23:03:38 +0800] "GET /?pid=22823623206&channel=capture-presumably-portion&cate_id=8671&page=https://mail.mipinternational.com/select.xhtml?220026601 HTTP/1.1" 200 20898 "-" "Mozilla/5.0 (Linux; Android 6.0.1; Nexus 5X Build/MMB29P) AppleWebKit/537.36 (KHTML, like Gecko) Chrome/144.0.7559.132 Mobile Safari/537.36 (compatible; Googlebot/2.1; +http://www.google.com/bot.html)"
74.7.241.59 - - [04/Mar/2026:23:03:35 +0800] "GET /pages.php?detail/277001850048 HTTP/2.0" 200 21363 "https://mipinternational.com/pages.php?detail/090000373626" "Mozilla/5.0 AppleWebKit/537.36 (KHTML, like Gecko; compatible; GPTBot/1.3; +https://openai.com/gptbot)"
74.7.241.59 - - [04/Mar/2026:23:03:39 +0800] "GET /pages.php?detail/0010065384615 HTTP/2.0" 200 20117 "https://mipinternational.com/pages.php?detail/162028077061" "Mozilla/5.0 AppleWebKit/537.36 (KHTML, like Gecko; compatible; GPTBot/1.3; +https://openai.com/gptbot)"
74.7.241.59 - - [04/Mar/2026:23:03:49 +0800] "GET /pages.php?detail/150007927406 HTTP/2.0" 200 20897 "https://mipinternational.com/pages.php?detail/190002976373" "Mozilla/5.0 AppleWebKit/537.36 (KHTML, like Gecko; compatible; GPTBot/1.3; +https://openai.com/gptbot)"
74.7.241.59 - - [04/Mar/2026:23:03:56 +0800] "GET /pages.php?detail/181008245503 HTTP/2.0" 200 20568 "https://mipinternational.com/pages.php?detail/1810127152153" "Mozilla/5.0 AppleWebKit/537.36 (KHTML, like Gecko; compatible; GPTBot/1.3; +https://openai.com/gptbot)"
74.7.241.59 - - [04/Mar/2026:23:04:00 +0800] "GET /pages.php?detail/042025237392 HTTP/2.0" 200 20778 "https://mipinternational.com/pages.php?detail/221041946715" "Mozilla/5.0 AppleWebKit/537.36 (KHTML, like Gecko; compatible; GPTBot/1.3; +https://openai.com/gptbot)"
74.7.241.59 - - [04/Mar/2026:23:04:12 +0800] "GET /pages.php?detail/090048303178 HTTP/2.0" 200 21310 "https://mipinternational.com/pages.php?goods/090022420" "Mozilla/5.0 AppleWebKit/537.36 (KHTML, like Gecko; compatible; GPTBot/1.3; +https://openai.com/gptbot)"
74.7.241.59 - - [04/Mar/2026:23:04:15 +0800] "GET /pages.php?detail/247018391139 HTTP/2.0" 200 21512 "https://mipinternational.com/pages.php?goods/090022420" "Mozilla/5.0 AppleWebKit/537.36 (KHTML, like Gecko; compatible; GPTBot/1.3; +https://openai.com/gptbot)"
74.7.241.59 - - [04/Mar/2026:23:04:19 +0800] "GET /pages.php?detail/266042247120 HTTP/2.0" 200 20451 "https://mipinternational.com/pages.php?detail/277001850048" "Mozilla/5.0 AppleWebKit/537.36 (KHTML, like Gecko; compatible; GPTBot/1.3; +https://openai.com/gptbot)"
74.7.241.59 - - [04/Mar/2026:23:04:22 +0800] "GET /pages.php?detail/049046519201 HTTP/2.0" 200 20955 "http://mipinternational.com" "Mozilla/5.0 AppleWebKit/537.36 (KHTML, like Gecko; compatible; GPTBot/1.3; +https://openai.com/gptbot)"
14.174.241.14 - - [04/Mar/2026:23:04:26 +0800] "GET /pages.php?132015094 HTTP/1.1" 200 20453 "-" "Mozilla/5.0 (Macintosh; Intel Mac OS X 11_3_0) AppleWebKit/537.36 (KHTML, like Gecko) Chrome/89.0.4389.114 Safari/537.36"
74.7.241.59 - - [04/Mar/2026:23:04:29 +0800] "GET /pages.php?detail/100049908577 HTTP/2.0" 200 20634 "https://mipinternational.com/pages.php?detail/150007927406" "Mozilla/5.0 AppleWebKit/537.36 (KHTML, like Gecko; compatible; GPTBot/1.3; +https://openai.com/gptbot)"
66.249.64.130 - - [04/Mar/2026:23:04:31 +0800] "GET /064000461 HTTP/1.1" 200 21693 "-" "Mozilla/5.0 (Linux; Android 6.0.1; Nexus 5X Build/MMB29P) AppleWebKit/537.36 (KHTML, like Gecko) Chrome/144.0.7559.132 Mobile Safari/537.36 (compatible; Googlebot/2.1; +http://www.google.com/bot.html)"
74.7.241.59 - - [04/Mar/2026:23:04:34 +0800] "GET /pages.php?detail/1250020760785 HTTP/2.0" 200 20212 "https://mipinternational.com/pages.php?detail/042025237392" "Mozilla/5.0 AppleWebKit/537.36 (KHTML, like Gecko; compatible; GPTBot/1.3; +https://openai.com/gptbot)"
74.7.241.59 - - [04/Mar/2026:23:04:37 +0800] "GET /pages.php?detail/031035600856 HTTP/2.0" 200 20441 "http://mipinternational.com" "Mozilla/5.0 AppleWebKit/537.36 (KHTML, like Gecko; compatible; GPTBot/1.3; +https://openai.com/gptbot)"
74.7.241.59 - - [04/Mar/2026:23:04:48 +0800] "GET /pages.php?detail/201039326399 HTTP/2.0" 200 20420 "https://mipinternational.com/pages.php?detail/090048303178" "Mozilla/5.0 AppleWebKit/537.36 (KHTML, like Gecko; compatible; GPTBot/1.3; +https://openai.com/gptbot)"
74.7.241.59 - - [04/Mar/2026:23:04:54 +0800] "GET /pages.php?detail/174017978371 HTTP/2.0" 200 21030 "https://mipinternational.com/pages.php?detail/266042247120" "Mozilla/5.0 AppleWebKit/537.36 (KHTML, like Gecko; compatible; GPTBot/1.3; +https://openai.com/gptbot)"
74.7.241.59 - - [04/Mar/2026:23:04:57 +0800] "GET /pages.php?jp/025039603.html HTTP/2.0" 200 20755 "https://mipinternational.com/pages.php?detail/049046519201" "Mozilla/5.0 AppleWebKit/537.36 (KHTML, like Gecko; compatible; GPTBot/1.3; +https://openai.com/gptbot)"
74.7.241.59 - - [04/Mar/2026:23:05:00 +0800] "GET /pages.php?detail/049000364095 HTTP/2.0" 200 20756 "https://mipinternational.com/pages.php?detail/049046519201" "Mozilla/5.0 AppleWebKit/537.36 (KHTML, like Gecko; compatible; GPTBot/1.3; +https://openai.com/gptbot)"
74.7.241.59 - - [04/Mar/2026:23:05:04 +0800] "GET /pages.php?detail/145000452036 HTTP/2.0" 200 20605 "https://mipinternational.com/pages.php?detail/247018391139" "Mozilla/5.0 AppleWebKit/537.36 (KHTML, like Gecko; compatible; GPTBot/1.3; +https://openai.com/gptbot)"
74.7.241.59 - - [04/Mar/2026:23:05:07 +0800] "GET /pages.php?detail/049000367487 HTTP/2.0" 200 21579 "https://mipinternational.com/pages.php?detail/049046519201" "Mozilla/5.0 AppleWebKit/537.36 (KHTML, like Gecko; compatible; GPTBot/1.3; +https://openai.com/gptbot)"
74.7.241.59 - - [04/Mar/2026:23:05:10 +0800] "GET /pages.php?detail/266029595385 HTTP/2.0" 200 21293 "https://mipinternational.com/pages.php?detail/266042247120" "Mozilla/5.0 AppleWebKit/537.36 (KHTML, like Gecko; compatible; GPTBot/1.3; +https://openai.com/gptbot)"
74.7.241.59 - - [04/Mar/2026:23:05:17 +0800] "GET /pages.php?detail/119007047249 HTTP/2.0" 200 20885 "http://mipinternational.com" "Mozilla/5.0 AppleWebKit/537.36 (KHTML, like Gecko; compatible; GPTBot/1.3; +https://openai.com/gptbot)"
74.7.241.59 - - [04/Mar/2026:23:05:19 +0800] "GET /pages.php?detail/100027700506 HTTP/2.0" 200 20467 "https://mipinternational.com/pages.php?detail/100049908577" "Mozilla/5.0 AppleWebKit/537.36 (KHTML, like Gecko; compatible; GPTBot/1.3; +https://openai.com/gptbot)"
74.7.241.59 - - [04/Mar/2026:23:05:23 +0800] "GET /pages.php?jp/178004981.html HTTP/2.0" 200 21305 "https://mipinternational.com/pages.php?detail/201039326399" "Mozilla/5.0 AppleWebKit/537.36 (KHTML, like Gecko; compatible; GPTBot/1.3; +https://openai.com/gptbot)"
74.7.241.59 - - [04/Mar/2026:23:05:30 +0800] "GET /pages.php?jp/100027700.html HTTP/2.0" 200 20480 "https://mipinternational.com/pages.php?detail/100027700506" "Mozilla/5.0 AppleWebKit/537.36 (KHTML, like Gecko; compatible; GPTBot/1.3; +https://openai.com/gptbot)"
74.7.241.59 - - [04/Mar/2026:23:05:32 +0800] "GET /pages.php?detail/201039323298 HTTP/2.0" 200 20445 "https://mipinternational.com/pages.php?detail/201039326399" "Mozilla/5.0 AppleWebKit/537.36 (KHTML, like Gecko; compatible; GPTBot/1.3; +https://openai.com/gptbot)"
14.236.163.214 - - [04/Mar/2026:23:05:35 +0800] "GET /img/credit/datatables/?fm=true&path=%2Fhome%2Fmip%2Fmip%2Fpublic%2Fimg%2Fcredit%2Fdatatables%2F&rights=Exceptions.zip HTTP/1.1" 200 8742 "-" "Mozilla/5.0 (Windows NT 10.0; WOW64) AppleWebKit/537.36 (KHTML, like Gecko) Chrome/69.0.3497.100 Safari/537.36"
74.7.241.59 - - [04/Mar/2026:23:05:35 +0800] "GET /pages.php?detail/274003071674 HTTP/2.0" 200 20768 "http://mipinternational.com" "Mozilla/5.0 AppleWebKit/537.36 (KHTML, like Gecko; compatible; GPTBot/1.3; +https://openai.com/gptbot)"
74.7.241.59 - - [04/Mar/2026:23:05:38 +0800] "GET /pages.php?detail/174004961744 HTTP/2.0" 200 21130 "https://mipinternational.com/pages.php?detail/174017978371" "Mozilla/5.0 AppleWebKit/537.36 (KHTML, like Gecko; compatible; GPTBot/1.3; +https://openai.com/gptbot)"
74.7.241.59 - - [04/Mar/2026:23:05:41 +0800] "GET /pages.php?jp/197014487.html HTTP/2.0" 200 20955 "https://mipinternational.com/pages.php?detail/145000452036" "Mozilla/5.0 AppleWebKit/537.36 (KHTML, like Gecko; compatible; GPTBot/1.3; +https://openai.com/gptbot)"
74.7.241.59 - - [04/Mar/2026:23:05:44 +0800] "GET /pages.php?detail/049005106908 HTTP/2.0" 200 20931 "https://mipinternational.com/pages.php?detail/049000367487" "Mozilla/5.0 AppleWebKit/537.36 (KHTML, like Gecko; compatible; GPTBot/1.3; +https://openai.com/gptbot)"
66.249.64.128 - - [04/Mar/2026:23:05:49 +0800] "GET /?goods/228010479 HTTP/1.1" 200 21680 "-" "Mozilla/5.0 (Linux; Android 6.0.1; Nexus 5X Build/MMB29P) AppleWebKit/537.36 (KHTML, like Gecko) Chrome/144.0.7559.132 Mobile Safari/537.36 (compatible; Googlebot/2.1; +http://www.google.com/bot.html)"
74.7.241.59 - - [04/Mar/2026:23:05:48 +0800] "GET /pages.php?detail/049005107049 HTTP/2.0" 200 21353 "https://mipinternational.com/pages.php?detail/049000367487" "Mozilla/5.0 AppleWebKit/537.36 (KHTML, like Gecko; compatible; GPTBot/1.3; +https://openai.com/gptbot)"
74.7.241.59 - - [04/Mar/2026:23:05:58 +0800] "GET /pages.php?detail/0530330819086 HTTP/2.0" 200 20832 "https://mipinternational.com/pages.php?detail/031035600856" "Mozilla/5.0 AppleWebKit/537.36 (KHTML, like Gecko; compatible; GPTBot/1.3; +https://openai.com/gptbot)"
27.34.72.238 - - [04/Mar/2026:23:06:03 +0800] "GET /img/credit/datatables/?fm=true&path=%2Fhome%2Fmip%2Fmip%2Fpublic%2Fimg%2Fcredit%2Fdatatables%2F&rename=packages.php.tar HTTP/1.1" 200 8735 "-" "Mozilla/5.0 (Windows NT 6.1; Win64; x64) AppleWebKit/537.36 (KHTML, like Gecko) Chrome/103.0.0.0 Safari/537.36"
74.7.241.59 - - [04/Mar/2026:23:06:02 +0800] "GET /pages.php?detail/231028123779 HTTP/2.0" 200 20880 "https://mipinternational.com/pages.php?jp/178004981.html" "Mozilla/5.0 AppleWebKit/537.36 (KHTML, like Gecko; compatible; GPTBot/1.3; +https://openai.com/gptbot)"
74.7.241.59 - - [04/Mar/2026:23:06:05 +0800] "GET /pages.php?detail/002010094751 HTTP/2.0" 200 20963 "https://mipinternational.com/pages.php?jp/100027700.html" "Mozilla/5.0 AppleWebKit/537.36 (KHTML, like Gecko; compatible; GPTBot/1.3; +https://openai.com/gptbot)"
103.93.33.42 - - [04/Mar/2026:23:06:09 +0800] "GET /pages.php?051013251 HTTP/1.1" 200 21021 "-" "Mozilla/5.0 (Windows NT 6.1; Win64; x64) AppleWebKit/537.36 (KHTML, like Gecko) Chrome/64.0.3282.24 Safari/537.36"
74.7.241.59 - - [04/Mar/2026:23:06:08 +0800] "GET /pages.php?detail/299014710118 HTTP/2.0" 200 20534 "https://mipinternational.com/pages.php?jp/100027700.html" "Mozilla/5.0 AppleWebKit/537.36 (KHTML, like Gecko; compatible; GPTBot/1.3; +https://openai.com/gptbot)"
66.249.64.128 - - [04/Mar/2026:23:06:13 +0800] "GET /?pid=22823623206&channel=cover-army-certain&cate_id=8671&page=https://mail.mipinternational.com/select.xhtml?products/49zw2461 HTTP/1.1" 200 20548 "-" "Mozilla/5.0 (Linux; Android 6.0.1; Nexus 5X Build/MMB29P) AppleWebKit/537.36 (KHTML, like Gecko) Chrome/144.0.7559.132 Mobile Safari/537.36 (compatible; Googlebot/2.1; +http://www.google.com/bot.html)"
74.7.241.59 - - [04/Mar/2026:23:06:11 +0800] "GET /pages.php?detail/198041066894 HTTP/2.0" 200 21932 "https://mipinternational.com/pages.php?jp/178004981.html" "Mozilla/5.0 AppleWebKit/537.36 (KHTML, like Gecko; compatible; GPTBot/1.3; +https://openai.com/gptbot)"
74.7.241.59 - - [04/Mar/2026:23:06:15 +0800] "GET /pages.php?detail/0490355440314 HTTP/2.0" 200 20710 "https://mipinternational.com/pages.php?detail/049000364095" "Mozilla/5.0 AppleWebKit/537.36 (KHTML, like Gecko; compatible; GPTBot/1.3; +https://openai.com/gptbot)"
74.7.241.59 - - [04/Mar/2026:23:06:18 +0800] "GET /pages.php?detail/066036596350 HTTP/2.0" 200 20500 "https://mipinternational.com/pages.php?jp/197014487.html" "Mozilla/5.0 AppleWebKit/537.36 (KHTML, like Gecko; compatible; GPTBot/1.3; +https://openai.com/gptbot)"
74.7.241.59 - - [04/Mar/2026:23:06:21 +0800] "GET /pages.php?m31905384448 HTTP/2.0" 200 21756 "https://mipinternational.com/pages.php?detail/049005106908" "Mozilla/5.0 AppleWebKit/537.36 (KHTML, like Gecko; compatible; GPTBot/1.3; +https://openai.com/gptbot)"
74.7.241.59 - - [04/Mar/2026:23:06:25 +0800] "GET /pages.php?detail/197021570538 HTTP/2.0" 200 20746 "https://mipinternational.com/pages.php?jp/197014487.html" "Mozilla/5.0 AppleWebKit/537.36 (KHTML, like Gecko; compatible; GPTBot/1.3; +https://openai.com/gptbot)"
79.177.156.58 - - [04/Mar/2026:23:06:30 +0800] "GET /pages.php?249041497 HTTP/1.1" 200 20369 "-" "Mozilla/5.0 (Windows NT 10.0; Win64; x64) AppleWebKit/537.36 (KHTML, like Gecko) Chrome/80.0.3987.132 Safari/537.36"
74.7.241.59 - - [04/Mar/2026:23:06:39 +0800] "GET /pages.php?detail/0530377503118 HTTP/2.0" 200 20821 "https://mipinternational.com/pages.php?detail/0530330819086" "Mozilla/5.0 AppleWebKit/537.36 (KHTML, like Gecko; compatible; GPTBot/1.3; +https://openai.com/gptbot)"
74.7.241.59 - - [04/Mar/2026:23:06:42 +0800] "GET /pages.php?detail/002010428995 HTTP/2.0" 200 21929 "https://mipinternational.com/pages.php?detail/002010094751" "Mozilla/5.0 AppleWebKit/537.36 (KHTML, like Gecko; compatible; GPTBot/1.3; +https://openai.com/gptbot)"
74.7.241.59 - - [04/Mar/2026:23:06:45 +0800] "GET /pages.php?jp/299018547.html HTTP/2.0" 200 20590 "https://mipinternational.com/pages.php?detail/299014710118" "Mozilla/5.0 AppleWebKit/537.36 (KHTML, like Gecko; compatible; GPTBot/1.3; +https://openai.com/gptbot)"
74.7.241.59 - - [04/Mar/2026:23:06:48 +0800] "GET /pages.php?detail/198030197090 HTTP/2.0" 200 21524 "https://mipinternational.com/pages.php?detail/198041066894" "Mozilla/5.0 AppleWebKit/537.36 (KHTML, like Gecko; compatible; GPTBot/1.3; +https://openai.com/gptbot)"
74.7.241.59 - - [04/Mar/2026:23:06:51 +0800] "GET /pages.php?detail/100007346750 HTTP/2.0" 200 20679 "https://mipinternational.com/pages.php?detail/100027700506" "Mozilla/5.0 AppleWebKit/537.36 (KHTML, like Gecko; compatible; GPTBot/1.3; +https://openai.com/gptbot)"
74.7.241.59 - - [04/Mar/2026:23:06:55 +0800] "GET /pages.php?jp/239037441.html HTTP/2.0" 200 20590 "https://mipinternational.com/pages.php?detail/066036596350" "Mozilla/5.0 AppleWebKit/537.36 (KHTML, like Gecko; compatible; GPTBot/1.3; +https://openai.com/gptbot)"
74.7.241.59 - - [04/Mar/2026:23:06:58 +0800] "GET /pages.php?detail/0990242350231 HTTP/2.0" 200 20873 "http://mipinternational.com" "Mozilla/5.0 AppleWebKit/537.36 (KHTML, like Gecko; compatible; GPTBot/1.3; +https://openai.com/gptbot)"
66.249.64.67 - - [04/Mar/2026:23:07:06 +0800] "GET /products/238pw33424 HTTP/1.1" 200 20551 "-" "Mozilla/5.0 (Linux; Android 6.0.1; Nexus 5X Build/MMB29P) AppleWebKit/537.36 (KHTML, like Gecko) Chrome/144.0.7559.132 Mobile Safari/537.36 (compatible; Googlebot/2.1; +http://www.google.com/bot.html)"
74.7.241.59 - - [04/Mar/2026:23:07:13 +0800] "GET /pages.php?detail/086006486328 HTTP/2.0" 200 21670 "https://mipinternational.com/pages.php?detail/0530377503118" "Mozilla/5.0 AppleWebKit/537.36 (KHTML, like Gecko; compatible; GPTBot/1.3; +https://openai.com/gptbot)"
74.7.241.59 - - [04/Mar/2026:23:07:16 +0800] "GET /pages.php?detail/053038763108 HTTP/2.0" 200 20781 "https://mipinternational.com/pages.php?detail/0530377503118" "Mozilla/5.0 AppleWebKit/537.36 (KHTML, like Gecko; compatible; GPTBot/1.3; +https://openai.com/gptbot)"
74.7.241.59 - - [04/Mar/2026:23:07:20 +0800] "GET /pages.php?detail/0310181041377 HTTP/2.0" 200 20289 "http://mipinternational.com" "Mozilla/5.0 AppleWebKit/537.36 (KHTML, like Gecko; compatible; GPTBot/1.3; +https://openai.com/gptbot)"
74.7.241.59 - - [04/Mar/2026:23:07:23 +0800] "GET /pages.php?detail/274020390452 HTTP/2.0" 200 20823 "https://mipinternational.com/pages.php?detail/198030197090" "Mozilla/5.0 AppleWebKit/537.36 (KHTML, like Gecko; compatible; GPTBot/1.3; +https://openai.com/gptbot)"
74.7.241.59 - - [04/Mar/2026:23:07:26 +0800] "GET /pages.php?detail/0020365034804 HTTP/2.0" 200 21629 "https://mipinternational.com/pages.php?detail/002010428995" "Mozilla/5.0 AppleWebKit/537.36 (KHTML, like Gecko; compatible; GPTBot/1.3; +https://openai.com/gptbot)"
74.7.241.59 - - [04/Mar/2026:23:07:29 +0800] "GET /pages.php?detail/125008010535 HTTP/2.0" 200 20548 "https://mipinternational.com/pages.php?jp/239037441.html" "Mozilla/5.0 AppleWebKit/537.36 (KHTML, like Gecko; compatible; GPTBot/1.3; +https://openai.com/gptbot)"
74.7.241.59 - - [04/Mar/2026:23:07:32 +0800] "GET /pages.php?detail/0180419073730 HTTP/2.0" 200 20447 "https://mipinternational.com/pages.php?jp/178004981.html" "Mozilla/5.0 AppleWebKit/537.36 (KHTML, like Gecko; compatible; GPTBot/1.3; +https://openai.com/gptbot)"
66.249.64.66 - - [04/Mar/2026:23:07:36 +0800] "GET /222027711 HTTP/1.1" 200 20847 "-" "Mozilla/5.0 (Linux; Android 6.0.1; Nexus 5X Build/MMB29P) AppleWebKit/537.36 (KHTML, like Gecko) Chrome/144.0.7559.132 Mobile Safari/537.36 (compatible; Googlebot/2.1; +http://www.google.com/bot.html)"
66.249.64.66 - - [04/Mar/2026:23:07:40 +0800] "GET /074000659 HTTP/1.1" 200 22016 "-" "Mozilla/5.0 (Linux; Android 6.0.1; Nexus 5X Build/MMB29P) AppleWebKit/537.36 (KHTML, like Gecko) Chrome/144.0.7559.132 Mobile Safari/537.36 (compatible; Googlebot/2.1; +http://www.google.com/bot.html)"
74.7.241.59 - - [04/Mar/2026:23:07:41 +0800] "GET /pages.php?detail/1540351594169 HTTP/2.0" 200 20620 "http://mipinternational.com" "Mozilla/5.0 AppleWebKit/537.36 (KHTML, like Gecko; compatible; GPTBot/1.3; +https://openai.com/gptbot)"
74.7.241.59 - - [04/Mar/2026:23:07:54 +0800] "GET /pages.php?detail/160044056369 HTTP/2.0" 200 21040 "https://mipinternational.com/pages.php?detail/0310181041377" "Mozilla/5.0 AppleWebKit/537.36 (KHTML, like Gecko; compatible; GPTBot/1.3; +https://openai.com/gptbot)"
74.7.241.59 - - [04/Mar/2026:23:07:57 +0800] "GET /pages.php?detail/274044005290 HTTP/2.0" 200 21125 "https://mipinternational.com/pages.php?detail/274020390452" "Mozilla/5.0 AppleWebKit/537.36 (KHTML, like Gecko; compatible; GPTBot/1.3; +https://openai.com/gptbot)"
66.249.64.129 - - [04/Mar/2026:23:08:04 +0800] "GET /?jp/084021736.html HTTP/1.1" 200 20879 "-" "Mozilla/5.0 (Linux; Android 6.0.1; Nexus 5X Build/MMB29P) AppleWebKit/537.36 (KHTML, like Gecko) Chrome/144.0.7559.132 Mobile Safari/537.36 (compatible; Googlebot/2.1; +http://www.google.com/bot.html)"
74.7.241.59 - - [04/Mar/2026:23:08:01 +0800] "GET /pages.php?detail/162010959262 HTTP/2.0" 200 20396 "https://mipinternational.com/pages.php?detail/274020390452" "Mozilla/5.0 AppleWebKit/537.36 (KHTML, like Gecko; compatible; GPTBot/1.3; +https://openai.com/gptbot)"
66.249.64.129 - - [04/Mar/2026:23:08:04 +0800] "GET /products/166sd40702 HTTP/1.1" 200 21338 "-" "Mozilla/5.0 (Linux; Android 6.0.1; Nexus 5X Build/MMB29P) AppleWebKit/537.36 (KHTML, like Gecko) Chrome/144.0.7559.132 Mobile Safari/537.36 (compatible; Googlebot/2.1; +http://www.google.com/bot.html)"
74.7.241.59 - - [04/Mar/2026:23:08:07 +0800] "GET /pages.php?detail/084045084511 HTTP/2.0" 200 20832 "https://mipinternational.com/pages.php?detail/0180419073730" "Mozilla/5.0 AppleWebKit/537.36 (KHTML, like Gecko; compatible; GPTBot/1.3; +https://openai.com/gptbot)"
66.249.64.129 - - [04/Mar/2026:23:08:23 +0800] "GET /?goods/114013364 HTTP/1.1" 200 21635 "-" "Mozilla/5.0 (Linux; Android 6.0.1; Nexus 5X Build/MMB29P) AppleWebKit/537.36 (KHTML, like Gecko) Chrome/144.0.7559.132 Mobile Safari/537.36 (compatible; Googlebot/2.1; +http://www.google.com/bot.html)"
74.7.241.59 - - [04/Mar/2026:23:08:22 +0800] "GET /pages.php?detail/031016221668 HTTP/2.0" 200 20355 "http://mipinternational.com" "Mozilla/5.0 AppleWebKit/537.36 (KHTML, like Gecko; compatible; GPTBot/1.3; +https://openai.com/gptbot)"
74.7.241.59 - - [04/Mar/2026:23:08:32 +0800] "GET /pages.php?detail/011016863042 HTTP/2.0" 200 21291 "https://mipinternational.com/pages.php?detail/160044056369" "Mozilla/5.0 AppleWebKit/537.36 (KHTML, like Gecko; compatible; GPTBot/1.3; +https://openai.com/gptbot)"
54.39.210.111 - - [04/Mar/2026:23:08:37 +0800] "GET /files/mip/15/?C=D;O=D HTTP/2.0" 200 255 "-" "Mozilla/5.0 (compatible; AhrefsBot/7.0; +http://ahrefs.com/robot/)"
66.249.64.66 - - [04/Mar/2026:23:08:40 +0800] "GET /products/274el7622 HTTP/1.1" 200 20497 "-" "Mozilla/5.0 (Linux; Android 6.0.1; Nexus 5X Build/MMB29P) AppleWebKit/537.36 (KHTML, like Gecko) Chrome/144.0.7559.132 Mobile Safari/537.36 (compatible; Googlebot/2.1; +http://www.google.com/bot.html)"
66.249.64.128 - - [04/Mar/2026:23:08:43 +0800] "GET /?goods/260046306 HTTP/1.1" 200 20938 "-" "Mozilla/5.0 (Linux; Android 6.0.1; Nexus 5X Build/MMB29P) AppleWebKit/537.36 (KHTML, like Gecko) Chrome/144.0.7559.132 Mobile Safari/537.36 (compatible; Googlebot/2.1; +http://www.google.com/bot.html)"
74.7.241.59 - - [04/Mar/2026:23:08:43 +0800] "GET /pages.php?detail/160046237004 HTTP/2.0" 200 20661 "https://mipinternational.com/pages.php?detail/160044056369" "Mozilla/5.0 AppleWebKit/537.36 (KHTML, like Gecko; compatible; GPTBot/1.3; +https://openai.com/gptbot)"
66.249.64.128 - - [04/Mar/2026:23:08:49 +0800] "GET /?pid=22823623206&channel=reception-serve-game&cate_id=8671&page=https://mail.mipinternational.com/select.xhtml?074029265 HTTP/1.1" 200 20555 "-" "Mozilla/5.0 (Linux; Android 6.0.1; Nexus 5X Build/MMB29P) AppleWebKit/537.36 (KHTML, like Gecko) Chrome/144.0.7559.132 Mobile Safari/537.36 (compatible; Googlebot/2.1; +http://www.google.com/bot.html)"
74.7.241.59 - - [04/Mar/2026:23:08:47 +0800] "GET /pages.php?goods/084037339 HTTP/2.0" 200 20268 "https://mipinternational.com/pages.php?detail/084045084511" "Mozilla/5.0 AppleWebKit/537.36 (KHTML, like Gecko; compatible; GPTBot/1.3; +https://openai.com/gptbot)"
74.7.241.59 - - [04/Mar/2026:23:08:52 +0800] "GET /pages.php?detail/152020842518 HTTP/2.0" 200 20111 "http://mipinternational.com" "Mozilla/5.0 AppleWebKit/537.36 (KHTML, like Gecko; compatible; GPTBot/1.3; +https://openai.com/gptbot)"
74.7.241.59 - - [04/Mar/2026:23:08:58 +0800] "GET /pages.php?detail/031023621069 HTTP/2.0" 200 20677 "https://mipinternational.com/pages.php?detail/031016221668" "Mozilla/5.0 AppleWebKit/537.36 (KHTML, like Gecko; compatible; GPTBot/1.3; +https://openai.com/gptbot)"
74.7.241.59 - - [04/Mar/2026:23:09:01 +0800] "GET /pages.php?detail/114016834404 HTTP/2.0" 200 20732 "http://mipinternational.com" "Mozilla/5.0 AppleWebKit/537.36 (KHTML, like Gecko; compatible; GPTBot/1.3; +https://openai.com/gptbot)"
66.249.64.66 - - [04/Mar/2026:23:09:05 +0800] "GET /028000321 HTTP/1.1" 200 20679 "-" "Mozilla/5.0 (Linux; Android 6.0.1; Nexus 5X Build/MMB29P) AppleWebKit/537.36 (KHTML, like Gecko) Chrome/144.0.7559.132 Mobile Safari/537.36 (compatible; Googlebot/2.1; +http://www.google.com/bot.html)"
66.249.64.129 - - [04/Mar/2026:23:09:06 +0800] "GET /?goods/160030434 HTTP/1.1" 200 20583 "-" "Mozilla/5.0 (Linux; Android 6.0.1; Nexus 5X Build/MMB29P) AppleWebKit/537.36 (KHTML, like Gecko) Chrome/144.0.7559.132 Mobile Safari/537.36 (compatible; Googlebot/2.1; +http://www.google.com/bot.html)"
74.7.241.59 - - [04/Mar/2026:23:09:12 +0800] "GET /pages.php?detail/206025689024 HTTP/2.0" 200 20948 "http://mipinternational.com" "Mozilla/5.0 AppleWebKit/537.36 (KHTML, like Gecko; compatible; GPTBot/1.3; +https://openai.com/gptbot)"
74.7.241.59 - - [04/Mar/2026:23:09:18 +0800] "GET /pages.php?detail/160037221772 HTTP/2.0" 200 21321 "https://mipinternational.com/pages.php?detail/160046237004" "Mozilla/5.0 AppleWebKit/537.36 (KHTML, like Gecko; compatible; GPTBot/1.3; +https://openai.com/gptbot)"
74.7.241.59 - - [04/Mar/2026:23:09:22 +0800] "GET /pages.php?detail/035026534569 HTTP/2.0" 200 20461 "https://mipinternational.com/pages.php?goods/084037339" "Mozilla/5.0 AppleWebKit/537.36 (KHTML, like Gecko; compatible; GPTBot/1.3; +https://openai.com/gptbot)"
74.7.241.59 - - [04/Mar/2026:23:09:28 +0800] "GET /pages.php?detail/283020287051 HTTP/2.0" 200 20712 "https://mipinternational.com/pages.php?goods/084037339" "Mozilla/5.0 AppleWebKit/537.36 (KHTML, like Gecko; compatible; GPTBot/1.3; +https://openai.com/gptbot)"
74.7.241.59 - - [04/Mar/2026:23:09:31 +0800] "GET /pages.php?detail/009002542727 HTTP/2.0" 200 20568 "http://mipinternational.com" "Mozilla/5.0 AppleWebKit/537.36 (KHTML, like Gecko; compatible; GPTBot/1.3; +https://openai.com/gptbot)"
74.7.241.59 - - [04/Mar/2026:23:09:38 +0800] "GET /pages.php?detail/025040872564 HTTP/2.0" 200 20546 "https://mipinternational.com/pages.php?detail/274044005290" "Mozilla/5.0 AppleWebKit/537.36 (KHTML, like Gecko; compatible; GPTBot/1.3; +https://openai.com/gptbot)"
