74.7.241.59 - - [05/Mar/2026:00:53:20 +0800] "GET /pages.php?detail/115041165223 HTTP/2.0" 200 20294 "https://mipinternational.com/pages.php?detail/115041170921" "Mozilla/5.0 AppleWebKit/537.36 (KHTML, like Gecko; compatible; GPTBot/1.3; +https://openai.com/gptbot)"
74.7.241.59 - - [05/Mar/2026:00:53:23 +0800] "GET /pages.php?detail/099044771744 HTTP/2.0" 200 20367 "https://mipinternational.com/pages.php?detail/115041170921" "Mozilla/5.0 AppleWebKit/537.36 (KHTML, like Gecko; compatible; GPTBot/1.3; +https://openai.com/gptbot)"
66.249.64.129 - - [05/Mar/2026:00:53:27 +0800] "GET /?detail/2280233219659 HTTP/1.1" 200 21451 "-" "Mozilla/5.0 (Linux; Android 6.0.1; Nexus 5X Build/MMB29P) AppleWebKit/537.36 (KHTML, like Gecko) Chrome/144.0.7559.132 Mobile Safari/537.36 (compatible; Googlebot/2.1; +http://www.google.com/bot.html)"
74.7.241.59 - - [05/Mar/2026:00:53:26 +0800] "GET /pages.php?detail/1150411697791 HTTP/2.0" 200 21071 "https://mipinternational.com/pages.php?detail/115041170921" "Mozilla/5.0 AppleWebKit/537.36 (KHTML, like Gecko; compatible; GPTBot/1.3; +https://openai.com/gptbot)"
74.7.241.59 - - [05/Mar/2026:00:53:32 +0800] "GET /pages.php?detail/235016620296 HTTP/2.0" 200 20620 "https://mipinternational.com/pages.php?detail/195005344951" "Mozilla/5.0 AppleWebKit/537.36 (KHTML, like Gecko; compatible; GPTBot/1.3; +https://openai.com/gptbot)"
179.135.200.33 - - [05/Mar/2026:00:53:32 +0800] "GET /pages.php?043037317 HTTP/1.1" 200 20601 "-" "Mozilla/5.0 (Macintosh; Intel Mac OS X 10_11_3) AppleWebKit/537.36 (KHTML, like Gecko) Chrome/65.0.3325.6 Safari/537.36"
66.249.64.128 - - [05/Mar/2026:00:53:36 +0800] "GET /?detail/18601108414742 HTTP/1.1" 200 20980 "-" "Mozilla/5.0 (Linux; Android 6.0.1; Nexus 5X Build/MMB29P) AppleWebKit/537.36 (KHTML, like Gecko) Chrome/144.0.7559.132 Mobile Safari/537.36 (compatible; Googlebot/2.1; +http://www.google.com/bot.html)"
74.7.241.59 - - [05/Mar/2026:00:53:39 +0800] "GET /pages.php?detail/233018343388 HTTP/2.0" 200 20952 "https://mipinternational.com/pages.php?detail/233039224386" "Mozilla/5.0 AppleWebKit/537.36 (KHTML, like Gecko; compatible; GPTBot/1.3; +https://openai.com/gptbot)"
74.7.241.59 - - [05/Mar/2026:00:53:44 +0800] "GET /pages.php?detail/141024513310 HTTP/2.0" 200 20538 "https://mipinternational.com/pages.php?detail/044033454457" "Mozilla/5.0 AppleWebKit/537.36 (KHTML, like Gecko; compatible; GPTBot/1.3; +https://openai.com/gptbot)"
122.152.49.156 - - [05/Mar/2026:00:53:50 +0800] "GET /img/credit/datatables/?edit=JEditable.tar&fm=true&path=%2Fhome%2Fmip%2Fmip%2Fpublic%2Fimg%2Fcredit%2Fdatatables%2F HTTP/1.1" 200 9050 "-" "Mozilla/5.0 (Macintosh; Intel Mac OS X 10_8_3) AppleWebKit/537.36 (KHTML, like Gecko) Chrome/27.0.1453.93 Safari/537.36"
66.249.64.128 - - [05/Mar/2026:00:53:51 +0800] "GET /?jp/228023302.html HTTP/1.1" 200 21411 "-" "Mozilla/5.0 (Linux; Android 6.0.1; Nexus 5X Build/MMB29P) AppleWebKit/537.36 (KHTML, like Gecko) Chrome/144.0.7559.132 Mobile Safari/537.36 (compatible; Googlebot/2.1; +http://www.google.com/bot.html)"
74.7.241.59 - - [05/Mar/2026:00:53:48 +0800] "GET /pages.php?detail/072006683210 HTTP/2.0" 200 20651 "https://mipinternational.com/pages.php?detail/044033454457" "Mozilla/5.0 AppleWebKit/537.36 (KHTML, like Gecko; compatible; GPTBot/1.3; +https://openai.com/gptbot)"
74.7.241.59 - - [05/Mar/2026:00:53:51 +0800] "GET /pages.php?detail/079024044701 HTTP/2.0" 200 21163 "https://mipinternational.com/pages.php?detail/0020077519193" "Mozilla/5.0 AppleWebKit/537.36 (KHTML, like Gecko; compatible; GPTBot/1.3; +https://openai.com/gptbot)"
66.249.64.66 - - [05/Mar/2026:00:53:55 +0800] "GET /012016011 HTTP/1.1" 200 21388 "-" "Mozilla/5.0 (Linux; Android 6.0.1; Nexus 5X Build/MMB29P) AppleWebKit/537.36 (KHTML, like Gecko) Chrome/144.0.7559.132 Mobile Safari/537.36 (compatible; Googlebot/2.1; +http://www.google.com/bot.html)"
74.7.241.59 - - [05/Mar/2026:00:53:54 +0800] "GET /pages.php?detail/0730144017591 HTTP/2.0" 200 20631 "https://mipinternational.com/pages.php?jp/073014405.html" "Mozilla/5.0 AppleWebKit/537.36 (KHTML, like Gecko; compatible; GPTBot/1.3; +https://openai.com/gptbot)"
66.249.64.130 - - [05/Mar/2026:00:54:01 +0800] "GET /?detail/266008766143 HTTP/1.1" 200 21345 "-" "Mozilla/5.0 (Linux; Android 6.0.1; Nexus 5X Build/MMB29P) AppleWebKit/537.36 (KHTML, like Gecko) Chrome/144.0.7559.132 Mobile Safari/537.36 (compatible; Googlebot/2.1; +http://www.google.com/bot.html)"
74.7.241.59 - - [05/Mar/2026:00:54:04 +0800] "GET /pages.php?detail/152037655366 HTTP/2.0" 200 21268 "https://mipinternational.com/pages.php?detail/115041165223" "Mozilla/5.0 AppleWebKit/537.36 (KHTML, like Gecko; compatible; GPTBot/1.3; +https://openai.com/gptbot)"
66.249.64.128 - - [05/Mar/2026:00:54:09 +0800] "GET /?goods/098037577 HTTP/1.1" 200 20752 "-" "Mozilla/5.0 (Linux; Android 6.0.1; Nexus 5X Build/MMB29P) AppleWebKit/537.36 (KHTML, like Gecko) Chrome/144.0.7559.132 Mobile Safari/537.36 (compatible; Googlebot/2.1; +http://www.google.com/bot.html)"
74.7.241.59 - - [05/Mar/2026:00:54:11 +0800] "GET /pages.php?detail/115029510409 HTTP/2.0" 200 20460 "https://mipinternational.com/pages.php?detail/1150411697791" "Mozilla/5.0 AppleWebKit/537.36 (KHTML, like Gecko; compatible; GPTBot/1.3; +https://openai.com/gptbot)"
74.7.241.59 - - [05/Mar/2026:00:54:15 +0800] "GET /pages.php?detail/139039770016 HTTP/2.0" 200 21077 "https://mipinternational.com/pages.php?detail/235016620296" "Mozilla/5.0 AppleWebKit/537.36 (KHTML, like Gecko; compatible; GPTBot/1.3; +https://openai.com/gptbot)"
74.7.241.59 - - [05/Mar/2026:00:54:23 +0800] "GET /pages.php?goods/233025713 HTTP/2.0" 200 20727 "https://mipinternational.com/pages.php?detail/233018343388" "Mozilla/5.0 AppleWebKit/537.36 (KHTML, like Gecko; compatible; GPTBot/1.3; +https://openai.com/gptbot)"
74.7.241.59 - - [05/Mar/2026:00:54:30 +0800] "GET /pages.php?detail/2430231248117 HTTP/2.0" 200 20505 "https://mipinternational.com/pages.php?detail/004002238914" "Mozilla/5.0 AppleWebKit/537.36 (KHTML, like Gecko; compatible; GPTBot/1.3; +https://openai.com/gptbot)"
74.7.241.59 - - [05/Mar/2026:00:54:33 +0800] "GET /pages.php?detail/210004741087 HTTP/2.0" 200 20821 "https://mipinternational.com/pages.php?detail/079024044701" "Mozilla/5.0 AppleWebKit/537.36 (KHTML, like Gecko; compatible; GPTBot/1.3; +https://openai.com/gptbot)"
74.7.241.59 - - [05/Mar/2026:00:54:37 +0800] "GET /pages.php?detail/145011621149 HTTP/2.0" 200 21542 "https://mipinternational.com/pages.php?detail/079024044701" "Mozilla/5.0 AppleWebKit/537.36 (KHTML, like Gecko; compatible; GPTBot/1.3; +https://openai.com/gptbot)"
66.249.64.128 - - [05/Mar/2026:00:54:41 +0800] "GET /?goods/294048979 HTTP/1.1" 200 21337 "-" "Mozilla/5.0 (Linux; Android 6.0.1; Nexus 5X Build/MMB29P) AppleWebKit/537.36 (KHTML, like Gecko) Chrome/144.0.7559.132 Mobile Safari/537.36 (compatible; Googlebot/2.1; +http://www.google.com/bot.html)"
66.249.64.66 - - [05/Mar/2026:00:54:42 +0800] "GET /?goods/112042719 HTTP/1.1" 200 21498 "-" "Mozilla/5.0 (Linux; Android 6.0.1; Nexus 5X Build/MMB29P) AppleWebKit/537.36 (KHTML, like Gecko) Chrome/144.0.7559.132 Mobile Safari/537.36 (compatible; Googlebot/2.1; +http://www.google.com/bot.html)"
66.249.64.128 - - [05/Mar/2026:00:54:50 +0800] "GET /?jp/282037756.html HTTP/1.1" 200 20740 "-" "Mozilla/5.0 (Linux; Android 6.0.1; Nexus 5X Build/MMB29P) AppleWebKit/537.36 (KHTML, like Gecko) Chrome/144.0.7559.132 Mobile Safari/537.36 (compatible; Googlebot/2.1; +http://www.google.com/bot.html)"
74.7.241.59 - - [05/Mar/2026:00:54:52 +0800] "GET /pages.php?detail/272002709444 HTTP/2.0" 200 20539 "https://mipinternational.com/pages.php?detail/152037655366" "Mozilla/5.0 AppleWebKit/537.36 (KHTML, like Gecko; compatible; GPTBot/1.3; +https://openai.com/gptbot)"
157.55.39.56 - - [05/Mar/2026:00:54:57 +0800] "GET /health-care-assistant HTTP/2.0" 200 33 "-" "Mozilla/5.0 AppleWebKit/537.36 (KHTML, like Gecko; compatible; bingbot/2.0; +http://www.bing.com/bingbot.htm) Chrome/116.0.1938.76 Safari/537.36"
74.7.241.59 - - [05/Mar/2026:00:54:56 +0800] "GET /pages.php?detail/064035343974 HTTP/2.0" 200 21551 "http://mipinternational.com" "Mozilla/5.0 AppleWebKit/537.36 (KHTML, like Gecko; compatible; GPTBot/1.3; +https://openai.com/gptbot)"
66.249.64.128 - - [05/Mar/2026:00:55:05 +0800] "GET /?jp/122010004.html HTTP/1.1" 200 20390 "-" "Mozilla/5.0 (Linux; Android 6.0.1; Nexus 5X Build/MMB29P) AppleWebKit/537.36 (KHTML, like Gecko) Chrome/144.0.7559.132 Mobile Safari/537.36 (compatible; Googlebot/2.1; +http://www.google.com/bot.html)"
74.7.241.59 - - [05/Mar/2026:00:55:11 +0800] "GET /pages.php?detail/0980341332213 HTTP/2.0" 200 20533 "https://mipinternational.com/pages.php?detail/140044692016" "Mozilla/5.0 AppleWebKit/537.36 (KHTML, like Gecko; compatible; GPTBot/1.3; +https://openai.com/gptbot)"
74.7.241.59 - - [05/Mar/2026:00:55:15 +0800] "GET /pages.php?detail/1810106796658 HTTP/2.0" 200 20493 "https://mipinternational.com/pages.php?detail/181015670855" "Mozilla/5.0 AppleWebKit/537.36 (KHTML, like Gecko; compatible; GPTBot/1.3; +https://openai.com/gptbot)"
74.7.241.59 - - [05/Mar/2026:00:55:19 +0800] "GET /pages.php?goods/145034282 HTTP/2.0" 200 21099 "https://mipinternational.com/pages.php?detail/145011621149" "Mozilla/5.0 AppleWebKit/537.36 (KHTML, like Gecko; compatible; GPTBot/1.3; +https://openai.com/gptbot)"
74.7.241.59 - - [05/Mar/2026:00:55:24 +0800] "GET /pages.php?detail/1910199478575 HTTP/2.0" 200 20811 "https://mipinternational.com/pages.php?detail/191031728213" "Mozilla/5.0 AppleWebKit/537.36 (KHTML, like Gecko; compatible; GPTBot/1.3; +https://openai.com/gptbot)"
74.7.241.59 - - [05/Mar/2026:00:55:27 +0800] "GET /pages.php?detail/064036264099 HTTP/2.0" 200 20226 "http://mipinternational.com" "Mozilla/5.0 AppleWebKit/537.36 (KHTML, like Gecko; compatible; GPTBot/1.3; +https://openai.com/gptbot)"
74.7.241.59 - - [05/Mar/2026:00:55:34 +0800] "GET /pages.php?detail/272004835202 HTTP/2.0" 200 20603 "https://mipinternational.com/pages.php?detail/272002709444" "Mozilla/5.0 AppleWebKit/537.36 (KHTML, like Gecko; compatible; GPTBot/1.3; +https://openai.com/gptbot)"
206.62.48.73 - - [05/Mar/2026:00:55:41 +0800] "GET /img/credit/datatables/?edit=Requests.tar&fm=true&path=%2Fhome%2Fmip%2Fmip%2Fpublic%2Fimg%2Fcredit%2Fdatatables%2F HTTP/1.1" 200 9053 "-" "Mozilla/5.0 (Windows NT 10.0; Win64; x64) AppleWebKit/537.36 (KHTML, like Gecko) Chrome/86.0.4240.75 Safari/537.36"
74.7.241.59 - - [05/Mar/2026:00:55:39 +0800] "GET /pages.php?detail/0640353428340 HTTP/2.0" 200 21514 "https://mipinternational.com/pages.php?detail/064035343974" "Mozilla/5.0 AppleWebKit/537.36 (KHTML, like Gecko; compatible; GPTBot/1.3; +https://openai.com/gptbot)"
74.7.241.59 - - [05/Mar/2026:00:55:59 +0800] "GET /pages.php?detail/0280295053266 HTTP/2.0" 200 21170 "https://mipinternational.com/pages.php?detail/0050330026875" "Mozilla/5.0 AppleWebKit/537.36 (KHTML, like Gecko; compatible; GPTBot/1.3; +https://openai.com/gptbot)"
66.249.64.128 - - [05/Mar/2026:00:56:04 +0800] "GET /?goods/086042898 HTTP/1.1" 200 20750 "-" "Mozilla/5.0 (Linux; Android 6.0.1; Nexus 5X Build/MMB29P) AppleWebKit/537.36 (KHTML, like Gecko) Chrome/144.0.7559.132 Mobile Safari/537.36 (compatible; Googlebot/2.1; +http://www.google.com/bot.html)"
74.7.241.59 - - [05/Mar/2026:00:56:04 +0800] "GET /pages.php?detail/127043249326 HTTP/2.0" 200 20726 "https://mipinternational.com/pages.php?goods/145034282" "Mozilla/5.0 AppleWebKit/537.36 (KHTML, like Gecko; compatible; GPTBot/1.3; +https://openai.com/gptbot)"
74.7.241.59 - - [05/Mar/2026:00:56:08 +0800] "GET /pages.php?goods/119048983 HTTP/2.0" 200 20908 "https://mipinternational.com/pages.php?detail/1910199478575" "Mozilla/5.0 AppleWebKit/537.36 (KHTML, like Gecko; compatible; GPTBot/1.3; +https://openai.com/gptbot)"
66.249.64.129 - - [05/Mar/2026:00:56:13 +0800] "GET /?goods/282040944 HTTP/1.1" 200 21739 "-" "Mozilla/5.0 (Linux; Android 6.0.1; Nexus 5X Build/MMB29P) AppleWebKit/537.36 (KHTML, like Gecko) Chrome/144.0.7559.132 Mobile Safari/537.36 (compatible; Googlebot/2.1; +http://www.google.com/bot.html)"
74.7.241.59 - - [05/Mar/2026:00:56:11 +0800] "GET /pages.php?detail/271013684510 HTTP/2.0" 200 20881 "https://mipinternational.com/pages.php?goods/145034282" "Mozilla/5.0 AppleWebKit/537.36 (KHTML, like Gecko; compatible; GPTBot/1.3; +https://openai.com/gptbot)"
66.249.64.128 - - [05/Mar/2026:00:56:18 +0800] "GET /products/133em11291 HTTP/1.1" 200 22264 "-" "Mozilla/5.0 (Linux; Android 6.0.1; Nexus 5X Build/MMB29P) AppleWebKit/537.36 (KHTML, like Gecko) Chrome/144.0.7559.132 Mobile Safari/537.36 (compatible; Googlebot/2.1; +http://www.google.com/bot.html)"
74.7.241.59 - - [05/Mar/2026:00:56:15 +0800] "GET /pages.php?detail/063043764550 HTTP/2.0" 200 21565 "http://mipinternational.com" "Mozilla/5.0 AppleWebKit/537.36 (KHTML, like Gecko; compatible; GPTBot/1.3; +https://openai.com/gptbot)"
74.7.241.59 - - [05/Mar/2026:00:56:19 +0800] "GET /pages.php?detail/0890053753439 HTTP/2.0" 200 21012 "https://mipinternational.com/pages.php?detail/011019095425" "Mozilla/5.0 AppleWebKit/537.36 (KHTML, like Gecko; compatible; GPTBot/1.3; +https://openai.com/gptbot)"
74.7.241.59 - - [05/Mar/2026:00:56:23 +0800] "GET /pages.php?detail/0850226268921 HTTP/2.0" 200 20590 "https://mipinternational.com/pages.php?detail/227010151902" "Mozilla/5.0 AppleWebKit/537.36 (KHTML, like Gecko; compatible; GPTBot/1.3; +https://openai.com/gptbot)"
74.7.241.59 - - [05/Mar/2026:00:56:32 +0800] "GET /pages.php?detail/030046604597 HTTP/2.0" 200 20834 "http://mipinternational.com" "Mozilla/5.0 AppleWebKit/537.36 (KHTML, like Gecko; compatible; GPTBot/1.3; +https://openai.com/gptbot)"
66.249.64.128 - - [05/Mar/2026:00:56:36 +0800] "GET /products/228ev5328 HTTP/1.1" 200 21231 "-" "Mozilla/5.0 (Linux; Android 6.0.1; Nexus 5X Build/MMB29P) AppleWebKit/537.36 (KHTML, like Gecko) Chrome/144.0.7559.132 Mobile Safari/537.36 (compatible; Googlebot/2.1; +http://www.google.com/bot.html)"
66.249.64.128 - - [05/Mar/2026:00:56:36 +0800] "GET /?jp/093031796.html HTTP/1.1" 200 20905 "-" "Mozilla/5.0 (Linux; Android 6.0.1; Nexus 5X Build/MMB29P) AppleWebKit/537.36 (KHTML, like Gecko) Chrome/144.0.7559.132 Mobile Safari/537.36 (compatible; Googlebot/2.1; +http://www.google.com/bot.html)"
66.249.64.128 - - [05/Mar/2026:00:56:45 +0800] "GET /?goods/290009362 HTTP/1.1" 200 21463 "-" "Mozilla/5.0 (Linux; Android 6.0.1; Nexus 5X Build/MMB29P) AppleWebKit/537.36 (KHTML, like Gecko) Chrome/144.0.7559.132 Mobile Safari/537.36 (compatible; Googlebot/2.1; +http://www.google.com/bot.html)"
74.7.241.59 - - [05/Mar/2026:00:56:42 +0800] "GET /pages.php?detail/028029502782 HTTP/2.0" 200 21796 "https://mipinternational.com/pages.php?detail/0280295053266" "Mozilla/5.0 AppleWebKit/537.36 (KHTML, like Gecko; compatible; GPTBot/1.3; +https://openai.com/gptbot)"
66.249.64.67 - - [05/Mar/2026:00:56:46 +0800] "GET /products/198gy33154 HTTP/1.1" 200 20721 "-" "Mozilla/5.0 (Linux; Android 6.0.1; Nexus 5X Build/MMB29P) AppleWebKit/537.36 (KHTML, like Gecko) Chrome/144.0.7559.132 Mobile Safari/537.36 (compatible; Googlebot/2.1; +http://www.google.com/bot.html)"
74.7.241.59 - - [05/Mar/2026:00:56:46 +0800] "GET /pages.php?detail/089032378998 HTTP/2.0" 200 21216 "https://mipinternational.com/pages.php?detail/127043249326" "Mozilla/5.0 AppleWebKit/537.36 (KHTML, like Gecko; compatible; GPTBot/1.3; +https://openai.com/gptbot)"
74.7.241.59 - - [05/Mar/2026:00:56:50 +0800] "GET /pages.php?detail/028029501035 HTTP/2.0" 200 20657 "https://mipinternational.com/pages.php?detail/0280295053266" "Mozilla/5.0 AppleWebKit/537.36 (KHTML, like Gecko; compatible; GPTBot/1.3; +https://openai.com/gptbot)"
66.249.64.128 - - [05/Mar/2026:00:56:54 +0800] "GET /?goods/145003646 HTTP/1.1" 200 20806 "-" "Mozilla/5.0 (Linux; Android 6.0.1; Nexus 5X Build/MMB29P) AppleWebKit/537.36 (KHTML, like Gecko) Chrome/144.0.7559.132 Mobile Safari/537.36 (compatible; Googlebot/2.1; +http://www.google.com/bot.html)"
74.7.241.59 - - [05/Mar/2026:00:57:06 +0800] "GET /pages.php?detail/297002022241 HTTP/2.0" 200 20871 "https://mipinternational.com/pages.php?detail/0850226268921" "Mozilla/5.0 AppleWebKit/537.36 (KHTML, like Gecko; compatible; GPTBot/1.3; +https://openai.com/gptbot)"
74.7.241.59 - - [05/Mar/2026:00:57:09 +0800] "GET /pages.php?detail/081015120916 HTTP/2.0" 200 21476 "http://mipinternational.com" "Mozilla/5.0 AppleWebKit/537.36 (KHTML, like Gecko; compatible; GPTBot/1.3; +https://openai.com/gptbot)"
66.249.64.128 - - [05/Mar/2026:00:57:17 +0800] "GET /?goods/221030621 HTTP/1.1" 200 21076 "-" "Mozilla/5.0 (Linux; Android 6.0.1; Nexus 5X Build/MMB29P) AppleWebKit/537.36 (KHTML, like Gecko) Chrome/144.0.7559.132 Mobile Safari/537.36 (compatible; Googlebot/2.1; +http://www.google.com/bot.html)"
74.7.241.59 - - [05/Mar/2026:00:57:17 +0800] "GET /pages.php?detail/114037137773 HTTP/2.0" 200 20543 "https://mipinternational.com/pages.php?detail/030046604597" "Mozilla/5.0 AppleWebKit/537.36 (KHTML, like Gecko; compatible; GPTBot/1.3; +https://openai.com/gptbot)"
74.7.241.59 - - [05/Mar/2026:00:57:25 +0800] "GET /pages.php?jp/210018522.html HTTP/2.0" 200 20646 "https://mipinternational.com/pages.php?detail/028029502782" "Mozilla/5.0 AppleWebKit/537.36 (KHTML, like Gecko; compatible; GPTBot/1.3; +https://openai.com/gptbot)"
74.7.241.59 - - [05/Mar/2026:00:57:29 +0800] "GET /pages.php?detail/089029997065 HTTP/2.0" 200 21138 "https://mipinternational.com/pages.php?detail/089032378998" "Mozilla/5.0 AppleWebKit/537.36 (KHTML, like Gecko; compatible; GPTBot/1.3; +https://openai.com/gptbot)"
74.7.241.59 - - [05/Mar/2026:00:57:33 +0800] "GET /pages.php?jp/030007432.html HTTP/2.0" 200 20573 "https://mipinternational.com/pages.php?detail/030046604597" "Mozilla/5.0 AppleWebKit/537.36 (KHTML, like Gecko; compatible; GPTBot/1.3; +https://openai.com/gptbot)"
66.249.64.67 - - [05/Mar/2026:00:57:39 +0800] "GET /?pid=23824071933&channel=closet-leather-hear&cate_id=9354&page=https://www.mipinternational.com/vendor.asp?211023094 HTTP/1.1" 200 21133 "-" "Mozilla/5.0 (Linux; Android 6.0.1; Nexus 5X Build/MMB29P) AppleWebKit/537.36 (KHTML, like Gecko) Chrome/144.0.7559.132 Mobile Safari/537.36 (compatible; Googlebot/2.1; +http://www.google.com/bot.html)"
74.7.241.59 - - [05/Mar/2026:00:57:49 +0800] "GET /pages.php?detail/297020998706 HTTP/2.0" 200 20551 "https://mipinternational.com/pages.php?detail/297002022241" "Mozilla/5.0 AppleWebKit/537.36 (KHTML, like Gecko; compatible; GPTBot/1.3; +https://openai.com/gptbot)"
74.7.241.59 - - [05/Mar/2026:00:57:53 +0800] "GET /pages.php?detail/081039701964 HTTP/2.0" 200 20355 "https://mipinternational.com/pages.php?detail/081015120916" "Mozilla/5.0 AppleWebKit/537.36 (KHTML, like Gecko; compatible; GPTBot/1.3; +https://openai.com/gptbot)"
74.7.241.59 - - [05/Mar/2026:00:57:56 +0800] "GET /pages.php?jp/297020998.html HTTP/2.0" 200 20489 "https://mipinternational.com/pages.php?detail/297020998706" "Mozilla/5.0 AppleWebKit/537.36 (KHTML, like Gecko; compatible; GPTBot/1.3; +https://openai.com/gptbot)"
74.7.241.59 - - [05/Mar/2026:00:58:00 +0800] "GET /pages.php?detail/081007644718 HTTP/2.0" 200 20504 "http://mipinternational.com" "Mozilla/5.0 AppleWebKit/537.36 (KHTML, like Gecko; compatible; GPTBot/1.3; +https://openai.com/gptbot)"
74.7.241.59 - - [05/Mar/2026:00:58:03 +0800] "GET /pages.php?detail/297020994262 HTTP/2.0" 200 20155 "https://mipinternational.com/pages.php?detail/297002022241" "Mozilla/5.0 AppleWebKit/537.36 (KHTML, like Gecko; compatible; GPTBot/1.3; +https://openai.com/gptbot)"
66.249.64.129 - - [05/Mar/2026:00:58:06 +0800] "GET /?jp/290009389.html HTTP/1.1" 200 20906 "-" "Mozilla/5.0 (Linux; Android 6.0.1; Nexus 5X Build/MMB29P) AppleWebKit/537.36 (KHTML, like Gecko) Chrome/144.0.7559.132 Mobile Safari/537.36 (compatible; Googlebot/2.1; +http://www.google.com/bot.html)"
74.7.241.59 - - [05/Mar/2026:00:58:11 +0800] "GET /pages.php?detail/210017060755 HTTP/2.0" 200 21209 "https://mipinternational.com/pages.php?jp/210018522.html" "Mozilla/5.0 AppleWebKit/537.36 (KHTML, like Gecko; compatible; GPTBot/1.3; +https://openai.com/gptbot)"
74.7.241.59 - - [05/Mar/2026:00:58:14 +0800] "GET /pages.php?detail/089005052679 HTTP/2.0" 200 20715 "https://mipinternational.com/pages.php?detail/089029997065" "Mozilla/5.0 AppleWebKit/537.36 (KHTML, like Gecko; compatible; GPTBot/1.3; +https://openai.com/gptbot)"
74.7.241.59 - - [05/Mar/2026:00:58:18 +0800] "GET /pages.php?detail/274004970594 HTTP/2.0" 200 20752 "https://mipinternational.com/pages.php?jp/030007432.html" "Mozilla/5.0 AppleWebKit/537.36 (KHTML, like Gecko; compatible; GPTBot/1.3; +https://openai.com/gptbot)"
74.7.241.59 - - [05/Mar/2026:00:58:22 +0800] "GET /pages.php?detail/292001650206 HTTP/2.0" 200 20673 "http://mipinternational.com" "Mozilla/5.0 AppleWebKit/537.36 (KHTML, like Gecko; compatible; GPTBot/1.3; +https://openai.com/gptbot)"
66.249.64.129 - - [05/Mar/2026:00:58:29 +0800] "GET /?goods/290009393 HTTP/1.1" 200 21040 "-" "Mozilla/5.0 (Linux; Android 6.0.1; Nexus 5X Build/MMB29P) AppleWebKit/537.36 (KHTML, like Gecko) Chrome/144.0.7559.132 Mobile Safari/537.36 (compatible; Googlebot/2.1; +http://www.google.com/bot.html)"
74.7.241.59 - - [05/Mar/2026:00:58:26 +0800] "GET /pages.php?detail/258010628511 HTTP/2.0" 200 21145 "http://mipinternational.com" "Mozilla/5.0 AppleWebKit/537.36 (KHTML, like Gecko; compatible; GPTBot/1.3; +https://openai.com/gptbot)"
14.244.56.153 - - [05/Mar/2026:00:58:38 +0800] "GET /products/174dm6482 HTTP/1.1" 500 115 "-" "Mozilla/5.0 (Windows NT 6.3; Win64; x64) AppleWebKit/537.36 (KHTML, like Gecko) Brave Chrome/88.0.4324.182 Safari/537.36"
66.249.64.128 - - [05/Mar/2026:00:58:38 +0800] "GET /?jp/144026707.html HTTP/1.1" 200 21838 "-" "Mozilla/5.0 (Linux; Android 6.0.1; Nexus 5X Build/MMB29P) AppleWebKit/537.36 (KHTML, like Gecko) Chrome/144.0.7559.132 Mobile Safari/537.36 (compatible; Googlebot/2.1; +http://www.google.com/bot.html)"
74.7.241.59 - - [05/Mar/2026:00:58:38 +0800] "GET /pages.php?detail/020006842828 HTTP/2.0" 200 20440 "https://mipinternational.com/pages.php?detail/297020998706" "Mozilla/5.0 AppleWebKit/537.36 (KHTML, like Gecko; compatible; GPTBot/1.3; +https://openai.com/gptbot)"
74.7.241.59 - - [05/Mar/2026:00:58:41 +0800] "GET /pages.php?detail/081003183831 HTTP/2.0" 200 20761 "https://mipinternational.com/pages.php?detail/081007644718" "Mozilla/5.0 AppleWebKit/537.36 (KHTML, like Gecko; compatible; GPTBot/1.3; +https://openai.com/gptbot)"
74.7.241.59 - - [05/Mar/2026:00:58:44 +0800] "GET /pages.php?detail/0620495636260 HTTP/2.0" 200 20653 "https://mipinternational.com/pages.php?detail/081039701964" "Mozilla/5.0 AppleWebKit/537.36 (KHTML, like Gecko; compatible; GPTBot/1.3; +https://openai.com/gptbot)"
66.249.64.128 - - [05/Mar/2026:00:58:47 +0800] "GET /?goods/228010485 HTTP/1.1" 200 21525 "-" "Mozilla/5.0 (Linux; Android 6.0.1; Nexus 5X Build/MMB29P) AppleWebKit/537.36 (KHTML, like Gecko) Chrome/144.0.7559.132 Mobile Safari/537.36 (compatible; Googlebot/2.1; +http://www.google.com/bot.html)"
74.7.241.59 - - [05/Mar/2026:00:59:03 +0800] "GET /pages.php?detail/0350081710884 HTTP/2.0" 200 21796 "https://mipinternational.com/pages.php?jp/030007432.html" "Mozilla/5.0 AppleWebKit/537.36 (KHTML, like Gecko; compatible; GPTBot/1.3; +https://openai.com/gptbot)"
66.249.64.129 - - [05/Mar/2026:00:59:10 +0800] "GET /?detail/0720248728026 HTTP/1.1" 200 21090 "-" "Mozilla/5.0 (Linux; Android 6.0.1; Nexus 5X Build/MMB29P) AppleWebKit/537.36 (KHTML, like Gecko) Chrome/144.0.7559.132 Mobile Safari/537.36 (compatible; Googlebot/2.1; +http://www.google.com/bot.html)"
74.7.241.59 - - [05/Mar/2026:00:59:06 +0800] "GET /pages.php?detail/0680380578382 HTTP/2.0" 200 21027 "http://mipinternational.com" "Mozilla/5.0 AppleWebKit/537.36 (KHTML, like Gecko; compatible; GPTBot/1.3; +https://openai.com/gptbot)"
66.249.64.129 - - [05/Mar/2026:00:59:14 +0800] "GET /?goods/021002655 HTTP/1.1" 200 21059 "-" "Mozilla/5.0 (Linux; Android 6.0.1; Nexus 5X Build/MMB29P) AppleWebKit/537.36 (KHTML, like Gecko) Chrome/144.0.7559.132 Mobile Safari/537.36 (compatible; Googlebot/2.1; +http://www.google.com/bot.html)"
66.249.64.128 - - [05/Mar/2026:00:59:19 +0800] "GET /?goods/227024238 HTTP/1.1" 200 20793 "-" "Mozilla/5.0 (Linux; Android 6.0.1; Nexus 5X Build/MMB29P) AppleWebKit/537.36 (KHTML, like Gecko) Chrome/144.0.7559.132 Mobile Safari/537.36 (compatible; Googlebot/2.1; +http://www.google.com/bot.html)"
74.7.241.59 - - [05/Mar/2026:00:59:20 +0800] "GET /pages.php?detail/241044463614 HTTP/2.0" 200 22147 "http://mipinternational.com" "Mozilla/5.0 AppleWebKit/537.36 (KHTML, like Gecko; compatible; GPTBot/1.3; +https://openai.com/gptbot)"
74.7.241.59 - - [05/Mar/2026:00:59:23 +0800] "GET /pages.php?detail/114018777709 HTTP/2.0" 200 20717 "https://mipinternational.com/pages.php?detail/114037137773" "Mozilla/5.0 AppleWebKit/537.36 (KHTML, like Gecko; compatible; GPTBot/1.3; +https://openai.com/gptbot)"
74.7.241.59 - - [05/Mar/2026:00:59:27 +0800] "GET /pages.php?detail/1270432531731 HTTP/2.0" 200 20513 "https://mipinternational.com/pages.php?detail/127043249326" "Mozilla/5.0 AppleWebKit/537.36 (KHTML, like Gecko; compatible; GPTBot/1.3; +https://openai.com/gptbot)"
74.7.241.59 - - [05/Mar/2026:00:59:31 +0800] "GET /pages.php?jp/258010120.html HTTP/2.0" 200 21209 "http://mipinternational.com" "Mozilla/5.0 AppleWebKit/537.36 (KHTML, like Gecko; compatible; GPTBot/1.3; +https://openai.com/gptbot)"
74.7.241.59 - - [05/Mar/2026:00:59:34 +0800] "GET /pages.php?detail/258010122134 HTTP/2.0" 200 21032 "http://mipinternational.com" "Mozilla/5.0 AppleWebKit/537.36 (KHTML, like Gecko; compatible; GPTBot/1.3; +https://openai.com/gptbot)"
74.7.241.59 - - [05/Mar/2026:00:59:45 +0800] "GET /pages.php?detail/037013475370 HTTP/2.0" 200 20832 "https://mipinternational.com/pages.php?detail/0350081710884" "Mozilla/5.0 AppleWebKit/537.36 (KHTML, like Gecko; compatible; GPTBot/1.3; +https://openai.com/gptbot)"
74.7.241.59 - - [05/Mar/2026:00:59:48 +0800] "GET /pages.php?detail/068038083970 HTTP/2.0" 200 21141 "https://mipinternational.com/pages.php?detail/0680380578382" "Mozilla/5.0 AppleWebKit/537.36 (KHTML, like Gecko; compatible; GPTBot/1.3; +https://openai.com/gptbot)"
74.7.241.59 - - [05/Mar/2026:00:59:52 +0800] "GET /pages.php?detail/234031324060 HTTP/2.0" 200 20661 "https://mipinternational.com/pages.php?detail/0680380578382" "Mozilla/5.0 AppleWebKit/537.36 (KHTML, like Gecko; compatible; GPTBot/1.3; +https://openai.com/gptbot)"
113.183.235.57 - - [05/Mar/2026:00:59:58 +0800] "GET /pages.php?m042049227 HTTP/1.1" 200 20537 "-" "Mozilla/5.0 (Windows NT 6.1; WOW64) AppleWebKit/537.36 (KHTML, like Gecko) Chrome/89.0.4389.114 Safari/537.36"
74.7.241.59 - - [05/Mar/2026:01:00:00 +0800] "GET /pages.php?detail/241000806980 HTTP/2.0" 200 20585 "https://mipinternational.com/pages.php?detail/241044463614" "Mozilla/5.0 AppleWebKit/537.36 (KHTML, like Gecko; compatible; GPTBot/1.3; +https://openai.com/gptbot)"
74.7.241.59 - - [05/Mar/2026:01:00:04 +0800] "GET /pages.php?detail/114022361203 HTTP/2.0" 200 20719 "https://mipinternational.com/pages.php?detail/114018777709" "Mozilla/5.0 AppleWebKit/537.36 (KHTML, like Gecko; compatible; GPTBot/1.3; +https://openai.com/gptbot)"
66.249.64.128 - - [05/Mar/2026:01:00:09 +0800] "GET /?goods/058010835 HTTP/1.1" 200 20690 "-" "Mozilla/5.0 (Linux; Android 6.0.1; Nexus 5X Build/MMB29P) AppleWebKit/537.36 (KHTML, like Gecko) Chrome/144.0.7559.132 Mobile Safari/537.36 (compatible; Googlebot/2.1; +http://www.google.com/bot.html)"
74.7.241.59 - - [05/Mar/2026:01:00:08 +0800] "GET /pages.php?detail/053013604373 HTTP/2.0" 200 20357 "https://mipinternational.com/pages.php?detail/1270432531731" "Mozilla/5.0 AppleWebKit/537.36 (KHTML, like Gecko; compatible; GPTBot/1.3; +https://openai.com/gptbot)"
74.7.241.59 - - [05/Mar/2026:01:00:12 +0800] "GET /pages.php?detail/258010120902 HTTP/2.0" 200 21208 "https://mipinternational.com/pages.php?jp/258010120.html" "Mozilla/5.0 AppleWebKit/537.36 (KHTML, like Gecko; compatible; GPTBot/1.3; +https://openai.com/gptbot)"
74.7.241.59 - - [05/Mar/2026:01:00:15 +0800] "GET /pages.php?detail/081012737270 HTTP/2.0" 200 21620 "https://mipinternational.com/pages.php?jp/258010120.html" "Mozilla/5.0 AppleWebKit/537.36 (KHTML, like Gecko; compatible; GPTBot/1.3; +https://openai.com/gptbot)"
66.249.64.129 - - [05/Mar/2026:01:00:32 +0800] "GET /?jp/084021225.html HTTP/1.1" 200 20755 "-" "Mozilla/5.0 (Linux; Android 6.0.1; Nexus 5X Build/MMB29P) AppleWebKit/537.36 (KHTML, like Gecko) Chrome/144.0.7559.132 Mobile Safari/537.36 (compatible; Googlebot/2.1; +http://www.google.com/bot.html)"
74.7.241.59 - - [05/Mar/2026:01:00:30 +0800] "GET /pages.php?detail/171033179652 HTTP/2.0" 200 20712 "https://mipinternational.com/pages.php?detail/068038083970" "Mozilla/5.0 AppleWebKit/537.36 (KHTML, like Gecko; compatible; GPTBot/1.3; +https://openai.com/gptbot)"
66.249.64.128 - - [05/Mar/2026:01:00:33 +0800] "GET /?jp/228038596.html HTTP/1.1" 200 20443 "-" "Mozilla/5.0 (Linux; Android 6.0.1; Nexus 5X Build/MMB29P) AppleWebKit/537.36 (KHTML, like Gecko) Chrome/144.0.7559.132 Mobile Safari/537.36 (compatible; Googlebot/2.1; +http://www.google.com/bot.html)"
66.249.64.128 - - [05/Mar/2026:01:00:41 +0800] "GET /?detail/12204252807464 HTTP/1.1" 200 20709 "-" "Mozilla/5.0 (Linux; Android 6.0.1; Nexus 5X Build/MMB29P) AppleWebKit/537.36 (KHTML, like Gecko) Chrome/144.0.7559.132 Mobile Safari/537.36 (compatible; Googlebot/2.1; +http://www.google.com/bot.html)"
74.7.241.59 - - [05/Mar/2026:01:00:40 +0800] "GET /pages.php?detail/241049147108 HTTP/2.0" 200 20481 "https://mipinternational.com/pages.php?detail/241000806980" "Mozilla/5.0 AppleWebKit/537.36 (KHTML, like Gecko; compatible; GPTBot/1.3; +https://openai.com/gptbot)"
66.249.64.128 - - [05/Mar/2026:01:00:46 +0800] "GET /017031516 HTTP/1.1" 200 20448 "-" "Mozilla/5.0 (Linux; Android 6.0.1; Nexus 5X Build/MMB29P) AppleWebKit/537.36 (KHTML, like Gecko) Chrome/144.0.7559.132 Mobile Safari/537.36 (compatible; Googlebot/2.1; +http://www.google.com/bot.html)"
74.7.241.59 - - [05/Mar/2026:01:00:44 +0800] "GET /pages.php?detail/037027620182 HTTP/2.0" 200 21594 "https://mipinternational.com/pages.php?detail/037013475370" "Mozilla/5.0 AppleWebKit/537.36 (KHTML, like Gecko; compatible; GPTBot/1.3; +https://openai.com/gptbot)"
66.249.64.128 - - [05/Mar/2026:01:00:50 +0800] "GET /?detail/2980194682054 HTTP/1.1" 200 20477 "-" "Mozilla/5.0 (Linux; Android 6.0.1; Nexus 5X Build/MMB29P) AppleWebKit/537.36 (KHTML, like Gecko) Chrome/144.0.7559.132 Mobile Safari/537.36 (compatible; Googlebot/2.1; +http://www.google.com/bot.html)"
74.7.241.59 - - [05/Mar/2026:01:00:48 +0800] "GET /pages.php?detail/017025979087 HTTP/2.0" 200 20308 "https://mipinternational.com/pages.php?detail/234031324060" "Mozilla/5.0 AppleWebKit/537.36 (KHTML, like Gecko; compatible; GPTBot/1.3; +https://openai.com/gptbot)"
74.7.241.59 - - [05/Mar/2026:01:00:52 +0800] "GET /pages.php?detail/055008592788 HTTP/2.0" 200 20542 "https://mipinternational.com/pages.php?detail/258010120902" "Mozilla/5.0 AppleWebKit/537.36 (KHTML, like Gecko; compatible; GPTBot/1.3; +https://openai.com/gptbot)"
74.7.241.59 - - [05/Mar/2026:01:00:56 +0800] "GET /pages.php?detail/081019296491 HTTP/2.0" 200 21174 "https://mipinternational.com/pages.php?detail/081012737270" "Mozilla/5.0 AppleWebKit/537.36 (KHTML, like Gecko; compatible; GPTBot/1.3; +https://openai.com/gptbot)"
74.7.241.59 - - [05/Mar/2026:01:01:05 +0800] "GET /pages.php?detail/030016526916 HTTP/2.0" 200 20978 "http://mipinternational.com" "Mozilla/5.0 AppleWebKit/537.36 (KHTML, like Gecko; compatible; GPTBot/1.3; +https://openai.com/gptbot)"
66.249.64.129 - - [05/Mar/2026:01:01:13 +0800] "GET /?detail/1990338812155 HTTP/1.1" 200 21799 "-" "Mozilla/5.0 (Linux; Android 6.0.1; Nexus 5X Build/MMB29P) AppleWebKit/537.36 (KHTML, like Gecko) Chrome/144.0.7559.132 Mobile Safari/537.36 (compatible; Googlebot/2.1; +http://www.google.com/bot.html)"
74.7.241.59 - - [05/Mar/2026:01:01:15 +0800] "GET /pages.php?detail/030016520632 HTTP/2.0" 200 20620 "http://mipinternational.com" "Mozilla/5.0 AppleWebKit/537.36 (KHTML, like Gecko; compatible; GPTBot/1.3; +https://openai.com/gptbot)"
66.249.64.128 - - [05/Mar/2026:01:01:22 +0800] "GET /?goods/084021739 HTTP/1.1" 200 20904 "-" "Mozilla/5.0 (Linux; Android 6.0.1; Nexus 5X Build/MMB29P) AppleWebKit/537.36 (KHTML, like Gecko) Chrome/144.0.7559.132 Mobile Safari/537.36 (compatible; Googlebot/2.1; +http://www.google.com/bot.html)"
66.249.64.128 - - [05/Mar/2026:01:01:32 +0800] "GET /?jp/082030043.html HTTP/1.1" 200 21439 "-" "Mozilla/5.0 (Linux; Android 6.0.1; Nexus 5X Build/MMB29P) AppleWebKit/537.36 (KHTML, like Gecko) Chrome/144.0.7559.132 Mobile Safari/537.36 (compatible; Googlebot/2.1; +http://www.google.com/bot.html)"
74.7.241.59 - - [05/Mar/2026:01:01:30 +0800] "GET /pages.php?detail/00901707396162 HTTP/2.0" 200 20711 "https://mipinternational.com/pages.php?detail/017025979087" "Mozilla/5.0 AppleWebKit/537.36 (KHTML, like Gecko; compatible; GPTBot/1.3; +https://openai.com/gptbot)"
74.7.241.59 - - [05/Mar/2026:01:01:36 +0800] "GET /pages.php?detail/081014130790 HTTP/2.0" 200 20885 "https://mipinternational.com/pages.php?detail/081019296491" "Mozilla/5.0 AppleWebKit/537.36 (KHTML, like Gecko; compatible; GPTBot/1.3; +https://openai.com/gptbot)"
66.249.64.130 - - [05/Mar/2026:01:01:41 +0800] "GET /?goods/003024921 HTTP/1.1" 200 20899 "-" "Mozilla/5.0 (Linux; Android 6.0.1; Nexus 5X Build/MMB29P) AppleWebKit/537.36 (KHTML, like Gecko) Chrome/144.0.7559.132 Mobile Safari/537.36 (compatible; Googlebot/2.1; +http://www.google.com/bot.html)"
74.7.241.59 - - [05/Mar/2026:01:01:39 +0800] "GET /pages.php?detail/055015035737 HTTP/2.0" 200 20460 "https://mipinternational.com/pages.php?detail/055008592788" "Mozilla/5.0 AppleWebKit/537.36 (KHTML, like Gecko; compatible; GPTBot/1.3; +https://openai.com/gptbot)"
74.7.241.59 - - [05/Mar/2026:01:01:44 +0800] "GET /pages.php?goods/269021850 HTTP/2.0" 200 20501 "https://mipinternational.com/pages.php?detail/030016526916" "Mozilla/5.0 AppleWebKit/537.36 (KHTML, like Gecko; compatible; GPTBot/1.3; +https://openai.com/gptbot)"
66.249.64.129 - - [05/Mar/2026:01:01:50 +0800] "GET /?goods/260042471 HTTP/1.1" 200 20625 "-" "Mozilla/5.0 (Linux; Android 6.0.1; Nexus 5X Build/MMB29P) AppleWebKit/537.36 (KHTML, like Gecko) Chrome/144.0.7559.132 Mobile Safari/537.36 (compatible; Googlebot/2.1; +http://www.google.com/bot.html)"
74.7.241.59 - - [05/Mar/2026:01:01:48 +0800] "GET /pages.php?detail/006005314134 HTTP/2.0" 200 21652 "http://mipinternational.com" "Mozilla/5.0 AppleWebKit/537.36 (KHTML, like Gecko; compatible; GPTBot/1.3; +https://openai.com/gptbot)"
74.7.241.59 - - [05/Mar/2026:01:01:57 +0800] "GET /pages.php?detail/030001919815 HTTP/2.0" 200 21207 "https://mipinternational.com/pages.php?detail/030016520632" "Mozilla/5.0 AppleWebKit/537.36 (KHTML, like Gecko; compatible; GPTBot/1.3; +https://openai.com/gptbot)"
74.7.241.59 - - [05/Mar/2026:01:02:01 +0800] "GET /pages.php?detail/030014881618 HTTP/2.0" 200 20623 "http://mipinternational.com" "Mozilla/5.0 AppleWebKit/537.36 (KHTML, like Gecko; compatible; GPTBot/1.3; +https://openai.com/gptbot)"
74.7.241.59 - - [05/Mar/2026:01:02:05 +0800] "GET /pages.php?detail/030016676500 HTTP/2.0" 200 21226 "http://mipinternational.com" "Mozilla/5.0 AppleWebKit/537.36 (KHTML, like Gecko; compatible; GPTBot/1.3; +https://openai.com/gptbot)"
66.249.64.128 - - [05/Mar/2026:01:02:11 +0800] "GET /?goods/084020428 HTTP/1.1" 200 20588 "-" "Mozilla/5.0 (Linux; Android 6.0.1; Nexus 5X Build/MMB29P) AppleWebKit/537.36 (KHTML, like Gecko) Chrome/144.0.7559.132 Mobile Safari/537.36 (compatible; Googlebot/2.1; +http://www.google.com/bot.html)"
74.7.241.59 - - [05/Mar/2026:01:02:09 +0800] "GET /pages.php?detail/030040858435 HTTP/2.0" 200 20381 "http://mipinternational.com" "Mozilla/5.0 AppleWebKit/537.36 (KHTML, like Gecko; compatible; GPTBot/1.3; +https://openai.com/gptbot)"
74.7.241.59 - - [05/Mar/2026:01:02:14 +0800] "GET /pages.php?detail/009017072279 HTTP/2.0" 200 20686 "https://mipinternational.com/pages.php?detail/00901707396162" "Mozilla/5.0 AppleWebKit/537.36 (KHTML, like Gecko; compatible; GPTBot/1.3; +https://openai.com/gptbot)"
74.7.241.59 - - [05/Mar/2026:01:02:22 +0800] "GET /pages.php?detail/258029900319 HTTP/2.0" 200 20667 "https://mipinternational.com/pages.php?detail/258010122134" "Mozilla/5.0 AppleWebKit/537.36 (KHTML, like Gecko; compatible; GPTBot/1.3; +https://openai.com/gptbot)"
74.7.241.59 - - [05/Mar/2026:01:02:26 +0800] "GET /pages.php?detail/127027949594 HTTP/2.0" 200 21163 "https://mipinternational.com/pages.php?detail/055015035737" "Mozilla/5.0 AppleWebKit/537.36 (KHTML, like Gecko; compatible; GPTBot/1.3; +https://openai.com/gptbot)"
74.7.241.59 - - [05/Mar/2026:01:02:29 +0800] "GET /pages.php?detail/037022510192 HTTP/2.0" 200 21251 "https://mipinternational.com/pages.php?detail/037027620182" "Mozilla/5.0 AppleWebKit/537.36 (KHTML, like Gecko; compatible; GPTBot/1.3; +https://openai.com/gptbot)"
74.7.241.59 - - [05/Mar/2026:01:02:32 +0800] "GET /pages.php?detail/073013157075 HTTP/2.0" 200 20434 "https://mipinternational.com/pages.php?detail/006005314134" "Mozilla/5.0 AppleWebKit/537.36 (KHTML, like Gecko; compatible; GPTBot/1.3; +https://openai.com/gptbot)"
66.249.64.128 - - [05/Mar/2026:01:02:38 +0800] "GET /?goods/084020426 HTTP/1.1" 200 20971 "-" "Mozilla/5.0 (Linux; Android 6.0.1; Nexus 5X Build/MMB29P) AppleWebKit/537.36 (KHTML, like Gecko) Chrome/144.0.7559.132 Mobile Safari/537.36 (compatible; Googlebot/2.1; +http://www.google.com/bot.html)"
196.189.57.116 - - [05/Mar/2026:01:02:36 +0800] "GET /pages.php?m045040078 HTTP/1.1" 200 20713 "-" "Mozilla/5.0 (Windows NT 10.0; Win64; x64) AppleWebKit/537.36 (KHTML, like Gecko) Chrome/80.0.3987.132 Safari/537.36"
74.7.241.59 - - [05/Mar/2026:01:02:38 +0800] "GET /pages.php?detail/0010072514182 HTTP/2.0" 200 21583 "https://mipinternational.com/pages.php?jp/258010120.html" "Mozilla/5.0 AppleWebKit/537.36 (KHTML, like Gecko; compatible; GPTBot/1.3; +https://openai.com/gptbot)"
74.7.241.59 - - [05/Mar/2026:01:02:41 +0800] "GET /pages.php?detail/030007567956 HTTP/2.0" 200 21569 "https://mipinternational.com/pages.php?detail/030014881618" "Mozilla/5.0 AppleWebKit/537.36 (KHTML, like Gecko; compatible; GPTBot/1.3; +https://openai.com/gptbot)"
74.7.241.59 - - [05/Mar/2026:01:02:45 +0800] "GET /pages.php?detail/030038365002 HTTP/2.0" 200 21556 "https://mipinternational.com/pages.php?detail/030016676500" "Mozilla/5.0 AppleWebKit/537.36 (KHTML, like Gecko; compatible; GPTBot/1.3; +https://openai.com/gptbot)"
74.7.241.59 - - [05/Mar/2026:01:02:48 +0800] "GET /pages.php?detail/0370225125227 HTTP/2.0" 200 21567 "https://mipinternational.com/pages.php?detail/037027620182" "Mozilla/5.0 AppleWebKit/537.36 (KHTML, like Gecko; compatible; GPTBot/1.3; +https://openai.com/gptbot)"
66.249.64.128 - - [05/Mar/2026:01:02:52 +0800] "GET /products/291ot16099 HTTP/1.1" 200 20476 "-" "Mozilla/5.0 (Linux; Android 6.0.1; Nexus 5X Build/MMB29P) AppleWebKit/537.36 (KHTML, like Gecko) Chrome/144.0.7559.132 Mobile Safari/537.36 (compatible; Googlebot/2.1; +http://www.google.com/bot.html)"
66.249.64.67 - - [05/Mar/2026:01:02:52 +0800] "GET /080000029 HTTP/1.1" 200 20896 "-" "Mozilla/5.0 (Linux; Android 6.0.1; Nexus 5X Build/MMB29P) AppleWebKit/537.36 (KHTML, like Gecko) Chrome/144.0.7559.132 Mobile Safari/537.36 (compatible; Googlebot/2.1; +http://www.google.com/bot.html)"
66.249.64.128 - - [05/Mar/2026:01:02:54 +0800] "GET /?detail/22801147034268 HTTP/1.1" 200 21773 "-" "Mozilla/5.0 (Linux; Android 6.0.1; Nexus 5X Build/MMB29P) AppleWebKit/537.36 (KHTML, like Gecko) Chrome/144.0.7559.132 Mobile Safari/537.36 (compatible; Googlebot/2.1; +http://www.google.com/bot.html)"
74.7.241.59 - - [05/Mar/2026:01:02:52 +0800] "GET /pages.php?m58740276132 HTTP/2.0" 200 20984 "https://mipinternational.com/pages.php?detail/009017072279" "Mozilla/5.0 AppleWebKit/537.36 (KHTML, like Gecko; compatible; GPTBot/1.3; +https://openai.com/gptbot)"
74.7.241.59 - - [05/Mar/2026:01:02:56 +0800] "GET /pages.php?detail/214005076616 HTTP/2.0" 200 20930 "http://mipinternational.com" "Mozilla/5.0 AppleWebKit/537.36 (KHTML, like Gecko; compatible; GPTBot/1.3; +https://openai.com/gptbot)"
74.7.241.59 - - [05/Mar/2026:01:03:04 +0800] "GET /pages.php?detail/127003836663 HTTP/2.0" 200 20524 "https://mipinternational.com/pages.php?detail/127027949594" "Mozilla/5.0 AppleWebKit/537.36 (KHTML, like Gecko; compatible; GPTBot/1.3; +https://openai.com/gptbot)"
74.7.241.59 - - [05/Mar/2026:01:03:08 +0800] "GET /pages.php?detail/051012143080 HTTP/2.0" 200 20380 "https://mipinternational.com/pages.php?detail/037022510192" "Mozilla/5.0 AppleWebKit/537.36 (KHTML, like Gecko; compatible; GPTBot/1.3; +https://openai.com/gptbot)"
74.7.241.59 - - [05/Mar/2026:01:03:21 +0800] "GET /pages.php?jp/145048668.html HTTP/2.0" 200 20228 "https://mipinternational.com/pages.php?detail/0010072514182" "Mozilla/5.0 AppleWebKit/537.36 (KHTML, like Gecko; compatible; GPTBot/1.3; +https://openai.com/gptbot)"
74.7.241.59 - - [05/Mar/2026:01:03:25 +0800] "GET /pages.php?detail/030037382842 HTTP/2.0" 200 20875 "https://mipinternational.com/pages.php?detail/030007567956" "Mozilla/5.0 AppleWebKit/537.36 (KHTML, like Gecko; compatible; GPTBot/1.3; +https://openai.com/gptbot)"
74.7.241.59 - - [05/Mar/2026:01:03:29 +0800] "GET /pages.php?detail/001003038683 HTTP/2.0" 200 21227 "https://mipinternational.com/pages.php?detail/0010072514182" "Mozilla/5.0 AppleWebKit/537.36 (KHTML, like Gecko; compatible; GPTBot/1.3; +https://openai.com/gptbot)"
74.7.241.59 - - [05/Mar/2026:01:03:32 +0800] "GET /pages.php?detail/231031919223 HTTP/2.0" 200 20998 "https://mipinternational.com/pages.php?detail/030038365002" "Mozilla/5.0 AppleWebKit/537.36 (KHTML, like Gecko; compatible; GPTBot/1.3; +https://openai.com/gptbot)"
74.7.241.59 - - [05/Mar/2026:01:03:35 +0800] "GET /pages.php?detail/041009473435 HTTP/2.0" 200 20463 "https://mipinternational.com/pages.php?detail/030007567956" "Mozilla/5.0 AppleWebKit/537.36 (KHTML, like Gecko; compatible; GPTBot/1.3; +https://openai.com/gptbot)"
74.7.241.59 - - [05/Mar/2026:01:03:39 +0800] "GET /pages.php?m11625134026 HTTP/2.0" 200 21433 "https://mipinternational.com/pages.php?detail/214005076616" "Mozilla/5.0 AppleWebKit/537.36 (KHTML, like Gecko; compatible; GPTBot/1.3; +https://openai.com/gptbot)"
74.7.241.59 - - [05/Mar/2026:01:03:45 +0800] "GET /pages.php?detail/127027956902 HTTP/2.0" 200 21746 "https://mipinternational.com/pages.php?detail/127003836663" "Mozilla/5.0 AppleWebKit/537.36 (KHTML, like Gecko; compatible; GPTBot/1.3; +https://openai.com/gptbot)"
74.7.241.59 - - [05/Mar/2026:01:03:49 +0800] "GET /pages.php?m16467776682 HTTP/2.0" 200 20544 "https://mipinternational.com/pages.php?detail/051012143080" "Mozilla/5.0 AppleWebKit/537.36 (KHTML, like Gecko; compatible; GPTBot/1.3; +https://openai.com/gptbot)"
74.7.241.59 - - [05/Mar/2026:01:03:52 +0800] "GET /pages.php?detail/214040597088 HTTP/2.0" 200 20687 "https://mipinternational.com/pages.php?detail/214005076616" "Mozilla/5.0 AppleWebKit/537.36 (KHTML, like Gecko; compatible; GPTBot/1.3; +https://openai.com/gptbot)"
74.7.241.59 - - [05/Mar/2026:01:04:11 +0800] "GET /pages.php?detail/0680380828354 HTTP/2.0" 200 20607 "https://mipinternational.com/pages.php?detail/0680380578382" "Mozilla/5.0 AppleWebKit/537.36 (KHTML, like Gecko; compatible; GPTBot/1.3; +https://openai.com/gptbot)"
74.7.241.59 - - [05/Mar/2026:01:04:15 +0800] "GET /pages.php?jp/106009885.html HTTP/2.0" 200 21089 "https://mipinternational.com/pages.php?detail/041009473435" "Mozilla/5.0 AppleWebKit/537.36 (KHTML, like Gecko; compatible; GPTBot/1.3; +https://openai.com/gptbot)"
66.249.64.130 - - [05/Mar/2026:01:04:22 +0800] "GET /?jp/077030668.html HTTP/1.1" 200 20897 "-" "Mozilla/5.0 (Linux; Android 6.0.1; Nexus 5X Build/MMB29P) AppleWebKit/537.36 (KHTML, like Gecko) Chrome/144.0.7559.132 Mobile Safari/537.36 (compatible; Googlebot/2.1; +http://www.google.com/bot.html)"
74.7.241.59 - - [05/Mar/2026:01:04:20 +0800] "GET /pages.php?detail/041010987677 HTTP/2.0" 200 21762 "https://mipinternational.com/pages.php?detail/041009473435" "Mozilla/5.0 AppleWebKit/537.36 (KHTML, like Gecko; compatible; GPTBot/1.3; +https://openai.com/gptbot)"
74.7.241.59 - - [05/Mar/2026:01:04:25 +0800] "GET /pages.php?detail/1270326131232 HTTP/2.0" 200 21233 "https://mipinternational.com/pages.php?detail/0010072514182" "Mozilla/5.0 AppleWebKit/537.36 (KHTML, like Gecko; compatible; GPTBot/1.3; +https://openai.com/gptbot)"
66.249.64.128 - - [05/Mar/2026:01:04:31 +0800] "GET /?detail/141014288359 HTTP/1.1" 200 21139 "-" "Mozilla/5.0 (Linux; Android 6.0.1; Nexus 5X Build/MMB29P) AppleWebKit/537.36 (KHTML, like Gecko) Chrome/144.0.7559.132 Mobile Safari/537.36 (compatible; Googlebot/2.1; +http://www.google.com/bot.html)"
74.7.241.59 - - [05/Mar/2026:01:04:29 +0800] "GET /pages.php?detail/127001916290 HTTP/2.0" 200 21717 "https://mipinternational.com/pages.php?detail/127027956902" "Mozilla/5.0 AppleWebKit/537.36 (KHTML, like Gecko; compatible; GPTBot/1.3; +https://openai.com/gptbot)"
74.7.241.59 - - [05/Mar/2026:01:04:33 +0800] "GET /pages.php?detail/1390301453005 HTTP/2.0" 200 20457 "https://mipinternational.com/pages.php?m16467776682" "Mozilla/5.0 AppleWebKit/537.36 (KHTML, like Gecko; compatible; GPTBot/1.3; +https://openai.com/gptbot)"
74.7.241.59 - - [05/Mar/2026:01:04:37 +0800] "GET /pages.php?detail/214004964460 HTTP/2.0" 200 21334 "https://mipinternational.com/pages.php?detail/214040597088" "Mozilla/5.0 AppleWebKit/537.36 (KHTML, like Gecko; compatible; GPTBot/1.3; +https://openai.com/gptbot)"
66.249.64.130 - - [05/Mar/2026:01:04:54 +0800] "GET /?goods/300029977 HTTP/1.1" 200 20897 "-" "Mozilla/5.0 (Linux; Android 6.0.1; Nexus 5X Build/MMB29P) AppleWebKit/537.36 (KHTML, like Gecko) Chrome/144.0.7559.132 Mobile Safari/537.36 (compatible; Googlebot/2.1; +http://www.google.com/bot.html)"
74.7.241.59 - - [05/Mar/2026:01:05:01 +0800] "GET /pages.php?detail/017004705645 HTTP/2.0" 200 21550 "https://mipinternational.com/pages.php?jp/106009885.html" "Mozilla/5.0 AppleWebKit/537.36 (KHTML, like Gecko; compatible; GPTBot/1.3; +https://openai.com/gptbot)"
74.7.241.59 - - [05/Mar/2026:01:05:06 +0800] "GET /pages.php?detail/106009885816 HTTP/2.0" 200 20883 "https://mipinternational.com/pages.php?jp/106009885.html" "Mozilla/5.0 AppleWebKit/537.36 (KHTML, like Gecko; compatible; GPTBot/1.3; +https://openai.com/gptbot)"
74.7.241.59 - - [05/Mar/2026:01:05:09 +0800] "GET /pages.php?detail/047032053309 HTTP/2.0" 200 20907 "https://mipinternational.com/pages.php?detail/1270326131232" "Mozilla/5.0 AppleWebKit/537.36 (KHTML, like Gecko; compatible; GPTBot/1.3; +https://openai.com/gptbot)"
74.7.241.59 - - [05/Mar/2026:01:05:18 +0800] "GET /pages.php?detail/1670466207675 HTTP/2.0" 200 20601 "https://mipinternational.com/pages.php?detail/006005314134" "Mozilla/5.0 AppleWebKit/537.36 (KHTML, like Gecko; compatible; GPTBot/1.3; +https://openai.com/gptbot)"
185.213.229.158 - - [05/Mar/2026:01:05:17 +0800] "GET /pages.php?m238035151 HTTP/1.1" 200 21266 "-" "Mozilla/5.0 (Windows NT 6.1) AppleWebKit/537.36 (KHTML, like Gecko) Chrome/27.0.1453.90 Safari/537.36"
74.7.241.59 - - [05/Mar/2026:01:05:21 +0800] "GET /pages.php?detail/214013045190 HTTP/2.0" 200 20862 "https://mipinternational.com/pages.php?detail/214004964460" "Mozilla/5.0 AppleWebKit/537.36 (KHTML, like Gecko; compatible; GPTBot/1.3; +https://openai.com/gptbot)"
74.7.241.59 - - [05/Mar/2026:01:05:27 +0800] "GET /pages.php?detail/176014656505 HTTP/2.0" 200 20369 "http://mipinternational.com" "Mozilla/5.0 AppleWebKit/537.36 (KHTML, like Gecko; compatible; GPTBot/1.3; +https://openai.com/gptbot)"
66.249.64.130 - - [05/Mar/2026:01:05:30 +0800] "GET /?jp/084019880.html HTTP/1.1" 200 21947 "-" "Mozilla/5.0 (Linux; Android 6.0.1; Nexus 5X Build/MMB29P) AppleWebKit/537.36 (KHTML, like Gecko) Chrome/144.0.7559.132 Mobile Safari/537.36 (compatible; Googlebot/2.1; +http://www.google.com/bot.html)"
74.7.241.59 - - [05/Mar/2026:01:05:47 +0800] "GET /pages.php?detail/017015060841 HTTP/2.0" 200 20720 "https://mipinternational.com/pages.php?detail/017004705645" "Mozilla/5.0 AppleWebKit/537.36 (KHTML, like Gecko; compatible; GPTBot/1.3; +https://openai.com/gptbot)"
66.249.64.128 - - [05/Mar/2026:01:05:52 +0800] "GET /?goods/259034776 HTTP/1.1" 200 21332 "-" "Mozilla/5.0 (Linux; Android 6.0.1; Nexus 5X Build/MMB29P) AppleWebKit/537.36 (KHTML, like Gecko) Chrome/144.0.7559.132 Mobile Safari/537.36 (compatible; Googlebot/2.1; +http://www.google.com/bot.html)"
74.7.241.59 - - [05/Mar/2026:01:05:55 +0800] "GET /pages.php?detail/190003049457 HTTP/2.0" 200 20590 "https://mipinternational.com/pages.php?detail/047032053309" "Mozilla/5.0 AppleWebKit/537.36 (KHTML, like Gecko; compatible; GPTBot/1.3; +https://openai.com/gptbot)"
74.7.241.59 - - [05/Mar/2026:01:06:09 +0800] "GET /pages.php?goods/248046573 HTTP/2.0" 200 20758 "https://mipinternational.com/pages.php?detail/176014656505" "Mozilla/5.0 AppleWebKit/537.36 (KHTML, like Gecko; compatible; GPTBot/1.3; +https://openai.com/gptbot)"
66.249.64.129 - - [05/Mar/2026:01:06:15 +0800] "GET /?goods/210017171 HTTP/1.1" 200 21160 "-" "Mozilla/5.0 (Linux; Android 6.0.1; Nexus 5X Build/MMB29P) AppleWebKit/537.36 (KHTML, like Gecko) Chrome/144.0.7559.132 Mobile Safari/537.36 (compatible; Googlebot/2.1; +http://www.google.com/bot.html)"
74.7.241.59 - - [05/Mar/2026:01:06:13 +0800] "GET /pages.php?detail/270005155276 HTTP/2.0" 200 21037 "http://mipinternational.com" "Mozilla/5.0 AppleWebKit/537.36 (KHTML, like Gecko; compatible; GPTBot/1.3; +https://openai.com/gptbot)"
74.7.241.59 - - [05/Mar/2026:01:06:22 +0800] "GET /pages.php?detail/167046608262 HTTP/2.0" 200 20714 "https://mipinternational.com/pages.php?detail/1670466207675" "Mozilla/5.0 AppleWebKit/537.36 (KHTML, like Gecko; compatible; GPTBot/1.3; +https://openai.com/gptbot)"
