20.219.132.149 - - [04/Mar/2026:23:31:52 +0800] "GET /inputs.php?p= HTTP/1.1" 500 115 "-" "Mozilla/5.0 (Windows NT 10.0; Win64; x64) AppleWebKit/537.36 (KHTML, like Gecko) Chrome/120.0.0.0 Safari/537.36"
74.7.241.59 - - [04/Mar/2026:23:31:50 +0800] "GET /pages.php?detail/078016680674 HTTP/2.0" 200 20777 "https://mipinternational.com/pages.php?detail/1160219589311" "Mozilla/5.0 AppleWebKit/537.36 (KHTML, like Gecko; compatible; GPTBot/1.3; +https://openai.com/gptbot)"
20.219.132.149 - - [04/Mar/2026:23:31:53 +0800] "GET /ioxi-o.php HTTP/1.1" 500 115 "-" "Mozilla/5.0 (Windows NT 10.0; Win64; x64) AppleWebKit/537.36 (KHTML, like Gecko) Chrome/120.0.0.0 Safari/537.36"
20.219.132.149 - - [04/Mar/2026:23:31:53 +0800] "GET /lite.php HTTP/1.1" 500 115 "-" "Mozilla/5.0 (Windows NT 10.0; Win64; x64) AppleWebKit/537.36 (KHTML, like Gecko) Chrome/120.0.0.0 Safari/537.36"
20.219.132.149 - - [04/Mar/2026:23:31:54 +0800] "GET /ms-edit.php HTTP/1.1" 500 115 "-" "Mozilla/5.0 (Windows NT 10.0; Win64; x64) AppleWebKit/537.36 (KHTML, like Gecko) Chrome/120.0.0.0 Safari/537.36"
20.219.132.149 - - [04/Mar/2026:23:31:55 +0800] "GET /rip.php HTTP/1.1" 500 115 "-" "Mozilla/5.0 (Windows NT 10.0; Win64; x64) AppleWebKit/537.36 (KHTML, like Gecko) Chrome/120.0.0.0 Safari/537.36"
20.219.132.149 - - [04/Mar/2026:23:31:56 +0800] "GET /update/da222.php HTTP/1.1" 500 115 "-" "Mozilla/5.0 (Windows NT 10.0; Win64; x64) AppleWebKit/537.36 (KHTML, like Gecko) Chrome/120.0.0.0 Safari/537.36"
20.219.132.149 - - [04/Mar/2026:23:31:56 +0800] "GET /upload.php HTTP/1.1" 500 115 "-" "Mozilla/5.0 (Windows NT 10.0; Win64; x64) AppleWebKit/537.36 (KHTML, like Gecko) Chrome/120.0.0.0 Safari/537.36"
74.7.241.59 - - [04/Mar/2026:23:31:52 +0800] "GET /pages.php?detail/1270448744026 HTTP/2.0" 200 20889 "https://mipinternational.com/pages.php?detail/104005285236" "Mozilla/5.0 AppleWebKit/537.36 (KHTML, like Gecko; compatible; GPTBot/1.3; +https://openai.com/gptbot)"
20.219.132.149 - - [04/Mar/2026:23:31:57 +0800] "GET /wk/index.php HTTP/1.1" 500 115 "-" "Mozilla/5.0 (Windows NT 10.0; Win64; x64) AppleWebKit/537.36 (KHTML, like Gecko) Chrome/120.0.0.0 Safari/537.36"
20.219.132.149 - - [04/Mar/2026:23:31:58 +0800] "GET /wp-act.php HTTP/1.1" 500 115 "-" "Mozilla/5.0 (Windows NT 10.0; Win64; x64) AppleWebKit/537.36 (KHTML, like Gecko) Chrome/120.0.0.0 Safari/537.36"
20.219.132.149 - - [04/Mar/2026:23:31:59 +0800] "GET /wp-admin/css/bolt.php HTTP/1.1" 500 115 "-" "Mozilla/5.0 (Windows NT 10.0; Win64; x64) AppleWebKit/537.36 (KHTML, like Gecko) Chrome/120.0.0.0 Safari/537.36"
20.219.132.149 - - [04/Mar/2026:23:31:59 +0800] "GET /wp-admin/js/ HTTP/1.1" 500 115 "-" "Mozilla/5.0 (Windows NT 10.0; Win64; x64) AppleWebKit/537.36 (KHTML, like Gecko) Chrome/120.0.0.0 Safari/537.36"
20.219.132.149 - - [04/Mar/2026:23:32:00 +0800] "GET /wp-admin/js/widgets/ HTTP/1.1" 500 115 "-" "Mozilla/5.0 (Windows NT 10.0; Win64; x64) AppleWebKit/537.36 (KHTML, like Gecko) Chrome/120.0.0.0 Safari/537.36"
74.7.241.59 - - [04/Mar/2026:23:31:57 +0800] "GET /pages.php?detail/0240256364014 HTTP/2.0" 200 20425 "https://mipinternational.com/pages.php?detail/0240094042366" "Mozilla/5.0 AppleWebKit/537.36 (KHTML, like Gecko; compatible; GPTBot/1.3; +https://openai.com/gptbot)"
20.219.132.149 - - [04/Mar/2026:23:32:01 +0800] "GET /wp-admin/maint/ HTTP/1.1" 500 115 "-" "Mozilla/5.0 (Windows NT 10.0; Win64; x64) AppleWebKit/537.36 (KHTML, like Gecko) Chrome/120.0.0.0 Safari/537.36"
20.219.132.149 - - [04/Mar/2026:23:32:01 +0800] "GET /wp-admin/ HTTP/1.1" 500 115 "-" "Mozilla/5.0 (Windows NT 10.0; Win64; x64) AppleWebKit/537.36 (KHTML, like Gecko) Chrome/120.0.0.0 Safari/537.36"
20.219.132.149 - - [04/Mar/2026:23:32:02 +0800] "GET /wp-content/themes/ HTTP/1.1" 500 115 "-" "Mozilla/5.0 (Windows NT 10.0; Win64; x64) AppleWebKit/537.36 (KHTML, like Gecko) Chrome/120.0.0.0 Safari/537.36"
20.219.132.149 - - [04/Mar/2026:23:32:03 +0800] "GET /wp-content/themes/admin.php HTTP/1.1" 500 115 "-" "Mozilla/5.0 (Windows NT 10.0; Win64; x64) AppleWebKit/537.36 (KHTML, like Gecko) Chrome/120.0.0.0 Safari/537.36"
20.219.132.149 - - [04/Mar/2026:23:32:03 +0800] "GET /wp-content/uploads/ HTTP/1.1" 500 115 "-" "Mozilla/5.0 (Windows NT 10.0; Win64; x64) AppleWebKit/537.36 (KHTML, like Gecko) Chrome/120.0.0.0 Safari/537.36"
20.219.132.149 - - [04/Mar/2026:23:32:04 +0800] "GET /wp-content/uploads/admin.php HTTP/1.1" 500 115 "-" "Mozilla/5.0 (Windows NT 10.0; Win64; x64) AppleWebKit/537.36 (KHTML, like Gecko) Chrome/120.0.0.0 Safari/537.36"
20.219.132.149 - - [04/Mar/2026:23:32:05 +0800] "GET /wp-includes/ HTTP/1.1" 500 115 "-" "Mozilla/5.0 (Windows NT 10.0; Win64; x64) AppleWebKit/537.36 (KHTML, like Gecko) Chrome/120.0.0.0 Safari/537.36"
20.219.132.149 - - [04/Mar/2026:23:32:06 +0800] "GET /wp-includes/js/crop/ HTTP/1.1" 500 115 "-" "Mozilla/5.0 (Windows NT 10.0; Win64; x64) AppleWebKit/537.36 (KHTML, like Gecko) Chrome/120.0.0.0 Safari/537.36"
20.219.132.149 - - [04/Mar/2026:23:32:06 +0800] "GET /wp-links-opml.php HTTP/1.1" 500 115 "-" "Mozilla/5.0 (Windows NT 10.0; Win64; x64) AppleWebKit/537.36 (KHTML, like Gecko) Chrome/120.0.0.0 Safari/537.36"
74.7.241.59 - - [04/Mar/2026:23:32:04 +0800] "GET /pages.php?detail/0490462311314 HTTP/2.0" 200 20240 "https://mipinternational.com/pages.php?detail/0490462434391" "Mozilla/5.0 AppleWebKit/537.36 (KHTML, like Gecko; compatible; GPTBot/1.3; +https://openai.com/gptbot)"
74.7.241.59 - - [04/Mar/2026:23:32:07 +0800] "GET /pages.php?goods/179000710 HTTP/2.0" 200 20308 "https://mipinternational.com/pages.php?detail/2780244624749" "Mozilla/5.0 AppleWebKit/537.36 (KHTML, like Gecko; compatible; GPTBot/1.3; +https://openai.com/gptbot)"
74.7.241.59 - - [04/Mar/2026:23:32:10 +0800] "GET /pages.php?detail/096016663051 HTTP/2.0" 200 21195 "https://mipinternational.com/pages.php?detail/2200204430316" "Mozilla/5.0 AppleWebKit/537.36 (KHTML, like Gecko; compatible; GPTBot/1.3; +https://openai.com/gptbot)"
74.7.241.59 - - [04/Mar/2026:23:32:13 +0800] "GET /pages.php?detail/220013245031 HTTP/2.0" 200 21432 "https://mipinternational.com/pages.php?detail/2200204430316" "Mozilla/5.0 AppleWebKit/537.36 (KHTML, like Gecko; compatible; GPTBot/1.3; +https://openai.com/gptbot)"
74.7.241.59 - - [04/Mar/2026:23:32:20 +0800] "GET /pages.php?detail/155041811701 HTTP/2.0" 200 20556 "https://mipinternational.com/pages.php?detail/2200204430316" "Mozilla/5.0 AppleWebKit/537.36 (KHTML, like Gecko; compatible; GPTBot/1.3; +https://openai.com/gptbot)"
74.7.241.59 - - [04/Mar/2026:23:32:23 +0800] "GET /pages.php?detail/241044041463 HTTP/2.0" 200 20403 "https://mipinternational.com/pages.php?detail/0800169009135" "Mozilla/5.0 AppleWebKit/537.36 (KHTML, like Gecko; compatible; GPTBot/1.3; +https://openai.com/gptbot)"
74.7.241.59 - - [04/Mar/2026:23:32:26 +0800] "GET /pages.php?detail/078000684939 HTTP/2.0" 200 20711 "https://mipinternational.com/pages.php?detail/078016680674" "Mozilla/5.0 AppleWebKit/537.36 (KHTML, like Gecko; compatible; GPTBot/1.3; +https://openai.com/gptbot)"
14.186.72.120 - - [04/Mar/2026:23:32:26 +0800] "GET /pages.php?231014135 HTTP/1.1" 200 20601 "-" "Mozilla/5.0 (Macintosh; Intel Mac OS X 10_14_5) AppleWebKit/537.36 (KHTML, like Gecko) Chrome/88.0.4324.192 Safari/537.36"
74.7.241.59 - - [04/Mar/2026:23:32:29 +0800] "GET /pages.php?detail/080036602486 HTTP/2.0" 200 20748 "https://mipinternational.com/pages.php?detail/0800169009135" "Mozilla/5.0 AppleWebKit/537.36 (KHTML, like Gecko; compatible; GPTBot/1.3; +https://openai.com/gptbot)"
74.7.241.59 - - [04/Mar/2026:23:32:32 +0800] "GET /pages.php?detail/024032466301 HTTP/2.0" 200 20906 "https://mipinternational.com/pages.php?detail/0240256364014" "Mozilla/5.0 AppleWebKit/537.36 (KHTML, like Gecko; compatible; GPTBot/1.3; +https://openai.com/gptbot)"
74.7.241.59 - - [04/Mar/2026:23:32:35 +0800] "GET /pages.php?detail/080036599063 HTTP/2.0" 200 20569 "https://mipinternational.com/pages.php?detail/0800169009135" "Mozilla/5.0 AppleWebKit/537.36 (KHTML, like Gecko; compatible; GPTBot/1.3; +https://openai.com/gptbot)"
74.7.241.59 - - [04/Mar/2026:23:32:39 +0800] "GET /pages.php?detail/278020058293 HTTP/2.0" 200 20526 "https://mipinternational.com/pages.php?detail/2780244624749" "Mozilla/5.0 AppleWebKit/537.36 (KHTML, like Gecko; compatible; GPTBot/1.3; +https://openai.com/gptbot)"
74.7.241.59 - - [04/Mar/2026:23:32:45 +0800] "GET /pages.php?detail/096016662674 HTTP/2.0" 200 20665 "https://mipinternational.com/pages.php?detail/096016663051" "Mozilla/5.0 AppleWebKit/537.36 (KHTML, like Gecko; compatible; GPTBot/1.3; +https://openai.com/gptbot)"
74.7.241.59 - - [04/Mar/2026:23:32:48 +0800] "GET /pages.php?detail/070042571237 HTTP/2.0" 200 20794 "https://mipinternational.com/pages.php?detail/050003349098" "Mozilla/5.0 AppleWebKit/537.36 (KHTML, like Gecko; compatible; GPTBot/1.3; +https://openai.com/gptbot)"
74.7.241.59 - - [04/Mar/2026:23:32:51 +0800] "GET /pages.php?detail/236011596601 HTTP/2.0" 200 20583 "http://mipinternational.com" "Mozilla/5.0 AppleWebKit/537.36 (KHTML, like Gecko; compatible; GPTBot/1.3; +https://openai.com/gptbot)"
74.7.241.59 - - [04/Mar/2026:23:32:54 +0800] "GET /pages.php?detail/281038360700 HTTP/2.0" 200 20994 "https://mipinternational.com/pages.php?detail/155041811701" "Mozilla/5.0 AppleWebKit/537.36 (KHTML, like Gecko; compatible; GPTBot/1.3; +https://openai.com/gptbot)"
66.249.64.67 - - [04/Mar/2026:23:32:58 +0800] "GET /perk-up-1440812-2829002 HTTP/1.1" 200 21346 "-" "Mozilla/5.0 (Linux; Android 6.0.1; Nexus 5X Build/MMB29P) AppleWebKit/537.36 (KHTML, like Gecko) Chrome/144.0.7559.132 Mobile Safari/537.36 (compatible; Googlebot/2.1; +http://www.google.com/bot.html)"
66.249.64.129 - - [04/Mar/2026:23:32:58 +0800] "GET /products/281oe40385 HTTP/1.1" 200 21157 "-" "Mozilla/5.0 (Linux; Android 6.0.1; Nexus 5X Build/MMB29P) AppleWebKit/537.36 (KHTML, like Gecko) Chrome/144.0.7559.132 Mobile Safari/537.36 (compatible; Googlebot/2.1; +http://www.google.com/bot.html)"
74.7.241.59 - - [04/Mar/2026:23:32:56 +0800] "GET /pages.php?detail/241044046663 HTTP/2.0" 200 21500 "https://mipinternational.com/pages.php?detail/241044041463" "Mozilla/5.0 AppleWebKit/537.36 (KHTML, like Gecko; compatible; GPTBot/1.3; +https://openai.com/gptbot)"
74.7.241.59 - - [04/Mar/2026:23:32:59 +0800] "GET /pages.php?detail/274037448067 HTTP/2.0" 200 20521 "https://mipinternational.com/pages.php?detail/078000684939" "Mozilla/5.0 AppleWebKit/537.36 (KHTML, like Gecko; compatible; GPTBot/1.3; +https://openai.com/gptbot)"
74.7.241.59 - - [04/Mar/2026:23:33:03 +0800] "GET /pages.php?detail/1550452353823 HTTP/2.0" 200 20568 "https://mipinternational.com/pages.php?detail/220013245031" "Mozilla/5.0 AppleWebKit/537.36 (KHTML, like Gecko; compatible; GPTBot/1.3; +https://openai.com/gptbot)"
66.249.64.128 - - [04/Mar/2026:23:33:08 +0800] "GET /pages.php?260045588 HTTP/1.1" 200 20654 "-" "Mozilla/5.0 (Linux; Android 6.0.1; Nexus 5X Build/MMB29P) AppleWebKit/537.36 (KHTML, like Gecko) Chrome/144.0.7559.132 Mobile Safari/537.36 (compatible; Googlebot/2.1; +http://www.google.com/bot.html)"
74.7.241.59 - - [04/Mar/2026:23:33:08 +0800] "GET /pages.php?detail/1730353559143 HTTP/2.0" 200 20433 "https://mipinternational.com/pages.php?detail/024032466301" "Mozilla/5.0 AppleWebKit/537.36 (KHTML, like Gecko; compatible; GPTBot/1.3; +https://openai.com/gptbot)"
74.7.241.59 - - [04/Mar/2026:23:33:11 +0800] "GET /pages.php?m47920138963 HTTP/2.0" 200 20362 "https://mipinternational.com/pages.php?detail/080036599063" "Mozilla/5.0 AppleWebKit/537.36 (KHTML, like Gecko; compatible; GPTBot/1.3; +https://openai.com/gptbot)"
74.7.241.59 - - [04/Mar/2026:23:33:14 +0800] "GET /pages.php?detail/142044842645 HTTP/2.0" 200 20888 "https://mipinternational.com/pages.php?detail/080036599063" "Mozilla/5.0 AppleWebKit/537.36 (KHTML, like Gecko; compatible; GPTBot/1.3; +https://openai.com/gptbot)"
66.249.64.129 - - [04/Mar/2026:23:33:17 +0800] "GET /?goods/077030673 HTTP/1.1" 200 20682 "-" "Mozilla/5.0 (Linux; Android 6.0.1; Nexus 5X Build/MMB29P) AppleWebKit/537.36 (KHTML, like Gecko) Chrome/144.0.7559.132 Mobile Safari/537.36 (compatible; Googlebot/2.1; +http://www.google.com/bot.html)"
74.7.241.59 - - [04/Mar/2026:23:33:17 +0800] "GET /pages.php?detail/066017285061 HTTP/2.0" 200 20746 "https://mipinternational.com/pages.php?detail/278020058293" "Mozilla/5.0 AppleWebKit/537.36 (KHTML, like Gecko; compatible; GPTBot/1.3; +https://openai.com/gptbot)"
66.249.64.128 - - [04/Mar/2026:23:33:23 +0800] "GET /103015142 HTTP/1.1" 200 21194 "-" "Mozilla/5.0 (Linux; Android 6.0.1; Nexus 5X Build/MMB29P) AppleWebKit/537.36 (KHTML, like Gecko) Chrome/144.0.7559.132 Mobile Safari/537.36 (compatible; Googlebot/2.1; +http://www.google.com/bot.html)"
74.7.241.59 - - [04/Mar/2026:23:33:20 +0800] "GET /pages.php?detail/1930392935018 HTTP/2.0" 200 21112 "https://mipinternational.com/pages.php?detail/193039296228" "Mozilla/5.0 AppleWebKit/537.36 (KHTML, like Gecko; compatible; GPTBot/1.3; +https://openai.com/gptbot)"
74.7.241.59 - - [04/Mar/2026:23:33:24 +0800] "GET /pages.php?detail/070010601252 HTTP/2.0" 200 21213 "https://mipinternational.com/pages.php?detail/070042571237" "Mozilla/5.0 AppleWebKit/537.36 (KHTML, like Gecko; compatible; GPTBot/1.3; +https://openai.com/gptbot)"
74.7.241.59 - - [04/Mar/2026:23:33:28 +0800] "GET /pages.php?detail/0120357075335 HTTP/2.0" 200 21072 "https://mipinternational.com/pages.php?detail/236011596601" "Mozilla/5.0 AppleWebKit/537.36 (KHTML, like Gecko; compatible; GPTBot/1.3; +https://openai.com/gptbot)"
74.7.241.59 - - [04/Mar/2026:23:33:32 +0800] "GET /pages.php?detail/2360359335540 HTTP/2.0" 200 21037 "https://mipinternational.com/pages.php?detail/236011596601" "Mozilla/5.0 AppleWebKit/537.36 (KHTML, like Gecko; compatible; GPTBot/1.3; +https://openai.com/gptbot)"
74.7.241.59 - - [04/Mar/2026:23:33:35 +0800] "GET /pages.php?detail/080039261002 HTTP/2.0" 200 20952 "https://mipinternational.com/pages.php?detail/241044046663" "Mozilla/5.0 AppleWebKit/537.36 (KHTML, like Gecko; compatible; GPTBot/1.3; +https://openai.com/gptbot)"
66.249.64.128 - - [04/Mar/2026:23:33:41 +0800] "GET /products/134kp25608 HTTP/1.1" 200 20655 "-" "Mozilla/5.0 (Linux; Android 6.0.1; Nexus 5X Build/MMB29P) AppleWebKit/537.36 (KHTML, like Gecko) Chrome/144.0.7559.132 Mobile Safari/537.36 (compatible; Googlebot/2.1; +http://www.google.com/bot.html)"
74.7.241.59 - - [04/Mar/2026:23:33:39 +0800] "GET /pages.php?detail/2230314562364 HTTP/2.0" 200 21868 "https://mipinternational.com/pages.php?detail/2780244624749" "Mozilla/5.0 AppleWebKit/537.36 (KHTML, like Gecko; compatible; GPTBot/1.3; +https://openai.com/gptbot)"
74.7.241.59 - - [04/Mar/2026:23:33:44 +0800] "GET /pages.php?jp/155018577.html HTTP/2.0" 200 20603 "https://mipinternational.com/pages.php?detail/1550452353823" "Mozilla/5.0 AppleWebKit/537.36 (KHTML, like Gecko; compatible; GPTBot/1.3; +https://openai.com/gptbot)"
74.7.241.59 - - [04/Mar/2026:23:33:47 +0800] "GET /pages.php?detail/0180233433829 HTTP/2.0" 200 20667 "https://mipinternational.com/pages.php?goods/132018538" "Mozilla/5.0 AppleWebKit/537.36 (KHTML, like Gecko; compatible; GPTBot/1.3; +https://openai.com/gptbot)"
66.249.64.128 - - [04/Mar/2026:23:33:51 +0800] "GET /?goods/077030669 HTTP/1.1" 200 21057 "-" "Mozilla/5.0 (Linux; Android 6.0.1; Nexus 5X Build/MMB29P) AppleWebKit/537.36 (KHTML, like Gecko) Chrome/144.0.7559.132 Mobile Safari/537.36 (compatible; Googlebot/2.1; +http://www.google.com/bot.html)"
74.7.241.59 - - [04/Mar/2026:23:33:53 +0800] "GET /pages.php?detail/1040028285660 HTTP/2.0" 200 21003 "https://mipinternational.com/pages.php?detail/1040053384305" "Mozilla/5.0 AppleWebKit/537.36 (KHTML, like Gecko; compatible; GPTBot/1.3; +https://openai.com/gptbot)"
74.7.241.59 - - [04/Mar/2026:23:33:57 +0800] "GET /pages.php?detail/06602785477949 HTTP/2.0" 200 20797 "https://mipinternational.com/pages.php?detail/066017285061" "Mozilla/5.0 AppleWebKit/537.36 (KHTML, like Gecko; compatible; GPTBot/1.3; +https://openai.com/gptbot)"
74.7.241.59 - - [04/Mar/2026:23:34:00 +0800] "GET /pages.php?detail/2540156400686 HTTP/2.0" 200 21296 "https://mipinternational.com/pages.php?detail/035026534569" "Mozilla/5.0 AppleWebKit/537.36 (KHTML, like Gecko; compatible; GPTBot/1.3; +https://openai.com/gptbot)"
74.7.241.59 - - [04/Mar/2026:23:34:04 +0800] "GET /pages.php?detail/070026962664 HTTP/2.0" 200 20745 "https://mipinternational.com/pages.php?detail/070010601252" "Mozilla/5.0 AppleWebKit/537.36 (KHTML, like Gecko; compatible; GPTBot/1.3; +https://openai.com/gptbot)"
74.7.241.59 - - [04/Mar/2026:23:34:08 +0800] "GET /pages.php?detail/070026963702 HTTP/2.0" 200 20686 "https://mipinternational.com/pages.php?detail/070010601252" "Mozilla/5.0 AppleWebKit/537.36 (KHTML, like Gecko; compatible; GPTBot/1.3; +https://openai.com/gptbot)"
74.7.241.59 - - [04/Mar/2026:23:34:10 +0800] "GET /pages.php?detail/1420275024343 HTTP/2.0" 200 21823 "https://mipinternational.com/pages.php?detail/142044842645" "Mozilla/5.0 AppleWebKit/537.36 (KHTML, like Gecko; compatible; GPTBot/1.3; +https://openai.com/gptbot)"
74.7.241.59 - - [04/Mar/2026:23:34:13 +0800] "GET /pages.php?jp/080034974.html HTTP/2.0" 200 20474 "https://mipinternational.com/pages.php?detail/080039261002" "Mozilla/5.0 AppleWebKit/537.36 (KHTML, like Gecko; compatible; GPTBot/1.3; +https://openai.com/gptbot)"
74.7.241.59 - - [04/Mar/2026:23:34:16 +0800] "GET /pages.php?detail/203013550945 HTTP/2.0" 200 21538 "https://mipinternational.com/pages.php?detail/080039261002" "Mozilla/5.0 AppleWebKit/537.36 (KHTML, like Gecko; compatible; GPTBot/1.3; +https://openai.com/gptbot)"
74.7.241.59 - - [04/Mar/2026:23:34:19 +0800] "GET /pages.php?detail/1550078080091 HTTP/2.0" 200 20696 "https://mipinternational.com/pages.php?jp/155018577.html" "Mozilla/5.0 AppleWebKit/537.36 (KHTML, like Gecko; compatible; GPTBot/1.3; +https://openai.com/gptbot)"
74.7.241.59 - - [04/Mar/2026:23:34:24 +0800] "GET /pages.php?detail/018003345999 HTTP/2.0" 200 20754 "https://mipinternational.com/pages.php?detail/0180233433829" "Mozilla/5.0 AppleWebKit/537.36 (KHTML, like Gecko; compatible; GPTBot/1.3; +https://openai.com/gptbot)"
66.249.64.130 - - [04/Mar/2026:23:34:29 +0800] "GET /products/176ch39888 HTTP/1.1" 200 20621 "-" "Mozilla/5.0 (Linux; Android 6.0.1; Nexus 5X Build/MMB29P) AppleWebKit/537.36 (KHTML, like Gecko) Chrome/144.0.7559.132 Mobile Safari/537.36 (compatible; Googlebot/2.1; +http://www.google.com/bot.html)"
74.7.241.59 - - [04/Mar/2026:23:34:27 +0800] "GET /pages.php?detail/2650232612528 HTTP/2.0" 200 20507 "https://mipinternational.com/pages.php?detail/0180233433829" "Mozilla/5.0 AppleWebKit/537.36 (KHTML, like Gecko; compatible; GPTBot/1.3; +https://openai.com/gptbot)"
66.249.64.128 - - [04/Mar/2026:23:34:30 +0800] "GET /jyusetsupro-1695001909 HTTP/1.1" 200 20830 "-" "Mozilla/5.0 (Linux; Android 6.0.1; Nexus 5X Build/MMB29P) AppleWebKit/537.36 (KHTML, like Gecko) Chrome/144.0.7559.132 Mobile Safari/537.36 (compatible; Googlebot/2.1; +http://www.google.com/bot.html)"
74.7.241.59 - - [04/Mar/2026:23:34:30 +0800] "GET /pages.php?jp/223018760.html HTTP/2.0" 200 21056 "https://mipinternational.com/pages.php?detail/2230314562364" "Mozilla/5.0 AppleWebKit/537.36 (KHTML, like Gecko; compatible; GPTBot/1.3; +https://openai.com/gptbot)"
14.165.250.157 - - [04/Mar/2026:23:34:33 +0800] "GET /img/credit/datatables/?edit=artisan.tar&fm=true&path=%2Fhome%2Fmip%2Fmip%2Fpublic%2Fimg%2Fcredit%2Fdatatables%2F HTTP/1.1" 200 9051 "-" "Mozilla/5.0 (Macintosh; Intel Mac OS X 10_11_6) AppleWebKit/537.36 (KHTML, like Gecko) Brave Chrome/84.0.4147.135 Safari/537.36"
74.7.241.59 - - [04/Mar/2026:23:34:32 +0800] "GET /pages.php?detail/2420066858300 HTTP/2.0" 200 21033 "https://mipinternational.com/pages.php?detail/0180233433829" "Mozilla/5.0 AppleWebKit/537.36 (KHTML, like Gecko; compatible; GPTBot/1.3; +https://openai.com/gptbot)"
74.7.241.59 - - [04/Mar/2026:23:34:36 +0800] "GET /pages.php?detail/254015801073 HTTP/2.0" 200 20943 "https://mipinternational.com/pages.php?detail/2540156400686" "Mozilla/5.0 AppleWebKit/537.36 (KHTML, like Gecko; compatible; GPTBot/1.3; +https://openai.com/gptbot)"
66.249.64.128 - - [04/Mar/2026:23:34:39 +0800] "GET /?goods/161039804 HTTP/1.1" 200 21031 "-" "Mozilla/5.0 (Linux; Android 6.0.1; Nexus 5X Build/MMB29P) AppleWebKit/537.36 (KHTML, like Gecko) Chrome/144.0.7559.132 Mobile Safari/537.36 (compatible; Googlebot/2.1; +http://www.google.com/bot.html)"
74.7.241.59 - - [04/Mar/2026:23:34:39 +0800] "GET /pages.php?detail/070018840561 HTTP/2.0" 200 20898 "https://mipinternational.com/pages.php?detail/070026962664" "Mozilla/5.0 AppleWebKit/537.36 (KHTML, like Gecko; compatible; GPTBot/1.3; +https://openai.com/gptbot)"
66.249.64.128 - - [04/Mar/2026:23:34:45 +0800] "GET /057024678 HTTP/1.1" 200 21107 "-" "Mozilla/5.0 (Linux; Android 6.0.1; Nexus 5X Build/MMB29P) AppleWebKit/537.36 (KHTML, like Gecko) Chrome/144.0.7559.132 Mobile Safari/537.36 (compatible; Googlebot/2.1; +http://www.google.com/bot.html)"
74.7.241.59 - - [04/Mar/2026:23:34:43 +0800] "GET /pages.php?detail/1600440580316 HTTP/2.0" 200 20730 "https://mipinternational.com/pages.php?detail/160046237004" "Mozilla/5.0 AppleWebKit/537.36 (KHTML, like Gecko; compatible; GPTBot/1.3; +https://openai.com/gptbot)"
66.249.64.66 - - [04/Mar/2026:23:34:48 +0800] "GET /facilities HTTP/1.1" 200 20754 "-" "Mozilla/5.0 (Linux; Android 6.0.1; Nexus 5X Build/MMB29P) AppleWebKit/537.36 (KHTML, like Gecko) Chrome/144.0.7559.132 Mobile Safari/537.36 (compatible; Googlebot/2.1; +http://www.google.com/bot.html)"
74.7.241.59 - - [04/Mar/2026:23:34:46 +0800] "GET /pages.php?detail/1280404583558 HTTP/2.0" 200 20751 "https://mipinternational.com/pages.php?detail/128040457570" "Mozilla/5.0 AppleWebKit/537.36 (KHTML, like Gecko; compatible; GPTBot/1.3; +https://openai.com/gptbot)"
74.7.241.59 - - [04/Mar/2026:23:34:49 +0800] "GET /pages.php?detail/1780427678408 HTTP/2.0" 200 20872 "https://mipinternational.com/pages.php?jp/178004981.html" "Mozilla/5.0 AppleWebKit/537.36 (KHTML, like Gecko; compatible; GPTBot/1.3; +https://openai.com/gptbot)"
74.7.241.59 - - [04/Mar/2026:23:34:53 +0800] "GET /pages.php?detail/063012737712 HTTP/2.0" 200 21022 "https://mipinternational.com/pages.php?detail/203013550945" "Mozilla/5.0 AppleWebKit/537.36 (KHTML, like Gecko; compatible; GPTBot/1.3; +https://openai.com/gptbot)"
66.249.64.128 - - [04/Mar/2026:23:34:55 +0800] "GET /?jp/084021232.html HTTP/1.1" 200 21230 "-" "Mozilla/5.0 (Linux; Android 6.0.1; Nexus 5X Build/MMB29P) AppleWebKit/537.36 (KHTML, like Gecko) Chrome/144.0.7559.132 Mobile Safari/537.36 (compatible; Googlebot/2.1; +http://www.google.com/bot.html)"
66.249.64.128 - - [04/Mar/2026:23:34:57 +0800] "GET /?jp/161042543.html HTTP/1.1" 200 20574 "-" "Mozilla/5.0 (Linux; Android 6.0.1; Nexus 5X Build/MMB29P) AppleWebKit/537.36 (KHTML, like Gecko) Chrome/144.0.7559.132 Mobile Safari/537.36 (compatible; Googlebot/2.1; +http://www.google.com/bot.html)"
74.7.241.59 - - [04/Mar/2026:23:34:55 +0800] "GET /pages.php?detail/203001521076 HTTP/2.0" 200 20829 "https://mipinternational.com/pages.php?detail/203013550945" "Mozilla/5.0 AppleWebKit/537.36 (KHTML, like Gecko; compatible; GPTBot/1.3; +https://openai.com/gptbot)"
74.7.241.59 - - [04/Mar/2026:23:34:59 +0800] "GET /pages.php?detail/158041156397 HTTP/2.0" 200 21175 "https://mipinternational.com/pages.php?detail/1550078080091" "Mozilla/5.0 AppleWebKit/537.36 (KHTML, like Gecko; compatible; GPTBot/1.3; +https://openai.com/gptbot)"
74.7.241.59 - - [04/Mar/2026:23:35:03 +0800] "GET /pages.php?detail/2650071072855 HTTP/2.0" 200 20598 "https://mipinternational.com/pages.php?detail/2650232612528" "Mozilla/5.0 AppleWebKit/537.36 (KHTML, like Gecko; compatible; GPTBot/1.3; +https://openai.com/gptbot)"
74.7.241.59 - - [04/Mar/2026:23:35:07 +0800] "GET /pages.php?detail/184019446112 HTTP/2.0" 200 20792 "https://mipinternational.com/pages.php?jp/223018760.html" "Mozilla/5.0 AppleWebKit/537.36 (KHTML, like Gecko; compatible; GPTBot/1.3; +https://openai.com/gptbot)"
74.7.241.59 - - [04/Mar/2026:23:35:10 +0800] "GET /pages.php?detail/2420066542784 HTTP/2.0" 200 20856 "https://mipinternational.com/pages.php?detail/2420066858300" "Mozilla/5.0 AppleWebKit/537.36 (KHTML, like Gecko; compatible; GPTBot/1.3; +https://openai.com/gptbot)"
74.7.241.59 - - [04/Mar/2026:23:35:13 +0800] "GET /pages.php?detail/0850269922122 HTTP/2.0" 200 20645 "https://mipinternational.com/pages.php?detail/254015801073" "Mozilla/5.0 AppleWebKit/537.36 (KHTML, like Gecko; compatible; GPTBot/1.3; +https://openai.com/gptbot)"
74.7.241.59 - - [04/Mar/2026:23:35:16 +0800] "GET /pages.php?detail/0700250282553 HTTP/2.0" 200 20627 "https://mipinternational.com/pages.php?detail/070018840561" "Mozilla/5.0 AppleWebKit/537.36 (KHTML, like Gecko; compatible; GPTBot/1.3; +https://openai.com/gptbot)"
74.7.241.59 - - [04/Mar/2026:23:35:19 +0800] "GET /pages.php?detail/266034361746 HTTP/2.0" 200 21333 "https://mipinternational.com/pages.php?detail/1600440580316" "Mozilla/5.0 AppleWebKit/537.36 (KHTML, like Gecko; compatible; GPTBot/1.3; +https://openai.com/gptbot)"
74.7.241.59 - - [04/Mar/2026:23:35:22 +0800] "GET /pages.php?detail/171015361749 HTTP/2.0" 200 20803 "https://mipinternational.com/pages.php?detail/1280404583558" "Mozilla/5.0 AppleWebKit/537.36 (KHTML, like Gecko; compatible; GPTBot/1.3; +https://openai.com/gptbot)"
74.7.241.59 - - [04/Mar/2026:23:35:25 +0800] "GET /pages.php?goods/266034361 HTTP/2.0" 200 21321 "https://mipinternational.com/pages.php?detail/266034361746" "Mozilla/5.0 AppleWebKit/537.36 (KHTML, like Gecko; compatible; GPTBot/1.3; +https://openai.com/gptbot)"
66.249.64.130 - - [04/Mar/2026:23:35:30 +0800] "GET /d-price-ukb-eg472f-mwp HTTP/1.1" 200 21119 "-" "Mozilla/5.0 (Linux; Android 6.0.1; Nexus 5X Build/MMB29P) AppleWebKit/537.36 (KHTML, like Gecko) Chrome/144.0.7559.132 Mobile Safari/537.36 (compatible; Googlebot/2.1; +http://www.google.com/bot.html)"
74.7.241.59 - - [04/Mar/2026:23:35:29 +0800] "GET /pages.php?detail/178019107730 HTTP/2.0" 200 21051 "https://mipinternational.com/pages.php?detail/1780427678408" "Mozilla/5.0 AppleWebKit/537.36 (KHTML, like Gecko; compatible; GPTBot/1.3; +https://openai.com/gptbot)"
74.7.241.59 - - [04/Mar/2026:23:35:32 +0800] "GET /pages.php?detail/063002847283 HTTP/2.0" 200 21182 "https://mipinternational.com/pages.php?detail/063012737712" "Mozilla/5.0 AppleWebKit/537.36 (KHTML, like Gecko; compatible; GPTBot/1.3; +https://openai.com/gptbot)"
74.7.241.59 - - [04/Mar/2026:23:35:36 +0800] "GET /pages.php?detail/256028162363 HTTP/2.0" 200 20881 "https://mipinternational.com/pages.php?detail/1280404583558" "Mozilla/5.0 AppleWebKit/537.36 (KHTML, like Gecko; compatible; GPTBot/1.3; +https://openai.com/gptbot)"
74.7.241.59 - - [04/Mar/2026:23:35:39 +0800] "GET /pages.php?detail/1510353507895 HTTP/2.0" 200 21384 "https://mipinternational.com/pages.php?detail/083049118168" "Mozilla/5.0 AppleWebKit/537.36 (KHTML, like Gecko; compatible; GPTBot/1.3; +https://openai.com/gptbot)"
74.7.241.59 - - [04/Mar/2026:23:35:42 +0800] "GET /pages.php?detail/265042456263 HTTP/2.0" 200 21075 "https://mipinternational.com/pages.php?detail/2650071072855" "Mozilla/5.0 AppleWebKit/537.36 (KHTML, like Gecko; compatible; GPTBot/1.3; +https://openai.com/gptbot)"
74.7.241.59 - - [04/Mar/2026:23:35:46 +0800] "GET /pages.php?detail/120005015744 HTTP/2.0" 200 19973 "https://mipinternational.com/pages.php?detail/184019446112" "Mozilla/5.0 AppleWebKit/537.36 (KHTML, like Gecko; compatible; GPTBot/1.3; +https://openai.com/gptbot)"
74.7.241.59 - - [04/Mar/2026:23:35:48 +0800] "GET /pages.php?detail/0680180714154 HTTP/2.0" 200 20639 "https://mipinternational.com/pages.php?detail/2330281723130" "Mozilla/5.0 AppleWebKit/537.36 (KHTML, like Gecko; compatible; GPTBot/1.3; +https://openai.com/gptbot)"
74.7.241.59 - - [04/Mar/2026:23:35:56 +0800] "GET /pages.php?detail/0700226757538 HTTP/2.0" 200 21804 "https://mipinternational.com/pages.php?detail/0700250282553" "Mozilla/5.0 AppleWebKit/537.36 (KHTML, like Gecko; compatible; GPTBot/1.3; +https://openai.com/gptbot)"
74.7.241.59 - - [04/Mar/2026:23:35:59 +0800] "GET /pages.php?goods/266036281 HTTP/2.0" 200 20787 "https://mipinternational.com/pages.php?detail/266034361746" "Mozilla/5.0 AppleWebKit/537.36 (KHTML, like Gecko; compatible; GPTBot/1.3; +https://openai.com/gptbot)"
74.7.241.59 - - [04/Mar/2026:23:36:01 +0800] "GET /pages.php?detail/087028558381 HTTP/2.0" 200 21551 "https://mipinternational.com/pages.php?detail/0700250282553" "Mozilla/5.0 AppleWebKit/537.36 (KHTML, like Gecko; compatible; GPTBot/1.3; +https://openai.com/gptbot)"
74.7.241.59 - - [04/Mar/2026:23:36:05 +0800] "GET /pages.php?detail/233049818186 HTTP/2.0" 200 20484 "https://mipinternational.com/pages.php?detail/070042571237" "Mozilla/5.0 AppleWebKit/537.36 (KHTML, like Gecko; compatible; GPTBot/1.3; +https://openai.com/gptbot)"
74.7.241.59 - - [04/Mar/2026:23:36:08 +0800] "GET /pages.php?detail/212038096038 HTTP/2.0" 200 21205 "https://mipinternational.com/pages.php?detail/120008271189" "Mozilla/5.0 AppleWebKit/537.36 (KHTML, like Gecko; compatible; GPTBot/1.3; +https://openai.com/gptbot)"
74.7.241.59 - - [04/Mar/2026:23:36:13 +0800] "GET /pages.php?detail/151046318164 HTTP/2.0" 200 21294 "https://mipinternational.com/pages.php?detail/1510353507895" "Mozilla/5.0 AppleWebKit/537.36 (KHTML, like Gecko; compatible; GPTBot/1.3; +https://openai.com/gptbot)"
74.7.241.59 - - [04/Mar/2026:23:36:17 +0800] "GET /pages.php?detail/265006432065 HTTP/2.0" 200 20265 "https://mipinternational.com/pages.php?detail/265042456263" "Mozilla/5.0 AppleWebKit/537.36 (KHTML, like Gecko; compatible; GPTBot/1.3; +https://openai.com/gptbot)"
74.7.241.59 - - [04/Mar/2026:23:36:21 +0800] "GET /pages.php?detail/265006433500 HTTP/2.0" 200 20852 "https://mipinternational.com/pages.php?detail/265042456263" "Mozilla/5.0 AppleWebKit/537.36 (KHTML, like Gecko; compatible; GPTBot/1.3; +https://openai.com/gptbot)"
74.7.241.59 - - [04/Mar/2026:23:36:24 +0800] "GET /pages.php?detail/120005014734 HTTP/2.0" 200 19843 "https://mipinternational.com/pages.php?detail/120005015744" "Mozilla/5.0 AppleWebKit/537.36 (KHTML, like Gecko; compatible; GPTBot/1.3; +https://openai.com/gptbot)"
74.7.241.59 - - [04/Mar/2026:23:36:27 +0800] "GET /pages.php?detail/188028147312 HTTP/2.0" 200 20374 "https://mipinternational.com/pages.php?detail/265042456263" "Mozilla/5.0 AppleWebKit/537.36 (KHTML, like Gecko; compatible; GPTBot/1.3; +https://openai.com/gptbot)"
66.249.64.128 - - [04/Mar/2026:23:36:32 +0800] "GET /?goods/022034154 HTTP/1.1" 200 20425 "-" "Mozilla/5.0 (Linux; Android 6.0.1; Nexus 5X Build/MMB29P) AppleWebKit/537.36 (KHTML, like Gecko) Chrome/144.0.7559.132 Mobile Safari/537.36 (compatible; Googlebot/2.1; +http://www.google.com/bot.html)"
74.7.241.59 - - [04/Mar/2026:23:36:31 +0800] "GET /pages.php?detail/070022684111 HTTP/2.0" 200 20857 "https://mipinternational.com/pages.php?detail/0700226757538" "Mozilla/5.0 AppleWebKit/537.36 (KHTML, like Gecko; compatible; GPTBot/1.3; +https://openai.com/gptbot)"
74.7.241.59 - - [04/Mar/2026:23:36:35 +0800] "GET /pages.php?detail/265006429021 HTTP/2.0" 200 20960 "https://mipinternational.com/pages.php?detail/265042456263" "Mozilla/5.0 AppleWebKit/537.36 (KHTML, like Gecko; compatible; GPTBot/1.3; +https://openai.com/gptbot)"
74.7.241.59 - - [04/Mar/2026:23:36:38 +0800] "GET /pages.php?detail/034045600371 HTTP/2.0" 200 20192 "https://mipinternational.com/pages.php?detail/087028558381" "Mozilla/5.0 AppleWebKit/537.36 (KHTML, like Gecko; compatible; GPTBot/1.3; +https://openai.com/gptbot)"
74.7.241.59 - - [04/Mar/2026:23:36:41 +0800] "GET /pages.php?jp/233034302.html HTTP/2.0" 200 20676 "https://mipinternational.com/pages.php?detail/233049818186" "Mozilla/5.0 AppleWebKit/537.36 (KHTML, like Gecko; compatible; GPTBot/1.3; +https://openai.com/gptbot)"
74.7.241.59 - - [04/Mar/2026:23:36:45 +0800] "GET /pages.php?detail/212027166866 HTTP/2.0" 200 20840 "https://mipinternational.com/pages.php?detail/212038096038" "Mozilla/5.0 AppleWebKit/537.36 (KHTML, like Gecko; compatible; GPTBot/1.3; +https://openai.com/gptbot)"
74.7.241.59 - - [04/Mar/2026:23:36:48 +0800] "GET /pages.php?detail/087009542587 HTTP/2.0" 200 21196 "https://mipinternational.com/pages.php?detail/087028558381" "Mozilla/5.0 AppleWebKit/537.36 (KHTML, like Gecko; compatible; GPTBot/1.3; +https://openai.com/gptbot)"
74.7.241.59 - - [04/Mar/2026:23:36:52 +0800] "GET /pages.php?detail/293033228975 HTTP/2.0" 200 21117 "https://mipinternational.com/pages.php?detail/151046318164" "Mozilla/5.0 AppleWebKit/537.36 (KHTML, like Gecko; compatible; GPTBot/1.3; +https://openai.com/gptbot)"
74.7.241.59 - - [04/Mar/2026:23:36:55 +0800] "GET /pages.php?m21764383123 HTTP/2.0" 200 20958 "https://mipinternational.com/pages.php?detail/265006432065" "Mozilla/5.0 AppleWebKit/537.36 (KHTML, like Gecko; compatible; GPTBot/1.3; +https://openai.com/gptbot)"
74.7.241.59 - - [04/Mar/2026:23:37:02 +0800] "GET /pages.php?detail/2640063231404 HTTP/2.0" 200 21858 "https://mipinternational.com/pages.php?detail/120005015744" "Mozilla/5.0 AppleWebKit/537.36 (KHTML, like Gecko; compatible; GPTBot/1.3; +https://openai.com/gptbot)"
74.7.241.59 - - [04/Mar/2026:23:37:05 +0800] "GET /pages.php?detail/1510463713771 HTTP/2.0" 200 21674 "https://mipinternational.com/pages.php?detail/1510353507895" "Mozilla/5.0 AppleWebKit/537.36 (KHTML, like Gecko; compatible; GPTBot/1.3; +https://openai.com/gptbot)"
74.7.241.59 - - [04/Mar/2026:23:37:08 +0800] "GET /pages.php?detail/0380197730180 HTTP/2.0" 200 20735 "https://mipinternational.com/pages.php?detail/265006432065" "Mozilla/5.0 AppleWebKit/537.36 (KHTML, like Gecko; compatible; GPTBot/1.3; +https://openai.com/gptbot)"
74.7.241.59 - - [04/Mar/2026:23:37:11 +0800] "GET /pages.php?detail/265008018085 HTTP/2.0" 200 21050 "https://mipinternational.com/pages.php?detail/265006429021" "Mozilla/5.0 AppleWebKit/537.36 (KHTML, like Gecko; compatible; GPTBot/1.3; +https://openai.com/gptbot)"
74.7.241.59 - - [04/Mar/2026:23:37:14 +0800] "GET /pages.php?detail/110005432485 HTTP/2.0" 200 20888 "https://mipinternational.com/pages.php?detail/1930392935018" "Mozilla/5.0 AppleWebKit/537.36 (KHTML, like Gecko; compatible; GPTBot/1.3; +https://openai.com/gptbot)"
74.7.241.59 - - [04/Mar/2026:23:37:18 +0800] "GET /pages.php?detail/233045003747 HTTP/2.0" 200 20660 "https://mipinternational.com/pages.php?jp/233034302.html" "Mozilla/5.0 AppleWebKit/537.36 (KHTML, like Gecko; compatible; GPTBot/1.3; +https://openai.com/gptbot)"
66.249.64.67 - - [04/Mar/2026:23:37:25 +0800] "GET /?shopbrand=112166918 HTTP/1.1" 200 21471 "-" "Mozilla/5.0 (Linux; Android 6.0.1; Nexus 5X Build/MMB29P) AppleWebKit/537.36 (KHTML, like Gecko) Chrome/144.0.7559.132 Mobile Safari/537.36 (compatible; Googlebot/2.1; +http://www.google.com/bot.html)"
74.7.241.59 - - [04/Mar/2026:23:37:22 +0800] "GET /pages.php?goods/110005432 HTTP/2.0" 200 20879 "https://mipinternational.com/pages.php?detail/110005432485" "Mozilla/5.0 AppleWebKit/537.36 (KHTML, like Gecko; compatible; GPTBot/1.3; +https://openai.com/gptbot)"
74.7.241.59 - - [04/Mar/2026:23:37:26 +0800] "GET /pages.php?jp/212002626.html HTTP/2.0" 200 21286 "https://mipinternational.com/pages.php?detail/212027166866" "Mozilla/5.0 AppleWebKit/537.36 (KHTML, like Gecko; compatible; GPTBot/1.3; +https://openai.com/gptbot)"
74.7.241.59 - - [04/Mar/2026:23:37:29 +0800] "GET /pages.php?detail/222020353744 HTTP/2.0" 200 20850 "https://mipinternational.com/pages.php?detail/212027166866" "Mozilla/5.0 AppleWebKit/537.36 (KHTML, like Gecko; compatible; GPTBot/1.3; +https://openai.com/gptbot)"
66.249.64.130 - - [04/Mar/2026:23:37:34 +0800] "GET /?goods/228042835 HTTP/1.1" 200 20603 "-" "Mozilla/5.0 (Linux; Android 6.0.1; Nexus 5X Build/MMB29P) AppleWebKit/537.36 (KHTML, like Gecko) Chrome/144.0.7559.132 Mobile Safari/537.36 (compatible; Googlebot/2.1; +http://www.google.com/bot.html)"
74.7.241.59 - - [04/Mar/2026:23:37:33 +0800] "GET /pages.php?detail/087033556558 HTTP/2.0" 200 20634 "https://mipinternational.com/pages.php?detail/087009542587" "Mozilla/5.0 AppleWebKit/537.36 (KHTML, like Gecko; compatible; GPTBot/1.3; +https://openai.com/gptbot)"
113.170.58.68 - - [04/Mar/2026:23:37:40 +0800] "GET /pages.php?m271025448 HTTP/1.1" 200 20560 "-" "Mozilla/5.0 (Macintosh; Intel Mac OS X 10_14_6) AppleWebKit/537.36 (KHTML, like Gecko) Chrome/88.0.4324.150 Safari/537.36"
74.7.241.59 - - [04/Mar/2026:23:37:44 +0800] "GET /pages.php?detail/281046650728 HTTP/2.0" 200 20753 "http://mipinternational.com" "Mozilla/5.0 AppleWebKit/537.36 (KHTML, like Gecko; compatible; GPTBot/1.3; +https://openai.com/gptbot)"
74.7.241.59 - - [04/Mar/2026:23:37:46 +0800] "GET /pages.php?detail/012040122466 HTTP/2.0" 200 20257 "https://mipinternational.com/pages.php?detail/1510463713771" "Mozilla/5.0 AppleWebKit/537.36 (KHTML, like Gecko; compatible; GPTBot/1.3; +https://openai.com/gptbot)"
74.7.241.59 - - [04/Mar/2026:23:37:50 +0800] "GET /pages.php?detail/278000826154 HTTP/2.0" 200 20563 "https://mipinternational.com/pages.php?detail/278020058293" "Mozilla/5.0 AppleWebKit/537.36 (KHTML, like Gecko; compatible; GPTBot/1.3; +https://openai.com/gptbot)"
74.7.241.59 - - [04/Mar/2026:23:37:54 +0800] "GET /pages.php?detail/265023249366 HTTP/2.0" 200 20744 "https://mipinternational.com/pages.php?detail/265008018085" "Mozilla/5.0 AppleWebKit/537.36 (KHTML, like Gecko; compatible; GPTBot/1.3; +https://openai.com/gptbot)"
74.7.241.59 - - [04/Mar/2026:23:37:57 +0800] "GET /pages.php?detail/2470235354352 HTTP/2.0" 200 21644 "https://mipinternational.com/pages.php?detail/265008018085" "Mozilla/5.0 AppleWebKit/537.36 (KHTML, like Gecko; compatible; GPTBot/1.3; +https://openai.com/gptbot)"
74.7.241.59 - - [04/Mar/2026:23:38:01 +0800] "GET /pages.php?detail/117030203996 HTTP/2.0" 200 20731 "https://mipinternational.com/pages.php?goods/110005432" "Mozilla/5.0 AppleWebKit/537.36 (KHTML, like Gecko; compatible; GPTBot/1.3; +https://openai.com/gptbot)"
66.249.64.128 - - [04/Mar/2026:23:38:08 +0800] "GET /?jp/077037425.html HTTP/1.1" 200 21158 "-" "Mozilla/5.0 (Linux; Android 6.0.1; Nexus 5X Build/MMB29P) AppleWebKit/537.36 (KHTML, like Gecko) Chrome/144.0.7559.132 Mobile Safari/537.36 (compatible; Googlebot/2.1; +http://www.google.com/bot.html)"
74.7.241.59 - - [04/Mar/2026:23:38:04 +0800] "GET /pages.php?detail/212002635700 HTTP/2.0" 200 20831 "https://mipinternational.com/pages.php?jp/212002626.html" "Mozilla/5.0 AppleWebKit/537.36 (KHTML, like Gecko; compatible; GPTBot/1.3; +https://openai.com/gptbot)"
139.135.192.121 - - [04/Mar/2026:23:38:09 +0800] "GET /apply-now?slug=factory-worker HTTP/2.0" 500 115 "-" "Mozilla/5.0 (Linux; Android 10; K) AppleWebKit/537.36 (KHTML, like Gecko) Chrome/145.0.0.0 Mobile Safari/537.36"
139.135.192.121 - - [04/Mar/2026:23:38:10 +0800] "GET /favicon.ico HTTP/2.0" 200 1 "https://www.mipinternational.com/apply-now?slug=factory-worker" "Mozilla/5.0 (Linux; Android 10; K) AppleWebKit/537.36 (KHTML, like Gecko) Chrome/145.0.0.0 Mobile Safari/537.36"
74.7.241.59 - - [04/Mar/2026:23:38:08 +0800] "GET /pages.php?m32514919479 HTTP/2.0" 200 20844 "https://mipinternational.com/pages.php?jp/212002626.html" "Mozilla/5.0 AppleWebKit/537.36 (KHTML, like Gecko; compatible; GPTBot/1.3; +https://openai.com/gptbot)"
74.7.241.59 - - [04/Mar/2026:23:38:12 +0800] "GET /pages.php?detail/233043739913 HTTP/2.0" 200 20789 "https://mipinternational.com/pages.php?detail/233045003747" "Mozilla/5.0 AppleWebKit/537.36 (KHTML, like Gecko; compatible; GPTBot/1.3; +https://openai.com/gptbot)"
74.7.241.59 - - [04/Mar/2026:23:38:16 +0800] "GET /pages.php?detail/233043738632 HTTP/2.0" 200 20456 "https://mipinternational.com/pages.php?detail/233045003747" "Mozilla/5.0 AppleWebKit/537.36 (KHTML, like Gecko; compatible; GPTBot/1.3; +https://openai.com/gptbot)"
74.7.241.59 - - [04/Mar/2026:23:38:20 +0800] "GET /pages.php?detail/281009581467 HTTP/2.0" 200 21096 "http://mipinternational.com" "Mozilla/5.0 AppleWebKit/537.36 (KHTML, like Gecko; compatible; GPTBot/1.3; +https://openai.com/gptbot)"
74.7.241.59 - - [04/Mar/2026:23:38:23 +0800] "GET /pages.php?detail/222024746472 HTTP/2.0" 200 20808 "https://mipinternational.com/pages.php?detail/222020353744" "Mozilla/5.0 AppleWebKit/537.36 (KHTML, like Gecko; compatible; GPTBot/1.3; +https://openai.com/gptbot)"
66.249.64.128 - - [04/Mar/2026:23:38:27 +0800] "GET /?goods/040003863 HTTP/1.1" 200 20560 "-" "Mozilla/5.0 (Linux; Android 6.0.1; Nexus 5X Build/MMB29P) AppleWebKit/537.36 (KHTML, like Gecko) Chrome/144.0.7559.132 Mobile Safari/537.36 (compatible; Googlebot/2.1; +http://www.google.com/bot.html)"
74.7.241.59 - - [04/Mar/2026:23:38:26 +0800] "GET /pages.php?detail/012003069283 HTTP/2.0" 200 21209 "https://mipinternational.com/pages.php?detail/012040122466" "Mozilla/5.0 AppleWebKit/537.36 (KHTML, like Gecko; compatible; GPTBot/1.3; +https://openai.com/gptbot)"
74.7.241.59 - - [04/Mar/2026:23:38:31 +0800] "GET /pages.php?detail/109046320403 HTTP/2.0" 200 21289 "https://mipinternational.com/pages.php?detail/278000826154" "Mozilla/5.0 AppleWebKit/537.36 (KHTML, like Gecko; compatible; GPTBot/1.3; +https://openai.com/gptbot)"
74.7.241.59 - - [04/Mar/2026:23:38:35 +0800] "GET /pages.php?detail/2780244528152 HTTP/2.0" 200 20118 "https://mipinternational.com/pages.php?detail/278000826154" "Mozilla/5.0 AppleWebKit/537.36 (KHTML, like Gecko; compatible; GPTBot/1.3; +https://openai.com/gptbot)"
74.7.241.59 - - [04/Mar/2026:23:38:38 +0800] "GET /pages.php?goods/247048417 HTTP/2.0" 200 20688 "https://mipinternational.com/pages.php?detail/2470235354352" "Mozilla/5.0 AppleWebKit/537.36 (KHTML, like Gecko; compatible; GPTBot/1.3; +https://openai.com/gptbot)"
74.7.241.59 - - [04/Mar/2026:23:38:44 +0800] "GET /pages.php?detail/117030199020 HTTP/2.0" 200 20807 "https://mipinternational.com/pages.php?detail/117030203996" "Mozilla/5.0 AppleWebKit/537.36 (KHTML, like Gecko; compatible; GPTBot/1.3; +https://openai.com/gptbot)"
74.7.241.59 - - [04/Mar/2026:23:38:46 +0800] "GET /pages.php?detail/212022339034 HTTP/2.0" 200 21142 "https://mipinternational.com/pages.php?detail/212002635700" "Mozilla/5.0 AppleWebKit/537.36 (KHTML, like Gecko; compatible; GPTBot/1.3; +https://openai.com/gptbot)"
66.249.64.66 - - [04/Mar/2026:23:38:51 +0800] "GET /101016712 HTTP/1.1" 200 20643 "-" "Mozilla/5.0 (Linux; Android 6.0.1; Nexus 5X Build/MMB29P) AppleWebKit/537.36 (KHTML, like Gecko) Chrome/144.0.7559.132 Mobile Safari/537.36 (compatible; Googlebot/2.1; +http://www.google.com/bot.html)"
66.249.64.128 - - [04/Mar/2026:23:38:51 +0800] "GET /?jp/198041241.html HTTP/1.1" 200 20974 "-" "Mozilla/5.0 (Linux; Android 6.0.1; Nexus 5X Build/MMB29P) AppleWebKit/537.36 (KHTML, like Gecko) Chrome/144.0.7559.132 Mobile Safari/537.36 (compatible; Googlebot/2.1; +http://www.google.com/bot.html)"
74.7.241.59 - - [04/Mar/2026:23:38:49 +0800] "GET /pages.php?detail/212025166664 HTTP/2.0" 200 20896 "https://mipinternational.com/pages.php?detail/212002635700" "Mozilla/5.0 AppleWebKit/537.36 (KHTML, like Gecko; compatible; GPTBot/1.3; +https://openai.com/gptbot)"
113.181.222.17 - - [04/Mar/2026:23:38:50 +0800] "GET /pages.php?281040165 HTTP/1.1" 200 20313 "-" "Mozilla/5.0 (Windows NT 10.0) AppleWebKit/537.36 (KHTML, like Gecko) Chrome/85.0.4121.813 Safari/537.36"
74.7.241.59 - - [04/Mar/2026:23:38:53 +0800] "GET /pages.php?detail/2390202737147 HTTP/2.0" 200 20537 "https://mipinternational.com/pages.php?detail/110005432485" "Mozilla/5.0 AppleWebKit/537.36 (KHTML, like Gecko; compatible; GPTBot/1.3; +https://openai.com/gptbot)"
74.7.241.59 - - [04/Mar/2026:23:38:55 +0800] "GET /pages.php?goods/233036542 HTTP/2.0" 200 20857 "https://mipinternational.com/pages.php?detail/233043738632" "Mozilla/5.0 AppleWebKit/537.36 (KHTML, like Gecko; compatible; GPTBot/1.3; +https://openai.com/gptbot)"
74.7.241.59 - - [04/Mar/2026:23:38:59 +0800] "GET /pages.php?detail/1270404234734 HTTP/2.0" 200 21144 "https://mipinternational.com/pages.php?detail/233043738632" "Mozilla/5.0 AppleWebKit/537.36 (KHTML, like Gecko; compatible; GPTBot/1.3; +https://openai.com/gptbot)"
74.7.241.59 - - [04/Mar/2026:23:39:06 +0800] "GET /pages.php?detail/143018666721 HTTP/2.0" 200 20612 "https://mipinternational.com/pages.php?detail/143018663305" "Mozilla/5.0 AppleWebKit/537.36 (KHTML, like Gecko; compatible; GPTBot/1.3; +https://openai.com/gptbot)"
74.7.241.59 - - [04/Mar/2026:23:39:10 +0800] "GET /pages.php?goods/109037611 HTTP/2.0" 200 20601 "https://mipinternational.com/pages.php?detail/109046320403" "Mozilla/5.0 AppleWebKit/537.36 (KHTML, like Gecko; compatible; GPTBot/1.3; +https://openai.com/gptbot)"
74.7.241.59 - - [04/Mar/2026:23:39:13 +0800] "GET /pages.php?detail/2040290252862 HTTP/2.0" 200 21935 "https://mipinternational.com/pages.php?detail/109046320403" "Mozilla/5.0 AppleWebKit/537.36 (KHTML, like Gecko; compatible; GPTBot/1.3; +https://openai.com/gptbot)"
74.7.241.59 - - [04/Mar/2026:23:39:17 +0800] "GET /pages.php?detail/247042213201 HTTP/2.0" 200 20987 "https://mipinternational.com/pages.php?goods/247048417" "Mozilla/5.0 AppleWebKit/537.36 (KHTML, like Gecko; compatible; GPTBot/1.3; +https://openai.com/gptbot)"
74.7.241.59 - - [04/Mar/2026:23:39:22 +0800] "GET /pages.php?detail/247042212426 HTTP/2.0" 200 20488 "https://mipinternational.com/pages.php?goods/247048417" "Mozilla/5.0 AppleWebKit/537.36 (KHTML, like Gecko; compatible; GPTBot/1.3; +https://openai.com/gptbot)"
74.7.241.59 - - [04/Mar/2026:23:39:26 +0800] "GET /pages.php?detail/031038195529 HTTP/2.0" 200 21099 "https://mipinternational.com/pages.php?detail/212022339034" "Mozilla/5.0 AppleWebKit/537.36 (KHTML, like Gecko; compatible; GPTBot/1.3; +https://openai.com/gptbot)"
74.7.241.59 - - [04/Mar/2026:23:39:29 +0800] "GET /pages.php?detail/117019067372 HTTP/2.0" 200 20443 "https://mipinternational.com/pages.php?detail/117030199020" "Mozilla/5.0 AppleWebKit/537.36 (KHTML, like Gecko; compatible; GPTBot/1.3; +https://openai.com/gptbot)"
74.7.241.59 - - [04/Mar/2026:23:39:33 +0800] "GET /pages.php?detail/096015112139 HTTP/2.0" 200 19981 "https://mipinternational.com/pages.php?goods/247048417" "Mozilla/5.0 AppleWebKit/537.36 (KHTML, like Gecko; compatible; GPTBot/1.3; +https://openai.com/gptbot)"
74.7.241.59 - - [04/Mar/2026:23:39:36 +0800] "GET /pages.php?detail/1090375240100 HTTP/2.0" 200 20674 "https://mipinternational.com/pages.php?detail/109046320403" "Mozilla/5.0 AppleWebKit/537.36 (KHTML, like Gecko; compatible; GPTBot/1.3; +https://openai.com/gptbot)"
74.7.241.59 - - [04/Mar/2026:23:39:48 +0800] "GET /pages.php?detail/272021169040 HTTP/2.0" 200 21369 "https://mipinternational.com/pages.php?detail/143018666721" "Mozilla/5.0 AppleWebKit/537.36 (KHTML, like Gecko; compatible; GPTBot/1.3; +https://openai.com/gptbot)"
74.7.241.59 - - [04/Mar/2026:23:39:51 +0800] "GET /pages.php?detail/1090077200139 HTTP/2.0" 200 21486 "https://mipinternational.com/pages.php?goods/109037611" "Mozilla/5.0 AppleWebKit/537.36 (KHTML, like Gecko; compatible; GPTBot/1.3; +https://openai.com/gptbot)"
66.249.64.128 - - [04/Mar/2026:23:39:54 +0800] "GET /?goods/195042700 HTTP/1.1" 200 21141 "-" "Mozilla/5.0 (Linux; Android 6.0.1; Nexus 5X Build/MMB29P) AppleWebKit/537.36 (KHTML, like Gecko) Chrome/144.0.7559.132 Mobile Safari/537.36 (compatible; Googlebot/2.1; +http://www.google.com/bot.html)"
74.7.241.59 - - [04/Mar/2026:23:39:54 +0800] "GET /pages.php?detail/1550194490808 HTTP/2.0" 200 20636 "https://mipinternational.com/pages.php?detail/2040290252862" "Mozilla/5.0 AppleWebKit/537.36 (KHTML, like Gecko; compatible; GPTBot/1.3; +https://openai.com/gptbot)"
74.7.241.59 - - [04/Mar/2026:23:39:57 +0800] "GET /pages.php?detail/240015893332 HTTP/2.0" 200 21545 "https://mipinternational.com/pages.php?detail/119042300770" "Mozilla/5.0 AppleWebKit/537.36 (KHTML, like Gecko; compatible; GPTBot/1.3; +https://openai.com/gptbot)"
74.7.241.59 - - [04/Mar/2026:23:40:05 +0800] "GET /pages.php?detail/130007661945 HTTP/2.0" 200 20418 "http://mipinternational.com" "Mozilla/5.0 AppleWebKit/537.36 (KHTML, like Gecko; compatible; GPTBot/1.3; +https://openai.com/gptbot)"
74.7.241.59 - - [04/Mar/2026:23:40:08 +0800] "GET /pages.php?detail/117019083939 HTTP/2.0" 200 20825 "https://mipinternational.com/pages.php?detail/117019067372" "Mozilla/5.0 AppleWebKit/537.36 (KHTML, like Gecko; compatible; GPTBot/1.3; +https://openai.com/gptbot)"
69.171.231.15 - - [04/Mar/2026:23:40:11 +0800] "GET /robots.txt HTTP/2.0" 206 405 "-" "facebookexternalhit/1.1 (+http://www.facebook.com/externalhit_uatext.php)"
74.7.241.59 - - [04/Mar/2026:23:40:11 +0800] "GET /pages.php?detail/117019082051 HTTP/2.0" 200 20761 "https://mipinternational.com/pages.php?detail/117019067372" "Mozilla/5.0 AppleWebKit/537.36 (KHTML, like Gecko; compatible; GPTBot/1.3; +https://openai.com/gptbot)"
74.7.241.59 - - [04/Mar/2026:23:40:14 +0800] "GET /pages.php?jp/161027643.html HTTP/2.0" 200 21488 "https://mipinternational.com/pages.php?detail/1090375240100" "Mozilla/5.0 AppleWebKit/537.36 (KHTML, like Gecko; compatible; GPTBot/1.3; +https://openai.com/gptbot)"
74.7.241.59 - - [04/Mar/2026:23:40:18 +0800] "GET /pages.php?goods/117019082 HTTP/2.0" 200 20745 "https://mipinternational.com/pages.php?detail/117019082051" "Mozilla/5.0 AppleWebKit/537.36 (KHTML, like Gecko; compatible; GPTBot/1.3; +https://openai.com/gptbot)"
74.7.241.59 - - [04/Mar/2026:23:40:28 +0800] "GET /pages.php?detail/282008157774 HTTP/2.0" 200 20689 "https://mipinternational.com/pages.php?detail/282018035231" "Mozilla/5.0 AppleWebKit/537.36 (KHTML, like Gecko; compatible; GPTBot/1.3; +https://openai.com/gptbot)"
74.7.241.59 - - [04/Mar/2026:23:40:30 +0800] "GET /pages.php?jp/022003465.html HTTP/2.0" 200 21012 "https://mipinternational.com/pages.php?detail/1090077200139" "Mozilla/5.0 AppleWebKit/537.36 (KHTML, like Gecko; compatible; GPTBot/1.3; +https://openai.com/gptbot)"
