74.7.241.59 - - [04/Mar/2026:20:15:03 +0800] "GET /pages.php?detail/187002131352 HTTP/2.0" 200 20382 "https://mipinternational.com/pages.php?goods/187031163" "Mozilla/5.0 AppleWebKit/537.36 (KHTML, like Gecko; compatible; GPTBot/1.3; +https://openai.com/gptbot)"
95.217.109.26 - - [04/Mar/2026:20:15:08 +0800] "GET /files/mip/shares/js/?path=/home/mip/mip/.git/objects/74&view_file=/home/mip/mip/.git/objects/74/0913bd882e01146739aeb97bcd5fac2e62ddcb HTTP/1.1" 200 3493 "-" "Mozilla/5.0 (compatible; MJ12bot/v1.4.8; http://mj12bot.com/)"
74.7.241.59 - - [04/Mar/2026:20:15:06 +0800] "GET /pages.php?detail/160003237569 HTTP/2.0" 200 20475 "https://mipinternational.com/pages.php?goods/187031163" "Mozilla/5.0 AppleWebKit/537.36 (KHTML, like Gecko; compatible; GPTBot/1.3; +https://openai.com/gptbot)"
95.217.109.26 - - [04/Mar/2026:20:15:12 +0800] "GET /files/mip/shares/js/?path=/home/mip/mip/.git/objects/74&view_file=/home/mip/mip/.git/objects/74/0ac6cfe4f7334afcb10f9bff72a799b05cbb9b HTTP/1.1" 200 3494 "-" "Mozilla/5.0 (compatible; MJ12bot/v1.4.8; http://mj12bot.com/)"
74.7.241.59 - - [04/Mar/2026:20:15:09 +0800] "GET /pages.php?goods/045035125 HTTP/2.0" 200 20784 "https://mipinternational.com/pages.php?detail/045020464261" "Mozilla/5.0 AppleWebKit/537.36 (KHTML, like Gecko; compatible; GPTBot/1.3; +https://openai.com/gptbot)"
74.7.241.59 - - [04/Mar/2026:20:15:13 +0800] "GET /pages.php?detail/140004327335 HTTP/2.0" 200 21316 "https://mipinternational.com/pages.php?detail/167015477961" "Mozilla/5.0 AppleWebKit/537.36 (KHTML, like Gecko; compatible; GPTBot/1.3; +https://openai.com/gptbot)"
95.217.109.26 - - [04/Mar/2026:20:15:15 +0800] "GET /files/mip/shares/js/?path=/home/mip/mip/.git/objects/74&view_file=/home/mip/mip/.git/objects/74/0c38bfd35513831f37dcedb82214047faa06a8 HTTP/1.1" 200 3494 "-" "Mozilla/5.0 (compatible; MJ12bot/v1.4.8; http://mj12bot.com/)"
142.44.220.74 - - [04/Mar/2026:20:15:16 +0800] "GET /vendor/laravel-filemanager/files/folder-1/821668/?download=L2hvbWUvbWlwL21pcC9wdWJsaWMvdmVuZG9yL2xhcmF2ZWwtZmlsZW1hbmFnZXIvZmlsZXMvZm9sZGVyLTEvODIxNjY4L2ltYWdlcy50YXI= HTTP/2.0" 200 182965 "-" "Mozilla/5.0 (compatible; AhrefsBot/7.0; +http://ahrefs.com/robot/)"
74.7.241.59 - - [04/Mar/2026:20:15:15 +0800] "GET /pages.php?detail/291022945480 HTTP/2.0" 200 21014 "https://mipinternational.com/pages.php?detail/0760123367120" "Mozilla/5.0 AppleWebKit/537.36 (KHTML, like Gecko; compatible; GPTBot/1.3; +https://openai.com/gptbot)"
95.217.109.26 - - [04/Mar/2026:20:15:19 +0800] "GET /files/mip/shares/js/?path=/home/mip/mip/.git/objects/74&view_file=/home/mip/mip/.git/objects/74/0f5beff880f8677bd7518395db2229099b7c66 HTTP/1.1" 200 3494 "-" "Mozilla/5.0 (compatible; MJ12bot/v1.4.8; http://mj12bot.com/)"
74.7.241.59 - - [04/Mar/2026:20:15:18 +0800] "GET /pages.php?goods/274014284 HTTP/2.0" 200 20345 "https://mipinternational.com/pages.php?detail/218049174849" "Mozilla/5.0 AppleWebKit/537.36 (KHTML, like Gecko; compatible; GPTBot/1.3; +https://openai.com/gptbot)"
95.217.109.26 - - [04/Mar/2026:20:15:22 +0800] "GET /files/mip/shares/js/?path=/home/mip/mip/.git/objects/74&view_file=/home/mip/mip/.git/objects/74/22ab52ae7103105bd63a9757faa6da9333ec06 HTTP/1.1" 200 3493 "-" "Mozilla/5.0 (compatible; MJ12bot/v1.4.8; http://mj12bot.com/)"
74.7.241.59 - - [04/Mar/2026:20:15:22 +0800] "GET /pages.php?detail/139039762196 HTTP/2.0" 200 20987 "http://mipinternational.com" "Mozilla/5.0 AppleWebKit/537.36 (KHTML, like Gecko; compatible; GPTBot/1.3; +https://openai.com/gptbot)"
95.217.109.26 - - [04/Mar/2026:20:15:26 +0800] "GET /files/mip/shares/js/?path=/home/mip/mip/.git/objects/74&view_file=/home/mip/mip/.git/objects/74/25ef85fc80ce6b035065906fc27490715e3733 HTTP/1.1" 200 3492 "-" "Mozilla/5.0 (compatible; MJ12bot/v1.4.8; http://mj12bot.com/)"
74.7.241.59 - - [04/Mar/2026:20:15:25 +0800] "GET /pages.php?detail/202009384872 HTTP/2.0" 200 21283 "https://mipinternational.com/pages.php?detail/123020241671" "Mozilla/5.0 AppleWebKit/537.36 (KHTML, like Gecko; compatible; GPTBot/1.3; +https://openai.com/gptbot)"
14.191.217.98 - - [04/Mar/2026:20:15:28 +0800] "GET /img/credit/datatables/?fm=true&path=%2Fhome%2Fmip%2Fmip%2Fpublic%2Fimg%2Fcredit%2Fdatatables%2F&rights=question.zip HTTP/1.1" 200 8741 "-" "Mozilla/5.0 (Windows NT 6.1; ) AppleWebKit/537.36 (KHTML, like Gecko) Chrome/81.0.4044.113 Safari/537.36"
95.217.109.26 - - [04/Mar/2026:20:15:28 +0800] "GET /files/mip/shares/js/?path=/home/mip/mip/.git/objects/74&view_file=/home/mip/mip/.git/objects/74/2844ecb7b2136f657a094835dffc49430e3685 HTTP/1.1" 200 3493 "-" "Mozilla/5.0 (compatible; MJ12bot/v1.4.8; http://mj12bot.com/)"
95.217.109.26 - - [04/Mar/2026:20:15:32 +0800] "GET /files/mip/shares/js/?path=/home/mip/mip/.git/objects/74&view_file=/home/mip/mip/.git/objects/74/2a4639f05d499c58d1c32608c3980e75814a3c HTTP/1.1" 200 3493 "-" "Mozilla/5.0 (compatible; MJ12bot/v1.4.8; http://mj12bot.com/)"
167.114.139.232 - - [04/Mar/2026:20:15:33 +0800] "GET /vendor/laravel-filemanager/files/folder-1/821668/?download=L2hvbWUvbWlwL21pcC9wdWJsaWMvdmVuZG9yL2xhcmF2ZWwtZmlsZW1hbmFnZXIvZmlsZXMvZm9sZGVyLTEvODIxNjY4L2ZvbGRlci0xLnRhci5neg== HTTP/2.0" 200 191148 "-" "Mozilla/5.0 (compatible; AhrefsBot/7.0; +http://ahrefs.com/robot/)"
66.249.64.128 - - [04/Mar/2026:20:15:34 +0800] "GET /?goods/159037577 HTTP/1.1" 200 20409 "-" "Mozilla/5.0 (Linux; Android 6.0.1; Nexus 5X Build/MMB29P) AppleWebKit/537.36 (KHTML, like Gecko) Chrome/144.0.7559.132 Mobile Safari/537.36 (compatible; Googlebot/2.1; +http://www.google.com/bot.html)"
95.217.109.26 - - [04/Mar/2026:20:15:36 +0800] "GET /files/mip/shares/js/?path=/home/mip/mip/.git/objects/74&view_file=/home/mip/mip/.git/objects/74/2b7637a11cfd5c92063336045d15bc48b7b9e4 HTTP/1.1" 200 3492 "-" "Mozilla/5.0 (compatible; MJ12bot/v1.4.8; http://mj12bot.com/)"
95.217.109.26 - - [04/Mar/2026:20:15:39 +0800] "GET /files/mip/shares/js/?path=/home/mip/mip/.git/objects/74&view_file=/home/mip/mip/.git/objects/74/323d23232faa460cc57536bfa57718500f8530 HTTP/1.1" 200 3490 "-" "Mozilla/5.0 (compatible; MJ12bot/v1.4.8; http://mj12bot.com/)"
74.7.241.59 - - [04/Mar/2026:20:15:36 +0800] "GET /pages.php?detail/167013252165 HTTP/2.0" 200 21209 "https://mipinternational.com/pages.php?detail/048037276480" "Mozilla/5.0 AppleWebKit/537.36 (KHTML, like Gecko; compatible; GPTBot/1.3; +https://openai.com/gptbot)"
131.72.171.15 - - [04/Mar/2026:20:15:37 +0800] "GET /pages.php?287045889 HTTP/1.1" 200 20830 "-" "Mozilla/5.0 (Windows NT 10.0; Win64; x64) AppleWebKit/537.36 (KHTML, like Gecko) Chrome/74.0.3729.131 Safari/537.36"
95.217.109.26 - - [04/Mar/2026:20:15:43 +0800] "GET /files/mip/shares/js/?path=/home/mip/mip/.git/objects/74&view_file=/home/mip/mip/.git/objects/74/41b42be3178ca9fe0fcb3b50c86fa92c7a9f8c HTTP/1.1" 200 3493 "-" "Mozilla/5.0 (compatible; MJ12bot/v1.4.8; http://mj12bot.com/)"
74.7.241.59 - - [04/Mar/2026:20:15:40 +0800] "GET /pages.php?detail/018042704576 HTTP/2.0" 200 21393 "https://mipinternational.com/pages.php?detail/048037276480" "Mozilla/5.0 AppleWebKit/537.36 (KHTML, like Gecko; compatible; GPTBot/1.3; +https://openai.com/gptbot)"
142.44.228.83 - - [04/Mar/2026:20:15:44 +0800] "GET /vendor/laravel-filemanager/files/folder-1/821668/?download=L2hvbWUvbWlwL21pcC9wdWJsaWMvdmVuZG9yL2xhcmF2ZWwtZmlsZW1hbmFnZXIvZmlsZXMvZm9sZGVyLTEvODIxNjY4L2ZvbGRlci0xLnRhcg== HTTP/2.0" 200 346545 "-" "Mozilla/5.0 (compatible; AhrefsBot/7.0; +http://ahrefs.com/robot/)"
74.7.241.59 - - [04/Mar/2026:20:15:43 +0800] "GET /pages.php?detail/115045094688 HTTP/2.0" 200 20809 "https://mipinternational.com/pages.php?detail/160003237569" "Mozilla/5.0 AppleWebKit/537.36 (KHTML, like Gecko; compatible; GPTBot/1.3; +https://openai.com/gptbot)"
95.217.109.26 - - [04/Mar/2026:20:15:47 +0800] "GET /files/mip/shares/js/?path=/home/mip/mip/.git/objects/74&view_file=/home/mip/mip/.git/objects/74/4ac2235c29cd71cab586f28ab0b7388bc87bfa HTTP/1.1" 200 3492 "-" "Mozilla/5.0 (compatible; MJ12bot/v1.4.8; http://mj12bot.com/)"
74.7.241.59 - - [04/Mar/2026:20:15:47 +0800] "GET /pages.php?detail/160016260563 HTTP/2.0" 200 19889 "https://mipinternational.com/pages.php?detail/160003237569" "Mozilla/5.0 AppleWebKit/537.36 (KHTML, like Gecko; compatible; GPTBot/1.3; +https://openai.com/gptbot)"
95.217.109.26 - - [04/Mar/2026:20:15:51 +0800] "GET /files/mip/shares/js/?path=/home/mip/mip/.git/objects/74&view_file=/home/mip/mip/.git/objects/74/4f404afb31154e742b401bc016397d08e06fd9 HTTP/1.1" 200 3492 "-" "Mozilla/5.0 (compatible; MJ12bot/v1.4.8; http://mj12bot.com/)"
74.7.241.59 - - [04/Mar/2026:20:15:51 +0800] "GET /pages.php?detail/14002079673668 HTTP/2.0" 200 20583 "https://mipinternational.com/pages.php?detail/140004327335" "Mozilla/5.0 AppleWebKit/537.36 (KHTML, like Gecko; compatible; GPTBot/1.3; +https://openai.com/gptbot)"
95.217.109.26 - - [04/Mar/2026:20:15:55 +0800] "GET /files/mip/shares/js/?path=/home/mip/mip/.git/objects/74&view_file=/home/mip/mip/.git/objects/74/53a7f33f083fe8d9da9a1e3432d2f1d5f3d67d HTTP/1.1" 200 3495 "-" "Mozilla/5.0 (compatible; MJ12bot/v1.4.8; http://mj12bot.com/)"
74.7.241.59 - - [04/Mar/2026:20:15:54 +0800] "GET /pages.php?detail/042021054533 HTTP/2.0" 200 20909 "https://mipinternational.com/pages.php?detail/123020241671" "Mozilla/5.0 AppleWebKit/537.36 (KHTML, like Gecko; compatible; GPTBot/1.3; +https://openai.com/gptbot)"
15.235.27.76 - - [04/Mar/2026:20:15:58 +0800] "GET /vendor/laravel-filemanager/files/folder-1/821668/?download=L2hvbWUvbWlwL21pcC9wdWJsaWMvdmVuZG9yL2xhcmF2ZWwtZmlsZW1hbmFnZXIvZmlsZXMvZm9sZGVyLTEvODIxNjY4L2ZpbGVzLnRhci5neg== HTTP/2.0" 200 393226 "-" "Mozilla/5.0 (compatible; AhrefsBot/7.0; +http://ahrefs.com/robot/)"
95.217.109.26 - - [04/Mar/2026:20:15:58 +0800] "GET /files/mip/shares/js/?path=/home/mip/mip/.git/objects/74&view_file=/home/mip/mip/.git/objects/74/5c537f13c0495e8b2009efc04cdffeab91b38b HTTP/1.1" 200 3494 "-" "Mozilla/5.0 (compatible; MJ12bot/v1.4.8; http://mj12bot.com/)"
74.7.241.59 - - [04/Mar/2026:20:15:57 +0800] "GET /pages.php?detail/274014284010 HTTP/2.0" 200 20403 "https://mipinternational.com/pages.php?goods/274014284" "Mozilla/5.0 AppleWebKit/537.36 (KHTML, like Gecko; compatible; GPTBot/1.3; +https://openai.com/gptbot)"
95.217.109.26 - - [04/Mar/2026:20:16:02 +0800] "GET /files/mip/shares/js/?path=/home/mip/mip/.git/objects/74&view_file=/home/mip/mip/.git/objects/74/5f215e72362c5bc1fe40b6f5623c1478ecf0cd HTTP/1.1" 200 3496 "-" "Mozilla/5.0 (compatible; MJ12bot/v1.4.8; http://mj12bot.com/)"
74.7.241.59 - - [04/Mar/2026:20:16:00 +0800] "GET /pages.php?detail/187002123278 HTTP/2.0" 200 21281 "https://mipinternational.com/pages.php?detail/187002131352" "Mozilla/5.0 AppleWebKit/537.36 (KHTML, like Gecko; compatible; GPTBot/1.3; +https://openai.com/gptbot)"
74.7.241.59 - - [04/Mar/2026:20:16:03 +0800] "GET /pages.php?detail/139027332982 HTTP/2.0" 200 21475 "https://mipinternational.com/pages.php?detail/139039762196" "Mozilla/5.0 AppleWebKit/537.36 (KHTML, like Gecko; compatible; GPTBot/1.3; +https://openai.com/gptbot)"
95.217.109.26 - - [04/Mar/2026:20:16:06 +0800] "GET /files/mip/shares/js/?path=/home/mip/mip/.git/objects/74&view_file=/home/mip/mip/.git/objects/74/6326552968223a576abe9163ccd0a169fae71d HTTP/1.1" 200 3493 "-" "Mozilla/5.0 (compatible; MJ12bot/v1.4.8; http://mj12bot.com/)"
95.217.109.26 - - [04/Mar/2026:20:16:10 +0800] "GET /files/mip/shares/js/?path=/home/mip/mip/.git/objects/74&view_file=/home/mip/mip/.git/objects/74/6a231f2a6f594a68aa7c5dc78e68bdb453fd3a HTTP/1.1" 200 3494 "-" "Mozilla/5.0 (compatible; MJ12bot/v1.4.8; http://mj12bot.com/)"
74.7.241.59 - - [04/Mar/2026:20:16:09 +0800] "GET /pages.php?detail/076028634128 HTTP/2.0" 200 21386 "https://mipinternational.com/pages.php?detail/0760123367120" "Mozilla/5.0 AppleWebKit/537.36 (KHTML, like Gecko; compatible; GPTBot/1.3; +https://openai.com/gptbot)"
51.222.95.252 - - [04/Mar/2026:20:16:12 +0800] "GET /vendor/laravel-filemanager/files/folder-1/821668/?download=L2hvbWUvbWlwL21pcC9wdWJsaWMvdmVuZG9yL2xhcmF2ZWwtZmlsZW1hbmFnZXIvZmlsZXMvZm9sZGVyLTEvODIxNjY4L2ZpbGVzLnRhcg== HTTP/2.0" 200 295658 "-" "Mozilla/5.0 (compatible; AhrefsBot/7.0; +http://ahrefs.com/robot/)"
95.217.109.26 - - [04/Mar/2026:20:16:13 +0800] "GET /files/mip/shares/js/?path=/home/mip/mip/.git/objects/74&view_file=/home/mip/mip/.git/objects/74/6a29f846c175ce7710553cf21b6b310360de0e HTTP/1.1" 200 3496 "-" "Mozilla/5.0 (compatible; MJ12bot/v1.4.8; http://mj12bot.com/)"
74.7.241.59 - - [04/Mar/2026:20:16:12 +0800] "GET /pages.php?detail/0590075965740 HTTP/2.0" 200 21130 "https://mipinternational.com/pages.php?detail/0760123367120" "Mozilla/5.0 AppleWebKit/537.36 (KHTML, like Gecko; compatible; GPTBot/1.3; +https://openai.com/gptbot)"
95.217.109.26 - - [04/Mar/2026:20:16:17 +0800] "GET /files/mip/shares/js/?path=/home/mip/mip/.git/objects/74&view_file=/home/mip/mip/.git/objects/74/6c333c8586b9b4df5c90d93b12a484b66486eb HTTP/1.1" 200 3496 "-" "Mozilla/5.0 (compatible; MJ12bot/v1.4.8; http://mj12bot.com/)"
95.217.109.26 - - [04/Mar/2026:20:16:21 +0800] "GET /files/mip/shares/js/?path=/home/mip/mip/.git/objects/74&view_file=/home/mip/mip/.git/objects/74/6c3919f494accb8c41f45470df461d7754edf8 HTTP/1.1" 200 3497 "-" "Mozilla/5.0 (compatible; MJ12bot/v1.4.8; http://mj12bot.com/)"
167.114.139.92 - - [04/Mar/2026:20:16:23 +0800] "GET /vendor/laravel-filemanager/files/folder-1/821668/?download=L2hvbWUvbWlwL21pcC9wdWJsaWMvdmVuZG9yL2xhcmF2ZWwtZmlsZW1hbmFnZXIvZmlsZXMvZm9sZGVyLTEvODIxNjY4L2Nzcy50YXIuZ3o= HTTP/2.0" 200 20567 "-" "Mozilla/5.0 (compatible; AhrefsBot/7.0; +http://ahrefs.com/robot/)"
74.7.241.59 - - [04/Mar/2026:20:16:20 +0800] "GET /pages.php?detail/112037922252 HTTP/2.0" 200 20045 "https://mipinternational.com/pages.php?detail/115045094688" "Mozilla/5.0 AppleWebKit/537.36 (KHTML, like Gecko; compatible; GPTBot/1.3; +https://openai.com/gptbot)"
95.217.109.26 - - [04/Mar/2026:20:16:25 +0800] "GET /files/mip/shares/js/?path=/home/mip/mip/.git/objects/74&view_file=/home/mip/mip/.git/objects/74/787123581f688386863ba5a1d99d1766d568a3 HTTP/1.1" 200 3493 "-" "Mozilla/5.0 (compatible; MJ12bot/v1.4.8; http://mj12bot.com/)"
74.7.241.59 - - [04/Mar/2026:20:16:23 +0800] "GET /pages.php?jp/160016260.html HTTP/2.0" 200 19988 "https://mipinternational.com/pages.php?detail/160016260563" "Mozilla/5.0 AppleWebKit/537.36 (KHTML, like Gecko; compatible; GPTBot/1.3; +https://openai.com/gptbot)"
95.217.109.26 - - [04/Mar/2026:20:16:28 +0800] "GET /files/mip/shares/js/?path=/home/mip/mip/.git/objects/74&view_file=/home/mip/mip/.git/objects/74/7ce66dbc9602f56fb858c24b964a1be6a7cf71 HTTP/1.1" 200 3493 "-" "Mozilla/5.0 (compatible; MJ12bot/v1.4.8; http://mj12bot.com/)"
74.7.241.59 - - [04/Mar/2026:20:16:26 +0800] "GET /pages.php?jp/140020796.html HTTP/2.0" 200 20546 "https://mipinternational.com/pages.php?detail/14002079673668" "Mozilla/5.0 AppleWebKit/537.36 (KHTML, like Gecko; compatible; GPTBot/1.3; +https://openai.com/gptbot)"
95.217.109.26 - - [04/Mar/2026:20:16:32 +0800] "GET /files/mip/shares/js/?path=/home/mip/mip/.git/objects/74&view_file=/home/mip/mip/.git/objects/74/8216cc8668cb2e276085e3cdbda723d7653aca HTTP/1.1" 200 3494 "-" "Mozilla/5.0 (compatible; MJ12bot/v1.4.8; http://mj12bot.com/)"
74.7.241.59 - - [04/Mar/2026:20:16:30 +0800] "GET /pages.php?goods/160016260 HTTP/2.0" 200 20036 "https://mipinternational.com/pages.php?jp/160016260.html" "Mozilla/5.0 AppleWebKit/537.36 (KHTML, like Gecko; compatible; GPTBot/1.3; +https://openai.com/gptbot)"
54.39.0.174 - - [04/Mar/2026:20:16:35 +0800] "GET /vendor/laravel-filemanager/files/folder-1/821668/?download=L2hvbWUvbWlwL21pcC9wdWJsaWMvdmVuZG9yL2xhcmF2ZWwtZmlsZW1hbmFnZXIvZmlsZXMvZm9sZGVyLTEvODIxNjY4L2Nzcy50YXI= HTTP/2.0" 200 16264 "-" "Mozilla/5.0 (compatible; AhrefsBot/7.0; +http://ahrefs.com/robot/)"
95.217.109.26 - - [04/Mar/2026:20:16:36 +0800] "GET /files/mip/shares/js/?path=/home/mip/mip/.git/objects/74&view_file=/home/mip/mip/.git/objects/74/86054eae051a84ca4e3c8b05f1561ad56fa19a HTTP/1.1" 200 3494 "-" "Mozilla/5.0 (compatible; MJ12bot/v1.4.8; http://mj12bot.com/)"
74.7.241.59 - - [04/Mar/2026:20:16:34 +0800] "GET /pages.php?detail/140042096019 HTTP/2.0" 200 20582 "https://mipinternational.com/pages.php?detail/14002079673668" "Mozilla/5.0 AppleWebKit/537.36 (KHTML, like Gecko; compatible; GPTBot/1.3; +https://openai.com/gptbot)"
95.217.109.26 - - [04/Mar/2026:20:16:40 +0800] "GET /files/mip/shares/js/?path=/home/mip/mip/.git/objects/74&view_file=/home/mip/mip/.git/objects/74/89eaf53228b91453ff410130beb6c3b105a0b0 HTTP/1.1" 200 3495 "-" "Mozilla/5.0 (compatible; MJ12bot/v1.4.8; http://mj12bot.com/)"
95.217.109.26 - - [04/Mar/2026:20:16:44 +0800] "GET /files/mip/shares/js/?path=/home/mip/mip/.git/objects/74&view_file=/home/mip/mip/.git/objects/74/8a48586052f26f6676ccf5ce20040d2a8b18e3 HTTP/1.1" 200 3495 "-" "Mozilla/5.0 (compatible; MJ12bot/v1.4.8; http://mj12bot.com/)"
74.7.241.59 - - [04/Mar/2026:20:16:40 +0800] "GET /pages.php?detail/1500391722929 HTTP/2.0" 200 20133 "https://mipinternational.com/pages.php?detail/160016260563" "Mozilla/5.0 AppleWebKit/537.36 (KHTML, like Gecko; compatible; GPTBot/1.3; +https://openai.com/gptbot)"
74.7.241.59 - - [04/Mar/2026:20:16:44 +0800] "GET /pages.php?detail/1150450913220 HTTP/2.0" 200 21358 "https://mipinternational.com/pages.php?detail/115045094688" "Mozilla/5.0 AppleWebKit/537.36 (KHTML, like Gecko; compatible; GPTBot/1.3; +https://openai.com/gptbot)"
95.217.109.26 - - [04/Mar/2026:20:16:47 +0800] "GET /files/mip/shares/js/?path=/home/mip/mip/.git/objects/74&view_file=/home/mip/mip/.git/objects/74/8b1e4d4e50e755faa364ced60510ff0962f2f7 HTTP/1.1" 200 3493 "-" "Mozilla/5.0 (compatible; MJ12bot/v1.4.8; http://mj12bot.com/)"
148.113.128.144 - - [04/Mar/2026:20:16:49 +0800] "GET /vendor/laravel-filemanager/files/folder-1/821668/?download=L2hvbWUvbWlwL21pcC9wdWJsaWMvdmVuZG9yL2xhcmF2ZWwtZmlsZW1hbmFnZXIvZmlsZXMvZm9sZGVyLTEvODIxNjY4L2Fkb2JlLnBkZi5wZGYudGFyLmd6 HTTP/2.0" 200 7806 "-" "Mozilla/5.0 (compatible; AhrefsBot/7.0; +http://ahrefs.com/robot/)"
95.217.109.26 - - [04/Mar/2026:20:16:51 +0800] "GET /files/mip/shares/js/?path=/home/mip/mip/.git/objects/74&view_file=/home/mip/mip/.git/objects/74/8e3016314dfe9dcfca14c78a3fed43a8ba8f1f HTTP/1.1" 200 3495 "-" "Mozilla/5.0 (compatible; MJ12bot/v1.4.8; http://mj12bot.com/)"
74.7.241.59 - - [04/Mar/2026:20:16:50 +0800] "GET /pages.php?detail/0450471194534 HTTP/2.0" 200 20547 "https://mipinternational.com/pages.php?goods/045035125" "Mozilla/5.0 AppleWebKit/537.36 (KHTML, like Gecko; compatible; GPTBot/1.3; +https://openai.com/gptbot)"
95.217.109.26 - - [04/Mar/2026:20:16:55 +0800] "GET /files/mip/shares/js/?path=/home/mip/mip/.git/objects/74&view_file=/home/mip/mip/.git/objects/74/9675a979b7b757b077d780d752985159366ac6 HTTP/1.1" 200 3494 "-" "Mozilla/5.0 (compatible; MJ12bot/v1.4.8; http://mj12bot.com/)"
74.7.241.59 - - [04/Mar/2026:20:16:54 +0800] "GET /pages.php?detail/222043298266 HTTP/2.0" 200 21565 "https://mipinternational.com/pages.php?detail/0590075965740" "Mozilla/5.0 AppleWebKit/537.36 (KHTML, like Gecko; compatible; GPTBot/1.3; +https://openai.com/gptbot)"
95.217.109.26 - - [04/Mar/2026:20:16:59 +0800] "GET /files/mip/shares/js/?path=/home/mip/mip/.git/objects/74&view_file=/home/mip/mip/.git/objects/74/96e5cafcd6b7dd6dc32920848cc5333c9fe909 HTTP/1.1" 200 3496 "-" "Mozilla/5.0 (compatible; MJ12bot/v1.4.8; http://mj12bot.com/)"
74.7.241.59 - - [04/Mar/2026:20:16:57 +0800] "GET /pages.php?detail/1870021215183 HTTP/2.0" 200 20895 "https://mipinternational.com/pages.php?detail/187002131352" "Mozilla/5.0 AppleWebKit/537.36 (KHTML, like Gecko; compatible; GPTBot/1.3; +https://openai.com/gptbot)"
95.217.109.26 - - [04/Mar/2026:20:17:03 +0800] "GET /files/mip/shares/js/?path=/home/mip/mip/.git/objects/74&view_file=/home/mip/mip/.git/objects/74/9742bdb45699df5864f948a29514b7b8d5d1d5 HTTP/1.1" 200 3497 "-" "Mozilla/5.0 (compatible; MJ12bot/v1.4.8; http://mj12bot.com/)"
54.39.6.141 - - [04/Mar/2026:20:17:03 +0800] "GET /vendor/laravel-filemanager/files/folder-1/821668/?download=L2hvbWUvbWlwL21pcC9wdWJsaWMvdmVuZG9yL2xhcmF2ZWwtZmlsZW1hbmFnZXIvZmlsZXMvZm9sZGVyLTEvODIxNjY4L2Fkb2JlLnBkZi50YXI= HTTP/2.0" 200 7682 "-" "Mozilla/5.0 (compatible; AhrefsBot/7.0; +http://ahrefs.com/robot/)"
74.7.241.59 - - [04/Mar/2026:20:17:00 +0800] "GET /pages.php?jp/060037446.html HTTP/2.0" 200 20542 "https://mipinternational.com/pages.php?detail/112037922252" "Mozilla/5.0 AppleWebKit/537.36 (KHTML, like Gecko; compatible; GPTBot/1.3; +https://openai.com/gptbot)"
95.217.109.26 - - [04/Mar/2026:20:17:06 +0800] "GET /files/mip/shares/js/?path=/home/mip/mip/.git/objects/74&view_file=/home/mip/mip/.git/objects/74/9fcd8c6a3082d44ee26e52ff7f015b62819e77 HTTP/1.1" 200 3495 "-" "Mozilla/5.0 (compatible; MJ12bot/v1.4.8; http://mj12bot.com/)"
74.7.241.59 - - [04/Mar/2026:20:17:03 +0800] "GET /pages.php?detail/0610102310543 HTTP/2.0" 200 20754 "https://mipinternational.com/pages.php?jp/160016260.html" "Mozilla/5.0 AppleWebKit/537.36 (KHTML, like Gecko; compatible; GPTBot/1.3; +https://openai.com/gptbot)"
74.7.241.59 - - [04/Mar/2026:20:17:07 +0800] "GET /pages.php?detail/140007626286 HTTP/2.0" 200 21333 "https://mipinternational.com/pages.php?jp/140020796.html" "Mozilla/5.0 AppleWebKit/537.36 (KHTML, like Gecko; compatible; GPTBot/1.3; +https://openai.com/gptbot)"
95.217.109.26 - - [04/Mar/2026:20:17:10 +0800] "GET /files/mip/shares/js/?path=/home/mip/mip/.git/objects/74&view_file=/home/mip/mip/.git/objects/74/a521ae175f568d977dfde77ec3be069e6491b4 HTTP/1.1" 200 3494 "-" "Mozilla/5.0 (compatible; MJ12bot/v1.4.8; http://mj12bot.com/)"
74.7.241.59 - - [04/Mar/2026:20:17:10 +0800] "GET /pages.php?detail/2980334629969 HTTP/2.0" 200 22259 "https://mipinternational.com/pages.php?goods/160016260" "Mozilla/5.0 AppleWebKit/537.36 (KHTML, like Gecko; compatible; GPTBot/1.3; +https://openai.com/gptbot)"
54.39.89.168 - - [04/Mar/2026:20:17:13 +0800] "GET /vendor/laravel-filemanager/files/folder-1/821668/?fm=true&rights=wp-log.zip&path=/home/mip/mip/public/vendor/laravel-filemanager/files/folder-1/821668/ HTTP/2.0" 200 8759 "-" "Mozilla/5.0 (compatible; AhrefsBot/7.0; +http://ahrefs.com/robot/)"
95.217.109.26 - - [04/Mar/2026:20:17:13 +0800] "GET /files/mip/shares/js/?path=/home/mip/mip/.git/objects/74&view_file=/home/mip/mip/.git/objects/74/aba7c8150be37be7e936db606ffd7a17388c43 HTTP/1.1" 200 3494 "-" "Mozilla/5.0 (compatible; MJ12bot/v1.4.8; http://mj12bot.com/)"
74.7.241.59 - - [04/Mar/2026:20:17:12 +0800] "GET /pages.php?detail/0730484293704 HTTP/2.0" 200 20936 "http://mipinternational.com" "Mozilla/5.0 AppleWebKit/537.36 (KHTML, like Gecko; compatible; GPTBot/1.3; +https://openai.com/gptbot)"
95.217.109.26 - - [04/Mar/2026:20:17:17 +0800] "GET /files/mip/shares/js/?path=/home/mip/mip/.git/objects/74&view_file=/home/mip/mip/.git/objects/74/b11a065b9f0d930bda7926f846e31fe9fbc3d0 HTTP/1.1" 200 3495 "-" "Mozilla/5.0 (compatible; MJ12bot/v1.4.8; http://mj12bot.com/)"
66.249.64.128 - - [04/Mar/2026:20:17:18 +0800] "GET /?goods/146009678 HTTP/1.1" 200 20927 "-" "Mozilla/5.0 (Linux; Android 6.0.1; Nexus 5X Build/MMB29P) AppleWebKit/537.36 (KHTML, like Gecko) Chrome/144.0.7559.132 Mobile Safari/537.36 (compatible; Googlebot/2.1; +http://www.google.com/bot.html)"
74.7.241.59 - - [04/Mar/2026:20:17:15 +0800] "GET /pages.php?detail/1670164334469 HTTP/2.0" 200 21226 "https://mipinternational.com/pages.php?detail/167013252165" "Mozilla/5.0 AppleWebKit/537.36 (KHTML, like Gecko; compatible; GPTBot/1.3; +https://openai.com/gptbot)"
95.217.109.26 - - [04/Mar/2026:20:17:21 +0800] "GET /files/mip/shares/js/?path=/home/mip/mip/.git/objects/74&view_file=/home/mip/mip/.git/objects/74/c131f1942230ae77aed9c6badb29ce6cf01053 HTTP/1.1" 200 3493 "-" "Mozilla/5.0 (compatible; MJ12bot/v1.4.8; http://mj12bot.com/)"
74.7.241.59 - - [04/Mar/2026:20:17:20 +0800] "GET /pages.php?detail/024016801060 HTTP/2.0" 200 20851 "https://mipinternational.com/pages.php?detail/1150450913220" "Mozilla/5.0 AppleWebKit/537.36 (KHTML, like Gecko; compatible; GPTBot/1.3; +https://openai.com/gptbot)"
95.217.109.26 - - [04/Mar/2026:20:17:25 +0800] "GET /files/mip/shares/js/?path=/home/mip/mip/.git/objects/74&view_file=/home/mip/mip/.git/objects/74/c6ee9262bbd0d379738c63f673dca93b34f08b HTTP/1.1" 200 3495 "-" "Mozilla/5.0 (compatible; MJ12bot/v1.4.8; http://mj12bot.com/)"
54.39.0.216 - - [04/Mar/2026:20:17:25 +0800] "GET /vendor/laravel-filemanager/files/folder-1/821668/?fm=true&rename=wp-log.zip&path=/home/mip/mip/public/vendor/laravel-filemanager/files/folder-1/821668/ HTTP/2.0" 200 8750 "-" "Mozilla/5.0 (compatible; AhrefsBot/7.0; +http://ahrefs.com/robot/)"
95.217.109.26 - - [04/Mar/2026:20:17:29 +0800] "GET /files/mip/shares/js/?path=/home/mip/mip/.git/objects/74&view_file=/home/mip/mip/.git/objects/74/c8a90dec4a2094bfff8a51937d9b6cba11e7d8 HTTP/1.1" 200 3497 "-" "Mozilla/5.0 (compatible; MJ12bot/v1.4.8; http://mj12bot.com/)"
197.146.148.27 - - [04/Mar/2026:20:17:27 +0800] "GET /pages.php?goods%2F063033215 HTTP/1.1" 200 20829 "-" "Mozilla/5.0 (Macintosh; Intel Mac OS X 10_14_3) AppleWebKit/537.36 (KHTML, like Gecko) Chrome/73.0.3683.103 Safari/537.36"
74.7.241.59 - - [04/Mar/2026:20:17:27 +0800] "GET /pages.php?detail/185005610125 HTTP/2.0" 200 21659 "https://mipinternational.com/pages.php?detail/0450471194534" "Mozilla/5.0 AppleWebKit/537.36 (KHTML, like Gecko; compatible; GPTBot/1.3; +https://openai.com/gptbot)"
95.217.109.26 - - [04/Mar/2026:20:17:32 +0800] "GET /files/mip/shares/js/?path=/home/mip/mip/.git/objects/74&view_file=/home/mip/mip/.git/objects/74/d0dc711432210893203429d6910de20e0636ec HTTP/1.1" 200 3494 "-" "Mozilla/5.0 (compatible; MJ12bot/v1.4.8; http://mj12bot.com/)"
74.7.241.59 - - [04/Mar/2026:20:17:30 +0800] "GET /pages.php?detail/140024225164 HTTP/2.0" 200 20953 "https://mipinternational.com/pages.php?detail/222043298266" "Mozilla/5.0 AppleWebKit/537.36 (KHTML, like Gecko; compatible; GPTBot/1.3; +https://openai.com/gptbot)"
95.217.109.26 - - [04/Mar/2026:20:17:36 +0800] "GET /files/mip/shares/js/?path=/home/mip/mip/.git/objects/74&view_file=/home/mip/mip/.git/objects/74/d2614f8a5ef16ab130fee518bb95ec5036617c HTTP/1.1" 200 3499 "-" "Mozilla/5.0 (compatible; MJ12bot/v1.4.8; http://mj12bot.com/)"
74.7.241.59 - - [04/Mar/2026:20:17:33 +0800] "GET /pages.php?detail/0350319580295 HTTP/2.0" 200 20786 "https://mipinternational.com/pages.php?detail/167015477961" "Mozilla/5.0 AppleWebKit/537.36 (KHTML, like Gecko; compatible; GPTBot/1.3; +https://openai.com/gptbot)"
181.61.247.30 - - [04/Mar/2026:20:17:33 +0800] "GET /pages.php?jp%2F137007819.html HTTP/1.1" 200 21329 "-" "Mozilla/5.0 (Macintosh; Intel Mac OS X 10_15_5) AppleWebKit/537.36 (KHTML, like Gecko) Chrome/88.0.4324.150 Safari/537.36"
51.222.95.206 - - [04/Mar/2026:20:17:37 +0800] "GET /vendor/laravel-filemanager/files/folder-1/821668/?fm=true&edit=wp-log.zip&path=/home/mip/mip/public/vendor/laravel-filemanager/files/folder-1/821668/ HTTP/2.0" 200 9068 "-" "Mozilla/5.0 (compatible; AhrefsBot/7.0; +http://ahrefs.com/robot/)"
95.217.109.26 - - [04/Mar/2026:20:17:40 +0800] "GET /files/mip/shares/js/?path=/home/mip/mip/.git/objects/74&view_file=/home/mip/mip/.git/objects/74/d478bd069f2604de9486ba7afa615a48aed06a HTTP/1.1" 200 3493 "-" "Mozilla/5.0 (compatible; MJ12bot/v1.4.8; http://mj12bot.com/)"
74.7.241.59 - - [04/Mar/2026:20:17:36 +0800] "GET /pages.php?detail/016003332987 HTTP/2.0" 200 20616 "https://mipinternational.com/pages.php?goods/045035125" "Mozilla/5.0 AppleWebKit/537.36 (KHTML, like Gecko; compatible; GPTBot/1.3; +https://openai.com/gptbot)"
95.217.109.26 - - [04/Mar/2026:20:17:44 +0800] "GET /files/mip/shares/js/?path=/home/mip/mip/.git/objects/74&view_file=/home/mip/mip/.git/objects/74/d7820122d3b1dc9546d3e262ba818879a029ef HTTP/1.1" 200 3495 "-" "Mozilla/5.0 (compatible; MJ12bot/v1.4.8; http://mj12bot.com/)"
74.7.241.59 - - [04/Mar/2026:20:17:41 +0800] "GET /pages.php?detail/056014089211 HTTP/2.0" 200 21018 "https://mipinternational.com/pages.php?detail/187002123278" "Mozilla/5.0 AppleWebKit/537.36 (KHTML, like Gecko; compatible; GPTBot/1.3; +https://openai.com/gptbot)"
95.217.109.26 - - [04/Mar/2026:20:17:47 +0800] "GET /files/mip/shares/js/?path=/home/mip/mip/.git/objects/74&view_file=/home/mip/mip/.git/objects/74/d8f9422535dd401d4a4a16ff02cb9a4cb8ce5d HTTP/1.1" 200 3496 "-" "Mozilla/5.0 (compatible; MJ12bot/v1.4.8; http://mj12bot.com/)"
51.222.95.175 - - [04/Mar/2026:20:17:47 +0800] "GET /vendor/laravel-filemanager/files/folder-1/821668/?download=L2hvbWUvbWlwL21pcC9wdWJsaWMvdmVuZG9yL2xhcmF2ZWwtZmlsZW1hbmFnZXIvZmlsZXMvZm9sZGVyLTEvODIxNjY4L3dwLWxvZy56aXA= HTTP/2.0" 200 688 "-" "Mozilla/5.0 (compatible; AhrefsBot/7.0; +http://ahrefs.com/robot/)"
74.7.241.59 - - [04/Mar/2026:20:17:45 +0800] "GET /pages.php?detail/1400129209098 HTTP/2.0" 200 20421 "https://mipinternational.com/pages.php?detail/140007626286" "Mozilla/5.0 AppleWebKit/537.36 (KHTML, like Gecko; compatible; GPTBot/1.3; +https://openai.com/gptbot)"
95.217.109.26 - - [04/Mar/2026:20:17:51 +0800] "GET /files/mip/shares/js/?path=/home/mip/mip/.git/objects/74&view_file=/home/mip/mip/.git/objects/74/de13f4bc68e0e56705f0216e6a160748c3fd98 HTTP/1.1" 200 3511 "-" "Mozilla/5.0 (compatible; MJ12bot/v1.4.8; http://mj12bot.com/)"
74.7.241.59 - - [04/Mar/2026:20:17:49 +0800] "GET /pages.php?detail/223000119972 HTTP/2.0" 200 20659 "https://mipinternational.com/pages.php?detail/2980334629969" "Mozilla/5.0 AppleWebKit/537.36 (KHTML, like Gecko; compatible; GPTBot/1.3; +https://openai.com/gptbot)"
95.217.109.26 - - [04/Mar/2026:20:17:55 +0800] "GET /files/mip/shares/js/?path=/home/mip/mip/.git/objects/74&view_file=/home/mip/mip/.git/objects/74/e11322188ca3854fd4dcba2fb2651613402dd4 HTTP/1.1" 200 3513 "-" "Mozilla/5.0 (compatible; MJ12bot/v1.4.8; http://mj12bot.com/)"
74.7.241.59 - - [04/Mar/2026:20:17:53 +0800] "GET /pages.php?detail/106045257490 HTTP/2.0" 200 20171 "https://mipinternational.com/pages.php?detail/106002687897" "Mozilla/5.0 AppleWebKit/537.36 (KHTML, like Gecko; compatible; GPTBot/1.3; +https://openai.com/gptbot)"
95.217.109.26 - - [04/Mar/2026:20:17:58 +0800] "GET /files/mip/shares/js/?path=/home/mip/mip/.git/objects/74&view_file=/home/mip/mip/.git/objects/74/e4180b95c96779752667175ae7f16813690392 HTTP/1.1" 200 3512 "-" "Mozilla/5.0 (compatible; MJ12bot/v1.4.8; http://mj12bot.com/)"
54.39.6.73 - - [04/Mar/2026:20:17:58 +0800] "GET /mailoutput/haxorcgiapi/?fm=true&rights=part9.txt.txt.tar.gz&path=/home/mip/mip/public/mailoutput/haxorcgiapi/ HTTP/2.0" 200 8750 "-" "Mozilla/5.0 (compatible; AhrefsBot/7.0; +http://ahrefs.com/robot/)"
74.7.241.59 - - [04/Mar/2026:20:17:57 +0800] "GET /pages.php?detail/167001700240 HTTP/2.0" 200 20627 "https://mipinternational.com/pages.php?detail/1670164334469" "Mozilla/5.0 AppleWebKit/537.36 (KHTML, like Gecko; compatible; GPTBot/1.3; +https://openai.com/gptbot)"
95.217.109.26 - - [04/Mar/2026:20:18:02 +0800] "GET /files/mip/shares/js/?path=/home/mip/mip/.git/objects/74&view_file=/home/mip/mip/.git/objects/74/e77718231f44d9434a5ade3382682ecf4fcb56 HTTP/1.1" 200 3513 "-" "Mozilla/5.0 (compatible; MJ12bot/v1.4.8; http://mj12bot.com/)"
74.7.241.59 - - [04/Mar/2026:20:18:00 +0800] "GET /pages.php?detail/025027622344 HTTP/2.0" 200 20618 "https://mipinternational.com/pages.php?detail/024016801060" "Mozilla/5.0 AppleWebKit/537.36 (KHTML, like Gecko; compatible; GPTBot/1.3; +https://openai.com/gptbot)"
95.217.109.26 - - [04/Mar/2026:20:18:06 +0800] "GET /files/mip/shares/js/?path=/home/mip/mip/.git/objects/74&view_file=/home/mip/mip/.git/objects/74/f02a703df447a879ed814693041ec226cfbfe5 HTTP/1.1" 200 3512 "-" "Mozilla/5.0 (compatible; MJ12bot/v1.4.8; http://mj12bot.com/)"
95.217.109.26 - - [04/Mar/2026:20:18:10 +0800] "GET /files/mip/shares/js/?path=/home/mip/mip/.git/objects/74&view_file=/home/mip/mip/.git/objects/74/f3283899d7f69db8a6f7a5afba927a42c574b1 HTTP/1.1" 200 3511 "-" "Mozilla/5.0 (compatible; MJ12bot/v1.4.8; http://mj12bot.com/)"
142.44.233.75 - - [04/Mar/2026:20:18:10 +0800] "GET /mailoutput/haxorcgiapi/?fm=true&rights=part9.txt.tar&path=/home/mip/mip/public/mailoutput/haxorcgiapi/ HTTP/2.0" 200 8747 "-" "Mozilla/5.0 (compatible; AhrefsBot/7.0; +http://ahrefs.com/robot/)"
74.7.241.59 - - [04/Mar/2026:20:18:08 +0800] "GET /pages.php?detail/288020730373 HTTP/2.0" 200 20828 "https://mipinternational.com/pages.php?detail/185005610125" "Mozilla/5.0 AppleWebKit/537.36 (KHTML, like Gecko; compatible; GPTBot/1.3; +https://openai.com/gptbot)"
95.217.109.26 - - [04/Mar/2026:20:18:13 +0800] "GET /files/mip/shares/js/?path=/home/mip/mip/.git/objects/74&view_file=/home/mip/mip/.git/objects/74/f7f026b49c167960812dd19b265d59a125c210 HTTP/1.1" 200 3513 "-" "Mozilla/5.0 (compatible; MJ12bot/v1.4.8; http://mj12bot.com/)"
74.7.241.59 - - [04/Mar/2026:20:18:11 +0800] "GET /pages.php?detail/140024363248 HTTP/2.0" 200 20853 "https://mipinternational.com/pages.php?detail/140024225164" "Mozilla/5.0 AppleWebKit/537.36 (KHTML, like Gecko; compatible; GPTBot/1.3; +https://openai.com/gptbot)"
95.217.109.26 - - [04/Mar/2026:20:18:17 +0800] "GET /files/mip/shares/js/?path=/home/mip/mip/.git/objects/74&view_file=/home/mip/mip/.git/objects/74/fcc0cc1b0b95904b08baef63a9f9fb2626c1f8 HTTP/1.1" 200 3512 "-" "Mozilla/5.0 (compatible; MJ12bot/v1.4.8; http://mj12bot.com/)"
74.7.241.59 - - [04/Mar/2026:20:18:18 +0800] "GET /pages.php?detail/242016779470 HTTP/2.0" 200 21817 "https://mipinternational.com/pages.php?detail/218049174849" "Mozilla/5.0 AppleWebKit/537.36 (KHTML, like Gecko; compatible; GPTBot/1.3; +https://openai.com/gptbot)"
95.217.109.26 - - [04/Mar/2026:20:18:21 +0800] "GET /files/mip/shares/js/?path=/home/mip/mip/.git/objects/75&view_file=/home/mip/mip/.git/objects/75/025b9d94e12c42902ef349a486136c1a9abd53 HTTP/1.1" 200 3268 "-" "Mozilla/5.0 (compatible; MJ12bot/v1.4.8; http://mj12bot.com/)"
54.39.6.200 - - [04/Mar/2026:20:18:23 +0800] "GET /mailoutput/haxorcgiapi/?fm=true&rights=part8.txt.txt.tar.gz&path=/home/mip/mip/public/mailoutput/haxorcgiapi/ HTTP/2.0" 200 8750 "-" "Mozilla/5.0 (compatible; AhrefsBot/7.0; +http://ahrefs.com/robot/)"
74.7.241.59 - - [04/Mar/2026:20:18:21 +0800] "GET /pages.php?detail/0560351651866 HTTP/2.0" 200 20723 "https://mipinternational.com/pages.php?detail/056014089211" "Mozilla/5.0 AppleWebKit/537.36 (KHTML, like Gecko; compatible; GPTBot/1.3; +https://openai.com/gptbot)"
95.217.109.26 - - [04/Mar/2026:20:18:25 +0800] "GET /files/mip/shares/js/?path=/home/mip/mip/.git/objects/75&view_file=/home/mip/mip/.git/objects/75/056876da4a24b8b80e3caad5fc5c1169fd66c9 HTTP/1.1" 200 3270 "-" "Mozilla/5.0 (compatible; MJ12bot/v1.4.8; http://mj12bot.com/)"
74.7.241.59 - - [04/Mar/2026:20:18:24 +0800] "GET /pages.php?detail/2020393663802 HTTP/2.0" 200 21263 "https://mipinternational.com/pages.php?detail/1400129209098" "Mozilla/5.0 AppleWebKit/537.36 (KHTML, like Gecko; compatible; GPTBot/1.3; +https://openai.com/gptbot)"
95.217.109.26 - - [04/Mar/2026:20:18:29 +0800] "GET /files/mip/shares/js/?path=/home/mip/mip/.git/objects/75&view_file=/home/mip/mip/.git/objects/75/06ebb311dbf2304bbe79a0b5f3314b6acb6e06 HTTP/1.1" 200 3270 "-" "Mozilla/5.0 (compatible; MJ12bot/v1.4.8; http://mj12bot.com/)"
74.7.241.59 - - [04/Mar/2026:20:18:27 +0800] "GET /pages.php?detail/1400303208463 HTTP/2.0" 200 20805 "https://mipinternational.com/pages.php?detail/1400129209098" "Mozilla/5.0 AppleWebKit/537.36 (KHTML, like Gecko; compatible; GPTBot/1.3; +https://openai.com/gptbot)"
95.217.109.26 - - [04/Mar/2026:20:18:32 +0800] "GET /files/mip/shares/js/?path=/home/mip/mip/.git/objects/75&view_file=/home/mip/mip/.git/objects/75/08644a2cb74881e31eeb772bb7515b4f85c73d HTTP/1.1" 200 3269 "-" "Mozilla/5.0 (compatible; MJ12bot/v1.4.8; http://mj12bot.com/)"
74.7.241.59 - - [04/Mar/2026:20:18:31 +0800] "GET /pages.php?detail/001037607892 HTTP/2.0" 200 20074 "https://mipinternational.com/pages.php?detail/0590466105895" "Mozilla/5.0 AppleWebKit/537.36 (KHTML, like Gecko; compatible; GPTBot/1.3; +https://openai.com/gptbot)"
51.161.37.179 - - [04/Mar/2026:20:18:34 +0800] "GET /mailoutput/haxorcgiapi/?fm=true&rights=part8.txt.tar&path=/home/mip/mip/public/mailoutput/haxorcgiapi/ HTTP/2.0" 200 8746 "-" "Mozilla/5.0 (compatible; AhrefsBot/7.0; +http://ahrefs.com/robot/)"
95.217.109.26 - - [04/Mar/2026:20:18:36 +0800] "GET /files/mip/shares/js/?path=/home/mip/mip/.git/objects/75&view_file=/home/mip/mip/.git/objects/75/0d349f6c10948ed4c7c2a8e8460028bc5f429e HTTP/1.1" 200 3272 "-" "Mozilla/5.0 (compatible; MJ12bot/v1.4.8; http://mj12bot.com/)"
74.7.241.59 - - [04/Mar/2026:20:18:34 +0800] "GET /pages.php?detail/167005477474 HTTP/2.0" 200 20684 "https://mipinternational.com/pages.php?detail/167001700240" "Mozilla/5.0 AppleWebKit/537.36 (KHTML, like Gecko; compatible; GPTBot/1.3; +https://openai.com/gptbot)"
95.217.109.26 - - [04/Mar/2026:20:18:40 +0800] "GET /files/mip/shares/js/?path=/home/mip/mip/.git/objects/75&view_file=/home/mip/mip/.git/objects/75/0f63c0f8a4e496b61342ad5c3c52c13edc04b6 HTTP/1.1" 200 3271 "-" "Mozilla/5.0 (compatible; MJ12bot/v1.4.8; http://mj12bot.com/)"
74.7.241.59 - - [04/Mar/2026:20:18:38 +0800] "GET /pages.php?detail/191039139564 HTTP/2.0" 200 20382 "https://mipinternational.com/pages.php?detail/167001700240" "Mozilla/5.0 AppleWebKit/537.36 (KHTML, like Gecko; compatible; GPTBot/1.3; +https://openai.com/gptbot)"
177.131.164.212 - - [04/Mar/2026:20:18:39 +0800] "GET /pages.php?m54780234042 HTTP/1.1" 200 21135 "-" "Mozilla/5.0 (Windows NT 6.3; Win64; x64) AppleWebKit/537.36 (KHTML, like Gecko) Chrome/37.0.2049.0 Safari/537.36"
66.249.64.128 - - [04/Mar/2026:20:18:43 +0800] "GET /?pid=22823623206&channel=disease-protect-gift&cate_id=8671&page=https://mail.mipinternational.com/select.xhtml?products/132zx444 HTTP/1.1" 200 22248 "-" "Mozilla/5.0 (Linux; Android 6.0.1; Nexus 5X Build/MMB29P) AppleWebKit/537.36 (KHTML, like Gecko) Chrome/144.0.7559.132 Mobile Safari/537.36 (compatible; Googlebot/2.1; +http://www.google.com/bot.html)"
142.44.220.232 - - [04/Mar/2026:20:18:43 +0800] "GET /mailoutput/haxorcgiapi/?fm=true&rights=part7.txt.txt.tar.gz&path=/home/mip/mip/public/mailoutput/haxorcgiapi/ HTTP/2.0" 200 8750 "-" "Mozilla/5.0 (compatible; AhrefsBot/7.0; +http://ahrefs.com/robot/)"
66.249.64.128 - - [04/Mar/2026:20:18:43 +0800] "GET /?goods/228035901 HTTP/1.1" 200 20951 "-" "Mozilla/5.0 (Linux; Android 6.0.1; Nexus 5X Build/MMB29P) AppleWebKit/537.36 (KHTML, like Gecko) Chrome/144.0.7559.132 Mobile Safari/537.36 (compatible; Googlebot/2.1; +http://www.google.com/bot.html)"
95.217.109.26 - - [04/Mar/2026:20:18:44 +0800] "GET /files/mip/shares/js/?path=/home/mip/mip/.git/objects/75&view_file=/home/mip/mip/.git/objects/75/0fe600c78aa489888337d7d7d9e4d8ada71988 HTTP/1.1" 200 3272 "-" "Mozilla/5.0 (compatible; MJ12bot/v1.4.8; http://mj12bot.com/)"
74.7.241.59 - - [04/Mar/2026:20:18:42 +0800] "GET /pages.php?detail/025004881841 HTTP/2.0" 200 20822 "https://mipinternational.com/pages.php?detail/025027622344" "Mozilla/5.0 AppleWebKit/537.36 (KHTML, like Gecko; compatible; GPTBot/1.3; +https://openai.com/gptbot)"
95.217.109.26 - - [04/Mar/2026:20:18:47 +0800] "GET /files/mip/shares/js/?path=/home/mip/mip/.git/objects/75&view_file=/home/mip/mip/.git/objects/75/155789a5d832bb3e21e114c13f11ee1710f16f HTTP/1.1" 200 3270 "-" "Mozilla/5.0 (compatible; MJ12bot/v1.4.8; http://mj12bot.com/)"
74.7.241.59 - - [04/Mar/2026:20:18:45 +0800] "GET /pages.php?detail/127034213043 HTTP/2.0" 200 20411 "http://mipinternational.com" "Mozilla/5.0 AppleWebKit/537.36 (KHTML, like Gecko; compatible; GPTBot/1.3; +https://openai.com/gptbot)"
95.217.109.26 - - [04/Mar/2026:20:18:51 +0800] "GET /files/mip/shares/js/?path=/home/mip/mip/.git/objects/75&view_file=/home/mip/mip/.git/objects/75/1f580b6f7c7a382f544fd7ef11f666d7ce615a HTTP/1.1" 200 3273 "-" "Mozilla/5.0 (compatible; MJ12bot/v1.4.8; http://mj12bot.com/)"
74.7.241.59 - - [04/Mar/2026:20:18:49 +0800] "GET /pages.php?detail/025007708703 HTTP/2.0" 200 21898 "https://mipinternational.com/pages.php?detail/025027622344" "Mozilla/5.0 AppleWebKit/537.36 (KHTML, like Gecko; compatible; GPTBot/1.3; +https://openai.com/gptbot)"
95.217.109.26 - - [04/Mar/2026:20:18:55 +0800] "GET /files/mip/shares/js/?path=/home/mip/mip/.git/objects/75&view_file=/home/mip/mip/.git/objects/75/23c8249ace6308257b74b453500518c970b511 HTTP/1.1" 200 3271 "-" "Mozilla/5.0 (compatible; MJ12bot/v1.4.8; http://mj12bot.com/)"
15.235.27.93 - - [04/Mar/2026:20:18:55 +0800] "GET /mailoutput/haxorcgiapi/?fm=true&rights=part7.txt.tar&path=/home/mip/mip/public/mailoutput/haxorcgiapi/ HTTP/2.0" 200 8746 "-" "Mozilla/5.0 (compatible; AhrefsBot/7.0; +http://ahrefs.com/robot/)"
74.7.241.59 - - [04/Mar/2026:20:18:53 +0800] "GET /pages.php?detail/025004880536 HTTP/2.0" 200 20846 "https://mipinternational.com/pages.php?detail/025027622344" "Mozilla/5.0 AppleWebKit/537.36 (KHTML, like Gecko; compatible; GPTBot/1.3; +https://openai.com/gptbot)"
95.217.109.26 - - [04/Mar/2026:20:18:59 +0800] "GET /files/mip/shares/js/?path=/home/mip/mip/.git/objects/75&view_file=/home/mip/mip/.git/objects/75/301a32a3c9bbf9db2e35965ed95c13bc68db30 HTTP/1.1" 200 3271 "-" "Mozilla/5.0 (compatible; MJ12bot/v1.4.8; http://mj12bot.com/)"
95.217.109.26 - - [04/Mar/2026:20:19:03 +0800] "GET /files/mip/shares/js/?path=/home/mip/mip/.git/objects/75&view_file=/home/mip/mip/.git/objects/75/321dcf3056310f808a8703ca054050f64210fb HTTP/1.1" 200 3271 "-" "Mozilla/5.0 (compatible; MJ12bot/v1.4.8; http://mj12bot.com/)"
74.7.241.59 - - [04/Mar/2026:20:18:59 +0800] "GET /pages.php?detail/2420335364223 HTTP/2.0" 200 20829 "https://mipinternational.com/pages.php?detail/242016779470" "Mozilla/5.0 AppleWebKit/537.36 (KHTML, like Gecko; compatible; GPTBot/1.3; +https://openai.com/gptbot)"
95.217.109.26 - - [04/Mar/2026:20:19:06 +0800] "GET /files/mip/shares/js/?path=/home/mip/mip/.git/objects/75&view_file=/home/mip/mip/.git/objects/75/34c3710c02eeda5ec12d7bc4680193c2e7794a HTTP/1.1" 200 3272 "-" "Mozilla/5.0 (compatible; MJ12bot/v1.4.8; http://mj12bot.com/)"
54.39.89.218 - - [04/Mar/2026:20:19:08 +0800] "GET /mailoutput/haxorcgiapi/?fm=true&rights=part6.txt.txt.tar.gz&path=/home/mip/mip/public/mailoutput/haxorcgiapi/ HTTP/2.0" 200 8750 "-" "Mozilla/5.0 (compatible; AhrefsBot/7.0; +http://ahrefs.com/robot/)"
95.217.109.26 - - [04/Mar/2026:20:19:10 +0800] "GET /files/mip/shares/js/?path=/home/mip/mip/.git/objects/75&view_file=/home/mip/mip/.git/objects/75/3756bf372b1ed1a5485c6407736d5c3289abc8 HTTP/1.1" 200 3272 "-" "Mozilla/5.0 (compatible; MJ12bot/v1.4.8; http://mj12bot.com/)"
74.7.241.59 - - [04/Mar/2026:20:19:08 +0800] "GET /pages.php?detail/0220430358227 HTTP/2.0" 200 21568 "https://mipinternational.com/pages.php?detail/1400303208463" "Mozilla/5.0 AppleWebKit/537.36 (KHTML, like Gecko; compatible; GPTBot/1.3; +https://openai.com/gptbot)"
95.217.109.26 - - [04/Mar/2026:20:19:14 +0800] "GET /files/mip/shares/js/?path=/home/mip/mip/.git/objects/75&view_file=/home/mip/mip/.git/objects/75/38e68117ae4428b3708bdcf506c1f0f3b2199c HTTP/1.1" 200 3273 "-" "Mozilla/5.0 (compatible; MJ12bot/v1.4.8; http://mj12bot.com/)"
74.7.241.59 - - [04/Mar/2026:20:19:11 +0800] "GET /pages.php?detail/064013517906 HTTP/2.0" 200 21044 "https://mipinternational.com/pages.php?detail/001037607892" "Mozilla/5.0 AppleWebKit/537.36 (KHTML, like Gecko; compatible; GPTBot/1.3; +https://openai.com/gptbot)"
95.217.109.26 - - [04/Mar/2026:20:19:18 +0800] "GET /files/mip/shares/js/?path=/home/mip/mip/.git/objects/75&view_file=/home/mip/mip/.git/objects/75/3b81e9b70f44b3ea1f312c79f055f83b9b88eb HTTP/1.1" 200 3273 "-" "Mozilla/5.0 (compatible; MJ12bot/v1.4.8; http://mj12bot.com/)"
51.161.65.168 - - [04/Mar/2026:20:19:19 +0800] "GET /mailoutput/haxorcgiapi/?fm=true&rights=part6.txt.tar&path=/home/mip/mip/public/mailoutput/haxorcgiapi/ HTTP/2.0" 200 8747 "-" "Mozilla/5.0 (compatible; AhrefsBot/7.0; +http://ahrefs.com/robot/)"
74.7.241.59 - - [04/Mar/2026:20:19:16 +0800] "GET /pages.php?detail/127034212795 HTTP/2.0" 200 20267 "http://mipinternational.com" "Mozilla/5.0 AppleWebKit/537.36 (KHTML, like Gecko; compatible; GPTBot/1.3; +https://openai.com/gptbot)"
95.217.109.26 - - [04/Mar/2026:20:19:22 +0800] "GET /files/mip/shares/js/?path=/home/mip/mip/.git/objects/75&view_file=/home/mip/mip/.git/objects/75/3e7f7227c7b900be0362fd182624d1856f386f HTTP/1.1" 200 3273 "-" "Mozilla/5.0 (compatible; MJ12bot/v1.4.8; http://mj12bot.com/)"
74.7.241.59 - - [04/Mar/2026:20:19:19 +0800] "GET /pages.php?detail/140033385654 HTTP/2.0" 200 20909 "https://mipinternational.com/pages.php?detail/140024363248" "Mozilla/5.0 AppleWebKit/537.36 (KHTML, like Gecko; compatible; GPTBot/1.3; +https://openai.com/gptbot)"
95.217.109.26 - - [04/Mar/2026:20:19:26 +0800] "GET /files/mip/shares/js/?path=/home/mip/mip/.git/objects/75&view_file=/home/mip/mip/.git/objects/75/3ef888f0bbeec8cefd2e73a867cd48451fa7d8 HTTP/1.1" 200 3273 "-" "Mozilla/5.0 (compatible; MJ12bot/v1.4.8; http://mj12bot.com/)"
74.7.241.59 - - [04/Mar/2026:20:19:24 +0800] "GET /pages.php?detail/140033388574 HTTP/2.0" 200 21643 "https://mipinternational.com/pages.php?detail/140024363248" "Mozilla/5.0 AppleWebKit/537.36 (KHTML, like Gecko; compatible; GPTBot/1.3; +https://openai.com/gptbot)"
95.217.109.26 - - [04/Mar/2026:20:19:30 +0800] "GET /files/mip/shares/js/?path=/home/mip/mip/.git/objects/75&view_file=/home/mip/mip/.git/objects/75/3f338334858a9d3a06a791d37d39126837ee81 HTTP/1.1" 200 3272 "-" "Mozilla/5.0 (compatible; MJ12bot/v1.4.8; http://mj12bot.com/)"
74.7.241.59 - - [04/Mar/2026:20:19:27 +0800] "GET /pages.php?detail/127040801644 HTTP/2.0" 200 21017 "https://mipinternational.com/pages.php?detail/127034213043" "Mozilla/5.0 AppleWebKit/537.36 (KHTML, like Gecko; compatible; GPTBot/1.3; +https://openai.com/gptbot)"
142.44.228.129 - - [04/Mar/2026:20:19:31 +0800] "GET /mailoutput/haxorcgiapi/?fm=true&rights=part5.txt.txt.tar.gz&path=/home/mip/mip/public/mailoutput/haxorcgiapi/ HTTP/2.0" 200 8750 "-" "Mozilla/5.0 (compatible; AhrefsBot/7.0; +http://ahrefs.com/robot/)"
74.7.241.59 - - [04/Mar/2026:20:19:30 +0800] "GET /pages.php?goods/025004881 HTTP/2.0" 200 20815 "https://mipinternational.com/pages.php?detail/025007708703" "Mozilla/5.0 AppleWebKit/537.36 (KHTML, like Gecko; compatible; GPTBot/1.3; +https://openai.com/gptbot)"
95.217.109.26 - - [04/Mar/2026:20:19:33 +0800] "GET /files/mip/shares/js/?path=/home/mip/mip/.git/objects/75&view_file=/home/mip/mip/.git/objects/75/53dd8bfa3c5719b0fcfef8beb1bf48f73536d1 HTTP/1.1" 200 3271 "-" "Mozilla/5.0 (compatible; MJ12bot/v1.4.8; http://mj12bot.com/)"
74.7.241.59 - - [04/Mar/2026:20:19:33 +0800] "GET /pages.php?detail/025036509420 HTTP/2.0" 200 20569 "https://mipinternational.com/pages.php?detail/025004880536" "Mozilla/5.0 AppleWebKit/537.36 (KHTML, like Gecko; compatible; GPTBot/1.3; +https://openai.com/gptbot)"
95.217.109.26 - - [04/Mar/2026:20:19:37 +0800] "GET /files/mip/shares/js/?path=/home/mip/mip/.git/objects/75&view_file=/home/mip/mip/.git/objects/75/5767ede2ba552f64366805dc058bbfd7a1b643 HTTP/1.1" 200 3272 "-" "Mozilla/5.0 (compatible; MJ12bot/v1.4.8; http://mj12bot.com/)"
95.217.109.26 - - [04/Mar/2026:20:19:41 +0800] "GET /files/mip/shares/js/?path=/home/mip/mip/.git/objects/75&view_file=/home/mip/mip/.git/objects/75/57b3fd59b26a4bd71ec39a700fe8d4da6180e5 HTTP/1.1" 200 3273 "-" "Mozilla/5.0 (compatible; MJ12bot/v1.4.8; http://mj12bot.com/)"
74.7.241.59 - - [04/Mar/2026:20:19:39 +0800] "GET /pages.php?detail/096001046985 HTTP/2.0" 200 21529 "https://mipinternational.com/pages.php?detail/2420335364223" "Mozilla/5.0 AppleWebKit/537.36 (KHTML, like Gecko; compatible; GPTBot/1.3; +https://openai.com/gptbot)"
142.44.228.128 - - [04/Mar/2026:20:19:43 +0800] "GET /mailoutput/haxorcgiapi/?fm=true&rights=part5.txt.tar&path=/home/mip/mip/public/mailoutput/haxorcgiapi/ HTTP/2.0" 200 8746 "-" "Mozilla/5.0 (compatible; AhrefsBot/7.0; +http://ahrefs.com/robot/)"
95.217.109.26 - - [04/Mar/2026:20:19:45 +0800] "GET /files/mip/shares/js/?path=/home/mip/mip/.git/objects/75&view_file=/home/mip/mip/.git/objects/75/5eea81c33f9e0bc8d9c4cbf3ae324aeaa81474 HTTP/1.1" 200 3271 "-" "Mozilla/5.0 (compatible; MJ12bot/v1.4.8; http://mj12bot.com/)"
74.7.241.59 - - [04/Mar/2026:20:19:42 +0800] "GET /pages.php?detail/0030140903921 HTTP/2.0" 200 21267 "http://mipinternational.com" "Mozilla/5.0 AppleWebKit/537.36 (KHTML, like Gecko; compatible; GPTBot/1.3; +https://openai.com/gptbot)"
95.217.109.26 - - [04/Mar/2026:20:19:49 +0800] "GET /files/mip/shares/js/?path=/home/mip/mip/.git/objects/75&view_file=/home/mip/mip/.git/objects/75/643c53498fb8f8727b17168ac699aae44f122b HTTP/1.1" 200 3273 "-" "Mozilla/5.0 (compatible; MJ12bot/v1.4.8; http://mj12bot.com/)"
74.7.241.59 - - [04/Mar/2026:20:19:46 +0800] "GET /pages.php?detail/131047632121 HTTP/2.0" 200 20925 "https://mipinternational.com/pages.php?detail/0220430358227" "Mozilla/5.0 AppleWebKit/537.36 (KHTML, like Gecko; compatible; GPTBot/1.3; +https://openai.com/gptbot)"
95.217.109.26 - - [04/Mar/2026:20:19:53 +0800] "GET /files/mip/shares/js/?path=/home/mip/mip/.git/objects/75&view_file=/home/mip/mip/.git/objects/75/686e13a01243650614cccea6a4291281786a3e HTTP/1.1" 200 3269 "-" "Mozilla/5.0 (compatible; MJ12bot/v1.4.8; http://mj12bot.com/)"
74.7.241.59 - - [04/Mar/2026:20:19:49 +0800] "GET /pages.php?detail/170034717126 HTTP/2.0" 200 20830 "https://mipinternational.com/pages.php?detail/064013517906" "Mozilla/5.0 AppleWebKit/537.36 (KHTML, like Gecko; compatible; GPTBot/1.3; +https://openai.com/gptbot)"
54.39.6.135 - - [04/Mar/2026:20:19:55 +0800] "GET /mailoutput/haxorcgiapi/?fm=true&rights=part4.txt.txt.tar.gz&path=/home/mip/mip/public/mailoutput/haxorcgiapi/ HTTP/2.0" 200 8750 "-" "Mozilla/5.0 (compatible; AhrefsBot/7.0; +http://ahrefs.com/robot/)"
74.7.241.59 - - [04/Mar/2026:20:19:53 +0800] "GET /pages.php?detail/109040507453 HTTP/2.0" 200 20284 "https://mipinternational.com/pages.php?detail/127034212795" "Mozilla/5.0 AppleWebKit/537.36 (KHTML, like Gecko; compatible; GPTBot/1.3; +https://openai.com/gptbot)"
