66.249.64.128 - - [04/Mar/2026:22:17:36 +0800] "GET /?goods/294017204 HTTP/1.1" 200 20806 "-" "Mozilla/5.0 (Linux; Android 6.0.1; Nexus 5X Build/MMB29P) AppleWebKit/537.36 (KHTML, like Gecko) Chrome/144.0.7559.132 Mobile Safari/537.36 (compatible; Googlebot/2.1; +http://www.google.com/bot.html)"
74.7.241.59 - - [04/Mar/2026:22:17:34 +0800] "GET /pages.php?detail/206000860489 HTTP/2.0" 200 20667 "https://mipinternational.com/pages.php?detail/2060065644346" "Mozilla/5.0 AppleWebKit/537.36 (KHTML, like Gecko; compatible; GPTBot/1.3; +https://openai.com/gptbot)"
66.249.64.128 - - [04/Mar/2026:22:17:39 +0800] "GET /?goods/040034657 HTTP/1.1" 200 21180 "-" "Mozilla/5.0 (Linux; Android 6.0.1; Nexus 5X Build/MMB29P) AppleWebKit/537.36 (KHTML, like Gecko) Chrome/144.0.7559.132 Mobile Safari/537.36 (compatible; Googlebot/2.1; +http://www.google.com/bot.html)"
74.7.241.59 - - [04/Mar/2026:22:17:37 +0800] "GET /pages.php?jp/181048638.html HTTP/2.0" 200 21152 "https://mipinternational.com/pages.php?detail/2150092104211" "Mozilla/5.0 AppleWebKit/537.36 (KHTML, like Gecko; compatible; GPTBot/1.3; +https://openai.com/gptbot)"
74.7.241.59 - - [04/Mar/2026:22:17:40 +0800] "GET /pages.php?detail/074041920033 HTTP/2.0" 200 21024 "https://mipinternational.com/pages.php?detail/0740375077801" "Mozilla/5.0 AppleWebKit/537.36 (KHTML, like Gecko; compatible; GPTBot/1.3; +https://openai.com/gptbot)"
74.7.241.59 - - [04/Mar/2026:22:17:43 +0800] "GET /pages.php?detail/2610057721500 HTTP/2.0" 200 21638 "https://mipinternational.com/pages.php?detail/261011033061" "Mozilla/5.0 AppleWebKit/537.36 (KHTML, like Gecko; compatible; GPTBot/1.3; +https://openai.com/gptbot)"
148.113.130.225 - - [04/Mar/2026:22:17:46 +0800] "GET /js/images/?path=%2Fhome%2Fmip%2Fmail%2F.mailbox_format.cpanel%2Ftmp HTTP/2.0" 200 1226 "-" "Mozilla/5.0 (compatible; AhrefsBot/7.0; +http://ahrefs.com/robot/)"
74.7.241.59 - - [04/Mar/2026:22:17:45 +0800] "GET /pages.php?detail/194016820144 HTTP/2.0" 200 20467 "https://mipinternational.com/pages.php?goods/229043858" "Mozilla/5.0 AppleWebKit/537.36 (KHTML, like Gecko; compatible; GPTBot/1.3; +https://openai.com/gptbot)"
74.7.241.59 - - [04/Mar/2026:22:17:49 +0800] "GET /pages.php?m189048604 HTTP/2.0" 200 20427 "https://mipinternational.com/pages.php?m93307671551" "Mozilla/5.0 AppleWebKit/537.36 (KHTML, like Gecko; compatible; GPTBot/1.3; +https://openai.com/gptbot)"
74.7.241.59 - - [04/Mar/2026:22:17:54 +0800] "GET /pages.php?detail/0040099158921 HTTP/2.0" 200 20941 "http://mipinternational.com" "Mozilla/5.0 AppleWebKit/537.36 (KHTML, like Gecko; compatible; GPTBot/1.3; +https://openai.com/gptbot)"
66.249.64.67 - - [04/Mar/2026:22:17:58 +0800] "GET /products/110fm27464 HTTP/1.1" 200 20893 "-" "Mozilla/5.0 (Linux; Android 6.0.1; Nexus 5X Build/MMB29P) AppleWebKit/537.36 (KHTML, like Gecko) Chrome/144.0.7559.132 Mobile Safari/537.36 (compatible; Googlebot/2.1; +http://www.google.com/bot.html)"
51.222.95.89 - - [04/Mar/2026:22:17:59 +0800] "GET /js/images/?path=%2Fhome%2Fmip%2Fmail%2F.mailbox_format.cpanel%2Fnew HTTP/2.0" 200 1225 "-" "Mozilla/5.0 (compatible; AhrefsBot/7.0; +http://ahrefs.com/robot/)"
54.39.6.81 - - [04/Mar/2026:22:18:09 +0800] "GET /js/images/?path=%2Fhome%2Fmip%2Fmail%2F.mailbox_format.cpanel%2Fcur HTTP/2.0" 200 1226 "-" "Mozilla/5.0 (compatible; AhrefsBot/7.0; +http://ahrefs.com/robot/)"
74.7.241.59 - - [04/Mar/2026:22:18:08 +0800] "GET /pages.php?detail/021012857060 HTTP/2.0" 200 21299 "https://mipinternational.com/pages.php?detail/0210128580728" "Mozilla/5.0 AppleWebKit/537.36 (KHTML, like Gecko; compatible; GPTBot/1.3; +https://openai.com/gptbot)"
20.194.29.45 - - [04/Mar/2026:22:18:11 +0800] "GET /wp-admin/class-db.php HTTP/1.1" 404 3421 "-" "Mozilla/5.0 (Windows NT 10.0; Win64; x64) AppleWebKit/537.36 (KHTML, like Gecko) Chrome/120.0.0.0 Safari/537.36"
20.194.29.45 - - [04/Mar/2026:22:18:12 +0800] "GET /wp-includes/js/tinymce/skins/lightgray/ HTTP/1.1" 404 3421 "-" "Mozilla/5.0 (Windows NT 10.0; Win64; x64) AppleWebKit/537.36 (KHTML, like Gecko) Chrome/120.0.0.0 Safari/537.36"
20.194.29.45 - - [04/Mar/2026:22:18:12 +0800] "GET /wp-admin/css/colors/coffee/ HTTP/1.1" 404 3421 "-" "Mozilla/5.0 (Windows NT 10.0; Win64; x64) AppleWebKit/537.36 (KHTML, like Gecko) Chrome/120.0.0.0 Safari/537.36"
20.194.29.45 - - [04/Mar/2026:22:18:12 +0800] "GET /wp-includes/images/crystal/ HTTP/1.1" 404 3421 "-" "Mozilla/5.0 (Windows NT 10.0; Win64; x64) AppleWebKit/537.36 (KHTML, like Gecko) Chrome/120.0.0.0 Safari/537.36"
20.194.29.45 - - [04/Mar/2026:22:18:13 +0800] "GET /item.php HTTP/1.1" 404 3421 "-" "Mozilla/5.0 (Windows NT 10.0; Win64; x64) AppleWebKit/537.36 (KHTML, like Gecko) Chrome/120.0.0.0 Safari/537.36"
20.194.29.45 - - [04/Mar/2026:22:18:13 +0800] "GET /wp-content/themes/ HTTP/1.1" 404 3421 "-" "Mozilla/5.0 (Windows NT 10.0; Win64; x64) AppleWebKit/537.36 (KHTML, like Gecko) Chrome/120.0.0.0 Safari/537.36"
20.194.29.45 - - [04/Mar/2026:22:18:13 +0800] "GET /wp-content/languages/themes/num.php HTTP/1.1" 404 3421 "-" "Mozilla/5.0 (Windows NT 10.0; Win64; x64) AppleWebKit/537.36 (KHTML, like Gecko) Chrome/120.0.0.0 Safari/537.36"
20.194.29.45 - - [04/Mar/2026:22:18:13 +0800] "GET /wordpress/wp-admin/maint/ HTTP/1.1" 404 3421 "-" "Mozilla/5.0 (Windows NT 10.0; Win64; x64) AppleWebKit/537.36 (KHTML, like Gecko) Chrome/120.0.0.0 Safari/537.36"
20.194.29.45 - - [04/Mar/2026:22:18:13 +0800] "GET /wp-includes/rest-api/endpoints/ HTTP/1.1" 404 3421 "-" "Mozilla/5.0 (Windows NT 10.0; Win64; x64) AppleWebKit/537.36 (KHTML, like Gecko) Chrome/120.0.0.0 Safari/537.36"
20.194.29.45 - - [04/Mar/2026:22:18:14 +0800] "GET /wp-content/upgrade HTTP/1.1" 404 3421 "-" "Mozilla/5.0 (Windows NT 10.0; Win64; x64) AppleWebKit/537.36 (KHTML, like Gecko) Chrome/120.0.0.0 Safari/537.36"
20.194.29.45 - - [04/Mar/2026:22:18:14 +0800] "GET /wp-includes/style-engine.php HTTP/1.1" 404 3421 "-" "Mozilla/5.0 (Windows NT 10.0; Win64; x64) AppleWebKit/537.36 (KHTML, like Gecko) Chrome/120.0.0.0 Safari/537.36"
20.194.29.45 - - [04/Mar/2026:22:18:14 +0800] "GET /wp-includes/block-bindings/ HTTP/1.1" 404 3421 "-" "Mozilla/5.0 (Windows NT 10.0; Win64; x64) AppleWebKit/537.36 (KHTML, like Gecko) Chrome/120.0.0.0 Safari/537.36"
20.194.29.45 - - [04/Mar/2026:22:18:14 +0800] "GET /wp-content/themes/digital-download/new.php HTTP/1.1" 404 3421 "-" "Mozilla/5.0 (Windows NT 10.0; Win64; x64) AppleWebKit/537.36 (KHTML, like Gecko) Chrome/120.0.0.0 Safari/537.36"
20.194.29.45 - - [04/Mar/2026:22:18:14 +0800] "GET /wp-content/themes/6566deq1/classmap.php HTTP/1.1" 404 3421 "-" "Mozilla/5.0 (Windows NT 10.0; Win64; x64) AppleWebKit/537.36 (KHTML, like Gecko) Chrome/120.0.0.0 Safari/537.36"
20.194.29.45 - - [04/Mar/2026:22:18:15 +0800] "GET /wp-includes/fonts/admin.php HTTP/1.1" 404 3421 "-" "Mozilla/5.0 (Windows NT 10.0; Win64; x64) AppleWebKit/537.36 (KHTML, like Gecko) Chrome/120.0.0.0 Safari/537.36"
74.7.241.59 - - [04/Mar/2026:22:18:11 +0800] "GET /pages.php?jp/032022005.html HTTP/2.0" 200 20521 "https://mipinternational.com/pages.php?detail/206000860489" "Mozilla/5.0 AppleWebKit/537.36 (KHTML, like Gecko; compatible; GPTBot/1.3; +https://openai.com/gptbot)"
20.194.29.45 - - [04/Mar/2026:22:18:15 +0800] "GET /wp-admin/admin-post.php HTTP/1.1" 404 3421 "-" "Mozilla/5.0 (Windows NT 10.0; Win64; x64) AppleWebKit/537.36 (KHTML, like Gecko) Chrome/120.0.0.0 Safari/537.36"
20.194.29.45 - - [04/Mar/2026:22:18:15 +0800] "GET /wp-includes/PHPMailer/purna.php HTTP/1.1" 404 3421 "-" "Mozilla/5.0 (Windows NT 10.0; Win64; x64) AppleWebKit/537.36 (KHTML, like Gecko) Chrome/120.0.0.0 Safari/537.36"
20.194.29.45 - - [04/Mar/2026:22:18:15 +0800] "GET /wp-includes/style-engine/ HTTP/1.1" 404 3421 "-" "Mozilla/5.0 (Windows NT 10.0; Win64; x64) AppleWebKit/537.36 (KHTML, like Gecko) Chrome/120.0.0.0 Safari/537.36"
20.194.29.45 - - [04/Mar/2026:22:18:15 +0800] "GET /options-reading.php HTTP/1.1" 404 3421 "-" "Mozilla/5.0 (Windows NT 10.0; Win64; x64) AppleWebKit/537.36 (KHTML, like Gecko) Chrome/120.0.0.0 Safari/537.36"
20.194.29.45 - - [04/Mar/2026:22:18:16 +0800] "GET /modules/mod_footer.php HTTP/1.1" 404 3421 "-" "Mozilla/5.0 (Windows NT 10.0; Win64; x64) AppleWebKit/537.36 (KHTML, like Gecko) Chrome/120.0.0.0 Safari/537.36"
20.194.29.45 - - [04/Mar/2026:22:18:16 +0800] "GET /wp-content/ HTTP/1.1" 404 3421 "-" "Mozilla/5.0 (Windows NT 10.0; Win64; x64) AppleWebKit/537.36 (KHTML, like Gecko) Chrome/120.0.0.0 Safari/537.36"
20.194.29.45 - - [04/Mar/2026:22:18:16 +0800] "GET /wp-includes/Text.php HTTP/1.1" 404 3421 "-" "Mozilla/5.0 (Windows NT 10.0; Win64; x64) AppleWebKit/537.36 (KHTML, like Gecko) Chrome/120.0.0.0 Safari/537.36"
20.194.29.45 - - [04/Mar/2026:22:18:16 +0800] "GET /.well-known/pki-validation/ HTTP/1.1" 404 3421 "-" "Mozilla/5.0 (Windows NT 10.0; Win64; x64) AppleWebKit/537.36 (KHTML, like Gecko) Chrome/120.0.0.0 Safari/537.36"
20.194.29.45 - - [04/Mar/2026:22:18:16 +0800] "GET /wp-content/languages.php HTTP/1.1" 404 3421 "-" "Mozilla/5.0 (Windows NT 10.0; Win64; x64) AppleWebKit/537.36 (KHTML, like Gecko) Chrome/120.0.0.0 Safari/537.36"
20.194.29.45 - - [04/Mar/2026:22:18:17 +0800] "GET /man.php HTTP/1.1" 404 3421 "-" "Mozilla/5.0 (Windows NT 10.0; Win64; x64) AppleWebKit/537.36 (KHTML, like Gecko) Chrome/120.0.0.0 Safari/537.36"
20.194.29.45 - - [04/Mar/2026:22:18:17 +0800] "GET /wp-admin/.wp_be8.php HTTP/1.1" 404 3421 "-" "Mozilla/5.0 (Windows NT 10.0; Win64; x64) AppleWebKit/537.36 (KHTML, like Gecko) Chrome/120.0.0.0 Safari/537.36"
20.194.29.45 - - [04/Mar/2026:22:18:17 +0800] "GET /wp-admin/.srv_70b.php HTTP/1.1" 404 3421 "-" "Mozilla/5.0 (Windows NT 10.0; Win64; x64) AppleWebKit/537.36 (KHTML, like Gecko) Chrome/120.0.0.0 Safari/537.36"
66.249.64.130 - - [04/Mar/2026:22:18:17 +0800] "GET /?goods/195042361 HTTP/1.1" 200 20853 "-" "Mozilla/5.0 (Linux; Android 6.0.1; Nexus 5X Build/MMB29P) AppleWebKit/537.36 (KHTML, like Gecko) Chrome/144.0.7559.132 Mobile Safari/537.36 (compatible; Googlebot/2.1; +http://www.google.com/bot.html)"
20.194.29.45 - - [04/Mar/2026:22:18:17 +0800] "GET /wp-content/plugins/WordPressCore/index.php HTTP/1.1" 404 3421 "-" "Mozilla/5.0 (Windows NT 10.0; Win64; x64) AppleWebKit/537.36 (KHTML, like Gecko) Chrome/120.0.0.0 Safari/537.36"
20.194.29.45 - - [04/Mar/2026:22:18:17 +0800] "GET /hex.php HTTP/1.1" 404 3421 "-" "Mozilla/5.0 (Windows NT 10.0; Win64; x64) AppleWebKit/537.36 (KHTML, like Gecko) Chrome/120.0.0.0 Safari/537.36"
20.194.29.45 - - [04/Mar/2026:22:18:18 +0800] "GET /wp-includes/css//index.php HTTP/1.1" 404 3421 "-" "Mozilla/5.0 (Windows NT 10.0; Win64; x64) AppleWebKit/537.36 (KHTML, like Gecko) Chrome/120.0.0.0 Safari/537.36"
20.194.29.45 - - [04/Mar/2026:22:18:18 +0800] "GET /wp-content/languages/ HTTP/1.1" 404 3421 "-" "Mozilla/5.0 (Windows NT 10.0; Win64; x64) AppleWebKit/537.36 (KHTML, like Gecko) Chrome/120.0.0.0 Safari/537.36"
51.222.168.63 - - [04/Mar/2026:22:18:18 +0800] "GET /vendor/datatables/?C=D;O=D HTTP/2.0" 200 381 "-" "Mozilla/5.0 (compatible; AhrefsBot/7.0; +http://ahrefs.com/robot/)"
20.194.29.45 - - [04/Mar/2026:22:18:18 +0800] "GET /wp-includes/Requests/library.php HTTP/1.1" 404 3421 "-" "Mozilla/5.0 (Windows NT 10.0; Win64; x64) AppleWebKit/537.36 (KHTML, like Gecko) Chrome/120.0.0.0 Safari/537.36"
74.7.241.59 - - [04/Mar/2026:22:18:15 +0800] "GET /pages.php?detail/181048638869 HTTP/2.0" 200 21005 "https://mipinternational.com/pages.php?jp/181048638.html" "Mozilla/5.0 AppleWebKit/537.36 (KHTML, like Gecko; compatible; GPTBot/1.3; +https://openai.com/gptbot)"
20.194.29.45 - - [04/Mar/2026:22:18:18 +0800] "GET /.well-known/pki-validation.php HTTP/1.1" 404 3421 "-" "Mozilla/5.0 (Windows NT 10.0; Win64; x64) AppleWebKit/537.36 (KHTML, like Gecko) Chrome/120.0.0.0 Safari/537.36"
20.194.29.45 - - [04/Mar/2026:22:18:18 +0800] "GET /wp-admin/css/colors/ocean/ HTTP/1.1" 404 3421 "-" "Mozilla/5.0 (Windows NT 10.0; Win64; x64) AppleWebKit/537.36 (KHTML, like Gecko) Chrome/120.0.0.0 Safari/537.36"
20.194.29.45 - - [04/Mar/2026:22:18:19 +0800] "GET /.well-known HTTP/1.1" 404 3421 "-" "Mozilla/5.0 (Windows NT 10.0; Win64; x64) AppleWebKit/537.36 (KHTML, like Gecko) Chrome/120.0.0.0 Safari/537.36"
20.194.29.45 - - [04/Mar/2026:22:18:19 +0800] "GET //403.php HTTP/1.1" 404 3421 "-" "Mozilla/5.0 (Windows NT 10.0; Win64; x64) AppleWebKit/537.36 (KHTML, like Gecko) Chrome/120.0.0.0 Safari/537.36"
20.194.29.45 - - [04/Mar/2026:22:18:19 +0800] "GET /wp-includes/Text/wp-login.php HTTP/1.1" 404 3421 "-" "Mozilla/5.0 (Windows NT 10.0; Win64; x64) AppleWebKit/537.36 (KHTML, like Gecko) Chrome/120.0.0.0 Safari/537.36"
20.194.29.45 - - [04/Mar/2026:22:18:19 +0800] "GET /wp-includes/ID3 HTTP/1.1" 404 3421 "-" "Mozilla/5.0 (Windows NT 10.0; Win64; x64) AppleWebKit/537.36 (KHTML, like Gecko) Chrome/120.0.0.0 Safari/537.36"
20.194.29.45 - - [04/Mar/2026:22:18:19 +0800] "GET /wp-admin/user/credits.php HTTP/1.1" 404 3421 "-" "Mozilla/5.0 (Windows NT 10.0; Win64; x64) AppleWebKit/537.36 (KHTML, like Gecko) Chrome/120.0.0.0 Safari/537.36"
20.194.29.45 - - [04/Mar/2026:22:18:20 +0800] "GET /content.php HTTP/1.1" 404 3421 "-" "Mozilla/5.0 (Windows NT 10.0; Win64; x64) AppleWebKit/537.36 (KHTML, like Gecko) Chrome/120.0.0.0 Safari/537.36"
20.194.29.45 - - [04/Mar/2026:22:18:20 +0800] "GET /public.php HTTP/1.1" 404 3421 "-" "Mozilla/5.0 (Windows NT 10.0; Win64; x64) AppleWebKit/537.36 (KHTML, like Gecko) Chrome/120.0.0.0 Safari/537.36"
20.194.29.45 - - [04/Mar/2026:22:18:20 +0800] "GET /wp-includes/images/crystal/sc.php HTTP/1.1" 404 3421 "-" "Mozilla/5.0 (Windows NT 10.0; Win64; x64) AppleWebKit/537.36 (KHTML, like Gecko) Chrome/120.0.0.0 Safari/537.36"
20.194.29.45 - - [04/Mar/2026:22:18:20 +0800] "GET /assets/images/index.php HTTP/1.1" 404 3421 "-" "Mozilla/5.0 (Windows NT 10.0; Win64; x64) AppleWebKit/537.36 (KHTML, like Gecko) Chrome/120.0.0.0 Safari/537.36"
20.194.29.45 - - [04/Mar/2026:22:18:20 +0800] "GET /wp-includes/images/wlw/ HTTP/1.1" 404 3421 "-" "Mozilla/5.0 (Windows NT 10.0; Win64; x64) AppleWebKit/537.36 (KHTML, like Gecko) Chrome/120.0.0.0 Safari/537.36"
20.194.29.45 - - [04/Mar/2026:22:18:21 +0800] "GET /load.php HTTP/1.1" 404 3421 "-" "Mozilla/5.0 (Windows NT 10.0; Win64; x64) AppleWebKit/537.36 (KHTML, like Gecko) Chrome/120.0.0.0 Safari/537.36"
20.194.29.45 - - [04/Mar/2026:22:18:21 +0800] "GET /.well-known/home.php HTTP/1.1" 404 3421 "-" "Mozilla/5.0 (Windows NT 10.0; Win64; x64) AppleWebKit/537.36 (KHTML, like Gecko) Chrome/120.0.0.0 Safari/537.36"
20.194.29.45 - - [04/Mar/2026:22:18:21 +0800] "GET /wp-includes/wp-includes/ HTTP/1.1" 404 3421 "-" "Mozilla/5.0 (Windows NT 10.0; Win64; x64) AppleWebKit/537.36 (KHTML, like Gecko) Chrome/120.0.0.0 Safari/537.36"
20.194.29.45 - - [04/Mar/2026:22:18:21 +0800] "GET /wp-includes/rest-api/fields/ HTTP/1.1" 404 3421 "-" "Mozilla/5.0 (Windows NT 10.0; Win64; x64) AppleWebKit/537.36 (KHTML, like Gecko) Chrome/120.0.0.0 Safari/537.36"
20.194.29.45 - - [04/Mar/2026:22:18:21 +0800] "GET /wp-includes/blocks/post-author/ HTTP/1.1" 404 3421 "-" "Mozilla/5.0 (Windows NT 10.0; Win64; x64) AppleWebKit/537.36 (KHTML, like Gecko) Chrome/120.0.0.0 Safari/537.36"
74.7.241.59 - - [04/Mar/2026:22:18:18 +0800] "GET /pages.php?detail/086042887689 HTTP/2.0" 200 21000 "https://mipinternational.com/pages.php?detail/0210128580728" "Mozilla/5.0 AppleWebKit/537.36 (KHTML, like Gecko; compatible; GPTBot/1.3; +https://openai.com/gptbot)"
20.194.29.45 - - [04/Mar/2026:22:18:22 +0800] "GET /flower.php HTTP/1.1" 404 3421 "-" "Mozilla/5.0 (Windows NT 10.0; Win64; x64) AppleWebKit/537.36 (KHTML, like Gecko) Chrome/120.0.0.0 Safari/537.36"
20.194.29.45 - - [04/Mar/2026:22:18:22 +0800] "GET /wp-includes/header.php HTTP/1.1" 404 3421 "-" "Mozilla/5.0 (Windows NT 10.0; Win64; x64) AppleWebKit/537.36 (KHTML, like Gecko) Chrome/120.0.0.0 Safari/537.36"
20.194.29.45 - - [04/Mar/2026:22:18:22 +0800] "GET /wp-includes/images/crystal.php HTTP/1.1" 404 3421 "-" "Mozilla/5.0 (Windows NT 10.0; Win64; x64) AppleWebKit/537.36 (KHTML, like Gecko) Chrome/120.0.0.0 Safari/537.36"
20.194.29.45 - - [04/Mar/2026:22:18:22 +0800] "GET /elp.php HTTP/1.1" 404 3421 "-" "Mozilla/5.0 (Windows NT 10.0; Win64; x64) AppleWebKit/537.36 (KHTML, like Gecko) Chrome/120.0.0.0 Safari/537.36"
20.194.29.45 - - [04/Mar/2026:22:18:22 +0800] "GET /wp-admin/js/my.php HTTP/1.1" 404 3421 "-" "Mozilla/5.0 (Windows NT 10.0; Win64; x64) AppleWebKit/537.36 (KHTML, like Gecko) Chrome/120.0.0.0 Safari/537.36"
20.194.29.45 - - [04/Mar/2026:22:18:23 +0800] "GET /wp-includes/SimplePie/admin.php HTTP/1.1" 404 3421 "-" "Mozilla/5.0 (Windows NT 10.0; Win64; x64) AppleWebKit/537.36 (KHTML, like Gecko) Chrome/120.0.0.0 Safari/537.36"
20.194.29.45 - - [04/Mar/2026:22:18:23 +0800] "GET /wp-includes/sodium_compat/ HTTP/1.1" 404 3421 "-" "Mozilla/5.0 (Windows NT 10.0; Win64; x64) AppleWebKit/537.36 (KHTML, like Gecko) Chrome/120.0.0.0 Safari/537.36"
20.194.29.45 - - [04/Mar/2026:22:18:23 +0800] "GET /wp-content/plugins/all-in-one-wp-security-and-firewall/templates/wp.php HTTP/1.1" 404 3421 "-" "Mozilla/5.0 (Windows NT 10.0; Win64; x64) AppleWebKit/537.36 (KHTML, like Gecko) Chrome/120.0.0.0 Safari/537.36"
20.194.29.45 - - [04/Mar/2026:22:18:23 +0800] "GET /wp-includes/images/smilies/ HTTP/1.1" 404 3421 "-" "Mozilla/5.0 (Windows NT 10.0; Win64; x64) AppleWebKit/537.36 (KHTML, like Gecko) Chrome/120.0.0.0 Safari/537.36"
20.194.29.45 - - [04/Mar/2026:22:18:23 +0800] "GET /wp-logs.php HTTP/1.1" 404 3421 "-" "Mozilla/5.0 (Windows NT 10.0; Win64; x64) AppleWebKit/537.36 (KHTML, like Gecko) Chrome/120.0.0.0 Safari/537.36"
20.194.29.45 - - [04/Mar/2026:22:18:24 +0800] "GET /wp-links.php/wp-content/plugins/wp-content/uploa HTTP/1.1" 404 3421 "-" "Mozilla/5.0 (Windows NT 10.0; Win64; x64) AppleWebKit/537.36 (KHTML, like Gecko) Chrome/120.0.0.0 Safari/537.36"
74.7.241.59 - - [04/Mar/2026:22:18:22 +0800] "GET /pages.php?detail/208013980078 HTTP/2.0" 200 20852 "https://mipinternational.com/pages.php?detail/2610057721500" "Mozilla/5.0 AppleWebKit/537.36 (KHTML, like Gecko; compatible; GPTBot/1.3; +https://openai.com/gptbot)"
74.7.241.59 - - [04/Mar/2026:22:18:25 +0800] "GET /pages.php?detail/163017496874 HTTP/2.0" 200 20850 "https://mipinternational.com/pages.php?detail/074041920033" "Mozilla/5.0 AppleWebKit/537.36 (KHTML, like Gecko; compatible; GPTBot/1.3; +https://openai.com/gptbot)"
54.39.136.244 - - [04/Mar/2026:22:18:29 +0800] "GET /js/images/?path=%2Fhome%2Fmip%2Ftmp%2Fpma_template_compiles_mip HTTP/2.0" 200 1268 "-" "Mozilla/5.0 (compatible; AhrefsBot/7.0; +http://ahrefs.com/robot/)"
74.7.241.59 - - [04/Mar/2026:22:18:29 +0800] "GET /pages.php?detail/2710110981614 HTTP/2.0" 200 20475 "https://mipinternational.com/pages.php?detail/128009606110" "Mozilla/5.0 AppleWebKit/537.36 (KHTML, like Gecko; compatible; GPTBot/1.3; +https://openai.com/gptbot)"
74.7.241.59 - - [04/Mar/2026:22:18:33 +0800] "GET /pages.php?detail/004033900259 HTTP/2.0" 200 22002 "https://mipinternational.com/pages.php?detail/0040099158921" "Mozilla/5.0 AppleWebKit/537.36 (KHTML, like Gecko; compatible; GPTBot/1.3; +https://openai.com/gptbot)"
51.161.37.220 - - [04/Mar/2026:22:18:39 +0800] "GET /js/images/?path=%2Fhome%2Fmip%2Fmip%2F.git%2Fobjects%2F32 HTTP/2.0" 200 3166 "-" "Mozilla/5.0 (compatible; AhrefsBot/7.0; +http://ahrefs.com/robot/)"
14.170.21.135 - - [04/Mar/2026:22:18:38 +0800] "GET /pages.php?185027671 HTTP/1.1" 200 20777 "-" "Mozilla/5.0 (Windows NT 4.0; WOW64) AppleWebKit/537.36 (KHTML, like Gecko) Chrome/37.0.2049.0 Safari/537.36"
74.7.241.59 - - [04/Mar/2026:22:18:40 +0800] "GET /pages.php?detail/202036529820 HTTP/2.0" 200 21056 "http://mipinternational.com" "Mozilla/5.0 AppleWebKit/537.36 (KHTML, like Gecko; compatible; GPTBot/1.3; +https://openai.com/gptbot)"
74.7.241.59 - - [04/Mar/2026:22:18:43 +0800] "GET /pages.php?detail/0040338992038 HTTP/2.0" 200 20606 "https://mipinternational.com/pages.php?detail/0040099158921" "Mozilla/5.0 AppleWebKit/537.36 (KHTML, like Gecko; compatible; GPTBot/1.3; +https://openai.com/gptbot)"
74.7.241.59 - - [04/Mar/2026:22:18:46 +0800] "GET /pages.php?detail/1450380650615 HTTP/2.0" 200 21626 "https://mipinternational.com/pages.php?detail/145015501039" "Mozilla/5.0 AppleWebKit/537.36 (KHTML, like Gecko; compatible; GPTBot/1.3; +https://openai.com/gptbot)"
66.249.64.128 - - [04/Mar/2026:22:18:50 +0800] "GET /?pid=22823623206&channel=snap-benefit-speculation&cate_id=8671&page=https://mail.mipinternational.com/select.xhtml?252039167 HTTP/1.1" 200 20706 "-" "Mozilla/5.0 (Linux; Android 6.0.1; Nexus 5X Build/MMB29P) AppleWebKit/537.36 (KHTML, like Gecko) Chrome/144.0.7559.132 Mobile Safari/537.36 (compatible; Googlebot/2.1; +http://www.google.com/bot.html)"
54.39.89.219 - - [04/Mar/2026:22:18:51 +0800] "GET /js/images/?path=%2Fhome%2Fmip%2Fmip%2F.git%2Frefs%2Fremotes HTTP/2.0" 200 1274 "-" "Mozilla/5.0 (compatible; AhrefsBot/7.0; +http://ahrefs.com/robot/)"
66.249.64.66 - - [04/Mar/2026:22:18:51 +0800] "GET /products/105ue18605 HTTP/1.1" 200 20341 "-" "Mozilla/5.0 (Linux; Android 6.0.1; Nexus 5X Build/MMB29P) AppleWebKit/537.36 (KHTML, like Gecko) Chrome/144.0.7559.132 Mobile Safari/537.36 (compatible; Googlebot/2.1; +http://www.google.com/bot.html)"
74.7.241.59 - - [04/Mar/2026:22:18:50 +0800] "GET /pages.php?detail/032022000885 HTTP/2.0" 200 20337 "https://mipinternational.com/pages.php?jp/032022005.html" "Mozilla/5.0 AppleWebKit/537.36 (KHTML, like Gecko; compatible; GPTBot/1.3; +https://openai.com/gptbot)"
74.7.241.59 - - [04/Mar/2026:22:18:53 +0800] "GET /pages.php?detail/0320220014592 HTTP/2.0" 200 20829 "https://mipinternational.com/pages.php?jp/032022005.html" "Mozilla/5.0 AppleWebKit/537.36 (KHTML, like Gecko; compatible; GPTBot/1.3; +https://openai.com/gptbot)"
74.7.241.59 - - [04/Mar/2026:22:18:56 +0800] "GET /pages.php?detail/033019366622 HTTP/2.0" 200 20796 "https://mipinternational.com/pages.php?detail/086042887689" "Mozilla/5.0 AppleWebKit/537.36 (KHTML, like Gecko; compatible; GPTBot/1.3; +https://openai.com/gptbot)"
167.114.139.188 - - [04/Mar/2026:22:19:00 +0800] "GET /js/images/?path=%2Fhome%2Fmip%2Fmip%2F.git%2Frefs%2Fheads HTTP/2.0" 200 1339 "-" "Mozilla/5.0 (compatible; AhrefsBot/7.0; +http://ahrefs.com/robot/)"
74.7.241.59 - - [04/Mar/2026:22:18:59 +0800] "GET /pages.php?detail/2110298229096 HTTP/2.0" 200 21781 "https://mipinternational.com/pages.php?jp/032022005.html" "Mozilla/5.0 AppleWebKit/537.36 (KHTML, like Gecko; compatible; GPTBot/1.3; +https://openai.com/gptbot)"
74.7.241.59 - - [04/Mar/2026:22:19:02 +0800] "GET /pages.php?detail/163021024420 HTTP/2.0" 200 21369 "https://mipinternational.com/pages.php?detail/163017496874" "Mozilla/5.0 AppleWebKit/537.36 (KHTML, like Gecko; compatible; GPTBot/1.3; +https://openai.com/gptbot)"
74.7.241.59 - - [04/Mar/2026:22:19:04 +0800] "GET /pages.php?detail/271047041574 HTTP/2.0" 200 20981 "https://mipinternational.com/pages.php?detail/2710110981614" "Mozilla/5.0 AppleWebKit/537.36 (KHTML, like Gecko; compatible; GPTBot/1.3; +https://openai.com/gptbot)"
15.235.98.26 - - [04/Mar/2026:22:19:08 +0800] "GET /vendor/datatables/?C=M;O=D HTTP/2.0" 200 381 "-" "Mozilla/5.0 (compatible; AhrefsBot/7.0; +http://ahrefs.com/robot/)"
74.7.241.59 - - [04/Mar/2026:22:19:07 +0800] "GET /pages.php?detail/004024825302 HTTP/2.0" 200 21085 "https://mipinternational.com/pages.php?detail/004033900259" "Mozilla/5.0 AppleWebKit/537.36 (KHTML, like Gecko; compatible; GPTBot/1.3; +https://openai.com/gptbot)"
74.7.241.59 - - [04/Mar/2026:22:19:10 +0800] "GET /pages.php?detail/202006767379 HTTP/2.0" 200 20434 "http://mipinternational.com" "Mozilla/5.0 AppleWebKit/537.36 (KHTML, like Gecko; compatible; GPTBot/1.3; +https://openai.com/gptbot)"
66.249.64.128 - - [04/Mar/2026:22:19:14 +0800] "GET /?goods/228004193 HTTP/1.1" 200 20520 "-" "Mozilla/5.0 (Linux; Android 6.0.1; Nexus 5X Build/MMB29P) AppleWebKit/537.36 (KHTML, like Gecko) Chrome/144.0.7559.132 Mobile Safari/537.36 (compatible; Googlebot/2.1; +http://www.google.com/bot.html)"
66.249.64.130 - - [04/Mar/2026:22:19:15 +0800] "GET /?goods/187006247 HTTP/1.1" 200 20974 "-" "Mozilla/5.0 (Linux; Android 6.0.1; Nexus 5X Build/MMB29P) AppleWebKit/537.36 (KHTML, like Gecko) Chrome/144.0.7559.132 Mobile Safari/537.36 (compatible; Googlebot/2.1; +http://www.google.com/bot.html)"
51.222.168.76 - - [04/Mar/2026:22:19:19 +0800] "GET /website/css/ HTTP/2.0" 200 463 "-" "Mozilla/5.0 (compatible; AhrefsBot/7.0; +http://ahrefs.com/robot/)"
74.7.241.59 - - [04/Mar/2026:22:19:17 +0800] "GET /pages.php?goods/282034099 HTTP/2.0" 200 20397 "https://mipinternational.com/pages.php?detail/0040338992038" "Mozilla/5.0 AppleWebKit/537.36 (KHTML, like Gecko; compatible; GPTBot/1.3; +https://openai.com/gptbot)"
74.7.241.59 - - [04/Mar/2026:22:19:21 +0800] "GET /pages.php?detail/141041090728 HTTP/2.0" 200 20807 "https://mipinternational.com/pages.php?detail/004033900259" "Mozilla/5.0 AppleWebKit/537.36 (KHTML, like Gecko; compatible; GPTBot/1.3; +https://openai.com/gptbot)"
74.7.241.59 - - [04/Mar/2026:22:19:24 +0800] "GET /pages.php?detail/032001367913 HTTP/2.0" 200 20347 "https://mipinternational.com/pages.php?detail/032022000885" "Mozilla/5.0 AppleWebKit/537.36 (KHTML, like Gecko; compatible; GPTBot/1.3; +https://openai.com/gptbot)"
15.235.96.18 - - [04/Mar/2026:22:19:29 +0800] "GET /js/images/?path=%2Fhome%2Fmip%2Fmip%2Fpublic%2Fjs%2Fimages HTTP/2.0" 200 1365 "-" "Mozilla/5.0 (compatible; AhrefsBot/7.0; +http://ahrefs.com/robot/)"
74.7.241.59 - - [04/Mar/2026:22:19:27 +0800] "GET /pages.php?detail/002018726601 HTTP/2.0" 200 21195 "https://mipinternational.com/pages.php?detail/0320220014592" "Mozilla/5.0 AppleWebKit/537.36 (KHTML, like Gecko; compatible; GPTBot/1.3; +https://openai.com/gptbot)"
74.7.241.59 - - [04/Mar/2026:22:19:31 +0800] "GET /pages.php?detail/033035934695 HTTP/2.0" 200 21852 "https://mipinternational.com/pages.php?detail/033019366622" "Mozilla/5.0 AppleWebKit/537.36 (KHTML, like Gecko; compatible; GPTBot/1.3; +https://openai.com/gptbot)"
74.7.241.59 - - [04/Mar/2026:22:19:34 +0800] "GET /pages.php?detail/138043711704 HTTP/2.0" 200 20988 "https://mipinternational.com/pages.php?detail/2110298229096" "Mozilla/5.0 AppleWebKit/537.36 (KHTML, like Gecko; compatible; GPTBot/1.3; +https://openai.com/gptbot)"
148.113.130.120 - - [04/Mar/2026:22:19:37 +0800] "GET /js/images/?path=%2Fhome%2Fmip%2Fmip%2Fvendor%2Fsymfony%2Ferror-handler HTTP/2.0" 200 1621 "-" "Mozilla/5.0 (compatible; AhrefsBot/7.0; +http://ahrefs.com/robot/)"
74.7.241.59 - - [04/Mar/2026:22:19:37 +0800] "GET /pages.php?jp/217035664.html HTTP/2.0" 200 20819 "https://mipinternational.com/pages.php?detail/163021024420" "Mozilla/5.0 AppleWebKit/537.36 (KHTML, like Gecko; compatible; GPTBot/1.3; +https://openai.com/gptbot)"
74.7.241.59 - - [04/Mar/2026:22:19:41 +0800] "GET /pages.php?detail/223030679922 HTTP/2.0" 200 20098 "https://mipinternational.com/pages.php?detail/271047041574" "Mozilla/5.0 AppleWebKit/537.36 (KHTML, like Gecko; compatible; GPTBot/1.3; +https://openai.com/gptbot)"
74.7.241.59 - - [04/Mar/2026:22:19:43 +0800] "GET /pages.php?detail/004043993557 HTTP/2.0" 200 20919 "https://mipinternational.com/pages.php?detail/004024825302" "Mozilla/5.0 AppleWebKit/537.36 (KHTML, like Gecko; compatible; GPTBot/1.3; +https://openai.com/gptbot)"
51.161.65.44 - - [04/Mar/2026:22:19:48 +0800] "GET /vendor/datatables/?C=N;O=A HTTP/2.0" 200 385 "-" "Mozilla/5.0 (compatible; AhrefsBot/7.0; +http://ahrefs.com/robot/)"
74.7.241.59 - - [04/Mar/2026:22:19:47 +0800] "GET /pages.php?detail/028019458040 HTTP/2.0" 200 20856 "https://mipinternational.com/pages.php?detail/271047041574" "Mozilla/5.0 AppleWebKit/537.36 (KHTML, like Gecko; compatible; GPTBot/1.3; +https://openai.com/gptbot)"
66.249.64.128 - - [04/Mar/2026:22:19:53 +0800] "GET /?pid=22823623206&channel=dog-dose-resident&cate_id=8671&page=https://mail.mipinternational.com/select.xhtml?products/61ei6429 HTTP/1.1" 200 20941 "-" "Mozilla/5.0 (Linux; Android 6.0.1; Nexus 5X Build/MMB29P) AppleWebKit/537.36 (KHTML, like Gecko) Chrome/144.0.7559.132 Mobile Safari/537.36 (compatible; Googlebot/2.1; +http://www.google.com/bot.html)"
66.249.64.67 - - [04/Mar/2026:22:19:55 +0800] "GET /mekamono-mie-gm-dpb-2200w-1-5 HTTP/1.1" 200 20377 "-" "Mozilla/5.0 (Linux; Android 6.0.1; Nexus 5X Build/MMB29P) AppleWebKit/537.36 (KHTML, like Gecko) Chrome/144.0.7559.132 Mobile Safari/537.36 (compatible; Googlebot/2.1; +http://www.google.com/bot.html)"
74.7.241.59 - - [04/Mar/2026:22:19:53 +0800] "GET /pages.php?detail/033035704846 HTTP/2.0" 200 21740 "https://mipinternational.com/pages.php?detail/033019366622" "Mozilla/5.0 AppleWebKit/537.36 (KHTML, like Gecko; compatible; GPTBot/1.3; +https://openai.com/gptbot)"
15.235.98.2 - - [04/Mar/2026:22:19:58 +0800] "GET /js/images/?path=%2Fhome%2Fmip%2Fmip%2Fstorage%2Fframework%2Fcache HTTP/2.0" 200 1422 "-" "Mozilla/5.0 (compatible; AhrefsBot/7.0; +http://ahrefs.com/robot/)"
74.7.241.59 - - [04/Mar/2026:22:19:56 +0800] "GET /pages.php?detail/004043145329 HTTP/2.0" 200 21184 "https://mipinternational.com/pages.php?detail/004024825302" "Mozilla/5.0 AppleWebKit/537.36 (KHTML, like Gecko; compatible; GPTBot/1.3; +https://openai.com/gptbot)"
74.7.241.59 - - [04/Mar/2026:22:19:59 +0800] "GET /pages.php?detail/032014291942 HTTP/2.0" 200 20225 "https://mipinternational.com/pages.php?detail/032001367913" "Mozilla/5.0 AppleWebKit/537.36 (KHTML, like Gecko; compatible; GPTBot/1.3; +https://openai.com/gptbot)"
74.7.241.59 - - [04/Mar/2026:22:20:02 +0800] "GET /pages.php?detail/0370422460931 HTTP/2.0" 200 20907 "https://mipinternational.com/pages.php?detail/002018726601" "Mozilla/5.0 AppleWebKit/537.36 (KHTML, like Gecko; compatible; GPTBot/1.3; +https://openai.com/gptbot)"
74.7.241.59 - - [04/Mar/2026:22:20:05 +0800] "GET /pages.php?detail/033034875955 HTTP/2.0" 200 21081 "https://mipinternational.com/pages.php?detail/033019366622" "Mozilla/5.0 AppleWebKit/537.36 (KHTML, like Gecko; compatible; GPTBot/1.3; +https://openai.com/gptbot)"
51.161.65.126 - - [04/Mar/2026:22:20:08 +0800] "GET /js/images/?path=%2Fhome%2Fmip%2F.cphorde%2Fmeta HTTP/2.0" 200 1400 "-" "Mozilla/5.0 (compatible; AhrefsBot/7.0; +http://ahrefs.com/robot/)"
14.165.50.48 - - [04/Mar/2026:22:20:08 +0800] "GET /img/credit/datatables/?fm=true&path=%2Fhome%2Fmip%2Fmip%2Fpublic%2Fimg%2Fcredit%2Fdatatables%2F&rights=cache_95800601f4b87aad4ae6543814ce6d21.tar.gz HTTP/1.1" 200 8769 "-" "Mozilla/5.0 (Windows NT 6.2; WOW64) AppleWebKit/537.14 (KHTML, like Gecko) Chrome/24.0.1292.0 Safari/537.14"
74.7.241.59 - - [04/Mar/2026:22:20:12 +0800] "GET /pages.php?detail/163020480029 HTTP/2.0" 200 20804 "https://mipinternational.com/pages.php?detail/163017496874" "Mozilla/5.0 AppleWebKit/537.36 (KHTML, like Gecko; compatible; GPTBot/1.3; +https://openai.com/gptbot)"
142.44.233.98 - - [04/Mar/2026:22:20:17 +0800] "GET /js/images/?path=%2Fhome%2Fmip%2Fmip%2Fresources%2Fviews%2Fvendor HTTP/2.0" 200 1439 "-" "Mozilla/5.0 (compatible; AhrefsBot/7.0; +http://ahrefs.com/robot/)"
74.7.241.59 - - [04/Mar/2026:22:20:15 +0800] "GET /pages.php?detail/279025254395 HTTP/2.0" 200 21585 "https://mipinternational.com/pages.php?detail/223030679922" "Mozilla/5.0 AppleWebKit/537.36 (KHTML, like Gecko; compatible; GPTBot/1.3; +https://openai.com/gptbot)"
74.7.241.59 - - [04/Mar/2026:22:20:18 +0800] "GET /pages.php?detail/030021552174 HTTP/2.0" 200 21094 "https://mipinternational.com/pages.php?detail/002018726601" "Mozilla/5.0 AppleWebKit/537.36 (KHTML, like Gecko; compatible; GPTBot/1.3; +https://openai.com/gptbot)"
74.7.241.59 - - [04/Mar/2026:22:20:22 +0800] "GET /pages.php?detail/294027167149 HTTP/2.0" 200 20720 "https://mipinternational.com/pages.php?detail/004024825302" "Mozilla/5.0 AppleWebKit/537.36 (KHTML, like Gecko; compatible; GPTBot/1.3; +https://openai.com/gptbot)"
15.235.98.219 - - [04/Mar/2026:22:20:27 +0800] "GET /js/images/?path=%2Fhome%2Fmip%2Fwww%2Fjs%2Fimages HTTP/2.0" 200 1359 "-" "Mozilla/5.0 (compatible; AhrefsBot/7.0; +http://ahrefs.com/robot/)"
74.7.241.59 - - [04/Mar/2026:22:20:28 +0800] "GET /pages.php?detail/203038912650 HTTP/2.0" 200 20934 "https://mipinternational.com/pages.php?detail/033035704846" "Mozilla/5.0 AppleWebKit/537.36 (KHTML, like Gecko; compatible; GPTBot/1.3; +https://openai.com/gptbot)"
66.249.64.130 - - [04/Mar/2026:22:20:31 +0800] "GET /?goods/146028897 HTTP/1.1" 200 20882 "-" "Mozilla/5.0 (Linux; Android 6.0.1; Nexus 5X Build/MMB29P) AppleWebKit/537.36 (KHTML, like Gecko) Chrome/144.0.7559.132 Mobile Safari/537.36 (compatible; Googlebot/2.1; +http://www.google.com/bot.html)"
74.7.241.59 - - [04/Mar/2026:22:20:31 +0800] "GET /pages.php?detail/004041866307 HTTP/2.0" 200 20822 "https://mipinternational.com/pages.php?detail/004043145329" "Mozilla/5.0 AppleWebKit/537.36 (KHTML, like Gecko; compatible; GPTBot/1.3; +https://openai.com/gptbot)"
51.161.65.231 - - [04/Mar/2026:22:20:37 +0800] "GET /js/images/?path=%2Fhome%2Fmip%2Fwww%2Fphotos&view_file=%2Fhome%2Fmip%2Fwww%2Fphotos%2Fngek.php HTTP/2.0" 200 2131 "-" "Mozilla/5.0 (compatible; AhrefsBot/7.0; +http://ahrefs.com/robot/)"
74.7.241.59 - - [04/Mar/2026:22:20:34 +0800] "GET /pages.php?detail/032014289232 HTTP/2.0" 200 20688 "https://mipinternational.com/pages.php?detail/032014291942" "Mozilla/5.0 AppleWebKit/537.36 (KHTML, like Gecko; compatible; GPTBot/1.3; +https://openai.com/gptbot)"
74.7.241.59 - - [04/Mar/2026:22:20:37 +0800] "GET /pages.php?detail/015042828075 HTTP/2.0" 200 20430 "https://mipinternational.com/pages.php?detail/202036529820" "Mozilla/5.0 AppleWebKit/537.36 (KHTML, like Gecko; compatible; GPTBot/1.3; +https://openai.com/gptbot)"
66.249.64.128 - - [04/Mar/2026:22:20:41 +0800] "GET /?pid=22823623206&channel=delivery-shed-precisely&cate_id=8671&page=https://mail.mipinternational.com/select.xhtml?092033337 HTTP/1.1" 200 20558 "-" "Mozilla/5.0 (Linux; Android 6.0.1; Nexus 5X Build/MMB29P) AppleWebKit/537.36 (KHTML, like Gecko) Chrome/144.0.7559.132 Mobile Safari/537.36 (compatible; Googlebot/2.1; +http://www.google.com/bot.html)"
74.7.241.59 - - [04/Mar/2026:22:20:40 +0800] "GET /pages.php?detail/010048303391 HTTP/2.0" 200 20785 "https://mipinternational.com/pages.php?detail/004043993557" "Mozilla/5.0 AppleWebKit/537.36 (KHTML, like Gecko; compatible; GPTBot/1.3; +https://openai.com/gptbot)"
74.7.241.59 - - [04/Mar/2026:22:20:43 +0800] "GET /pages.php?detail/009041097774 HTTP/2.0" 200 20810 "https://mipinternational.com/pages.php?detail/138043711704" "Mozilla/5.0 AppleWebKit/537.36 (KHTML, like Gecko; compatible; GPTBot/1.3; +https://openai.com/gptbot)"
148.113.128.86 - - [04/Mar/2026:22:20:46 +0800] "GET /js/images/?path=%2Fhome%2Fmip%2Fmip%2Fvendor%2Fsymfony%2Fstring HTTP/2.0" 200 1599 "-" "Mozilla/5.0 (compatible; AhrefsBot/7.0; +http://ahrefs.com/robot/)"
74.7.241.59 - - [04/Mar/2026:22:20:46 +0800] "GET /pages.php?detail/202036464204 HTTP/2.0" 200 20636 "https://mipinternational.com/pages.php?detail/202006767379" "Mozilla/5.0 AppleWebKit/537.36 (KHTML, like Gecko; compatible; GPTBot/1.3; +https://openai.com/gptbot)"
74.7.241.59 - - [04/Mar/2026:22:20:50 +0800] "GET /pages.php?detail/188026201264 HTTP/2.0" 200 21261 "https://mipinternational.com/pages.php?detail/279025254395" "Mozilla/5.0 AppleWebKit/537.36 (KHTML, like Gecko; compatible; GPTBot/1.3; +https://openai.com/gptbot)"
15.235.98.167 - - [04/Mar/2026:22:20:54 +0800] "GET /js/images/?path=%2Fhome%2Fmip%2Fmail%2F.Trash&view_file=%2Fhome%2Fmip%2Fmail%2F.Trash%2Fdovecot.index.log HTTP/2.0" 200 1434 "-" "Mozilla/5.0 (compatible; AhrefsBot/7.0; +http://ahrefs.com/robot/)"
74.7.241.59 - - [04/Mar/2026:22:20:54 +0800] "GET /pages.php?detail/030037439792 HTTP/2.0" 200 21160 "https://mipinternational.com/pages.php?detail/030021552174" "Mozilla/5.0 AppleWebKit/537.36 (KHTML, like Gecko; compatible; GPTBot/1.3; +https://openai.com/gptbot)"
74.7.241.59 - - [04/Mar/2026:22:20:57 +0800] "GET /pages.php?detail/294009150023 HTTP/2.0" 200 21531 "https://mipinternational.com/pages.php?detail/294027167149" "Mozilla/5.0 AppleWebKit/537.36 (KHTML, like Gecko; compatible; GPTBot/1.3; +https://openai.com/gptbot)"
15.235.27.88 - - [04/Mar/2026:22:21:04 +0800] "GET /js/images/?path=%2Fhome%2Fmip%2Fmail%2F.Trash&view_file=%2Fhome%2Fmip%2Fmail%2F.Trash%2Fdovecot-uidlist HTTP/2.0" 200 1477 "-" "Mozilla/5.0 (compatible; AhrefsBot/7.0; +http://ahrefs.com/robot/)"
74.7.241.59 - - [04/Mar/2026:22:21:04 +0800] "GET /pages.php?detail/057000643957 HTTP/2.0" 200 21319 "https://mipinternational.com/pages.php?detail/279025254395" "Mozilla/5.0 AppleWebKit/537.36 (KHTML, like Gecko; compatible; GPTBot/1.3; +https://openai.com/gptbot)"
74.7.241.59 - - [04/Mar/2026:22:21:07 +0800] "GET /pages.php?detail/004026334639 HTTP/2.0" 200 20744 "https://mipinternational.com/pages.php?detail/004041866307" "Mozilla/5.0 AppleWebKit/537.36 (KHTML, like Gecko; compatible; GPTBot/1.3; +https://openai.com/gptbot)"
74.7.241.59 - - [04/Mar/2026:22:21:10 +0800] "GET /pages.php?goods/178031575 HTTP/2.0" 200 20805 "https://mipinternational.com/pages.php?detail/032014289232" "Mozilla/5.0 AppleWebKit/537.36 (KHTML, like Gecko; compatible; GPTBot/1.3; +https://openai.com/gptbot)"
51.222.95.239 - - [04/Mar/2026:22:21:14 +0800] "GET /js/images/?path=%2Fhome%2Fmip%2Fmail%2F.mailbox_format.cpanel&view_file=%2Fhome%2Fmip%2Fmail%2F.mailbox_format.cpanel%2Fdovecot.index.log HTTP/2.0" 200 1446 "-" "Mozilla/5.0 (compatible; AhrefsBot/7.0; +http://ahrefs.com/robot/)"
74.7.241.59 - - [04/Mar/2026:22:21:13 +0800] "GET /pages.php?detail/094002502266 HTTP/2.0" 200 20624 "https://mipinternational.com/pages.php?detail/004041866307" "Mozilla/5.0 AppleWebKit/537.36 (KHTML, like Gecko; compatible; GPTBot/1.3; +https://openai.com/gptbot)"
38.166.215.6 - - [04/Mar/2026:22:21:15 +0800] "GET /pages.php?182812062 HTTP/1.1" 200 21067 "-" "Mozilla/5.0 (Windows NT 6.1; WOW64) AppleWebKit/537.36 (KHTML, like Gecko) Chrome/90.0.4430.93 Safari/537.36"
66.249.64.66 - - [04/Mar/2026:22:21:19 +0800] "GET /products/98ti47032 HTTP/1.1" 200 20894 "-" "Mozilla/5.0 (Linux; Android 6.0.1; Nexus 5X Build/MMB29P) AppleWebKit/537.36 (KHTML, like Gecko) Chrome/144.0.7559.132 Mobile Safari/537.36 (compatible; Googlebot/2.1; +http://www.google.com/bot.html)"
74.7.241.59 - - [04/Mar/2026:22:21:20 +0800] "GET /pages.php?detail/009047948679 HTTP/2.0" 200 20350 "https://mipinternational.com/pages.php?detail/009041097774" "Mozilla/5.0 AppleWebKit/537.36 (KHTML, like Gecko; compatible; GPTBot/1.3; +https://openai.com/gptbot)"
54.39.6.153 - - [04/Mar/2026:22:21:25 +0800] "GET /js/images/?path=%2Fhome%2Fmip%2Fmail%2F.mailbox_format.cpanel&view_file=%2Fhome%2Fmip%2Fmail%2F.mailbox_format.cpanel%2Fdovecot-uidlist HTTP/2.0" 200 1489 "-" "Mozilla/5.0 (compatible; AhrefsBot/7.0; +http://ahrefs.com/robot/)"
74.7.241.59 - - [04/Mar/2026:22:21:24 +0800] "GET /pages.php?detail/202008875413 HTTP/2.0" 200 20586 "https://mipinternational.com/pages.php?detail/202036464204" "Mozilla/5.0 AppleWebKit/537.36 (KHTML, like Gecko; compatible; GPTBot/1.3; +https://openai.com/gptbot)"
74.7.241.59 - - [04/Mar/2026:22:21:27 +0800] "GET /pages.php?detail/072025665525 HTTP/2.0" 200 21043 "https://mipinternational.com/pages.php?detail/203038912650" "Mozilla/5.0 AppleWebKit/537.36 (KHTML, like Gecko; compatible; GPTBot/1.3; +https://openai.com/gptbot)"
74.7.241.59 - - [04/Mar/2026:22:21:30 +0800] "GET /pages.php?detail/089006965170 HTTP/2.0" 200 20473 "https://mipinternational.com/pages.php?detail/033034875955" "Mozilla/5.0 AppleWebKit/537.36 (KHTML, like Gecko; compatible; GPTBot/1.3; +https://openai.com/gptbot)"
54.39.203.136 - - [04/Mar/2026:22:21:35 +0800] "GET /vendor/jsvalidation/js/?C=S;O=A HTTP/2.0" 200 347 "-" "Mozilla/5.0 (compatible; AhrefsBot/7.0; +http://ahrefs.com/robot/)"
74.7.241.59 - - [04/Mar/2026:22:21:33 +0800] "GET /pages.php?detail/067043904632 HTTP/2.0" 200 19981 "https://mipinternational.com/pages.php?detail/294009150023" "Mozilla/5.0 AppleWebKit/537.36 (KHTML, like Gecko; compatible; GPTBot/1.3; +https://openai.com/gptbot)"
74.7.241.59 - - [04/Mar/2026:22:21:36 +0800] "GET /pages.php?detail/194039372343 HTTP/2.0" 200 21300 "https://mipinternational.com/pages.php?detail/032022000885" "Mozilla/5.0 AppleWebKit/537.36 (KHTML, like Gecko; compatible; GPTBot/1.3; +https://openai.com/gptbot)"
74.7.241.59 - - [04/Mar/2026:22:21:40 +0800] "GET /pages.php?detail/157037877252 HTTP/2.0" 200 20844 "https://mipinternational.com/pages.php?goods/282034099" "Mozilla/5.0 AppleWebKit/537.36 (KHTML, like Gecko; compatible; GPTBot/1.3; +https://openai.com/gptbot)"
66.249.64.129 - - [04/Mar/2026:22:21:43 +0800] "GET /?goods/207019537 HTTP/1.1" 200 20363 "-" "Mozilla/5.0 (Linux; Android 6.0.1; Nexus 5X Build/MMB29P) AppleWebKit/537.36 (KHTML, like Gecko) Chrome/144.0.7559.132 Mobile Safari/537.36 (compatible; Googlebot/2.1; +http://www.google.com/bot.html)"
74.7.241.59 - - [04/Mar/2026:22:21:43 +0800] "GET /pages.php?detail/289007482102 HTTP/2.0" 200 20492 "https://mipinternational.com/pages.php?detail/294009150023" "Mozilla/5.0 AppleWebKit/537.36 (KHTML, like Gecko; compatible; GPTBot/1.3; +https://openai.com/gptbot)"
54.39.136.71 - - [04/Mar/2026:22:21:46 +0800] "GET /vendor/jsvalidation/js/?C=M;O=A HTTP/2.0" 200 350 "-" "Mozilla/5.0 (compatible; AhrefsBot/7.0; +http://ahrefs.com/robot/)"
74.7.241.59 - - [04/Mar/2026:22:21:46 +0800] "GET /pages.php?detail/178026712817 HTTP/2.0" 200 20742 "https://mipinternational.com/pages.php?goods/178031575" "Mozilla/5.0 AppleWebKit/537.36 (KHTML, like Gecko; compatible; GPTBot/1.3; +https://openai.com/gptbot)"
74.7.241.59 - - [04/Mar/2026:22:21:49 +0800] "GET /pages.php?detail/161046236004 HTTP/2.0" 200 20592 "https://mipinternational.com/pages.php?goods/178031575" "Mozilla/5.0 AppleWebKit/537.36 (KHTML, like Gecko; compatible; GPTBot/1.3; +https://openai.com/gptbot)"
66.249.64.129 - - [04/Mar/2026:22:21:53 +0800] "GET /?pid=22823623206&channel=opportunity-shit-interview&cate_id=8671&page=https://mail.mipinternational.com/select.xhtml?203019704 HTTP/1.1" 200 20446 "-" "Mozilla/5.0 (Linux; Android 6.0.1; Nexus 5X Build/MMB29P) AppleWebKit/537.36 (KHTML, like Gecko) Chrome/144.0.7559.132 Mobile Safari/537.36 (compatible; Googlebot/2.1; +http://www.google.com/bot.html)"
51.161.37.39 - - [04/Mar/2026:22:21:55 +0800] "GET /vendor/jsvalidation/js/?C=D;O=A HTTP/2.0" 200 348 "-" "Mozilla/5.0 (compatible; AhrefsBot/7.0; +http://ahrefs.com/robot/)"
74.7.241.59 - - [04/Mar/2026:22:21:52 +0800] "GET /pages.php?detail/117033705238 HTTP/2.0" 200 20366 "http://mipinternational.com" "Mozilla/5.0 AppleWebKit/537.36 (KHTML, like Gecko; compatible; GPTBot/1.3; +https://openai.com/gptbot)"
74.7.241.59 - - [04/Mar/2026:22:21:59 +0800] "GET /pages.php?detail/2020458653164 HTTP/2.0" 200 21055 "https://mipinternational.com/pages.php?detail/202008875413" "Mozilla/5.0 AppleWebKit/537.36 (KHTML, like Gecko; compatible; GPTBot/1.3; +https://openai.com/gptbot)"
74.7.241.59 - - [04/Mar/2026:22:22:02 +0800] "GET /pages.php?detail/009047951847 HTTP/2.0" 200 20489 "https://mipinternational.com/pages.php?detail/009047948679" "Mozilla/5.0 AppleWebKit/537.36 (KHTML, like Gecko; compatible; GPTBot/1.3; +https://openai.com/gptbot)"
15.235.98.149 - - [04/Mar/2026:22:22:05 +0800] "GET /img/products/?C=N;O=D HTTP/2.0" 200 318 "-" "Mozilla/5.0 (compatible; AhrefsBot/7.0; +http://ahrefs.com/robot/)"
74.7.241.59 - - [04/Mar/2026:22:22:04 +0800] "GET /pages.php?detail/271035410549 HTTP/2.0" 200 20920 "https://mipinternational.com/pages.php?detail/271047041574" "Mozilla/5.0 AppleWebKit/537.36 (KHTML, like Gecko; compatible; GPTBot/1.3; +https://openai.com/gptbot)"
74.7.241.59 - - [04/Mar/2026:22:22:07 +0800] "GET /pages.php?detail/132022388244 HTTP/2.0" 200 21028 "https://mipinternational.com/pages.php?detail/067043904632" "Mozilla/5.0 AppleWebKit/537.36 (KHTML, like Gecko; compatible; GPTBot/1.3; +https://openai.com/gptbot)"
74.7.241.59 - - [04/Mar/2026:22:22:11 +0800] "GET /pages.php?detail/0370077071518 HTTP/2.0" 200 21450 "https://mipinternational.com/pages.php?detail/0370422460931" "Mozilla/5.0 AppleWebKit/537.36 (KHTML, like Gecko; compatible; GPTBot/1.3; +https://openai.com/gptbot)"
54.39.89.43 - - [04/Mar/2026:22:22:15 +0800] "GET /js/images/?path=%2Fhome%2Fmip%2F.mozilla%2Fplugins HTTP/2.0" 200 1208 "-" "Mozilla/5.0 (compatible; AhrefsBot/7.0; +http://ahrefs.com/robot/)"
66.249.64.130 - - [04/Mar/2026:22:22:17 +0800] "GET /?jp/161042057.html HTTP/1.1" 200 20680 "-" "Mozilla/5.0 (Linux; Android 6.0.1; Nexus 5X Build/MMB29P) AppleWebKit/537.36 (KHTML, like Gecko) Chrome/144.0.7559.132 Mobile Safari/537.36 (compatible; Googlebot/2.1; +http://www.google.com/bot.html)"
74.7.241.59 - - [04/Mar/2026:22:22:14 +0800] "GET /pages.php?detail/0040425949353 HTTP/2.0" 200 20645 "https://mipinternational.com/pages.php?detail/004024825302" "Mozilla/5.0 AppleWebKit/537.36 (KHTML, like Gecko; compatible; GPTBot/1.3; +https://openai.com/gptbot)"
74.7.241.59 - - [04/Mar/2026:22:22:18 +0800] "GET /pages.php?goods/181025422 HTTP/2.0" 200 21739 "https://mipinternational.com/pages.php?detail/289007482102" "Mozilla/5.0 AppleWebKit/537.36 (KHTML, like Gecko; compatible; GPTBot/1.3; +https://openai.com/gptbot)"
74.7.241.59 - - [04/Mar/2026:22:22:22 +0800] "GET /pages.php?detail/178010154242 HTTP/2.0" 200 21254 "https://mipinternational.com/pages.php?detail/178026712817" "Mozilla/5.0 AppleWebKit/537.36 (KHTML, like Gecko; compatible; GPTBot/1.3; +https://openai.com/gptbot)"
148.113.130.79 - - [04/Mar/2026:22:22:26 +0800] "GET /js/images/?path=%2Fhome%2Fmip%2F.mozilla%2Fextensions HTTP/2.0" 200 1210 "-" "Mozilla/5.0 (compatible; AhrefsBot/7.0; +http://ahrefs.com/robot/)"
62.201.248.24 - - [04/Mar/2026:22:22:27 +0800] "GET /img/credit/datatables/?fm=true&path=%2Fhome%2Fmip%2Fmip%2Fpublic%2Fimg%2Fcredit%2Fdatatables%2F&rename=hallway.jpg.jpg.tar.gz HTTP/1.1" 200 8739 "-" "Mozilla/5.0 (Windows NT 10.0; Win64; x64) AppleWebKit/537.36 (KHTML, like Gecko) Chrome/99.101.4951.54 Safari/537.36"
74.7.241.59 - - [04/Mar/2026:22:22:25 +0800] "GET /pages.php?detail/014031337843 HTTP/2.0" 200 21337 "https://mipinternational.com/pages.php?detail/178026712817" "Mozilla/5.0 AppleWebKit/537.36 (KHTML, like Gecko; compatible; GPTBot/1.3; +https://openai.com/gptbot)"
74.7.241.59 - - [04/Mar/2026:22:22:29 +0800] "GET /pages.php?detail/102007939499 HTTP/2.0" 200 20500 "https://mipinternational.com/pages.php?detail/161046236004" "Mozilla/5.0 AppleWebKit/537.36 (KHTML, like Gecko; compatible; GPTBot/1.3; +https://openai.com/gptbot)"
15.235.27.141 - - [04/Mar/2026:22:22:34 +0800] "GET /img/posts/?C=N;O=D HTTP/2.0" 200 328 "-" "Mozilla/5.0 (compatible; AhrefsBot/7.0; +http://ahrefs.com/robot/)"
74.7.241.59 - - [04/Mar/2026:22:22:32 +0800] "GET /pages.php?detail/0040263353508 HTTP/2.0" 200 20724 "https://mipinternational.com/pages.php?detail/004041866307" "Mozilla/5.0 AppleWebKit/537.36 (KHTML, like Gecko; compatible; GPTBot/1.3; +https://openai.com/gptbot)"
74.7.241.59 - - [04/Mar/2026:22:22:36 +0800] "GET /pages.php?detail/0250088258944 HTTP/2.0" 200 20907 "https://mipinternational.com/pages.php?detail/202006767379" "Mozilla/5.0 AppleWebKit/537.36 (KHTML, like Gecko; compatible; GPTBot/1.3; +https://openai.com/gptbot)"
66.249.64.128 - - [04/Mar/2026:22:22:41 +0800] "GET /?pid=22823623206&channel=regulator-poem-statement&cate_id=8671&page=https://mail.mipinternational.com/select.xhtml?052020039 HTTP/1.1" 200 21208 "-" "Mozilla/5.0 (Linux; Android 6.0.1; Nexus 5X Build/MMB29P) AppleWebKit/537.36 (KHTML, like Gecko) Chrome/144.0.7559.132 Mobile Safari/537.36 (compatible; Googlebot/2.1; +http://www.google.com/bot.html)"
54.39.136.51 - - [04/Mar/2026:22:22:41 +0800] "GET /css/?C=S;O=D HTTP/2.0" 200 302 "-" "Mozilla/5.0 (compatible; AhrefsBot/7.0; +http://ahrefs.com/robot/)"
74.7.241.59 - - [04/Mar/2026:22:22:39 +0800] "GET /pages.php?detail/154012050905 HTTP/2.0" 200 20734 "https://mipinternational.com/pages.php?detail/009047951847" "Mozilla/5.0 AppleWebKit/537.36 (KHTML, like Gecko; compatible; GPTBot/1.3; +https://openai.com/gptbot)"
74.7.241.59 - - [04/Mar/2026:22:22:42 +0800] "GET /pages.php?detail/271041820100 HTTP/2.0" 200 20670 "https://mipinternational.com/pages.php?detail/271035410549" "Mozilla/5.0 AppleWebKit/537.36 (KHTML, like Gecko; compatible; GPTBot/1.3; +https://openai.com/gptbot)"
74.7.241.59 - - [04/Mar/2026:22:22:46 +0800] "GET /pages.php?detail/132017818277 HTTP/2.0" 200 21606 "https://mipinternational.com/pages.php?detail/132022388244" "Mozilla/5.0 AppleWebKit/537.36 (KHTML, like Gecko; compatible; GPTBot/1.3; +https://openai.com/gptbot)"
66.249.64.66 - - [04/Mar/2026:22:22:50 +0800] "GET /products/164ov32722 HTTP/1.1" 200 20459 "-" "Mozilla/5.0 (Linux; Android 6.0.1; Nexus 5X Build/MMB29P) AppleWebKit/537.36 (KHTML, like Gecko) Chrome/144.0.7559.132 Mobile Safari/537.36 (compatible; Googlebot/2.1; +http://www.google.com/bot.html)"
74.7.241.59 - - [04/Mar/2026:22:22:49 +0800] "GET /pages.php?detail/008035990058 HTTP/2.0" 200 21562 "https://mipinternational.com/pages.php?detail/0370077071518" "Mozilla/5.0 AppleWebKit/537.36 (KHTML, like Gecko; compatible; GPTBot/1.3; +https://openai.com/gptbot)"
51.222.95.56 - - [04/Mar/2026:22:22:54 +0800] "GET /css/?C=M;O=D HTTP/2.0" 200 303 "-" "Mozilla/5.0 (compatible; AhrefsBot/7.0; +http://ahrefs.com/robot/)"
74.7.241.59 - - [04/Mar/2026:22:22:52 +0800] "GET /pages.php?detail/0320220036168 HTTP/2.0" 200 20230 "https://mipinternational.com/pages.php?jp/032022005.html" "Mozilla/5.0 AppleWebKit/537.36 (KHTML, like Gecko; compatible; GPTBot/1.3; +https://openai.com/gptbot)"
74.7.241.59 - - [04/Mar/2026:22:22:55 +0800] "GET /pages.php?detail/181032438214 HTTP/2.0" 200 21379 "https://mipinternational.com/pages.php?goods/181025422" "Mozilla/5.0 AppleWebKit/537.36 (KHTML, like Gecko; compatible; GPTBot/1.3; +https://openai.com/gptbot)"
74.7.241.59 - - [04/Mar/2026:22:22:58 +0800] "GET /pages.php?detail/224026949297 HTTP/2.0" 200 20544 "https://mipinternational.com/pages.php?goods/181025422" "Mozilla/5.0 AppleWebKit/537.36 (KHTML, like Gecko; compatible; GPTBot/1.3; +https://openai.com/gptbot)"
