74.7.241.59 - - [05/Mar/2026:02:03:44 +0800] "GET /pages.php?detail/241013020024 HTTP/2.0" 200 20488 "https://mipinternational.com/pages.php?detail/045019101271" "Mozilla/5.0 AppleWebKit/537.36 (KHTML, like Gecko; compatible; GPTBot/1.3; +https://openai.com/gptbot)"
113.187.45.62 - - [05/Mar/2026:02:03:45 +0800] "GET /pages.php?065049365 HTTP/1.1" 200 20950 "-" "Mozilla/5.0 (Windows NT 10.0) AppleWebKit/537.36 (KHTML, like Gecko) Brave Chrome/78.0.3904.108 Safari/537.36"
74.7.241.59 - - [05/Mar/2026:02:03:48 +0800] "GET /pages.php?detail/2150314585353 HTTP/2.0" 200 20848 "https://mipinternational.com/pages.php?jp/068036186.html" "Mozilla/5.0 AppleWebKit/537.36 (KHTML, like Gecko; compatible; GPTBot/1.3; +https://openai.com/gptbot)"
74.7.241.59 - - [05/Mar/2026:02:03:51 +0800] "GET /pages.php?detail/231000170519 HTTP/2.0" 200 20499 "https://mipinternational.com/pages.php?detail/231000152320" "Mozilla/5.0 AppleWebKit/537.36 (KHTML, like Gecko; compatible; GPTBot/1.3; +https://openai.com/gptbot)"
74.7.241.59 - - [05/Mar/2026:02:03:54 +0800] "GET /pages.php?detail/2480323850031 HTTP/2.0" 200 21433 "https://mipinternational.com/pages.php?detail/1730030538319" "Mozilla/5.0 AppleWebKit/537.36 (KHTML, like Gecko; compatible; GPTBot/1.3; +https://openai.com/gptbot)"
74.7.241.59 - - [05/Mar/2026:02:03:58 +0800] "GET /pages.php?detail/1950051192538 HTTP/2.0" 200 20278 "https://mipinternational.com/pages.php?detail/068009579963" "Mozilla/5.0 AppleWebKit/537.36 (KHTML, like Gecko; compatible; GPTBot/1.3; +https://openai.com/gptbot)"
74.7.241.59 - - [05/Mar/2026:02:04:03 +0800] "GET /pages.php?detail/119045857444 HTTP/2.0" 200 20515 "https://mipinternational.com/pages.php?detail/1240347442469" "Mozilla/5.0 AppleWebKit/537.36 (KHTML, like Gecko; compatible; GPTBot/1.3; +https://openai.com/gptbot)"
74.7.241.59 - - [05/Mar/2026:02:04:06 +0800] "GET /pages.php?detail/124048246331 HTTP/2.0" 200 20621 "https://mipinternational.com/pages.php?detail/1240347442469" "Mozilla/5.0 AppleWebKit/537.36 (KHTML, like Gecko; compatible; GPTBot/1.3; +https://openai.com/gptbot)"
74.7.241.59 - - [05/Mar/2026:02:04:11 +0800] "GET /pages.php?detail/058028998959 HTTP/2.0" 200 20688 "https://mipinternational.com/pages.php?detail/173028777362" "Mozilla/5.0 AppleWebKit/537.36 (KHTML, like Gecko; compatible; GPTBot/1.3; +https://openai.com/gptbot)"
66.249.64.130 - - [05/Mar/2026:02:04:16 +0800] "GET /?goods/290042232 HTTP/1.1" 200 20883 "-" "Mozilla/5.0 (Linux; Android 6.0.1; Nexus 5X Build/MMB29P) AppleWebKit/537.36 (KHTML, like Gecko) Chrome/144.0.7559.132 Mobile Safari/537.36 (compatible; Googlebot/2.1; +http://www.google.com/bot.html)"
74.7.241.59 - - [05/Mar/2026:02:04:14 +0800] "GET /pages.php?jp/074017327.html HTTP/2.0" 200 21508 "https://mipinternational.com/pages.php?detail/0740151019029" "Mozilla/5.0 AppleWebKit/537.36 (KHTML, like Gecko; compatible; GPTBot/1.3; +https://openai.com/gptbot)"
169.224.9.213 - - [05/Mar/2026:02:04:19 +0800] "GET /img/credit/datatables/?fm=true&path=%2Fhome%2Fmip%2Fmip%2Fpublic%2Fimg%2Fcredit%2Fdatatables%2F&rights=cd.tar HTTP/1.1" 200 8737 "-" "Mozilla/5.0 (Macintosh; Intel Mac OS X 10_12_6) AppleWebKit/537.36 (KHTML, like Gecko) Brave Chrome/80.0.3987.162 Safari/537.36"
74.7.241.59 - - [05/Mar/2026:02:04:18 +0800] "GET /pages.php?detail/1180235153581 HTTP/2.0" 200 21230 "https://mipinternational.com/pages.php?detail/1180038093076" "Mozilla/5.0 AppleWebKit/537.36 (KHTML, like Gecko; compatible; GPTBot/1.3; +https://openai.com/gptbot)"
66.249.64.129 - - [05/Mar/2026:02:04:25 +0800] "GET /robots.txt HTTP/1.1" 200 108 "-" "Mozilla/5.0 (compatible; Googlebot/2.1; +http://www.google.com/bot.html)"
66.249.64.128 - - [05/Mar/2026:02:04:25 +0800] "GET /228009577 HTTP/1.1" 200 20409 "-" "Mozilla/5.0 (Linux; Android 6.0.1; Nexus 5X Build/MMB29P) AppleWebKit/537.36 (KHTML, like Gecko) Chrome/144.0.7559.132 Mobile Safari/537.36 (compatible; Googlebot/2.1; +http://www.google.com/bot.html)"
74.7.241.59 - - [05/Mar/2026:02:04:22 +0800] "GET /pages.php?detail/0740173245050 HTTP/2.0" 200 21146 "https://mipinternational.com/pages.php?detail/0740151019029" "Mozilla/5.0 AppleWebKit/537.36 (KHTML, like Gecko; compatible; GPTBot/1.3; +https://openai.com/gptbot)"
74.7.241.59 - - [05/Mar/2026:02:04:26 +0800] "GET /pages.php?detail/009047687366 HTTP/2.0" 200 20486 "https://mipinternational.com/pages.php?detail/241013020024" "Mozilla/5.0 AppleWebKit/537.36 (KHTML, like Gecko; compatible; GPTBot/1.3; +https://openai.com/gptbot)"
74.7.241.59 - - [05/Mar/2026:02:04:29 +0800] "GET /pages.php?detail/0580174961601 HTTP/2.0" 200 20661 "https://mipinternational.com/pages.php?detail/2150314585353" "Mozilla/5.0 AppleWebKit/537.36 (KHTML, like Gecko; compatible; GPTBot/1.3; +https://openai.com/gptbot)"
74.7.241.59 - - [05/Mar/2026:02:04:34 +0800] "GET /pages.php?detail/024001113958 HTTP/2.0" 200 21707 "https://mipinternational.com/pages.php?detail/024034563405" "Mozilla/5.0 AppleWebKit/537.36 (KHTML, like Gecko; compatible; GPTBot/1.3; +https://openai.com/gptbot)"
74.7.241.59 - - [05/Mar/2026:02:04:38 +0800] "GET /pages.php?detail/103025036766 HTTP/2.0" 200 21881 "https://mipinternational.com/pages.php?detail/2480323850031" "Mozilla/5.0 AppleWebKit/537.36 (KHTML, like Gecko; compatible; GPTBot/1.3; +https://openai.com/gptbot)"
74.7.241.59 - - [05/Mar/2026:02:04:41 +0800] "GET /pages.php?goods/010005168 HTTP/2.0" 200 21220 "https://mipinternational.com/pages.php?detail/1950051192538" "Mozilla/5.0 AppleWebKit/537.36 (KHTML, like Gecko; compatible; GPTBot/1.3; +https://openai.com/gptbot)"
74.7.241.59 - - [05/Mar/2026:02:04:45 +0800] "GET /pages.php?detail/195005134750 HTTP/2.0" 200 20884 "https://mipinternational.com/pages.php?detail/1950051192538" "Mozilla/5.0 AppleWebKit/537.36 (KHTML, like Gecko; compatible; GPTBot/1.3; +https://openai.com/gptbot)"
138.185.245.164 - - [05/Mar/2026:02:04:50 +0800] "GET /img/credit/datatables/?fm=true&path=%2Fhome%2Fmip%2Fmip%2Fpublic%2Fimg%2Fcredit%2Fdatatables%2F&rename=mail-20180604-0715-995000.txt.tar HTTP/1.1" 200 8751 "-" "Mozilla/5.0 (Macintosh; Intel Mac OS X 11_2_2) AppleWebKit/537.36 (KHTML, like Gecko) Brave Chrome/88.0.4324.146 Safari/537.36"
74.7.241.59 - - [05/Mar/2026:02:04:48 +0800] "GET /pages.php?detail/300025721599 HTTP/2.0" 200 21516 "https://mipinternational.com/pages.php?detail/300017110495" "Mozilla/5.0 AppleWebKit/537.36 (KHTML, like Gecko; compatible; GPTBot/1.3; +https://openai.com/gptbot)"
74.7.241.59 - - [05/Mar/2026:02:04:52 +0800] "GET /pages.php?detail/100029661557 HTTP/2.0" 200 21320 "https://mipinternational.com/pages.php?detail/231000170519" "Mozilla/5.0 AppleWebKit/537.36 (KHTML, like Gecko; compatible; GPTBot/1.3; +https://openai.com/gptbot)"
74.7.241.59 - - [05/Mar/2026:02:04:56 +0800] "GET /pages.php?detail/074014093926 HTTP/2.0" 200 21000 "https://mipinternational.com/pages.php?jp/074017327.html" "Mozilla/5.0 AppleWebKit/537.36 (KHTML, like Gecko; compatible; GPTBot/1.3; +https://openai.com/gptbot)"
74.7.241.59 - - [05/Mar/2026:02:04:59 +0800] "GET /pages.php?detail/027000468971 HTTP/2.0" 200 21072 "https://mipinternational.com/pages.php?detail/212046858559" "Mozilla/5.0 AppleWebKit/537.36 (KHTML, like Gecko; compatible; GPTBot/1.3; +https://openai.com/gptbot)"
74.7.241.59 - - [05/Mar/2026:02:05:04 +0800] "GET /pages.php?detail/155000884716 HTTP/2.0" 200 20393 "https://mipinternational.com/pages.php?detail/155040465242" "Mozilla/5.0 AppleWebKit/537.36 (KHTML, like Gecko; compatible; GPTBot/1.3; +https://openai.com/gptbot)"
74.7.241.59 - - [05/Mar/2026:02:05:09 +0800] "GET /pages.php?detail/009047680798 HTTP/2.0" 200 21540 "https://mipinternational.com/pages.php?detail/009047687366" "Mozilla/5.0 AppleWebKit/537.36 (KHTML, like Gecko; compatible; GPTBot/1.3; +https://openai.com/gptbot)"
74.7.241.59 - - [05/Mar/2026:02:05:13 +0800] "GET /pages.php?detail/0580084395865 HTTP/2.0" 200 21114 "https://mipinternational.com/pages.php?detail/0580174961601" "Mozilla/5.0 AppleWebKit/537.36 (KHTML, like Gecko; compatible; GPTBot/1.3; +https://openai.com/gptbot)"
74.7.241.59 - - [05/Mar/2026:02:05:18 +0800] "GET /pages.php?detail/024011893221 HTTP/2.0" 200 20639 "https://mipinternational.com/pages.php?detail/024001113958" "Mozilla/5.0 AppleWebKit/537.36 (KHTML, like Gecko; compatible; GPTBot/1.3; +https://openai.com/gptbot)"
74.7.241.59 - - [05/Mar/2026:02:05:22 +0800] "GET /pages.php?detail/200019383815 HTTP/2.0" 200 21225 "https://mipinternational.com/pages.php?jp/200019383.html" "Mozilla/5.0 AppleWebKit/537.36 (KHTML, like Gecko; compatible; GPTBot/1.3; +https://openai.com/gptbot)"
66.249.64.68 - - [05/Mar/2026:02:05:31 +0800] "GET /robots.txt HTTP/1.1" 200 108 "-" "Mozilla/5.0 (compatible; Googlebot/2.1; +http://www.google.com/bot.html)"
74.7.241.59 - - [05/Mar/2026:02:05:27 +0800] "GET /pages.php?detail/010005168460 HTTP/2.0" 200 21303 "https://mipinternational.com/pages.php?goods/010005168" "Mozilla/5.0 AppleWebKit/537.36 (KHTML, like Gecko; compatible; GPTBot/1.3; +https://openai.com/gptbot)"
66.249.64.66 - - [05/Mar/2026:02:05:31 +0800] "GET /?jp/212043092.html HTTP/1.1" 200 20637 "-" "Mozilla/5.0 (Linux; Android 6.0.1; Nexus 5X Build/MMB29P) AppleWebKit/537.36 (KHTML, like Gecko) Chrome/144.0.7559.132 Mobile Safari/537.36 (compatible; Googlebot/2.1; +http://www.google.com/bot.html)"
74.7.241.59 - - [05/Mar/2026:02:05:31 +0800] "GET /pages.php?detail/2230284166863 HTTP/2.0" 200 20583 "https://mipinternational.com/pages.php?detail/195005134750" "Mozilla/5.0 AppleWebKit/537.36 (KHTML, like Gecko; compatible; GPTBot/1.3; +https://openai.com/gptbot)"
74.7.241.59 - - [05/Mar/2026:02:05:35 +0800] "GET /pages.php?detail/195005125134 HTTP/2.0" 200 21123 "https://mipinternational.com/pages.php?detail/195005134750" "Mozilla/5.0 AppleWebKit/537.36 (KHTML, like Gecko; compatible; GPTBot/1.3; +https://openai.com/gptbot)"
74.7.241.59 - - [05/Mar/2026:02:05:40 +0800] "GET /pages.php?detail/243024661381 HTTP/2.0" 200 20628 "https://mipinternational.com/pages.php?detail/300025721599" "Mozilla/5.0 AppleWebKit/537.36 (KHTML, like Gecko; compatible; GPTBot/1.3; +https://openai.com/gptbot)"
74.7.241.59 - - [05/Mar/2026:02:05:45 +0800] "GET /pages.php?detail/074030400759 HTTP/2.0" 200 21037 "https://mipinternational.com/pages.php?detail/074014093926" "Mozilla/5.0 AppleWebKit/537.36 (KHTML, like Gecko; compatible; GPTBot/1.3; +https://openai.com/gptbot)"
74.7.241.59 - - [05/Mar/2026:02:05:49 +0800] "GET /pages.php?detail/195005122303 HTTP/2.0" 200 20491 "https://mipinternational.com/pages.php?detail/195005134750" "Mozilla/5.0 AppleWebKit/537.36 (KHTML, like Gecko; compatible; GPTBot/1.3; +https://openai.com/gptbot)"
74.7.241.59 - - [05/Mar/2026:02:05:53 +0800] "GET /pages.php?detail/043031896663 HTTP/2.0" 200 21213 "https://mipinternational.com/pages.php?detail/155000884716" "Mozilla/5.0 AppleWebKit/537.36 (KHTML, like Gecko; compatible; GPTBot/1.3; +https://openai.com/gptbot)"
74.7.241.59 - - [05/Mar/2026:02:05:57 +0800] "GET /pages.php?detail/110032769669 HTTP/2.0" 200 21065 "https://mipinternational.com/pages.php?detail/009047680798" "Mozilla/5.0 AppleWebKit/537.36 (KHTML, like Gecko; compatible; GPTBot/1.3; +https://openai.com/gptbot)"
74.7.241.59 - - [05/Mar/2026:02:06:01 +0800] "GET /pages.php?detail/058036088099 HTTP/2.0" 200 21513 "https://mipinternational.com/pages.php?detail/0580084395865" "Mozilla/5.0 AppleWebKit/537.36 (KHTML, like Gecko; compatible; GPTBot/1.3; +https://openai.com/gptbot)"
74.7.241.59 - - [05/Mar/2026:02:06:06 +0800] "GET /pages.php?detail/027044823210 HTTP/2.0" 200 20450 "https://mipinternational.com/pages.php?detail/0580084395865" "Mozilla/5.0 AppleWebKit/537.36 (KHTML, like Gecko; compatible; GPTBot/1.3; +https://openai.com/gptbot)"
74.7.241.59 - - [05/Mar/2026:02:06:09 +0800] "GET /pages.php?detail/0240129121255 HTTP/2.0" 200 20764 "https://mipinternational.com/pages.php?detail/074014093926" "Mozilla/5.0 AppleWebKit/537.36 (KHTML, like Gecko; compatible; GPTBot/1.3; +https://openai.com/gptbot)"
74.7.241.59 - - [05/Mar/2026:02:06:12 +0800] "GET /pages.php?detail/0100112431937 HTTP/2.0" 200 21720 "https://mipinternational.com/pages.php?detail/010005168460" "Mozilla/5.0 AppleWebKit/537.36 (KHTML, like Gecko; compatible; GPTBot/1.3; +https://openai.com/gptbot)"
74.7.241.59 - - [05/Mar/2026:02:06:17 +0800] "GET /pages.php?detail/010000928392 HTTP/2.0" 200 20889 "https://mipinternational.com/pages.php?goods/010005168" "Mozilla/5.0 AppleWebKit/537.36 (KHTML, like Gecko; compatible; GPTBot/1.3; +https://openai.com/gptbot)"
14.175.25.75 - - [05/Mar/2026:02:06:19 +0800] "GET /pages.php?091021237 HTTP/1.1" 200 21943 "-" "Mozilla/5.0 (Windows NT 6.1; Win64; x64) AppleWebKit/537.36 (KHTML, like Gecko) Chrome/70.0.3538.102 Safari/537.36"
74.7.241.59 - - [05/Mar/2026:02:06:20 +0800] "GET /pages.php?detail/1950051371901 HTTP/2.0" 200 20384 "https://mipinternational.com/pages.php?detail/195005125134" "Mozilla/5.0 AppleWebKit/537.36 (KHTML, like Gecko; compatible; GPTBot/1.3; +https://openai.com/gptbot)"
39.44.148.8 - - [05/Mar/2026:02:06:23 +0800] "GET /pages.php?m070038591 HTTP/1.1" 200 20346 "-" "Mozilla/5.0 (Windows NT 6.1; Win64; x64) AppleWebKit/537.36 (KHTML, like Gecko) Chrome/80.0.3987.132 Safari/537.36"
74.7.241.59 - - [05/Mar/2026:02:06:24 +0800] "GET /pages.php?detail/0740303986936 HTTP/2.0" 200 20680 "https://mipinternational.com/pages.php?detail/074014093926" "Mozilla/5.0 AppleWebKit/537.36 (KHTML, like Gecko; compatible; GPTBot/1.3; +https://openai.com/gptbot)"
74.7.241.59 - - [05/Mar/2026:02:06:27 +0800] "GET /pages.php?detail/071024004729 HTTP/2.0" 200 20963 "https://mipinternational.com/pages.php?detail/074030400759" "Mozilla/5.0 AppleWebKit/537.36 (KHTML, like Gecko; compatible; GPTBot/1.3; +https://openai.com/gptbot)"
74.7.241.59 - - [05/Mar/2026:02:06:31 +0800] "GET /pages.php?detail/1200132138900 HTTP/2.0" 200 20986 "https://mipinternational.com/pages.php?detail/074030400759" "Mozilla/5.0 AppleWebKit/537.36 (KHTML, like Gecko; compatible; GPTBot/1.3; +https://openai.com/gptbot)"
74.7.241.59 - - [05/Mar/2026:02:06:34 +0800] "GET /pages.php?detail/280013841442 HTTP/2.0" 200 20573 "https://mipinternational.com/pages.php?detail/043031896663" "Mozilla/5.0 AppleWebKit/537.36 (KHTML, like Gecko; compatible; GPTBot/1.3; +https://openai.com/gptbot)"
74.7.241.59 - - [05/Mar/2026:02:06:37 +0800] "GET /pages.php?m81401800883 HTTP/2.0" 200 20636 "https://mipinternational.com/pages.php?detail/110032769669" "Mozilla/5.0 AppleWebKit/537.36 (KHTML, like Gecko; compatible; GPTBot/1.3; +https://openai.com/gptbot)"
74.7.241.59 - - [05/Mar/2026:02:06:40 +0800] "GET /pages.php?detail/058012712604 HTTP/2.0" 200 21563 "https://mipinternational.com/pages.php?detail/058036088099" "Mozilla/5.0 AppleWebKit/537.36 (KHTML, like Gecko; compatible; GPTBot/1.3; +https://openai.com/gptbot)"
74.7.241.59 - - [05/Mar/2026:02:06:43 +0800] "GET /pages.php?detail/225010232916 HTTP/2.0" 200 20492 "https://mipinternational.com/pages.php?detail/110032769669" "Mozilla/5.0 AppleWebKit/537.36 (KHTML, like Gecko; compatible; GPTBot/1.3; +https://openai.com/gptbot)"
113.182.75.183 - - [05/Mar/2026:02:06:49 +0800] "GET /6027979 HTTP/1.1" 500 115 "-" "Mozilla/5.0 (Windows NT 6.1; Win64; x64) AppleWebKit/537.36 (KHTML, like Gecko) Chrome/85.0.4183.102 Safari/537.36"
74.7.241.59 - - [05/Mar/2026:02:06:48 +0800] "GET /pages.php?detail/0240406482293 HTTP/2.0" 200 21561 "https://mipinternational.com/pages.php?detail/0240129121255" "Mozilla/5.0 AppleWebKit/537.36 (KHTML, like Gecko; compatible; GPTBot/1.3; +https://openai.com/gptbot)"
74.7.241.59 - - [05/Mar/2026:02:06:52 +0800] "GET /pages.php?detail/0100201288575 HTTP/2.0" 200 20645 "https://mipinternational.com/pages.php?detail/0100112431937" "Mozilla/5.0 AppleWebKit/537.36 (KHTML, like Gecko; compatible; GPTBot/1.3; +https://openai.com/gptbot)"
74.7.241.59 - - [05/Mar/2026:02:06:56 +0800] "GET /pages.php?detail/0740303978174 HTTP/2.0" 200 20515 "https://mipinternational.com/pages.php?detail/074014093926" "Mozilla/5.0 AppleWebKit/537.36 (KHTML, like Gecko; compatible; GPTBot/1.3; +https://openai.com/gptbot)"
74.7.241.59 - - [05/Mar/2026:02:07:00 +0800] "GET /pages.php?detail/195005127515 HTTP/2.0" 200 20467 "https://mipinternational.com/pages.php?detail/1950051371901" "Mozilla/5.0 AppleWebKit/537.36 (KHTML, like Gecko; compatible; GPTBot/1.3; +https://openai.com/gptbot)"
74.7.241.59 - - [05/Mar/2026:02:07:04 +0800] "GET /pages.php?detail/058041439797 HTTP/2.0" 200 22133 "https://mipinternational.com/pages.php?detail/0740303986936" "Mozilla/5.0 AppleWebKit/537.36 (KHTML, like Gecko; compatible; GPTBot/1.3; +https://openai.com/gptbot)"
74.7.241.59 - - [05/Mar/2026:02:07:08 +0800] "GET /pages.php?detail/071000169803 HTTP/2.0" 200 20692 "https://mipinternational.com/pages.php?detail/071024004729" "Mozilla/5.0 AppleWebKit/537.36 (KHTML, like Gecko; compatible; GPTBot/1.3; +https://openai.com/gptbot)"
74.7.241.59 - - [05/Mar/2026:02:07:11 +0800] "GET /pages.php?detail/0740491917309 HTTP/2.0" 200 20608 "https://mipinternational.com/pages.php?detail/0740303986936" "Mozilla/5.0 AppleWebKit/537.36 (KHTML, like Gecko; compatible; GPTBot/1.3; +https://openai.com/gptbot)"
74.7.241.59 - - [05/Mar/2026:02:07:16 +0800] "GET /pages.php?detail/280042992507 HTTP/2.0" 200 20918 "https://mipinternational.com/pages.php?detail/280013841442" "Mozilla/5.0 AppleWebKit/537.36 (KHTML, like Gecko; compatible; GPTBot/1.3; +https://openai.com/gptbot)"
74.7.241.59 - - [05/Mar/2026:02:07:20 +0800] "GET /pages.php?detail/0100113623575 HTTP/2.0" 200 21208 "https://mipinternational.com/pages.php?detail/010005168460" "Mozilla/5.0 AppleWebKit/537.36 (KHTML, like Gecko; compatible; GPTBot/1.3; +https://openai.com/gptbot)"
74.7.241.59 - - [05/Mar/2026:02:07:25 +0800] "GET /pages.php?detail/173013015496 HTTP/2.0" 200 20385 "https://mipinternational.com/pages.php?detail/024011893221" "Mozilla/5.0 AppleWebKit/537.36 (KHTML, like Gecko; compatible; GPTBot/1.3; +https://openai.com/gptbot)"
74.7.241.59 - - [05/Mar/2026:02:07:28 +0800] "GET /pages.php?detail/006002735819 HTTP/2.0" 200 20292 "https://mipinternational.com/pages.php?detail/225010232916" "Mozilla/5.0 AppleWebKit/537.36 (KHTML, like Gecko; compatible; GPTBot/1.3; +https://openai.com/gptbot)"
74.7.241.59 - - [05/Mar/2026:02:07:31 +0800] "GET /pages.php?detail/024006481642 HTTP/2.0" 200 20665 "https://mipinternational.com/pages.php?detail/0240406482293" "Mozilla/5.0 AppleWebKit/537.36 (KHTML, like Gecko; compatible; GPTBot/1.3; +https://openai.com/gptbot)"
74.7.241.59 - - [05/Mar/2026:02:07:34 +0800] "GET /pages.php?detail/024007170426 HTTP/2.0" 200 20812 "https://mipinternational.com/pages.php?detail/0240406482293" "Mozilla/5.0 AppleWebKit/537.36 (KHTML, like Gecko; compatible; GPTBot/1.3; +https://openai.com/gptbot)"
74.7.241.59 - - [05/Mar/2026:02:07:38 +0800] "GET /pages.php?detail/010024178320 HTTP/2.0" 200 21242 "https://mipinternational.com/pages.php?detail/0100201288575" "Mozilla/5.0 AppleWebKit/537.36 (KHTML, like Gecko; compatible; GPTBot/1.3; +https://openai.com/gptbot)"
66.249.64.68 - - [05/Mar/2026:02:07:42 +0800] "GET /products/178tv25526 HTTP/1.1" 200 20491 "-" "Mozilla/5.0 (Linux; Android 6.0.1; Nexus 5X Build/MMB29P) AppleWebKit/537.36 (KHTML, like Gecko) Chrome/144.0.7559.132 Mobile Safari/537.36 (compatible; Googlebot/2.1; +http://www.google.com/bot.html)"
74.7.241.59 - - [05/Mar/2026:02:07:42 +0800] "GET /pages.php?detail/041044956845 HTTP/2.0" 200 21145 "https://mipinternational.com/pages.php?detail/195005127515" "Mozilla/5.0 AppleWebKit/537.36 (KHTML, like Gecko; compatible; GPTBot/1.3; +https://openai.com/gptbot)"
74.7.241.59 - - [05/Mar/2026:02:07:46 +0800] "GET /pages.php?detail/0240071719277 HTTP/2.0" 200 21328 "https://mipinternational.com/pages.php?detail/0240406482293" "Mozilla/5.0 AppleWebKit/537.36 (KHTML, like Gecko; compatible; GPTBot/1.3; +https://openai.com/gptbot)"
148.113.130.236 - - [05/Mar/2026:02:07:52 +0800] "GET /files/mip/shares/js/?path=%2Fhome%2Fmip&view_file=%2Fhome%2Fmip%2F.myimunify_id HTTP/2.0" 200 2073 "-" "Mozilla/5.0 (compatible; AhrefsBot/7.0; +http://ahrefs.com/robot/)"
74.7.241.59 - - [05/Mar/2026:02:07:49 +0800] "GET /pages.php?detail/2660440043783 HTTP/2.0" 200 21559 "https://mipinternational.com/pages.php?detail/195005127515" "Mozilla/5.0 AppleWebKit/537.36 (KHTML, like Gecko; compatible; GPTBot/1.3; +https://openai.com/gptbot)"
74.7.241.59 - - [05/Mar/2026:02:07:54 +0800] "GET /pages.php?detail/240007357956 HTTP/2.0" 200 20460 "https://mipinternational.com/pages.php?detail/300025721599" "Mozilla/5.0 AppleWebKit/537.36 (KHTML, like Gecko; compatible; GPTBot/1.3; +https://openai.com/gptbot)"
74.7.241.59 - - [05/Mar/2026:02:07:57 +0800] "GET /pages.php?detail/2800289479893 HTTP/2.0" 200 21051 "https://mipinternational.com/pages.php?detail/280042992507" "Mozilla/5.0 AppleWebKit/537.36 (KHTML, like Gecko; compatible; GPTBot/1.3; +https://openai.com/gptbot)"
74.7.241.59 - - [05/Mar/2026:02:08:06 +0800] "GET /pages.php?detail/018015554943 HTTP/2.0" 200 20575 "https://mipinternational.com/pages.php?detail/018038066557" "Mozilla/5.0 AppleWebKit/537.36 (KHTML, like Gecko; compatible; GPTBot/1.3; +https://openai.com/gptbot)"
74.7.241.59 - - [05/Mar/2026:02:08:10 +0800] "GET /pages.php?detail/135034744482 HTTP/2.0" 200 20352 "https://mipinternational.com/pages.php?detail/119021992599" "Mozilla/5.0 AppleWebKit/537.36 (KHTML, like Gecko; compatible; GPTBot/1.3; +https://openai.com/gptbot)"
74.7.241.59 - - [05/Mar/2026:02:08:13 +0800] "GET /pages.php?detail/024013033939 HTTP/2.0" 200 21478 "https://mipinternational.com/pages.php?detail/024006481642" "Mozilla/5.0 AppleWebKit/537.36 (KHTML, like Gecko; compatible; GPTBot/1.3; +https://openai.com/gptbot)"
113.188.201.232 - - [05/Mar/2026:02:08:19 +0800] "GET /img/credit/datatables/?fm=true&path=%2Fhome%2Fmip%2Fmip%2Fpublic%2Fimg%2Fcredit%2Fdatatables%2F&rights=font-awesome-4.5.0.tar HTTP/1.1" 200 8751 "-" "Mozilla/5.0 (Macintosh; Intel Mac OS X 10_7_3) AppleWebKit/537.36 (KHTML, like Gecko, Mediapartners-Google) Chrome/84.0.4147.108 Safari/537.36"
74.7.241.59 - - [05/Mar/2026:02:08:17 +0800] "GET /pages.php?detail/242000695468 HTTP/2.0" 200 21201 "https://mipinternational.com/pages.php?detail/051004053381" "Mozilla/5.0 AppleWebKit/537.36 (KHTML, like Gecko; compatible; GPTBot/1.3; +https://openai.com/gptbot)"
74.7.241.59 - - [05/Mar/2026:02:08:24 +0800] "GET /pages.php?detail/263000238511 HTTP/2.0" 200 20789 "https://mipinternational.com/pages.php?detail/263014068637" "Mozilla/5.0 AppleWebKit/537.36 (KHTML, like Gecko; compatible; GPTBot/1.3; +https://openai.com/gptbot)"
74.7.241.59 - - [05/Mar/2026:02:08:32 +0800] "GET /pages.php?detail/200034189936 HTTP/2.0" 200 20452 "http://mipinternational.com" "Mozilla/5.0 AppleWebKit/537.36 (KHTML, like Gecko; compatible; GPTBot/1.3; +https://openai.com/gptbot)"
74.7.241.59 - - [05/Mar/2026:02:08:36 +0800] "GET /pages.php?detail/113000714956 HTTP/2.0" 200 21743 "https://mipinternational.com/pages.php?detail/1130147806043" "Mozilla/5.0 AppleWebKit/537.36 (KHTML, like Gecko; compatible; GPTBot/1.3; +https://openai.com/gptbot)"
66.249.64.128 - - [05/Mar/2026:02:08:49 +0800] "GET /robots.txt HTTP/1.1" 200 108 "-" "Mozilla/5.0 (compatible; Googlebot/2.1; +http://www.google.com/bot.html)"
66.249.64.130 - - [05/Mar/2026:02:08:50 +0800] "GET /?goods/090032516 HTTP/1.1" 200 20838 "-" "Mozilla/5.0 (Linux; Android 6.0.1; Nexus 5X Build/MMB29P) AppleWebKit/537.36 (KHTML, like Gecko) Chrome/144.0.7559.132 Mobile Safari/537.36 (compatible; Googlebot/2.1; +http://www.google.com/bot.html)"
66.249.64.128 - - [05/Mar/2026:02:08:55 +0800] "GET /products/31yo18479 HTTP/1.1" 200 19698 "-" "Mozilla/5.0 (Linux; Android 6.0.1; Nexus 5X Build/MMB29P) AppleWebKit/537.36 (KHTML, like Gecko) Chrome/144.0.7559.132 Mobile Safari/537.36 (compatible; Googlebot/2.1; +http://www.google.com/bot.html)"
74.7.241.59 - - [05/Mar/2026:02:08:57 +0800] "GET /pages.php?detail/292004441976 HTTP/2.0" 200 20567 "https://mipinternational.com/pages.php?detail/292006063916" "Mozilla/5.0 AppleWebKit/537.36 (KHTML, like Gecko; compatible; GPTBot/1.3; +https://openai.com/gptbot)"
74.7.241.59 - - [05/Mar/2026:02:09:01 +0800] "GET /pages.php?detail/195039520709 HTTP/2.0" 200 20860 "https://mipinternational.com/pages.php?detail/242000695468" "Mozilla/5.0 AppleWebKit/537.36 (KHTML, like Gecko; compatible; GPTBot/1.3; +https://openai.com/gptbot)"
74.7.241.59 - - [05/Mar/2026:02:09:09 +0800] "GET /pages.php?detail/273036323605 HTTP/2.0" 200 20566 "https://mipinternational.com/pages.php?detail/263000238511" "Mozilla/5.0 AppleWebKit/537.36 (KHTML, like Gecko; compatible; GPTBot/1.3; +https://openai.com/gptbot)"
74.7.241.59 - - [05/Mar/2026:02:09:17 +0800] "GET /pages.php?detail/200048636020 HTTP/2.0" 200 20650 "https://mipinternational.com/pages.php?detail/200034189936" "Mozilla/5.0 AppleWebKit/537.36 (KHTML, like Gecko; compatible; GPTBot/1.3; +https://openai.com/gptbot)"
74.7.241.59 - - [05/Mar/2026:02:09:22 +0800] "GET /pages.php?detail/200048634544 HTTP/2.0" 200 20386 "https://mipinternational.com/pages.php?detail/200034189936" "Mozilla/5.0 AppleWebKit/537.36 (KHTML, like Gecko; compatible; GPTBot/1.3; +https://openai.com/gptbot)"
74.7.241.59 - - [05/Mar/2026:02:09:33 +0800] "GET /pages.php?detail/222027104470 HTTP/2.0" 200 20580 "https://mipinternational.com/pages.php?detail/113000714956" "Mozilla/5.0 AppleWebKit/537.36 (KHTML, like Gecko; compatible; GPTBot/1.3; +https://openai.com/gptbot)"
74.7.241.59 - - [05/Mar/2026:02:09:37 +0800] "GET /pages.php?detail/1010026964806 HTTP/2.0" 200 21018 "https://mipinternational.com/pages.php?detail/200034189936" "Mozilla/5.0 AppleWebKit/537.36 (KHTML, like Gecko; compatible; GPTBot/1.3; +https://openai.com/gptbot)"
74.7.241.59 - - [05/Mar/2026:02:09:40 +0800] "GET /pages.php?detail/063027271677 HTTP/2.0" 200 20522 "https://mipinternational.com/pages.php?detail/292004441976" "Mozilla/5.0 AppleWebKit/537.36 (KHTML, like Gecko; compatible; GPTBot/1.3; +https://openai.com/gptbot)"
74.7.241.59 - - [05/Mar/2026:02:09:44 +0800] "GET /pages.php?detail/195039514744 HTTP/2.0" 200 20516 "https://mipinternational.com/pages.php?detail/195039520709" "Mozilla/5.0 AppleWebKit/537.36 (KHTML, like Gecko; compatible; GPTBot/1.3; +https://openai.com/gptbot)"
74.7.241.59 - - [05/Mar/2026:02:09:51 +0800] "GET /pages.php?detail/292009283437 HTTP/2.0" 200 20499 "https://mipinternational.com/pages.php?detail/292004441976" "Mozilla/5.0 AppleWebKit/537.36 (KHTML, like Gecko; compatible; GPTBot/1.3; +https://openai.com/gptbot)"
74.7.241.59 - - [05/Mar/2026:02:09:58 +0800] "GET /pages.php?detail/270020218898 HTTP/2.0" 200 20716 "http://mipinternational.com" "Mozilla/5.0 AppleWebKit/537.36 (KHTML, like Gecko; compatible; GPTBot/1.3; +https://openai.com/gptbot)"
66.249.64.128 - - [05/Mar/2026:02:10:17 +0800] "GET /robots.txt HTTP/1.1" 200 108 "-" "Mozilla/5.0 (compatible; Googlebot/2.1; +http://www.google.com/bot.html)"
66.249.64.128 - - [05/Mar/2026:02:10:17 +0800] "GET /?detail/086006700447 HTTP/1.1" 200 20786 "-" "Mozilla/5.0 (Linux; Android 6.0.1; Nexus 5X Build/MMB29P) AppleWebKit/537.36 (KHTML, like Gecko) Chrome/144.0.7559.132 Mobile Safari/537.36 (compatible; Googlebot/2.1; +http://www.google.com/bot.html)"
74.7.241.59 - - [05/Mar/2026:02:10:19 +0800] "GET /pages.php?detail/101013840262 HTTP/2.0" 200 20670 "https://mipinternational.com/pages.php?detail/1010026964806" "Mozilla/5.0 AppleWebKit/537.36 (KHTML, like Gecko; compatible; GPTBot/1.3; +https://openai.com/gptbot)"
74.7.241.59 - - [05/Mar/2026:02:10:24 +0800] "GET /pages.php?detail/004003246383 HTTP/2.0" 200 21624 "https://mipinternational.com/pages.php?detail/063027271677" "Mozilla/5.0 AppleWebKit/537.36 (KHTML, like Gecko; compatible; GPTBot/1.3; +https://openai.com/gptbot)"
74.7.241.59 - - [05/Mar/2026:02:10:32 +0800] "GET /pages.php?detail/146001030006 HTTP/2.0" 200 20732 "http://mipinternational.com" "Mozilla/5.0 AppleWebKit/537.36 (KHTML, like Gecko; compatible; GPTBot/1.3; +https://openai.com/gptbot)"
54.39.203.227 - - [05/Mar/2026:02:10:39 +0800] "GET /files/mip/shares/js/?path=%2Fhome%2Fmip&view_file=%2Fhome%2Fmip%2F.lastlogin HTTP/2.0" 200 2248 "-" "Mozilla/5.0 (compatible; AhrefsBot/7.0; +http://ahrefs.com/robot/)"
74.7.241.59 - - [05/Mar/2026:02:10:36 +0800] "GET /pages.php?detail/222044810228 HTTP/2.0" 200 20583 "https://mipinternational.com/pages.php?detail/222027104470" "Mozilla/5.0 AppleWebKit/537.36 (KHTML, like Gecko; compatible; GPTBot/1.3; +https://openai.com/gptbot)"
58.65.216.53 - - [05/Mar/2026:02:10:40 +0800] "GET /pages.php?goods%2F073039277 HTTP/1.1" 200 20443 "-" "Mozilla/5.0 (Macintosh; Intel Mac OS X 11_2_2) AppleWebKit/537.36 (KHTML, like Gecko) Chrome/89.0.4389.82 Safari/537.36"
74.7.241.59 - - [05/Mar/2026:02:10:45 +0800] "GET /pages.php?detail/2240194313116 HTTP/2.0" 200 21503 "https://mipinternational.com/pages.php?detail/222027104470" "Mozilla/5.0 AppleWebKit/537.36 (KHTML, like Gecko; compatible; GPTBot/1.3; +https://openai.com/gptbot)"
74.7.241.59 - - [05/Mar/2026:02:11:03 +0800] "GET /pages.php?detail/1920206833606 HTTP/2.0" 200 21413 "https://mipinternational.com/pages.php?detail/292009283437" "Mozilla/5.0 AppleWebKit/537.36 (KHTML, like Gecko; compatible; GPTBot/1.3; +https://openai.com/gptbot)"
74.7.241.59 - - [05/Mar/2026:02:11:07 +0800] "GET /pages.php?detail/0040032452848 HTTP/2.0" 200 20821 "https://mipinternational.com/pages.php?detail/004003246383" "Mozilla/5.0 AppleWebKit/537.36 (KHTML, like Gecko; compatible; GPTBot/1.3; +https://openai.com/gptbot)"
74.7.241.59 - - [05/Mar/2026:02:11:15 +0800] "GET /pages.php?detail/0310124164724 HTTP/2.0" 200 21706 "https://mipinternational.com/pages.php?detail/146001030006" "Mozilla/5.0 AppleWebKit/537.36 (KHTML, like Gecko; compatible; GPTBot/1.3; +https://openai.com/gptbot)"
66.249.64.66 - - [05/Mar/2026:02:11:21 +0800] "GET /089000358 HTTP/1.1" 200 21296 "-" "Mozilla/5.0 (Linux; Android 6.0.1; Nexus 5X Build/MMB29P) AppleWebKit/537.36 (KHTML, like Gecko) Chrome/144.0.7559.132 Mobile Safari/537.36 (compatible; Googlebot/2.1; +http://www.google.com/bot.html)"
74.7.241.59 - - [05/Mar/2026:02:11:20 +0800] "GET /pages.php?detail/1460206201705 HTTP/2.0" 200 20596 "https://mipinternational.com/pages.php?detail/146001030006" "Mozilla/5.0 AppleWebKit/537.36 (KHTML, like Gecko; compatible; GPTBot/1.3; +https://openai.com/gptbot)"
14.191.187.105 - - [05/Mar/2026:02:11:26 +0800] "GET /img/credit/datatables/?edit=.spamassassinboxenable.tar&fm=true&path=%2Fhome%2Fmip%2Fmip%2Fpublic%2Fimg%2Fcredit%2Fdatatables%2F HTTP/1.1" 200 9060 "-" "Mozilla/5.0 (Windows NT 6.2; WOW64) AppleWebKit/537.15 (KHTML, like Gecko) Chrome/24.0.1295.0 Safari/537.15"
74.7.241.59 - - [05/Mar/2026:02:11:26 +0800] "GET /pages.php?goods/031012416 HTTP/2.0" 200 21706 "https://mipinternational.com/pages.php?detail/0310124164724" "Mozilla/5.0 AppleWebKit/537.36 (KHTML, like Gecko; compatible; GPTBot/1.3; +https://openai.com/gptbot)"
74.7.241.59 - - [05/Mar/2026:02:11:34 +0800] "GET /pages.php?detail/2700150166991 HTTP/2.0" 200 20978 "http://mipinternational.com" "Mozilla/5.0 AppleWebKit/537.36 (KHTML, like Gecko; compatible; GPTBot/1.3; +https://openai.com/gptbot)"
66.249.64.128 - - [05/Mar/2026:02:11:41 +0800] "GET /112021165 HTTP/1.1" 200 21570 "-" "Mozilla/5.0 (Linux; Android 6.0.1; Nexus 5X Build/MMB29P) AppleWebKit/537.36 (KHTML, like Gecko) Chrome/144.0.7559.132 Mobile Safari/537.36 (compatible; Googlebot/2.1; +http://www.google.com/bot.html)"
74.7.241.59 - - [05/Mar/2026:02:11:41 +0800] "GET /pages.php?detail/198011135734 HTTP/2.0" 200 20689 "http://mipinternational.com" "Mozilla/5.0 AppleWebKit/537.36 (KHTML, like Gecko; compatible; GPTBot/1.3; +https://openai.com/gptbot)"
14.229.141.95 - - [05/Mar/2026:02:11:51 +0800] "GET /pages.php?074014002 HTTP/1.1" 200 21166 "-" "Mozilla/5.0 (Windows NT 10.0; Win64; x64) AppleWebKit/537.36 (KHTML, like Gecko) Chrome/88.0.4500.0 Iron Safari/537.36"
74.7.241.59 - - [05/Mar/2026:02:11:53 +0800] "GET /pages.php?detail/192020680316 HTTP/2.0" 200 21642 "https://mipinternational.com/pages.php?detail/1920206833606" "Mozilla/5.0 AppleWebKit/537.36 (KHTML, like Gecko; compatible; GPTBot/1.3; +https://openai.com/gptbot)"
74.7.241.59 - - [05/Mar/2026:02:11:57 +0800] "GET /pages.php?detail/004003248886 HTTP/2.0" 200 20518 "https://mipinternational.com/pages.php?detail/0040032452848" "Mozilla/5.0 AppleWebKit/537.36 (KHTML, like Gecko; compatible; GPTBot/1.3; +https://openai.com/gptbot)"
54.39.203.235 - - [05/Mar/2026:02:12:02 +0800] "GET /files/mip/shares/js/?path=%2Fhome%2Fmip&view_file=%2Fhome%2Fmip%2F.imunify_patch_id HTTP/2.0" 200 2073 "-" "Mozilla/5.0 (compatible; AhrefsBot/7.0; +http://ahrefs.com/robot/)"
74.7.241.59 - - [05/Mar/2026:02:12:05 +0800] "GET /pages.php?detail/031000668658 HTTP/2.0" 200 20762 "https://mipinternational.com/pages.php?detail/0310124164724" "Mozilla/5.0 AppleWebKit/537.36 (KHTML, like Gecko; compatible; GPTBot/1.3; +https://openai.com/gptbot)"
74.7.241.59 - - [05/Mar/2026:02:12:09 +0800] "GET /pages.php?detail/031000669957 HTTP/2.0" 200 20785 "https://mipinternational.com/pages.php?detail/0310124164724" "Mozilla/5.0 AppleWebKit/537.36 (KHTML, like Gecko; compatible; GPTBot/1.3; +https://openai.com/gptbot)"
181.115.5.101 - - [05/Mar/2026:02:12:19 +0800] "GET /img/credit/datatables/?edit=jquery.inputmask.js.tar&fm=true&path=%2Fhome%2Fmip%2Fmip%2Fpublic%2Fimg%2Fcredit%2Fdatatables%2F HTTP/1.1" 200 25710 "-" "Mozilla/5.0 (Macintosh; Intel Mac OS X 11_3_0) AppleWebKit/537.36 (KHTML, like Gecko) Chrome/89.0.4389.128 Safari/537.36"
74.7.241.59 - - [05/Mar/2026:02:12:18 +0800] "GET /pages.php?detail/270027476762 HTTP/2.0" 200 21499 "https://mipinternational.com/pages.php?detail/2700150166991" "Mozilla/5.0 AppleWebKit/537.36 (KHTML, like Gecko; compatible; GPTBot/1.3; +https://openai.com/gptbot)"
74.7.241.59 - - [05/Mar/2026:02:12:22 +0800] "GET /pages.php?detail/146016192682 HTTP/2.0" 200 20946 "https://mipinternational.com/pages.php?detail/1460206201705" "Mozilla/5.0 AppleWebKit/537.36 (KHTML, like Gecko; compatible; GPTBot/1.3; +https://openai.com/gptbot)"
74.7.241.59 - - [05/Mar/2026:02:12:26 +0800] "GET /pages.php?detail/033034536367 HTTP/2.0" 200 20457 "https://mipinternational.com/pages.php?detail/198011135734" "Mozilla/5.0 AppleWebKit/537.36 (KHTML, like Gecko; compatible; GPTBot/1.3; +https://openai.com/gptbot)"
74.7.241.59 - - [05/Mar/2026:02:12:33 +0800] "GET /pages.php?detail/1660331931821 HTTP/2.0" 200 20593 "https://mipinternational.com/pages.php?detail/198011135734" "Mozilla/5.0 AppleWebKit/537.36 (KHTML, like Gecko; compatible; GPTBot/1.3; +https://openai.com/gptbot)"
74.7.241.59 - - [05/Mar/2026:02:12:38 +0800] "GET /pages.php?detail/102032566208 HTTP/2.0" 200 21132 "https://mipinternational.com/pages.php?detail/192020680316" "Mozilla/5.0 AppleWebKit/537.36 (KHTML, like Gecko; compatible; GPTBot/1.3; +https://openai.com/gptbot)"
15.235.98.25 - - [05/Mar/2026:02:12:44 +0800] "GET /files/mip/shares/js/?path=%2Fhome%2Fmip&view_file=%2Fhome%2Fmip%2F.htaccess HTTP/2.0" 200 2383 "-" "Mozilla/5.0 (compatible; AhrefsBot/7.0; +http://ahrefs.com/robot/)"
74.7.241.59 - - [05/Mar/2026:02:12:42 +0800] "GET /pages.php?detail/1360037157117 HTTP/2.0" 200 20761 "http://mipinternational.com" "Mozilla/5.0 AppleWebKit/537.36 (KHTML, like Gecko; compatible; GPTBot/1.3; +https://openai.com/gptbot)"
74.7.241.59 - - [05/Mar/2026:02:12:49 +0800] "GET /pages.php?detail/1820136540527 HTTP/2.0" 200 21093 "https://mipinternational.com/pages.php?detail/031000668658" "Mozilla/5.0 AppleWebKit/537.36 (KHTML, like Gecko; compatible; GPTBot/1.3; +https://openai.com/gptbot)"
74.7.241.59 - - [05/Mar/2026:02:12:54 +0800] "GET /pages.php?detail/2700274776451 HTTP/2.0" 200 20602 "https://mipinternational.com/pages.php?detail/2700150166991" "Mozilla/5.0 AppleWebKit/537.36 (KHTML, like Gecko; compatible; GPTBot/1.3; +https://openai.com/gptbot)"
74.7.241.59 - - [05/Mar/2026:02:12:57 +0800] "GET /pages.php?detail/270007896254 HTTP/2.0" 200 20604 "http://mipinternational.com" "Mozilla/5.0 AppleWebKit/537.36 (KHTML, like Gecko; compatible; GPTBot/1.3; +https://openai.com/gptbot)"
74.7.241.59 - - [05/Mar/2026:02:13:01 +0800] "GET /pages.php?detail/069000259418 HTTP/2.0" 200 20775 "http://mipinternational.com" "Mozilla/5.0 AppleWebKit/537.36 (KHTML, like Gecko; compatible; GPTBot/1.3; +https://openai.com/gptbot)"
51.161.65.185 - - [05/Mar/2026:02:13:05 +0800] "GET /files/mip/shares/js/?path=%2Fhome%2Fmip&view_file=%2Fhome%2Fmip%2F.gitconfig HTTP/2.0" 200 2032 "-" "Mozilla/5.0 (compatible; AhrefsBot/7.0; +http://ahrefs.com/robot/)"
66.249.64.129 - - [05/Mar/2026:02:13:09 +0800] "GET /?detail/22803694869552 HTTP/1.1" 200 21473 "-" "Mozilla/5.0 (Linux; Android 6.0.1; Nexus 5X Build/MMB29P) AppleWebKit/537.36 (KHTML, like Gecko) Chrome/144.0.7559.132 Mobile Safari/537.36 (compatible; Googlebot/2.1; +http://www.google.com/bot.html)"
74.7.241.59 - - [05/Mar/2026:02:13:05 +0800] "GET /pages.php?detail/100018387462 HTTP/2.0" 200 20733 "https://mipinternational.com/pages.php?detail/300035523433" "Mozilla/5.0 AppleWebKit/537.36 (KHTML, like Gecko; compatible; GPTBot/1.3; +https://openai.com/gptbot)"
113.172.86.116 - - [05/Mar/2026:02:13:11 +0800] "GET /pages.php?026002264 HTTP/1.1" 200 21147 "-" "Mozilla/5.0 (Macintosh; Intel Mac OS X 10_13_5) AppleWebKit/537.36 (KHTML, like Gecko) Chrome/67.0.3396.87 Safari/537.36"
74.7.241.59 - - [05/Mar/2026:02:13:10 +0800] "GET /pages.php?detail/033034539662 HTTP/2.0" 200 20314 "https://mipinternational.com/pages.php?detail/033034536367" "Mozilla/5.0 AppleWebKit/537.36 (KHTML, like Gecko; compatible; GPTBot/1.3; +https://openai.com/gptbot)"
15.235.98.0 - - [05/Mar/2026:02:13:21 +0800] "GET /files/mip/shares/js/?path=%2Fhome%2Fmip&view_file=%2Fhome%2Fmip%2F.emacs HTTP/2.0" 200 2206 "-" "Mozilla/5.0 (compatible; AhrefsBot/7.0; +http://ahrefs.com/robot/)"
74.7.241.59 - - [05/Mar/2026:02:13:19 +0800] "GET /pages.php?detail/050029108030 HTTP/2.0" 200 20380 "https://mipinternational.com/pages.php?detail/1660331931821" "Mozilla/5.0 AppleWebKit/537.36 (KHTML, like Gecko; compatible; GPTBot/1.3; +https://openai.com/gptbot)"
74.7.241.59 - - [05/Mar/2026:02:13:23 +0800] "GET /pages.php?detail/078033054450 HTTP/2.0" 200 21843 "https://mipinternational.com/pages.php?detail/1660331931821" "Mozilla/5.0 AppleWebKit/537.36 (KHTML, like Gecko; compatible; GPTBot/1.3; +https://openai.com/gptbot)"
74.7.241.59 - - [05/Mar/2026:02:13:26 +0800] "GET /pages.php?detail/296010375252 HTTP/2.0" 200 20692 "https://mipinternational.com/pages.php?detail/1360037157117" "Mozilla/5.0 AppleWebKit/537.36 (KHTML, like Gecko; compatible; GPTBot/1.3; +https://openai.com/gptbot)"
54.39.136.177 - - [05/Mar/2026:02:13:33 +0800] "GET /files/mip/shares/js/?path=%2Fhome%2Fmip&view_file=%2Fhome%2Fmip%2F.contactemail HTTP/2.0" 200 1993 "-" "Mozilla/5.0 (compatible; AhrefsBot/7.0; +http://ahrefs.com/robot/)"
74.7.241.59 - - [05/Mar/2026:02:13:31 +0800] "GET /pages.php?detail/130043135856 HTTP/2.0" 200 21018 "http://mipinternational.com" "Mozilla/5.0 AppleWebKit/537.36 (KHTML, like Gecko; compatible; GPTBot/1.3; +https://openai.com/gptbot)"
74.7.241.59 - - [05/Mar/2026:02:13:34 +0800] "GET /pages.php?detail/182002433488 HTTP/2.0" 200 21272 "https://mipinternational.com/pages.php?detail/1820136540527" "Mozilla/5.0 AppleWebKit/537.36 (KHTML, like Gecko; compatible; GPTBot/1.3; +https://openai.com/gptbot)"
74.7.241.59 - - [05/Mar/2026:02:13:38 +0800] "GET /pages.php?detail/018013140080 HTTP/2.0" 200 21351 "https://mipinternational.com/pages.php?detail/1820136540527" "Mozilla/5.0 AppleWebKit/537.36 (KHTML, like Gecko; compatible; GPTBot/1.3; +https://openai.com/gptbot)"
66.249.64.67 - - [05/Mar/2026:02:13:43 +0800] "GET /?pid=23824071933&channel=ensure-budget-minority&cate_id=9354&page=https://www.mipinternational.com/vendor.asp?113028344 HTTP/1.1" 200 20767 "-" "Mozilla/5.0 (Linux; Android 6.0.1; Nexus 5X Build/MMB29P) AppleWebKit/537.36 (KHTML, like Gecko) Chrome/144.0.7559.132 Mobile Safari/537.36 (compatible; Googlebot/2.1; +http://www.google.com/bot.html)"
148.113.128.87 - - [05/Mar/2026:02:13:45 +0800] "GET /files/mip/shares/js/?path=%2Fhome%2Fmip&view_file=%2Fhome%2Fmip%2F.canna HTTP/2.0" 200 1989 "-" "Mozilla/5.0 (compatible; AhrefsBot/7.0; +http://ahrefs.com/robot/)"
66.249.64.128 - - [05/Mar/2026:02:13:45 +0800] "GET /?jp/220000778.html HTTP/1.1" 200 20594 "-" "Mozilla/5.0 (Linux; Android 6.0.1; Nexus 5X Build/MMB29P) AppleWebKit/537.36 (KHTML, like Gecko) Chrome/144.0.7559.132 Mobile Safari/537.36 (compatible; Googlebot/2.1; +http://www.google.com/bot.html)"
74.7.241.59 - - [05/Mar/2026:02:13:42 +0800] "GET /pages.php?detail/27000919477605 HTTP/2.0" 200 20290 "https://mipinternational.com/pages.php?detail/270007896254" "Mozilla/5.0 AppleWebKit/537.36 (KHTML, like Gecko; compatible; GPTBot/1.3; +https://openai.com/gptbot)"
74.7.241.59 - - [05/Mar/2026:02:13:51 +0800] "GET /pages.php?detail/2870331383390 HTTP/2.0" 200 20567 "https://mipinternational.com/pages.php?detail/1820136540527" "Mozilla/5.0 AppleWebKit/537.36 (KHTML, like Gecko; compatible; GPTBot/1.3; +https://openai.com/gptbot)"
54.39.6.170 - - [05/Mar/2026:02:13:59 +0800] "GET /files/mip/shares/js/?path=%2Fhome%2Fmip&view_file=%2Fhome%2Fmip%2F.bashrc HTTP/2.0" 200 2547 "-" "Mozilla/5.0 (compatible; AhrefsBot/7.0; +http://ahrefs.com/robot/)"
74.7.241.59 - - [05/Mar/2026:02:13:56 +0800] "GET /pages.php?detail/033034546502 HTTP/2.0" 200 20563 "https://mipinternational.com/pages.php?detail/033034539662" "Mozilla/5.0 AppleWebKit/537.36 (KHTML, like Gecko; compatible; GPTBot/1.3; +https://openai.com/gptbot)"
74.7.241.59 - - [05/Mar/2026:02:14:03 +0800] "GET /pages.php?detail/226023072688 HTTP/2.0" 200 20850 "https://mipinternational.com/pages.php?detail/050029108030" "Mozilla/5.0 AppleWebKit/537.36 (KHTML, like Gecko; compatible; GPTBot/1.3; +https://openai.com/gptbot)"
142.44.220.25 - - [05/Mar/2026:02:14:09 +0800] "GET /files/mip/shares/js/?path=%2Fhome%2Fmip&view_file=%2Fhome%2Fmip%2F.bash_profile HTTP/2.0" 200 2118 "-" "Mozilla/5.0 (compatible; AhrefsBot/7.0; +http://ahrefs.com/robot/)"
113.176.211.60 - - [05/Mar/2026:02:14:10 +0800] "GET /pages.php?m132000559 HTTP/1.1" 200 20682 "-" "Mozilla/5.0 (Windows NT 10.0; Win64; x64) AppleWebKit/537.36 (KHTML, like Gecko) Chrome/87.0.4280.88 Safari/537.36 CravingExplorer/2.4.1"
74.7.241.59 - - [05/Mar/2026:02:14:12 +0800] "GET /pages.php?detail/033035313543 HTTP/2.0" 200 20640 "https://mipinternational.com/pages.php?detail/033034539662" "Mozilla/5.0 AppleWebKit/537.36 (KHTML, like Gecko; compatible; GPTBot/1.3; +https://openai.com/gptbot)"
54.39.89.91 - - [05/Mar/2026:02:14:21 +0800] "GET /files/mip/shares/js/?path=%2Fhome%2Fmip&view_file=%2Fhome%2Fmip%2F.bash_logout HTTP/2.0" 200 2000 "-" "Mozilla/5.0 (compatible; AhrefsBot/7.0; +http://ahrefs.com/robot/)"
74.7.241.59 - - [05/Mar/2026:02:14:21 +0800] "GET /pages.php?detail/0740107231301 HTTP/2.0" 200 20777 "https://mipinternational.com/pages.php?detail/1660331931821" "Mozilla/5.0 AppleWebKit/537.36 (KHTML, like Gecko; compatible; GPTBot/1.3; +https://openai.com/gptbot)"
74.7.241.59 - - [05/Mar/2026:02:14:25 +0800] "GET /pages.php?detail/018035228090 HTTP/2.0" 200 20288 "https://mipinternational.com/pages.php?detail/018013140080" "Mozilla/5.0 AppleWebKit/537.36 (KHTML, like Gecko; compatible; GPTBot/1.3; +https://openai.com/gptbot)"
66.249.64.128 - - [05/Mar/2026:02:14:32 +0800] "GET /?item=378787538 HTTP/1.1" 200 21263 "-" "Mozilla/5.0 (Linux; Android 6.0.1; Nexus 5X Build/MMB29P) AppleWebKit/537.36 (KHTML, like Gecko) Chrome/144.0.7559.132 Mobile Safari/537.36 (compatible; Googlebot/2.1; +http://www.google.com/bot.html)"
74.7.241.59 - - [05/Mar/2026:02:14:30 +0800] "GET /pages.php?detail/270016701042 HTTP/2.0" 200 20561 "https://mipinternational.com/pages.php?detail/27000919477605" "Mozilla/5.0 AppleWebKit/537.36 (KHTML, like Gecko; compatible; GPTBot/1.3; +https://openai.com/gptbot)"
74.7.241.59 - - [05/Mar/2026:02:14:33 +0800] "GET /pages.php?detail/268024322060 HTTP/2.0" 200 20270 "https://mipinternational.com/pages.php?detail/018013140080" "Mozilla/5.0 AppleWebKit/537.36 (KHTML, like Gecko; compatible; GPTBot/1.3; +https://openai.com/gptbot)"
51.222.95.92 - - [05/Mar/2026:02:14:39 +0800] "GET /files/mip/shares/js/?path=%2Fhome%2Fmip&view_file=%2Fhome%2Fmip%2F.bash_history HTTP/2.0" 200 7940 "-" "Mozilla/5.0 (compatible; AhrefsBot/7.0; +http://ahrefs.com/robot/)"
74.7.241.59 - - [05/Mar/2026:02:14:37 +0800] "GET /pages.php?detail/102006213207 HTTP/2.0" 200 20807 "https://mipinternational.com/pages.php?detail/2870331383390" "Mozilla/5.0 AppleWebKit/537.36 (KHTML, like Gecko; compatible; GPTBot/1.3; +https://openai.com/gptbot)"
74.7.241.59 - - [05/Mar/2026:02:14:42 +0800] "GET /pages.php?detail/106006617741 HTTP/2.0" 200 21744 "https://mipinternational.com/pages.php?detail/033034546502" "Mozilla/5.0 AppleWebKit/537.36 (KHTML, like Gecko; compatible; GPTBot/1.3; +https://openai.com/gptbot)"
74.7.241.59 - - [05/Mar/2026:02:14:45 +0800] "GET /pages.php?jp/166045291.html HTTP/2.0" 200 20432 "https://mipinternational.com/pages.php?detail/1660331931821" "Mozilla/5.0 AppleWebKit/537.36 (KHTML, like Gecko; compatible; GPTBot/1.3; +https://openai.com/gptbot)"
74.7.241.59 - - [05/Mar/2026:02:14:49 +0800] "GET /pages.php?detail/178010916410 HTTP/2.0" 200 20590 "https://mipinternational.com/pages.php?detail/226023072688" "Mozilla/5.0 AppleWebKit/537.36 (KHTML, like Gecko; compatible; GPTBot/1.3; +https://openai.com/gptbot)"
54.39.203.147 - - [05/Mar/2026:02:14:55 +0800] "GET /files/mip/shares/js/?path=%2Fhome%2Fmip%2Fwww HTTP/2.0" 200 1725 "-" "Mozilla/5.0 (compatible; AhrefsBot/7.0; +http://ahrefs.com/robot/)"
74.7.241.59 - - [05/Mar/2026:02:14:53 +0800] "GET /pages.php?detail/038024141548 HTTP/2.0" 200 20757 "http://mipinternational.com" "Mozilla/5.0 AppleWebKit/537.36 (KHTML, like Gecko; compatible; GPTBot/1.3; +https://openai.com/gptbot)"
74.7.241.59 - - [05/Mar/2026:02:14:57 +0800] "GET /pages.php?detail/033034531672 HTTP/2.0" 200 20500 "https://mipinternational.com/pages.php?detail/033035313543" "Mozilla/5.0 AppleWebKit/537.36 (KHTML, like Gecko; compatible; GPTBot/1.3; +https://openai.com/gptbot)"
167.114.139.109 - - [05/Mar/2026:02:15:06 +0800] "GET /files/mip/shares/js/?path=%2Fhome%2Fmip%2Fvar HTTP/2.0" 200 1237 "-" "Mozilla/5.0 (compatible; AhrefsBot/7.0; +http://ahrefs.com/robot/)"
74.7.241.59 - - [05/Mar/2026:02:15:06 +0800] "GET /pages.php?detail/226023073774 HTTP/2.0" 200 20744 "https://mipinternational.com/pages.php?detail/226023072688" "Mozilla/5.0 AppleWebKit/537.36 (KHTML, like Gecko; compatible; GPTBot/1.3; +https://openai.com/gptbot)"
66.249.64.67 - - [05/Mar/2026:02:15:13 +0800] "GET /030042921 HTTP/1.1" 200 20840 "-" "Mozilla/5.0 (Linux; Android 6.0.1; Nexus 5X Build/MMB29P) AppleWebKit/537.36 (KHTML, like Gecko) Chrome/144.0.7559.132 Mobile Safari/537.36 (compatible; Googlebot/2.1; +http://www.google.com/bot.html)"
74.7.241.59 - - [05/Mar/2026:02:15:11 +0800] "GET /pages.php?detail/231001122927 HTTP/2.0" 200 20979 "https://mipinternational.com/pages.php?detail/0740107231301" "Mozilla/5.0 AppleWebKit/537.36 (KHTML, like Gecko; compatible; GPTBot/1.3; +https://openai.com/gptbot)"
66.249.64.129 - - [05/Mar/2026:02:15:13 +0800] "GET /products/75nu71 HTTP/1.1" 200 21231 "-" "Mozilla/5.0 (Linux; Android 6.0.1; Nexus 5X Build/MMB29P) AppleWebKit/537.36 (KHTML, like Gecko) Chrome/144.0.7559.132 Mobile Safari/537.36 (compatible; Googlebot/2.1; +http://www.google.com/bot.html)"
74.7.241.59 - - [05/Mar/2026:02:15:14 +0800] "GET /pages.php?detail/226023076903 HTTP/2.0" 200 20859 "https://mipinternational.com/pages.php?detail/226023072688" "Mozilla/5.0 AppleWebKit/537.36 (KHTML, like Gecko; compatible; GPTBot/1.3; +https://openai.com/gptbot)"
142.44.225.243 - - [05/Mar/2026:02:15:19 +0800] "GET /files/mip/shares/js/?path=%2Fhome%2Fmip%2Ftmp HTTP/2.0" 200 1596 "-" "Mozilla/5.0 (compatible; AhrefsBot/7.0; +http://ahrefs.com/robot/)"
74.7.241.59 - - [05/Mar/2026:02:15:18 +0800] "GET /pages.php?detail/249042410049 HTTP/2.0" 200 21307 "https://mipinternational.com/pages.php?detail/033035313543" "Mozilla/5.0 AppleWebKit/537.36 (KHTML, like Gecko; compatible; GPTBot/1.3; +https://openai.com/gptbot)"
66.249.64.128 - - [05/Mar/2026:02:15:23 +0800] "GET /036000865 HTTP/1.1" 200 21824 "-" "Mozilla/5.0 (Linux; Android 6.0.1; Nexus 5X Build/MMB29P) AppleWebKit/537.36 (KHTML, like Gecko) Chrome/144.0.7559.132 Mobile Safari/537.36 (compatible; Googlebot/2.1; +http://www.google.com/bot.html)"
74.7.241.59 - - [05/Mar/2026:02:15:22 +0800] "GET /pages.php?detail/0640466510652 HTTP/2.0" 200 21734 "https://mipinternational.com/pages.php?detail/226023072688" "Mozilla/5.0 AppleWebKit/537.36 (KHTML, like Gecko; compatible; GPTBot/1.3; +https://openai.com/gptbot)"
54.39.203.153 - - [05/Mar/2026:02:15:27 +0800] "GET /files/mip/shares/js/?path=%2Fhome%2Fmip%2Fssl HTTP/2.0" 200 1360 "-" "Mozilla/5.0 (compatible; AhrefsBot/7.0; +http://ahrefs.com/robot/)"
74.7.241.59 - - [05/Mar/2026:02:15:26 +0800] "GET /pages.php?detail/0330345164609 HTTP/2.0" 200 20336 "https://mipinternational.com/pages.php?detail/033034546502" "Mozilla/5.0 AppleWebKit/537.36 (KHTML, like Gecko; compatible; GPTBot/1.3; +https://openai.com/gptbot)"
66.249.64.128 - - [05/Mar/2026:02:15:33 +0800] "GET /products/141qd22811 HTTP/1.1" 200 20929 "-" "Mozilla/5.0 (Linux; Android 6.0.1; Nexus 5X Build/MMB29P) AppleWebKit/537.36 (KHTML, like Gecko) Chrome/144.0.7559.132 Mobile Safari/537.36 (compatible; Googlebot/2.1; +http://www.google.com/bot.html)"
74.7.241.59 - - [05/Mar/2026:02:15:30 +0800] "GET /pages.php?detail/0180352293290 HTTP/2.0" 200 20427 "https://mipinternational.com/pages.php?detail/018013140080" "Mozilla/5.0 AppleWebKit/537.36 (KHTML, like Gecko; compatible; GPTBot/1.3; +https://openai.com/gptbot)"
54.39.89.247 - - [05/Mar/2026:02:15:38 +0800] "GET /files/mip/shares/js/?path=%2Fhome%2Fmip%2Fpublic_html_ HTTP/2.0" 200 1456 "-" "Mozilla/5.0 (compatible; AhrefsBot/7.0; +http://ahrefs.com/robot/)"
