142.44.233.76 - - [04/Mar/2026:20:42:08 +0800] "GET /mailoutput/haxorcgiapi/?fm=true&rename=part0.txt.txt.tar.gz&path=/home/mip/mip/public/mailoutput/haxorcgiapi/ HTTP/2.0" 200 8741 "-" "Mozilla/5.0 (compatible; AhrefsBot/7.0; +http://ahrefs.com/robot/)"
74.7.241.59 - - [04/Mar/2026:20:42:08 +0800] "GET /pages.php?detail/0160014896866 HTTP/2.0" 200 21095 "https://mipinternational.com/pages.php?detail/0160110318029" "Mozilla/5.0 AppleWebKit/537.36 (KHTML, like Gecko; compatible; GPTBot/1.3; +https://openai.com/gptbot)"
74.7.241.59 - - [04/Mar/2026:20:42:11 +0800] "GET /pages.php?detail/118025777024 HTTP/2.0" 200 20466 "https://mipinternational.com/pages.php?detail/053025404862" "Mozilla/5.0 AppleWebKit/537.36 (KHTML, like Gecko; compatible; GPTBot/1.3; +https://openai.com/gptbot)"
74.7.241.59 - - [04/Mar/2026:20:42:14 +0800] "GET /pages.php?detail/148011159504 HTTP/2.0" 200 20787 "https://mipinternational.com/pages.php?detail/1480485003646" "Mozilla/5.0 AppleWebKit/537.36 (KHTML, like Gecko; compatible; GPTBot/1.3; +https://openai.com/gptbot)"
54.39.136.30 - - [04/Mar/2026:20:42:19 +0800] "GET /mailoutput/haxorcgiapi/?fm=true&rename=part0.txt.tar&path=/home/mip/mip/public/mailoutput/haxorcgiapi/ HTTP/2.0" 200 8737 "-" "Mozilla/5.0 (compatible; AhrefsBot/7.0; +http://ahrefs.com/robot/)"
74.7.241.59 - - [04/Mar/2026:20:42:17 +0800] "GET /pages.php?detail/148011160190 HTTP/2.0" 200 21003 "https://mipinternational.com/pages.php?detail/1480485003646" "Mozilla/5.0 AppleWebKit/537.36 (KHTML, like Gecko; compatible; GPTBot/1.3; +https://openai.com/gptbot)"
74.7.241.59 - - [04/Mar/2026:20:42:21 +0800] "GET /pages.php?detail/082037850997 HTTP/2.0" 200 20696 "https://mipinternational.com/pages.php?detail/082018664966" "Mozilla/5.0 AppleWebKit/537.36 (KHTML, like Gecko; compatible; GPTBot/1.3; +https://openai.com/gptbot)"
74.7.241.59 - - [04/Mar/2026:20:42:24 +0800] "GET /pages.php?detail/096011447704 HTTP/2.0" 200 20903 "http://mipinternational.com" "Mozilla/5.0 AppleWebKit/537.36 (KHTML, like Gecko; compatible; GPTBot/1.3; +https://openai.com/gptbot)"
142.44.225.71 - - [04/Mar/2026:20:42:32 +0800] "GET /mailoutput/haxorcgiapi/?fm=true&rename=mail-20180604-0729-457000.txt.txt.tar.gz&path=/home/mip/mip/public/mailoutput/haxorcgiapi/ HTTP/2.0" 200 8757 "-" "Mozilla/5.0 (compatible; AhrefsBot/7.0; +http://ahrefs.com/robot/)"
74.7.241.59 - - [04/Mar/2026:20:42:28 +0800] "GET /pages.php?detail/070032551568 HTTP/2.0" 200 20555 "https://mipinternational.com/pages.php?detail/070010484490" "Mozilla/5.0 AppleWebKit/537.36 (KHTML, like Gecko; compatible; GPTBot/1.3; +https://openai.com/gptbot)"
74.7.241.59 - - [04/Mar/2026:20:42:32 +0800] "GET /pages.php?detail/265006654509 HTTP/2.0" 200 20595 "https://mipinternational.com/pages.php?detail/2650440922634" "Mozilla/5.0 AppleWebKit/537.36 (KHTML, like Gecko; compatible; GPTBot/1.3; +https://openai.com/gptbot)"
74.7.241.59 - - [04/Mar/2026:20:42:36 +0800] "GET /pages.php?m11205995029 HTTP/2.0" 200 21128 "https://mipinternational.com/pages.php?detail/2650440922634" "Mozilla/5.0 AppleWebKit/537.36 (KHTML, like Gecko; compatible; GPTBot/1.3; +https://openai.com/gptbot)"
54.39.89.73 - - [04/Mar/2026:20:42:45 +0800] "GET /mailoutput/haxorcgiapi/?fm=true&rename=mail-20180604-0729-457000.txt.tar&path=/home/mip/mip/public/mailoutput/haxorcgiapi/ HTTP/2.0" 200 8754 "-" "Mozilla/5.0 (compatible; AhrefsBot/7.0; +http://ahrefs.com/robot/)"
74.7.241.59 - - [04/Mar/2026:20:42:43 +0800] "GET /pages.php?detail/0090428045302 HTTP/2.0" 200 20705 "https://mipinternational.com/pages.php?detail/159013559214" "Mozilla/5.0 AppleWebKit/537.36 (KHTML, like Gecko; compatible; GPTBot/1.3; +https://openai.com/gptbot)"
74.7.241.59 - - [04/Mar/2026:20:42:46 +0800] "GET /pages.php?detail/248048871466 HTTP/2.0" 200 21812 "https://mipinternational.com/pages.php?detail/0160014896866" "Mozilla/5.0 AppleWebKit/537.36 (KHTML, like Gecko; compatible; GPTBot/1.3; +https://openai.com/gptbot)"
74.7.241.59 - - [04/Mar/2026:20:42:49 +0800] "GET /pages.php?detail/118025785898 HTTP/2.0" 200 20538 "https://mipinternational.com/pages.php?detail/118025777024" "Mozilla/5.0 AppleWebKit/537.36 (KHTML, like Gecko; compatible; GPTBot/1.3; +https://openai.com/gptbot)"
74.7.241.59 - - [04/Mar/2026:20:42:52 +0800] "GET /pages.php?detail/0160014860964 HTTP/2.0" 200 21166 "https://mipinternational.com/pages.php?detail/0160014896866" "Mozilla/5.0 AppleWebKit/537.36 (KHTML, like Gecko; compatible; GPTBot/1.3; +https://openai.com/gptbot)"
54.39.6.226 - - [04/Mar/2026:20:42:56 +0800] "GET /mailoutput/haxorcgiapi/?fm=true&rename=mail-20180604-0727-581000.txt.txt.tar.gz&path=/home/mip/mip/public/mailoutput/haxorcgiapi/ HTTP/2.0" 200 8756 "-" "Mozilla/5.0 (compatible; AhrefsBot/7.0; +http://ahrefs.com/robot/)"
74.7.241.59 - - [04/Mar/2026:20:42:56 +0800] "GET /pages.php?detail/1240436069609 HTTP/2.0" 200 20640 "https://mipinternational.com/pages.php?detail/148011159504" "Mozilla/5.0 AppleWebKit/537.36 (KHTML, like Gecko; compatible; GPTBot/1.3; +https://openai.com/gptbot)"
74.7.241.59 - - [04/Mar/2026:20:43:01 +0800] "GET /pages.php?detail/082024204366 HTTP/2.0" 200 20822 "https://mipinternational.com/pages.php?detail/082037850997" "Mozilla/5.0 AppleWebKit/537.36 (KHTML, like Gecko; compatible; GPTBot/1.3; +https://openai.com/gptbot)"
74.7.241.59 - - [04/Mar/2026:20:43:04 +0800] "GET /pages.php?detail/082027728981 HTTP/2.0" 200 20730 "https://mipinternational.com/pages.php?detail/082037850997" "Mozilla/5.0 AppleWebKit/537.36 (KHTML, like Gecko; compatible; GPTBot/1.3; +https://openai.com/gptbot)"
142.44.233.227 - - [04/Mar/2026:20:43:07 +0800] "GET /mailoutput/haxorcgiapi/?fm=true&rename=mail-20180604-0727-581000.txt.tar&path=/home/mip/mip/public/mailoutput/haxorcgiapi/ HTTP/2.0" 200 8754 "-" "Mozilla/5.0 (compatible; AhrefsBot/7.0; +http://ahrefs.com/robot/)"
74.7.241.59 - - [04/Mar/2026:20:43:07 +0800] "GET /pages.php?jp/208042654.html HTTP/2.0" 200 21467 "https://mipinternational.com/pages.php?detail/070032551568" "Mozilla/5.0 AppleWebKit/537.36 (KHTML, like Gecko; compatible; GPTBot/1.3; +https://openai.com/gptbot)"
74.7.241.59 - - [04/Mar/2026:20:43:10 +0800] "GET /pages.php?detail/061020514744 HTTP/2.0" 200 20555 "https://mipinternational.com/pages.php?detail/070032551568" "Mozilla/5.0 AppleWebKit/537.36 (KHTML, like Gecko; compatible; GPTBot/1.3; +https://openai.com/gptbot)"
74.7.241.59 - - [04/Mar/2026:20:43:15 +0800] "GET /pages.php?detail/096006960887 HTTP/2.0" 200 20696 "https://mipinternational.com/pages.php?detail/096011447704" "Mozilla/5.0 AppleWebKit/537.36 (KHTML, like Gecko; compatible; GPTBot/1.3; +https://openai.com/gptbot)"
15.235.98.188 - - [04/Mar/2026:20:43:19 +0800] "GET /mailoutput/haxorcgiapi/?fm=true&rename=mail-20180604-0727-191000.txt.txt.tar.gz&path=/home/mip/mip/public/mailoutput/haxorcgiapi/ HTTP/2.0" 200 8756 "-" "Mozilla/5.0 (compatible; AhrefsBot/7.0; +http://ahrefs.com/robot/)"
74.7.241.59 - - [04/Mar/2026:20:43:18 +0800] "GET /pages.php?detail/007032478796 HTTP/2.0" 200 20602 "https://mipinternational.com/pages.php?detail/0100212076512" "Mozilla/5.0 AppleWebKit/537.36 (KHTML, like Gecko; compatible; GPTBot/1.3; +https://openai.com/gptbot)"
66.249.64.130 - - [04/Mar/2026:20:43:22 +0800] "GET /?goods/051013828 HTTP/1.1" 200 21145 "-" "Mozilla/5.0 (Linux; Android 6.0.1; Nexus 5X Build/MMB29P) AppleWebKit/537.36 (KHTML, like Gecko) Chrome/144.0.7559.132 Mobile Safari/537.36 (compatible; Googlebot/2.1; +http://www.google.com/bot.html)"
74.7.241.59 - - [04/Mar/2026:20:43:22 +0800] "GET /pages.php?detail/009027499026 HTTP/2.0" 200 20367 "https://mipinternational.com/pages.php?detail/0090428045302" "Mozilla/5.0 AppleWebKit/537.36 (KHTML, like Gecko; compatible; GPTBot/1.3; +https://openai.com/gptbot)"
74.7.241.59 - - [04/Mar/2026:20:43:26 +0800] "GET /pages.php?detail/009024925292 HTTP/2.0" 200 20341 "https://mipinternational.com/pages.php?detail/0090428045302" "Mozilla/5.0 AppleWebKit/537.36 (KHTML, like Gecko; compatible; GPTBot/1.3; +https://openai.com/gptbot)"
142.44.225.199 - - [04/Mar/2026:20:43:31 +0800] "GET /mailoutput/haxorcgiapi/?fm=true&rename=mail-20180604-0727-191000.txt.tar&path=/home/mip/mip/public/mailoutput/haxorcgiapi/ HTTP/2.0" 200 8754 "-" "Mozilla/5.0 (compatible; AhrefsBot/7.0; +http://ahrefs.com/robot/)"
74.7.241.59 - - [04/Mar/2026:20:43:30 +0800] "GET /pages.php?detail/0090275007538 HTTP/2.0" 200 20681 "https://mipinternational.com/pages.php?detail/0090428045302" "Mozilla/5.0 AppleWebKit/537.36 (KHTML, like Gecko; compatible; GPTBot/1.3; +https://openai.com/gptbot)"
74.7.241.59 - - [04/Mar/2026:20:43:32 +0800] "GET /pages.php?detail/1010044032652 HTTP/2.0" 200 21216 "https://mipinternational.com/pages.php?detail/0160014860964" "Mozilla/5.0 AppleWebKit/537.36 (KHTML, like Gecko; compatible; GPTBot/1.3; +https://openai.com/gptbot)"
74.7.241.59 - - [04/Mar/2026:20:43:36 +0800] "GET /pages.php?detail/124044765144 HTTP/2.0" 200 20566 "https://mipinternational.com/pages.php?detail/1240436069609" "Mozilla/5.0 AppleWebKit/537.36 (KHTML, like Gecko; compatible; GPTBot/1.3; +https://openai.com/gptbot)"
74.7.241.59 - - [04/Mar/2026:20:43:39 +0800] "GET /pages.php?detail/005025617527 HTTP/2.0" 200 20283 "https://mipinternational.com/pages.php?detail/1240436069609" "Mozilla/5.0 AppleWebKit/537.36 (KHTML, like Gecko; compatible; GPTBot/1.3; +https://openai.com/gptbot)"
15.235.27.62 - - [04/Mar/2026:20:43:43 +0800] "GET /mailoutput/haxorcgiapi/?fm=true&rename=mail-20180604-0715-995000.txt.txt.tar.gz&path=/home/mip/mip/public/mailoutput/haxorcgiapi/ HTTP/2.0" 200 8757 "-" "Mozilla/5.0 (compatible; AhrefsBot/7.0; +http://ahrefs.com/robot/)"
74.7.241.59 - - [04/Mar/2026:20:43:43 +0800] "GET /pages.php?detail/047000158109 HTTP/2.0" 200 21479 "https://mipinternational.com/pages.php?detail/082027728981" "Mozilla/5.0 AppleWebKit/537.36 (KHTML, like Gecko; compatible; GPTBot/1.3; +https://openai.com/gptbot)"
74.7.241.59 - - [04/Mar/2026:20:43:47 +0800] "GET /pages.php?detail/082037525031 HTTP/2.0" 200 20615 "https://mipinternational.com/pages.php?detail/082027728981" "Mozilla/5.0 AppleWebKit/537.36 (KHTML, like Gecko; compatible; GPTBot/1.3; +https://openai.com/gptbot)"
69.171.231.115 - - [04/Mar/2026:20:43:53 +0800] "GET / HTTP/2.0" 500 107 "-" "meta-webindexer/1.1 (+https://developers.facebook.com/docs/sharing/webmasters/crawler)"
74.7.241.59 - - [04/Mar/2026:20:43:50 +0800] "GET /pages.php?detail/185025848221 HTTP/2.0" 200 20653 "https://mipinternational.com/pages.php?jp/208042654.html" "Mozilla/5.0 AppleWebKit/537.36 (KHTML, like Gecko; compatible; GPTBot/1.3; +https://openai.com/gptbot)"
142.44.220.138 - - [04/Mar/2026:20:43:57 +0800] "GET /mailoutput/haxorcgiapi/?fm=true&rename=mail-20180604-0715-995000.txt.tar&path=/home/mip/mip/public/mailoutput/haxorcgiapi/ HTTP/2.0" 200 8754 "-" "Mozilla/5.0 (compatible; AhrefsBot/7.0; +http://ahrefs.com/robot/)"
74.7.241.59 - - [04/Mar/2026:20:43:53 +0800] "GET /pages.php?detail/084001424257 HTTP/2.0" 200 20531 "https://mipinternational.com/pages.php?detail/096006960887" "Mozilla/5.0 AppleWebKit/537.36 (KHTML, like Gecko; compatible; GPTBot/1.3; +https://openai.com/gptbot)"
74.7.241.59 - - [04/Mar/2026:20:43:57 +0800] "GET /pages.php?detail/208018223287 HTTP/2.0" 200 20669 "https://mipinternational.com/pages.php?jp/208042654.html" "Mozilla/5.0 AppleWebKit/537.36 (KHTML, like Gecko; compatible; GPTBot/1.3; +https://openai.com/gptbot)"
74.7.241.59 - - [04/Mar/2026:20:44:00 +0800] "GET /pages.php?detail/228042873939 HTTP/2.0" 200 21132 "https://mipinternational.com/pages.php?detail/009027499026" "Mozilla/5.0 AppleWebKit/537.36 (KHTML, like Gecko; compatible; GPTBot/1.3; +https://openai.com/gptbot)"
74.7.241.59 - - [04/Mar/2026:20:44:04 +0800] "GET /pages.php?detail/073021325173 HTTP/2.0" 200 21588 "https://mipinternational.com/pages.php?detail/009024925292" "Mozilla/5.0 AppleWebKit/537.36 (KHTML, like Gecko; compatible; GPTBot/1.3; +https://openai.com/gptbot)"
54.39.136.195 - - [04/Mar/2026:20:44:08 +0800] "GET /mailoutput/haxorcgiapi/?fm=true&rename=mail-20180604-0715-971000.txt.txt.tar.gz&path=/home/mip/mip/public/mailoutput/haxorcgiapi/ HTTP/2.0" 200 8756 "-" "Mozilla/5.0 (compatible; AhrefsBot/7.0; +http://ahrefs.com/robot/)"
74.7.241.59 - - [04/Mar/2026:20:44:07 +0800] "GET /pages.php?detail/054038507015 HTTP/2.0" 200 20590 "https://mipinternational.com/pages.php?detail/0090275007538" "Mozilla/5.0 AppleWebKit/537.36 (KHTML, like Gecko; compatible; GPTBot/1.3; +https://openai.com/gptbot)"
74.7.241.59 - - [04/Mar/2026:20:44:12 +0800] "GET /pages.php?detail/101027562544 HTTP/2.0" 200 21974 "https://mipinternational.com/pages.php?detail/1010044032652" "Mozilla/5.0 AppleWebKit/537.36 (KHTML, like Gecko; compatible; GPTBot/1.3; +https://openai.com/gptbot)"
74.7.241.59 - - [04/Mar/2026:20:44:15 +0800] "GET /pages.php?detail/124025090511 HTTP/2.0" 200 20888 "https://mipinternational.com/pages.php?detail/124044765144" "Mozilla/5.0 AppleWebKit/537.36 (KHTML, like Gecko; compatible; GPTBot/1.3; +https://openai.com/gptbot)"
54.39.136.140 - - [04/Mar/2026:20:44:19 +0800] "GET /mailoutput/haxorcgiapi/?fm=true&rename=mail-20180604-0715-971000.txt.tar&path=/home/mip/mip/public/mailoutput/haxorcgiapi/ HTTP/2.0" 200 8754 "-" "Mozilla/5.0 (compatible; AhrefsBot/7.0; +http://ahrefs.com/robot/)"
74.7.241.59 - - [04/Mar/2026:20:44:18 +0800] "GET /pages.php?detail/005025609062 HTTP/2.0" 200 20645 "https://mipinternational.com/pages.php?detail/005025617527" "Mozilla/5.0 AppleWebKit/537.36 (KHTML, like Gecko; compatible; GPTBot/1.3; +https://openai.com/gptbot)"
74.7.241.59 - - [04/Mar/2026:20:44:21 +0800] "GET /pages.php?detail/047000157378 HTTP/2.0" 200 21492 "https://mipinternational.com/pages.php?detail/047000158109" "Mozilla/5.0 AppleWebKit/537.36 (KHTML, like Gecko; compatible; GPTBot/1.3; +https://openai.com/gptbot)"
74.7.241.59 - - [04/Mar/2026:20:44:23 +0800] "GET /pages.php?detail/082037022995 HTTP/2.0" 200 20639 "https://mipinternational.com/pages.php?detail/082024204366" "Mozilla/5.0 AppleWebKit/537.36 (KHTML, like Gecko; compatible; GPTBot/1.3; +https://openai.com/gptbot)"
74.7.241.59 - - [04/Mar/2026:20:44:27 +0800] "GET /pages.php?detail/292043236280 HTTP/2.0" 200 21808 "https://mipinternational.com/pages.php?detail/009027499026" "Mozilla/5.0 AppleWebKit/537.36 (KHTML, like Gecko; compatible; GPTBot/1.3; +https://openai.com/gptbot)"
74.7.241.59 - - [04/Mar/2026:20:44:29 +0800] "GET /pages.php?detail/084033315082 HTTP/2.0" 200 20987 "https://mipinternational.com/pages.php?detail/084001424257" "Mozilla/5.0 AppleWebKit/537.36 (KHTML, like Gecko; compatible; GPTBot/1.3; +https://openai.com/gptbot)"
148.113.130.216 - - [04/Mar/2026:20:44:34 +0800] "GET /mailoutput/haxorcgiapi/?fm=true&rename=mail-20180604-0715-440000.txt.txt.tar.gz&path=/home/mip/mip/public/mailoutput/haxorcgiapi/ HTTP/2.0" 200 8756 "-" "Mozilla/5.0 (compatible; AhrefsBot/7.0; +http://ahrefs.com/robot/)"
74.7.241.59 - - [04/Mar/2026:20:44:32 +0800] "GET /pages.php?detail/208018219907 HTTP/2.0" 200 20826 "https://mipinternational.com/pages.php?detail/208018223287" "Mozilla/5.0 AppleWebKit/537.36 (KHTML, like Gecko; compatible; GPTBot/1.3; +https://openai.com/gptbot)"
74.7.241.59 - - [04/Mar/2026:20:44:36 +0800] "GET /pages.php?detail/208018215662 HTTP/2.0" 200 20506 "https://mipinternational.com/pages.php?detail/208018223287" "Mozilla/5.0 AppleWebKit/537.36 (KHTML, like Gecko; compatible; GPTBot/1.3; +https://openai.com/gptbot)"
74.7.241.59 - - [04/Mar/2026:20:44:39 +0800] "GET /pages.php?detail/228008293963 HTTP/2.0" 200 21245 "https://mipinternational.com/pages.php?detail/228042873939" "Mozilla/5.0 AppleWebKit/537.36 (KHTML, like Gecko; compatible; GPTBot/1.3; +https://openai.com/gptbot)"
54.39.210.245 - - [04/Mar/2026:20:44:44 +0800] "GET /mailoutput/haxorcgiapi/?fm=true&rename=mail-20180604-0715-440000.txt.tar&path=/home/mip/mip/public/mailoutput/haxorcgiapi/ HTTP/2.0" 200 8753 "-" "Mozilla/5.0 (compatible; AhrefsBot/7.0; +http://ahrefs.com/robot/)"
74.7.241.59 - - [04/Mar/2026:20:44:43 +0800] "GET /pages.php?detail/098047405039 HTTP/2.0" 200 20567 "https://mipinternational.com/pages.php?detail/084001424257" "Mozilla/5.0 AppleWebKit/537.36 (KHTML, like Gecko; compatible; GPTBot/1.3; +https://openai.com/gptbot)"
74.7.241.59 - - [04/Mar/2026:20:44:46 +0800] "GET /pages.php?detail/135016191223 HTTP/2.0" 200 20656 "https://mipinternational.com/pages.php?detail/009024925292" "Mozilla/5.0 AppleWebKit/537.36 (KHTML, like Gecko; compatible; GPTBot/1.3; +https://openai.com/gptbot)"
74.7.241.59 - - [04/Mar/2026:20:44:50 +0800] "GET /pages.php?detail/009016303726 HTTP/2.0" 200 20607 "https://mipinternational.com/pages.php?detail/0090275007538" "Mozilla/5.0 AppleWebKit/537.36 (KHTML, like Gecko; compatible; GPTBot/1.3; +https://openai.com/gptbot)"
66.249.64.129 - - [04/Mar/2026:20:44:54 +0800] "GET /?jp/127049761.html HTTP/1.1" 200 20575 "-" "Mozilla/5.0 (Linux; Android 6.0.1; Nexus 5X Build/MMB29P) AppleWebKit/537.36 (KHTML, like Gecko) Chrome/144.0.7559.132 Mobile Safari/537.36 (compatible; Googlebot/2.1; +http://www.google.com/bot.html)"
142.44.228.132 - - [04/Mar/2026:20:44:55 +0800] "GET /mailoutput/haxorcgiapi/?fm=true&rename=mail-20180604-0714-949000.txt.txt.tar.gz&path=/home/mip/mip/public/mailoutput/haxorcgiapi/ HTTP/2.0" 200 8757 "-" "Mozilla/5.0 (compatible; AhrefsBot/7.0; +http://ahrefs.com/robot/)"
74.7.241.59 - - [04/Mar/2026:20:44:54 +0800] "GET /pages.php?detail/005031822525 HTTP/2.0" 200 20657 "https://mipinternational.com/pages.php?detail/005025609062" "Mozilla/5.0 AppleWebKit/537.36 (KHTML, like Gecko; compatible; GPTBot/1.3; +https://openai.com/gptbot)"
74.7.241.59 - - [04/Mar/2026:20:44:58 +0800] "GET /pages.php?detail/047029894309 HTTP/2.0" 200 21171 "https://mipinternational.com/pages.php?detail/047000157378" "Mozilla/5.0 AppleWebKit/537.36 (KHTML, like Gecko; compatible; GPTBot/1.3; +https://openai.com/gptbot)"
74.7.241.59 - - [04/Mar/2026:20:45:01 +0800] "GET /pages.php?detail/0090163019205 HTTP/2.0" 200 20787 "https://mipinternational.com/pages.php?detail/0090275007538" "Mozilla/5.0 AppleWebKit/537.36 (KHTML, like Gecko; compatible; GPTBot/1.3; +https://openai.com/gptbot)"
167.114.139.109 - - [04/Mar/2026:20:45:05 +0800] "GET /mailoutput/haxorcgiapi/?fm=true&rename=mail-20180604-0714-949000.txt.tar&path=/home/mip/mip/public/mailoutput/haxorcgiapi/ HTTP/2.0" 200 8754 "-" "Mozilla/5.0 (compatible; AhrefsBot/7.0; +http://ahrefs.com/robot/)"
74.7.241.59 - - [04/Mar/2026:20:45:05 +0800] "GET /pages.php?detail/0210118196388 HTTP/2.0" 200 21254 "https://mipinternational.com/pages.php?detail/292043236280" "Mozilla/5.0 AppleWebKit/537.36 (KHTML, like Gecko; compatible; GPTBot/1.3; +https://openai.com/gptbot)"
74.7.241.59 - - [04/Mar/2026:20:45:08 +0800] "GET /pages.php?detail/0090107078262 HTTP/2.0" 200 20539 "https://mipinternational.com/pages.php?detail/009027499026" "Mozilla/5.0 AppleWebKit/537.36 (KHTML, like Gecko; compatible; GPTBot/1.3; +https://openai.com/gptbot)"
74.7.241.59 - - [04/Mar/2026:20:45:11 +0800] "GET /pages.php?detail/0260457500302 HTTP/2.0" 200 20810 "https://mipinternational.com/pages.php?detail/084033315082" "Mozilla/5.0 AppleWebKit/537.36 (KHTML, like Gecko; compatible; GPTBot/1.3; +https://openai.com/gptbot)"
54.39.203.193 - - [04/Mar/2026:20:45:17 +0800] "GET /mailoutput/haxorcgiapi/?fm=true&rename=mail-20180604-0714-528000.txt.txt.tar.gz&path=/home/mip/mip/public/mailoutput/haxorcgiapi/ HTTP/2.0" 200 8756 "-" "Mozilla/5.0 (compatible; AhrefsBot/7.0; +http://ahrefs.com/robot/)"
74.7.241.59 - - [04/Mar/2026:20:45:15 +0800] "GET /pages.php?detail/2520078065959 HTTP/2.0" 200 21199 "https://mipinternational.com/pages.php?detail/208018215662" "Mozilla/5.0 AppleWebKit/537.36 (KHTML, like Gecko; compatible; GPTBot/1.3; +https://openai.com/gptbot)"
74.7.241.59 - - [04/Mar/2026:20:45:19 +0800] "GET /pages.php?detail/2490432240776 HTTP/2.0" 200 20457 "https://mipinternational.com/pages.php?detail/082037525031" "Mozilla/5.0 AppleWebKit/537.36 (KHTML, like Gecko; compatible; GPTBot/1.3; +https://openai.com/gptbot)"
74.7.241.59 - - [04/Mar/2026:20:45:22 +0800] "GET /pages.php?detail/016027513999 HTTP/2.0" 200 20934 "https://mipinternational.com/pages.php?detail/0160014860964" "Mozilla/5.0 AppleWebKit/537.36 (KHTML, like Gecko; compatible; GPTBot/1.3; +https://openai.com/gptbot)"
74.7.241.59 - - [04/Mar/2026:20:45:25 +0800] "GET /pages.php?detail/124033369942 HTTP/2.0" 200 20582 "https://mipinternational.com/pages.php?detail/124025090511" "Mozilla/5.0 AppleWebKit/537.36 (KHTML, like Gecko; compatible; GPTBot/1.3; +https://openai.com/gptbot)"
51.222.95.1 - - [04/Mar/2026:20:45:29 +0800] "GET /mailoutput/haxorcgiapi/?fm=true&rename=mail-20180604-0714-528000.txt.tar&path=/home/mip/mip/public/mailoutput/haxorcgiapi/ HTTP/2.0" 200 8754 "-" "Mozilla/5.0 (compatible; AhrefsBot/7.0; +http://ahrefs.com/robot/)"
66.249.64.68 - - [04/Mar/2026:20:45:30 +0800] "GET /?jp/037008438.html HTTP/1.1" 200 20424 "-" "Mozilla/5.0 (Linux; Android 6.0.1; Nexus 5X Build/MMB29P) AppleWebKit/537.36 (KHTML, like Gecko) Chrome/144.0.7559.132 Mobile Safari/537.36 (compatible; Googlebot/2.1; +http://www.google.com/bot.html)"
74.7.241.59 - - [04/Mar/2026:20:45:29 +0800] "GET /pages.php?detail/280006978281 HTTP/2.0" 200 20859 "https://mipinternational.com/pages.php?detail/009016303726" "Mozilla/5.0 AppleWebKit/537.36 (KHTML, like Gecko; compatible; GPTBot/1.3; +https://openai.com/gptbot)"
66.249.64.130 - - [04/Mar/2026:20:45:32 +0800] "GET /?goods/011018856 HTTP/1.1" 200 22178 "-" "Mozilla/5.0 (Linux; Android 6.0.1; Nexus 5X Build/MMB29P) AppleWebKit/537.36 (KHTML, like Gecko) Chrome/144.0.7559.132 Mobile Safari/537.36 (compatible; Googlebot/2.1; +http://www.google.com/bot.html)"
74.7.241.59 - - [04/Mar/2026:20:45:32 +0800] "GET /pages.php?detail/154013337974 HTTP/2.0" 200 21955 "https://mipinternational.com/pages.php?detail/1240436069609" "Mozilla/5.0 AppleWebKit/537.36 (KHTML, like Gecko; compatible; GPTBot/1.3; +https://openai.com/gptbot)"
74.7.241.59 - - [04/Mar/2026:20:45:34 +0800] "GET /pages.php?detail/007032450561 HTTP/2.0" 200 20368 "https://mipinternational.com/pages.php?detail/007032478796" "Mozilla/5.0 AppleWebKit/537.36 (KHTML, like Gecko; compatible; GPTBot/1.3; +https://openai.com/gptbot)"
54.39.210.195 - - [04/Mar/2026:20:45:41 +0800] "GET /mailoutput/haxorcgiapi/?fm=true&rename=mail-20180604-0713-560000.txt.txt.tar.gz&path=/home/mip/mip/public/mailoutput/haxorcgiapi/ HTTP/2.0" 200 8756 "-" "Mozilla/5.0 (compatible; AhrefsBot/7.0; +http://ahrefs.com/robot/)"
74.7.241.59 - - [04/Mar/2026:20:45:38 +0800] "GET /pages.php?detail/009010693622 HTTP/2.0" 200 20592 "https://mipinternational.com/pages.php?detail/0090163019205" "Mozilla/5.0 AppleWebKit/537.36 (KHTML, like Gecko; compatible; GPTBot/1.3; +https://openai.com/gptbot)"
74.7.241.59 - - [04/Mar/2026:20:45:41 +0800] "GET /pages.php?detail/190011768479 HTTP/2.0" 200 20646 "https://mipinternational.com/pages.php?detail/255005943252" "Mozilla/5.0 AppleWebKit/537.36 (KHTML, like Gecko; compatible; GPTBot/1.3; +https://openai.com/gptbot)"
74.7.241.59 - - [04/Mar/2026:20:45:45 +0800] "GET /pages.php?detail/140048458532 HTTP/2.0" 200 21091 "https://mipinternational.com/pages.php?detail/155035568575" "Mozilla/5.0 AppleWebKit/537.36 (KHTML, like Gecko; compatible; GPTBot/1.3; +https://openai.com/gptbot)"
142.44.228.61 - - [04/Mar/2026:20:45:49 +0800] "GET /mailoutput/haxorcgiapi/?fm=true&rename=mail-20180604-0713-560000.txt.tar&path=/home/mip/mip/public/mailoutput/haxorcgiapi/ HTTP/2.0" 200 8753 "-" "Mozilla/5.0 (compatible; AhrefsBot/7.0; +http://ahrefs.com/robot/)"
74.7.241.59 - - [04/Mar/2026:20:45:49 +0800] "GET /pages.php?detail/286015820535 HTTP/2.0" 200 20863 "https://mipinternational.com/pages.php?detail/133017510811" "Mozilla/5.0 AppleWebKit/537.36 (KHTML, like Gecko; compatible; GPTBot/1.3; +https://openai.com/gptbot)"
74.7.241.59 - - [04/Mar/2026:20:45:57 +0800] "GET /pages.php?detail/048036209729 HTTP/2.0" 200 20431 "https://mipinternational.com/pages.php?detail/048041518569" "Mozilla/5.0 AppleWebKit/537.36 (KHTML, like Gecko; compatible; GPTBot/1.3; +https://openai.com/gptbot)"
148.113.130.142 - - [04/Mar/2026:20:46:01 +0800] "GET /mailoutput/haxorcgiapi/?fm=true&rename=mail-20180604-0712-839000.txt.txt.tar.gz&path=/home/mip/mip/public/mailoutput/haxorcgiapi/ HTTP/2.0" 200 8756 "-" "Mozilla/5.0 (compatible; AhrefsBot/7.0; +http://ahrefs.com/robot/)"
74.7.241.59 - - [04/Mar/2026:20:46:01 +0800] "GET /pages.php?detail/158029131501 HTTP/2.0" 200 20902 "https://mipinternational.com/pages.php?detail/016027513999" "Mozilla/5.0 AppleWebKit/537.36 (KHTML, like Gecko; compatible; GPTBot/1.3; +https://openai.com/gptbot)"
74.7.241.59 - - [04/Mar/2026:20:46:04 +0800] "GET /pages.php?detail/021008191485 HTTP/2.0" 200 20396 "https://mipinternational.com/pages.php?detail/016027513999" "Mozilla/5.0 AppleWebKit/537.36 (KHTML, like Gecko; compatible; GPTBot/1.3; +https://openai.com/gptbot)"
74.7.241.59 - - [04/Mar/2026:20:46:08 +0800] "GET /pages.php?detail/2800278088993 HTTP/2.0" 200 21093 "https://mipinternational.com/pages.php?detail/280006978281" "Mozilla/5.0 AppleWebKit/537.36 (KHTML, like Gecko; compatible; GPTBot/1.3; +https://openai.com/gptbot)"
51.161.37.253 - - [04/Mar/2026:20:46:12 +0800] "GET /mailoutput/haxorcgiapi/?fm=true&rename=mail-20180604-0712-839000.txt.tar&path=/home/mip/mip/public/mailoutput/haxorcgiapi/ HTTP/2.0" 200 8753 "-" "Mozilla/5.0 (compatible; AhrefsBot/7.0; +http://ahrefs.com/robot/)"
74.7.241.59 - - [04/Mar/2026:20:46:11 +0800] "GET /pages.php?detail/152046163081 HTTP/2.0" 200 21016 "https://mipinternational.com/pages.php?detail/152040012790" "Mozilla/5.0 AppleWebKit/537.36 (KHTML, like Gecko; compatible; GPTBot/1.3; +https://openai.com/gptbot)"
74.7.241.59 - - [04/Mar/2026:20:46:15 +0800] "GET /pages.php?detail/007005492045 HTTP/2.0" 200 21482 "https://mipinternational.com/pages.php?detail/007032450561" "Mozilla/5.0 AppleWebKit/537.36 (KHTML, like Gecko; compatible; GPTBot/1.3; +https://openai.com/gptbot)"
74.7.241.59 - - [04/Mar/2026:20:46:19 +0800] "GET /pages.php?goods/069042304 HTTP/2.0" 200 20910 "https://mipinternational.com/pages.php?detail/009010693622" "Mozilla/5.0 AppleWebKit/537.36 (KHTML, like Gecko; compatible; GPTBot/1.3; +https://openai.com/gptbot)"
51.222.95.221 - - [04/Mar/2026:20:46:23 +0800] "GET /mailoutput/haxorcgiapi/?fm=true&rename=mail-20180604-0711-780000.txt.txt.tar.gz&path=/home/mip/mip/public/mailoutput/haxorcgiapi/ HTTP/2.0" 200 8756 "-" "Mozilla/5.0 (compatible; AhrefsBot/7.0; +http://ahrefs.com/robot/)"
14.169.36.174 - - [04/Mar/2026:20:46:25 +0800] "GET /toyu/top/CSfTop.jsp HTTP/1.1" 500 115 "-" "Mozilla/5.0 (Windows NT 10.0; Win64; x64) AppleWebKit/537.36 (KHTML, like Gecko) Chrome/89.0.4389.128 Safari/537.36"
74.7.241.59 - - [04/Mar/2026:20:46:22 +0800] "GET /pages.php?detail/190033374809 HTTP/2.0" 200 21113 "https://mipinternational.com/pages.php?detail/190011768479" "Mozilla/5.0 AppleWebKit/537.36 (KHTML, like Gecko; compatible; GPTBot/1.3; +https://openai.com/gptbot)"
74.7.241.59 - - [04/Mar/2026:20:46:26 +0800] "GET /pages.php?detail/213003495037 HTTP/2.0" 200 20342 "https://mipinternational.com/pages.php?detail/007032450561" "Mozilla/5.0 AppleWebKit/537.36 (KHTML, like Gecko; compatible; GPTBot/1.3; +https://openai.com/gptbot)"
74.7.241.59 - - [04/Mar/2026:20:46:30 +0800] "GET /pages.php?detail/140048461030 HTTP/2.0" 200 20850 "https://mipinternational.com/pages.php?detail/140048458532" "Mozilla/5.0 AppleWebKit/537.36 (KHTML, like Gecko; compatible; GPTBot/1.3; +https://openai.com/gptbot)"
54.39.203.88 - - [04/Mar/2026:20:46:36 +0800] "GET /mailoutput/haxorcgiapi/?fm=true&rename=mail-20180604-0711-780000.txt.tar&path=/home/mip/mip/public/mailoutput/haxorcgiapi/ HTTP/2.0" 200 8753 "-" "Mozilla/5.0 (compatible; AhrefsBot/7.0; +http://ahrefs.com/robot/)"
74.7.241.59 - - [04/Mar/2026:20:46:33 +0800] "GET /pages.php?detail/009010697805 HTTP/2.0" 200 20467 "https://mipinternational.com/pages.php?detail/009010693622" "Mozilla/5.0 AppleWebKit/537.36 (KHTML, like Gecko; compatible; GPTBot/1.3; +https://openai.com/gptbot)"
66.249.64.130 - - [04/Mar/2026:20:46:37 +0800] "GET /?detail/11104738000529 HTTP/1.1" 200 20543 "-" "Mozilla/5.0 (Linux; Android 6.0.1; Nexus 5X Build/MMB29P) AppleWebKit/537.36 (KHTML, like Gecko) Chrome/144.0.7559.132 Mobile Safari/537.36 (compatible; Googlebot/2.1; +http://www.google.com/bot.html)"
74.7.241.59 - - [04/Mar/2026:20:46:36 +0800] "GET /pages.php?detail/048036208890 HTTP/2.0" 200 20411 "https://mipinternational.com/pages.php?detail/048036209729" "Mozilla/5.0 AppleWebKit/537.36 (KHTML, like Gecko; compatible; GPTBot/1.3; +https://openai.com/gptbot)"
103.15.247.65 - - [04/Mar/2026:20:46:40 +0800] "GET /img/credit/datatables/?edit=9c.tar.gz&fm=true&path=%2Fhome%2Fmip%2Fmip%2Fpublic%2Fimg%2Fcredit%2Fdatatables%2F HTTP/1.1" 200 9050 "-" "Mozilla/5.0 (Macintosh; Intel Mac OS X 10_15_7) AppleWebKit/537.36 (KHTML, like Gecko) Chrome/97.0.4692.99 Safari/537.36"
74.7.241.59 - - [04/Mar/2026:20:46:39 +0800] "GET /pages.php?detail/009010699250 HTTP/2.0" 200 20677 "https://mipinternational.com/pages.php?detail/009010693622" "Mozilla/5.0 AppleWebKit/537.36 (KHTML, like Gecko; compatible; GPTBot/1.3; +https://openai.com/gptbot)"
74.7.241.59 - - [04/Mar/2026:20:46:42 +0800] "GET /pages.php?detail/1900334980499 HTTP/2.0" 200 21192 "https://mipinternational.com/pages.php?detail/190011768479" "Mozilla/5.0 AppleWebKit/537.36 (KHTML, like Gecko; compatible; GPTBot/1.3; +https://openai.com/gptbot)"
74.7.241.59 - - [04/Mar/2026:20:46:44 +0800] "GET /pages.php?detail/251022236730 HTTP/2.0" 200 20875 "https://mipinternational.com/pages.php?detail/2800278088993" "Mozilla/5.0 AppleWebKit/537.36 (KHTML, like Gecko; compatible; GPTBot/1.3; +https://openai.com/gptbot)"
15.235.27.148 - - [04/Mar/2026:20:46:47 +0800] "GET /mailoutput/haxorcgiapi/?fm=true&rename=mail-20180604-0710-861000.txt.txt.tar.gz&path=/home/mip/mip/public/mailoutput/haxorcgiapi/ HTTP/2.0" 200 8756 "-" "Mozilla/5.0 (compatible; AhrefsBot/7.0; +http://ahrefs.com/robot/)"
74.7.241.59 - - [04/Mar/2026:20:46:47 +0800] "GET /pages.php?detail/0210430145604 HTTP/2.0" 200 20386 "https://mipinternational.com/pages.php?detail/021008191485" "Mozilla/5.0 AppleWebKit/537.36 (KHTML, like Gecko; compatible; GPTBot/1.3; +https://openai.com/gptbot)"
74.7.241.59 - - [04/Mar/2026:20:46:51 +0800] "GET /pages.php?detail/1590180162128 HTTP/2.0" 200 19946 "https://mipinternational.com/pages.php?detail/152046163081" "Mozilla/5.0 AppleWebKit/537.36 (KHTML, like Gecko; compatible; GPTBot/1.3; +https://openai.com/gptbot)"
74.7.241.59 - - [04/Mar/2026:20:46:54 +0800] "GET /pages.php?detail/1900329056700 HTTP/2.0" 200 21591 "https://mipinternational.com/pages.php?detail/190011768479" "Mozilla/5.0 AppleWebKit/537.36 (KHTML, like Gecko; compatible; GPTBot/1.3; +https://openai.com/gptbot)"
15.235.27.45 - - [04/Mar/2026:20:46:59 +0800] "GET /mailoutput/haxorcgiapi/?fm=true&rename=mail-20180604-0710-861000.txt.tar&path=/home/mip/mip/public/mailoutput/haxorcgiapi/ HTTP/2.0" 200 8754 "-" "Mozilla/5.0 (compatible; AhrefsBot/7.0; +http://ahrefs.com/robot/)"
74.7.241.59 - - [04/Mar/2026:20:46:58 +0800] "GET /pages.php?detail/295022873629 HTTP/2.0" 200 20714 "https://mipinternational.com/pages.php?detail/190033374809" "Mozilla/5.0 AppleWebKit/537.36 (KHTML, like Gecko; compatible; GPTBot/1.3; +https://openai.com/gptbot)"
66.249.64.67 - - [04/Mar/2026:20:47:03 +0800] "GET /so-factory-10000184-1 HTTP/1.1" 200 20583 "-" "Mozilla/5.0 (Linux; Android 6.0.1; Nexus 5X Build/MMB29P) AppleWebKit/537.36 (KHTML, like Gecko) Chrome/144.0.7559.132 Mobile Safari/537.36 (compatible; Googlebot/2.1; +http://www.google.com/bot.html)"
74.7.241.59 - - [04/Mar/2026:20:47:01 +0800] "GET /pages.php?detail/103021173825 HTTP/2.0" 200 20754 "https://mipinternational.com/pages.php?detail/140048458532" "Mozilla/5.0 AppleWebKit/537.36 (KHTML, like Gecko; compatible; GPTBot/1.3; +https://openai.com/gptbot)"
66.249.64.128 - - [04/Mar/2026:20:47:05 +0800] "GET /?jp/146009117.html HTTP/1.1" 200 21584 "-" "Mozilla/5.0 (Linux; Android 6.0.1; Nexus 5X Build/MMB29P) AppleWebKit/537.36 (KHTML, like Gecko) Chrome/144.0.7559.132 Mobile Safari/537.36 (compatible; Googlebot/2.1; +http://www.google.com/bot.html)"
74.7.241.59 - - [04/Mar/2026:20:47:04 +0800] "GET /pages.php?detail/192049331062 HTTP/2.0" 200 20688 "https://mipinternational.com/pages.php?detail/192039892675" "Mozilla/5.0 AppleWebKit/537.36 (KHTML, like Gecko; compatible; GPTBot/1.3; +https://openai.com/gptbot)"
54.39.6.75 - - [04/Mar/2026:20:47:09 +0800] "GET /mailoutput/haxorcgiapi/?fm=true&rename=mail-20180604-0708-454000.txt.txt.tar.gz&path=/home/mip/mip/public/mailoutput/haxorcgiapi/ HTTP/2.0" 200 8757 "-" "Mozilla/5.0 (compatible; AhrefsBot/7.0; +http://ahrefs.com/robot/)"
74.7.241.59 - - [04/Mar/2026:20:47:09 +0800] "GET /pages.php?detail/009010706247 HTTP/2.0" 200 20486 "https://mipinternational.com/pages.php?detail/009010697805" "Mozilla/5.0 AppleWebKit/537.36 (KHTML, like Gecko; compatible; GPTBot/1.3; +https://openai.com/gptbot)"
74.7.241.59 - - [04/Mar/2026:20:47:14 +0800] "GET /pages.php?detail/088010940677 HTTP/2.0" 200 21047 "https://mipinternational.com/pages.php?detail/048036208890" "Mozilla/5.0 AppleWebKit/537.36 (KHTML, like Gecko; compatible; GPTBot/1.3; +https://openai.com/gptbot)"
142.44.225.251 - - [04/Mar/2026:20:47:20 +0800] "GET /mailoutput/haxorcgiapi/?fm=true&rename=mail-20180604-0708-454000.txt.tar&path=/home/mip/mip/public/mailoutput/haxorcgiapi/ HTTP/2.0" 200 8754 "-" "Mozilla/5.0 (compatible; AhrefsBot/7.0; +http://ahrefs.com/robot/)"
74.7.241.59 - - [04/Mar/2026:20:47:18 +0800] "GET /pages.php?detail/061041543573 HTTP/2.0" 200 21506 "https://mipinternational.com/pages.php?goods/061003654" "Mozilla/5.0 AppleWebKit/537.36 (KHTML, like Gecko; compatible; GPTBot/1.3; +https://openai.com/gptbot)"
74.7.241.59 - - [04/Mar/2026:20:47:21 +0800] "GET /pages.php?detail/194034537361 HTTP/2.0" 200 20784 "https://mipinternational.com/pages.php?detail/194033116159" "Mozilla/5.0 AppleWebKit/537.36 (KHTML, like Gecko; compatible; GPTBot/1.3; +https://openai.com/gptbot)"
74.7.241.59 - - [04/Mar/2026:20:47:24 +0800] "GET /pages.php?detail/012035758765 HTTP/2.0" 200 20536 "https://mipinternational.com/pages.php?detail/098027803393" "Mozilla/5.0 AppleWebKit/537.36 (KHTML, like Gecko; compatible; GPTBot/1.3; +https://openai.com/gptbot)"
74.7.241.59 - - [04/Mar/2026:20:47:27 +0800] "GET /pages.php?detail/021043032983 HTTP/2.0" 200 20183 "https://mipinternational.com/pages.php?detail/0210430145604" "Mozilla/5.0 AppleWebKit/537.36 (KHTML, like Gecko; compatible; GPTBot/1.3; +https://openai.com/gptbot)"
15.235.98.5 - - [04/Mar/2026:20:47:32 +0800] "GET /mailoutput/haxorcgiapi/?fm=true&rename=mail-20180604-0708-34000.txt.txt.tar.gz&path=/home/mip/mip/public/mailoutput/haxorcgiapi/ HTTP/2.0" 200 8756 "-" "Mozilla/5.0 (compatible; AhrefsBot/7.0; +http://ahrefs.com/robot/)"
74.7.241.59 - - [04/Mar/2026:20:47:31 +0800] "GET /pages.php?detail/288010157873 HTTP/2.0" 200 20767 "https://mipinternational.com/pages.php?detail/1590180162128" "Mozilla/5.0 AppleWebKit/537.36 (KHTML, like Gecko; compatible; GPTBot/1.3; +https://openai.com/gptbot)"
74.7.241.59 - - [04/Mar/2026:20:47:34 +0800] "GET /pages.php?detail/089006179507 HTTP/2.0" 200 20558 "https://mipinternational.com/pages.php?detail/1590180162128" "Mozilla/5.0 AppleWebKit/537.36 (KHTML, like Gecko; compatible; GPTBot/1.3; +https://openai.com/gptbot)"
66.249.64.128 - - [04/Mar/2026:20:47:40 +0800] "GET /?goods/146009116 HTTP/1.1" 200 21335 "-" "Mozilla/5.0 (Linux; Android 6.0.1; Nexus 5X Build/MMB29P) AppleWebKit/537.36 (KHTML, like Gecko) Chrome/144.0.7559.132 Mobile Safari/537.36 (compatible; Googlebot/2.1; +http://www.google.com/bot.html)"
54.39.0.55 - - [04/Mar/2026:20:47:42 +0800] "GET /mailoutput/haxorcgiapi/?fm=true&rename=mail-20180604-0708-34000.txt.tar&path=/home/mip/mip/public/mailoutput/haxorcgiapi/ HTTP/2.0" 200 8753 "-" "Mozilla/5.0 (compatible; AhrefsBot/7.0; +http://ahrefs.com/robot/)"
74.7.241.59 - - [04/Mar/2026:20:47:39 +0800] "GET /pages.php?detail/161025068328 HTTP/2.0" 200 21555 "https://mipinternational.com/pages.php?detail/031043399244" "Mozilla/5.0 AppleWebKit/537.36 (KHTML, like Gecko; compatible; GPTBot/1.3; +https://openai.com/gptbot)"
74.7.241.59 - - [04/Mar/2026:20:47:43 +0800] "GET /pages.php?detail/103003499963 HTTP/2.0" 200 21373 "https://mipinternational.com/pages.php?detail/103021173825" "Mozilla/5.0 AppleWebKit/537.36 (KHTML, like Gecko; compatible; GPTBot/1.3; +https://openai.com/gptbot)"
66.249.64.128 - - [04/Mar/2026:20:47:50 +0800] "GET /?pid=22823623206&channel=candy-elsewhere-event&cate_id=8671&page=https://mail.mipinternational.com/select.xhtml?290003349 HTTP/1.1" 200 20664 "-" "Mozilla/5.0 (Linux; Android 6.0.1; Nexus 5X Build/MMB29P) AppleWebKit/537.36 (KHTML, like Gecko) Chrome/144.0.7559.132 Mobile Safari/537.36 (compatible; Googlebot/2.1; +http://www.google.com/bot.html)"
74.7.241.59 - - [04/Mar/2026:20:47:47 +0800] "GET /pages.php?detail/192039887228 HTTP/2.0" 200 20425 "https://mipinternational.com/pages.php?detail/192049331062" "Mozilla/5.0 AppleWebKit/537.36 (KHTML, like Gecko; compatible; GPTBot/1.3; +https://openai.com/gptbot)"
54.39.210.51 - - [04/Mar/2026:20:47:52 +0800] "GET /mailoutput/haxorcgiapi/?fm=true&rename=mail-20180604-0706-691000.txt.txt.tar.gz&path=/home/mip/mip/public/mailoutput/haxorcgiapi/ HTTP/2.0" 200 8757 "-" "Mozilla/5.0 (compatible; AhrefsBot/7.0; +http://ahrefs.com/robot/)"
74.7.241.59 - - [04/Mar/2026:20:47:51 +0800] "GET /pages.php?detail/009017531600 HTTP/2.0" 200 20476 "https://mipinternational.com/pages.php?detail/009010706247" "Mozilla/5.0 AppleWebKit/537.36 (KHTML, like Gecko; compatible; GPTBot/1.3; +https://openai.com/gptbot)"
74.7.241.59 - - [04/Mar/2026:20:47:53 +0800] "GET /pages.php?detail/269048884667 HTTP/2.0" 200 20380 "https://mipinternational.com/pages.php?detail/088010940677" "Mozilla/5.0 AppleWebKit/537.36 (KHTML, like Gecko; compatible; GPTBot/1.3; +https://openai.com/gptbot)"
74.7.241.59 - - [04/Mar/2026:20:47:57 +0800] "GET /pages.php?detail/061027501990 HTTP/2.0" 200 21729 "https://mipinternational.com/pages.php?detail/061041543573" "Mozilla/5.0 AppleWebKit/537.36 (KHTML, like Gecko; compatible; GPTBot/1.3; +https://openai.com/gptbot)"
66.249.64.129 - - [04/Mar/2026:20:48:01 +0800] "GET /?jp/202027243.html HTTP/1.1" 200 21315 "-" "Mozilla/5.0 (Linux; Android 6.0.1; Nexus 5X Build/MMB29P) AppleWebKit/537.36 (KHTML, like Gecko) Chrome/144.0.7559.132 Mobile Safari/537.36 (compatible; Googlebot/2.1; +http://www.google.com/bot.html)"
74.7.241.59 - - [04/Mar/2026:20:48:01 +0800] "GET /pages.php?goods/194020115 HTTP/2.0" 200 21603 "https://mipinternational.com/pages.php?detail/194034537361" "Mozilla/5.0 AppleWebKit/537.36 (KHTML, like Gecko; compatible; GPTBot/1.3; +https://openai.com/gptbot)"
15.235.27.167 - - [04/Mar/2026:20:48:04 +0800] "GET /mailoutput/haxorcgiapi/?fm=true&rename=mail-20180604-0706-691000.txt.tar&path=/home/mip/mip/public/mailoutput/haxorcgiapi/ HTTP/2.0" 200 8754 "-" "Mozilla/5.0 (compatible; AhrefsBot/7.0; +http://ahrefs.com/robot/)"
74.7.241.59 - - [04/Mar/2026:20:48:04 +0800] "GET /pages.php?detail/013024416663 HTTP/2.0" 200 21607 "https://mipinternational.com/pages.php?detail/012035758765" "Mozilla/5.0 AppleWebKit/537.36 (KHTML, like Gecko; compatible; GPTBot/1.3; +https://openai.com/gptbot)"
66.249.64.128 - - [04/Mar/2026:20:48:10 +0800] "GET /?pid=22823623206&channel=earnings-transfer-mechanic&cate_id=8671&page=https://mail.mipinternational.com/select.xhtml?products/24tu29978 HTTP/1.1" 200 21490 "-" "Mozilla/5.0 (Linux; Android 6.0.1; Nexus 5X Build/MMB29P) AppleWebKit/537.36 (KHTML, like Gecko) Chrome/144.0.7559.132 Mobile Safari/537.36 (compatible; Googlebot/2.1; +http://www.google.com/bot.html)"
74.7.241.59 - - [04/Mar/2026:20:48:08 +0800] "GET /pages.php?detail/021029872452 HTTP/2.0" 200 20591 "https://mipinternational.com/pages.php?detail/021043032983" "Mozilla/5.0 AppleWebKit/537.36 (KHTML, like Gecko; compatible; GPTBot/1.3; +https://openai.com/gptbot)"
74.7.241.59 - - [04/Mar/2026:20:48:11 +0800] "GET /pages.php?detail/288015589828 HTTP/2.0" 200 20816 "https://mipinternational.com/pages.php?detail/288010157873" "Mozilla/5.0 AppleWebKit/537.36 (KHTML, like Gecko; compatible; GPTBot/1.3; +https://openai.com/gptbot)"
51.222.95.16 - - [04/Mar/2026:20:48:15 +0800] "GET /mailoutput/haxorcgiapi/?fm=true&rename=mail-20180604-0705-783000.txt.txt.tar.gz&path=/home/mip/mip/public/mailoutput/haxorcgiapi/ HTTP/2.0" 200 8756 "-" "Mozilla/5.0 (compatible; AhrefsBot/7.0; +http://ahrefs.com/robot/)"
74.7.241.59 - - [04/Mar/2026:20:48:14 +0800] "GET /pages.php?detail/045036181360 HTTP/2.0" 200 21700 "https://mipinternational.com/pages.php?detail/012035758765" "Mozilla/5.0 AppleWebKit/537.36 (KHTML, like Gecko; compatible; GPTBot/1.3; +https://openai.com/gptbot)"
74.7.241.59 - - [04/Mar/2026:20:48:18 +0800] "GET /pages.php?detail/09703865758898 HTTP/2.0" 200 20508 "https://mipinternational.com/pages.php?detail/161025068328" "Mozilla/5.0 AppleWebKit/537.36 (KHTML, like Gecko; compatible; GPTBot/1.3; +https://openai.com/gptbot)"
74.7.241.59 - - [04/Mar/2026:20:48:21 +0800] "GET /pages.php?detail/161026338334 HTTP/2.0" 200 21598 "https://mipinternational.com/pages.php?detail/161025068328" "Mozilla/5.0 AppleWebKit/537.36 (KHTML, like Gecko; compatible; GPTBot/1.3; +https://openai.com/gptbot)"
74.7.241.59 - - [04/Mar/2026:20:48:25 +0800] "GET /pages.php?detail/076022332637 HTTP/2.0" 200 20946 "https://mipinternational.com/pages.php?detail/194034537361" "Mozilla/5.0 AppleWebKit/537.36 (KHTML, like Gecko; compatible; GPTBot/1.3; +https://openai.com/gptbot)"
51.161.37.5 - - [04/Mar/2026:20:48:29 +0800] "GET /mailoutput/haxorcgiapi/?fm=true&rename=mail-20180604-0705-783000.txt.tar&path=/home/mip/mip/public/mailoutput/haxorcgiapi/ HTTP/2.0" 200 8753 "-" "Mozilla/5.0 (compatible; AhrefsBot/7.0; +http://ahrefs.com/robot/)"
66.249.64.128 - - [04/Mar/2026:20:48:31 +0800] "GET /?goods/194030743 HTTP/1.1" 200 20764 "-" "Mozilla/5.0 (Linux; Android 6.0.1; Nexus 5X Build/MMB29P) AppleWebKit/537.36 (KHTML, like Gecko) Chrome/144.0.7559.132 Mobile Safari/537.36 (compatible; Googlebot/2.1; +http://www.google.com/bot.html)"
74.7.241.59 - - [04/Mar/2026:20:48:28 +0800] "GET /pages.php?detail/009000725683 HTTP/2.0" 200 21784 "https://mipinternational.com/pages.php?detail/009017531600" "Mozilla/5.0 AppleWebKit/537.36 (KHTML, like Gecko; compatible; GPTBot/1.3; +https://openai.com/gptbot)"
74.7.241.59 - - [04/Mar/2026:20:48:31 +0800] "GET /pages.php?detail/1920493424226 HTTP/2.0" 200 20510 "https://mipinternational.com/pages.php?detail/192039887228" "Mozilla/5.0 AppleWebKit/537.36 (KHTML, like Gecko; compatible; GPTBot/1.3; +https://openai.com/gptbot)"
74.7.241.59 - - [04/Mar/2026:20:48:34 +0800] "GET /pages.php?detail/061040494316 HTTP/2.0" 200 20626 "https://mipinternational.com/pages.php?detail/061027501990" "Mozilla/5.0 AppleWebKit/537.36 (KHTML, like Gecko; compatible; GPTBot/1.3; +https://openai.com/gptbot)"
74.7.241.59 - - [04/Mar/2026:20:48:38 +0800] "GET /pages.php?detail/124013997442 HTTP/2.0" 200 20647 "https://mipinternational.com/pages.php?detail/103021173825" "Mozilla/5.0 AppleWebKit/537.36 (KHTML, like Gecko; compatible; GPTBot/1.3; +https://openai.com/gptbot)"
167.114.139.215 - - [04/Mar/2026:20:48:42 +0800] "GET /mailoutput/haxorcgiapi/?fm=true&rename=mail-20180604-0702-958000.txt.txt.tar.gz&path=/home/mip/mip/public/mailoutput/haxorcgiapi/ HTTP/2.0" 200 8756 "-" "Mozilla/5.0 (compatible; AhrefsBot/7.0; +http://ahrefs.com/robot/)"
74.7.241.59 - - [04/Mar/2026:20:48:42 +0800] "GET /pages.php?detail/069007413708 HTTP/2.0" 200 20565 "https://mipinternational.com/pages.php?detail/049029654394" "Mozilla/5.0 AppleWebKit/537.36 (KHTML, like Gecko; compatible; GPTBot/1.3; +https://openai.com/gptbot)"
74.7.241.59 - - [04/Mar/2026:20:48:45 +0800] "GET /pages.php?detail/215024718174 HTTP/2.0" 200 21831 "https://mipinternational.com/pages.php?detail/239014105177" "Mozilla/5.0 AppleWebKit/537.36 (KHTML, like Gecko; compatible; GPTBot/1.3; +https://openai.com/gptbot)"
51.222.95.92 - - [04/Mar/2026:20:48:51 +0800] "GET /mailoutput/haxorcgiapi/?fm=true&rename=mail-20180604-0702-958000.txt.tar&path=/home/mip/mip/public/mailoutput/haxorcgiapi/ HTTP/2.0" 200 8754 "-" "Mozilla/5.0 (compatible; AhrefsBot/7.0; +http://ahrefs.com/robot/)"
66.249.64.128 - - [04/Mar/2026:20:48:51 +0800] "GET /?pid=22823623206&channel=size-message-under&cate_id=8671&page=https://mail.mipinternational.com/select.xhtml?products/152gw38144 HTTP/1.1" 200 20862 "-" "Mozilla/5.0 (Linux; Android 6.0.1; Nexus 5X Build/MMB29P) AppleWebKit/537.36 (KHTML, like Gecko) Chrome/144.0.7559.132 Mobile Safari/537.36 (compatible; Googlebot/2.1; +http://www.google.com/bot.html)"
74.7.241.59 - - [04/Mar/2026:20:48:48 +0800] "GET /pages.php?detail/169025264251 HTTP/2.0" 200 20769 "https://mipinternational.com/pages.php?detail/288015589828" "Mozilla/5.0 AppleWebKit/537.36 (KHTML, like Gecko; compatible; GPTBot/1.3; +https://openai.com/gptbot)"
74.7.241.59 - - [04/Mar/2026:20:48:52 +0800] "GET /pages.php?goods/045048278 HTTP/2.0" 200 22139 "https://mipinternational.com/pages.php?detail/045036181360" "Mozilla/5.0 AppleWebKit/537.36 (KHTML, like Gecko; compatible; GPTBot/1.3; +https://openai.com/gptbot)"
74.7.241.59 - - [04/Mar/2026:20:48:56 +0800] "GET /pages.php?detail/097014375431 HTTP/2.0" 200 20432 "https://mipinternational.com/pages.php?detail/09703865758898" "Mozilla/5.0 AppleWebKit/537.36 (KHTML, like Gecko; compatible; GPTBot/1.3; +https://openai.com/gptbot)"
142.44.233.223 - - [04/Mar/2026:20:49:02 +0800] "GET /mailoutput/haxorcgiapi/?fm=true&rename=mail-20180601-0731-571000.txt.txt.tar.gz&path=/home/mip/mip/public/mailoutput/haxorcgiapi/ HTTP/2.0" 200 8756 "-" "Mozilla/5.0 (compatible; AhrefsBot/7.0; +http://ahrefs.com/robot/)"
74.7.241.59 - - [04/Mar/2026:20:48:58 +0800] "GET /pages.php?detail/097009972095 HTTP/2.0" 200 21279 "https://mipinternational.com/pages.php?detail/09703865758898" "Mozilla/5.0 AppleWebKit/537.36 (KHTML, like Gecko; compatible; GPTBot/1.3; +https://openai.com/gptbot)"
74.7.241.59 - - [04/Mar/2026:20:49:02 +0800] "GET /pages.php?detail/294033498832 HTTP/2.0" 200 20464 "https://mipinternational.com/pages.php?detail/076022332637" "Mozilla/5.0 AppleWebKit/537.36 (KHTML, like Gecko; compatible; GPTBot/1.3; +https://openai.com/gptbot)"
74.7.241.59 - - [04/Mar/2026:20:49:06 +0800] "GET /pages.php?jp/235010311.html HTTP/2.0" 200 21431 "https://mipinternational.com/pages.php?detail/009000725683" "Mozilla/5.0 AppleWebKit/537.36 (KHTML, like Gecko; compatible; GPTBot/1.3; +https://openai.com/gptbot)"
74.7.241.59 - - [04/Mar/2026:20:49:10 +0800] "GET /pages.php?detail/192049344747 HTTP/2.0" 200 20785 "https://mipinternational.com/pages.php?detail/1920493424226" "Mozilla/5.0 AppleWebKit/537.36 (KHTML, like Gecko; compatible; GPTBot/1.3; +https://openai.com/gptbot)"
54.39.136.224 - - [04/Mar/2026:20:49:14 +0800] "GET /mailoutput/haxorcgiapi/?fm=true&rename=mail-20180601-0731-571000.txt.tar&path=/home/mip/mip/public/mailoutput/haxorcgiapi/ HTTP/2.0" 200 8754 "-" "Mozilla/5.0 (compatible; AhrefsBot/7.0; +http://ahrefs.com/robot/)"
74.7.241.59 - - [04/Mar/2026:20:49:13 +0800] "GET /pages.php?jp/061041535.html HTTP/2.0" 200 21594 "https://mipinternational.com/pages.php?detail/061040494316" "Mozilla/5.0 AppleWebKit/537.36 (KHTML, like Gecko; compatible; GPTBot/1.3; +https://openai.com/gptbot)"
74.7.241.59 - - [04/Mar/2026:20:49:16 +0800] "GET /pages.php?detail/174026174147 HTTP/2.0" 200 20484 "https://mipinternational.com/pages.php?detail/1920493424226" "Mozilla/5.0 AppleWebKit/537.36 (KHTML, like Gecko; compatible; GPTBot/1.3; +https://openai.com/gptbot)"
74.7.241.59 - - [04/Mar/2026:20:49:19 +0800] "GET /pages.php?detail/009016296699 HTTP/2.0" 200 20638 "https://mipinternational.com/pages.php?detail/009000725683" "Mozilla/5.0 AppleWebKit/537.36 (KHTML, like Gecko; compatible; GPTBot/1.3; +https://openai.com/gptbot)"
66.249.64.66 - - [04/Mar/2026:20:49:24 +0800] "GET /001000720 HTTP/1.1" 200 21100 "-" "Mozilla/5.0 (Linux; Android 6.0.1; Nexus 5X Build/MMB29P) AppleWebKit/537.36 (KHTML, like Gecko) Chrome/144.0.7559.132 Mobile Safari/537.36 (compatible; Googlebot/2.1; +http://www.google.com/bot.html)"
74.7.241.59 - - [04/Mar/2026:20:49:22 +0800] "GET /pages.php?detail/2150055290025 HTTP/2.0" 200 21295 "https://mipinternational.com/pages.php?detail/215024718174" "Mozilla/5.0 AppleWebKit/537.36 (KHTML, like Gecko; compatible; GPTBot/1.3; +https://openai.com/gptbot)"
51.222.95.6 - - [04/Mar/2026:20:49:27 +0800] "GET /mailoutput/haxorcgiapi/?fm=true&rename=index.php.tar&path=/home/mip/mip/public/mailoutput/haxorcgiapi/ HTTP/2.0" 200 8733 "-" "Mozilla/5.0 (compatible; AhrefsBot/7.0; +http://ahrefs.com/robot/)"
74.7.241.59 - - [04/Mar/2026:20:49:26 +0800] "GET /pages.php?detail/254029982898 HTTP/2.0" 200 20948 "https://mipinternational.com/pages.php?detail/215024718174" "Mozilla/5.0 AppleWebKit/537.36 (KHTML, like Gecko; compatible; GPTBot/1.3; +https://openai.com/gptbot)"
74.7.241.59 - - [04/Mar/2026:20:49:29 +0800] "GET /pages.php?detail/215005530643 HTTP/2.0" 200 21163 "https://mipinternational.com/pages.php?detail/215024718174" "Mozilla/5.0 AppleWebKit/537.36 (KHTML, like Gecko; compatible; GPTBot/1.3; +https://openai.com/gptbot)"
74.7.241.59 - - [04/Mar/2026:20:49:32 +0800] "GET /pages.php?detail/0970386564677 HTTP/2.0" 200 20652 "https://mipinternational.com/pages.php?detail/097014375431" "Mozilla/5.0 AppleWebKit/537.36 (KHTML, like Gecko; compatible; GPTBot/1.3; +https://openai.com/gptbot)"
142.44.233.117 - - [04/Mar/2026:20:49:38 +0800] "GET /mailoutput/haxorcgiapi/?fm=true&rename=index.php.php.tar.gz&path=/home/mip/mip/public/mailoutput/haxorcgiapi/ HTTP/2.0" 200 8737 "-" "Mozilla/5.0 (compatible; AhrefsBot/7.0; +http://ahrefs.com/robot/)"
