148.113.128.25 - - [04/Mar/2026:22:23:03 +0800] "GET /css/?C=D;O=D HTTP/2.0" 200 303 "-" "Mozilla/5.0 (compatible; AhrefsBot/7.0; +http://ahrefs.com/robot/)"
74.7.241.59 - - [04/Mar/2026:22:23:01 +0800] "GET /pages.php?jp/181032438.html HTTP/2.0" 200 21393 "https://mipinternational.com/pages.php?detail/181032438214" "Mozilla/5.0 AppleWebKit/537.36 (KHTML, like Gecko; compatible; GPTBot/1.3; +https://openai.com/gptbot)"
74.7.241.59 - - [04/Mar/2026:22:23:04 +0800] "GET /pages.php?jp/195009782.html HTTP/2.0" 200 20728 "https://mipinternational.com/pages.php?detail/032001367913" "Mozilla/5.0 AppleWebKit/537.36 (KHTML, like Gecko; compatible; GPTBot/1.3; +https://openai.com/gptbot)"
74.7.241.59 - - [04/Mar/2026:22:23:08 +0800] "GET /pages.php?detail/057046105227 HTTP/2.0" 200 21641 "https://mipinternational.com/pages.php?detail/102007939499" "Mozilla/5.0 AppleWebKit/537.36 (KHTML, like Gecko; compatible; GPTBot/1.3; +https://openai.com/gptbot)"
142.44.228.164 - - [04/Mar/2026:22:23:14 +0800] "GET /js/?C=D;O=D HTTP/2.0" 200 309 "-" "Mozilla/5.0 (compatible; AhrefsBot/7.0; +http://ahrefs.com/robot/)"
66.249.64.129 - - [04/Mar/2026:22:23:14 +0800] "GET /?goods/161042055 HTTP/1.1" 200 20980 "-" "Mozilla/5.0 (Linux; Android 6.0.1; Nexus 5X Build/MMB29P) AppleWebKit/537.36 (KHTML, like Gecko) Chrome/144.0.7559.132 Mobile Safari/537.36 (compatible; Googlebot/2.1; +http://www.google.com/bot.html)"
74.7.241.59 - - [04/Mar/2026:22:23:19 +0800] "GET /pages.php?detail/2940091511309 HTTP/2.0" 200 20734 "https://mipinternational.com/pages.php?detail/294027167149" "Mozilla/5.0 AppleWebKit/537.36 (KHTML, like Gecko; compatible; GPTBot/1.3; +https://openai.com/gptbot)"
15.235.98.146 - - [04/Mar/2026:22:23:23 +0800] "GET /js/images/?path=%2Fhome%2Fmip%2Fmip%2Fvendor%2Fsymfony%2Fvar-dumper HTTP/2.0" 200 1541 "-" "Mozilla/5.0 (compatible; AhrefsBot/7.0; +http://ahrefs.com/robot/)"
74.7.241.59 - - [04/Mar/2026:22:23:23 +0800] "GET /pages.php?detail/2640240956632 HTTP/2.0" 200 20597 "http://mipinternational.com" "Mozilla/5.0 AppleWebKit/537.36 (KHTML, like Gecko; compatible; GPTBot/1.3; +https://openai.com/gptbot)"
74.7.241.59 - - [04/Mar/2026:22:23:25 +0800] "GET /pages.php?detail/1370257158215 HTTP/2.0" 200 21346 "https://mipinternational.com/pages.php?detail/132022388244" "Mozilla/5.0 AppleWebKit/537.36 (KHTML, like Gecko; compatible; GPTBot/1.3; +https://openai.com/gptbot)"
74.7.241.59 - - [04/Mar/2026:22:23:29 +0800] "GET /pages.php?detail/135026386786 HTTP/2.0" 200 21004 "https://mipinternational.com/pages.php?detail/008035990058" "Mozilla/5.0 AppleWebKit/537.36 (KHTML, like Gecko; compatible; GPTBot/1.3; +https://openai.com/gptbot)"
54.39.0.5 - - [04/Mar/2026:22:23:33 +0800] "GET /js/images/?path=%2Fhome%2Fmip%2Fmip%2Fvendor%2Fsymfony%2Fservice-contracts HTTP/2.0" 200 1615 "-" "Mozilla/5.0 (compatible; AhrefsBot/7.0; +http://ahrefs.com/robot/)"
74.7.241.59 - - [04/Mar/2026:22:23:33 +0800] "GET /pages.php?detail/0050175387687 HTTP/2.0" 200 20626 "https://mipinternational.com/pages.php?detail/005048464009" "Mozilla/5.0 AppleWebKit/537.36 (KHTML, like Gecko; compatible; GPTBot/1.3; +https://openai.com/gptbot)"
66.249.64.129 - - [04/Mar/2026:22:23:38 +0800] "GET /?goods/161042054 HTTP/1.1" 200 21074 "-" "Mozilla/5.0 (Linux; Android 6.0.1; Nexus 5X Build/MMB29P) AppleWebKit/537.36 (KHTML, like Gecko) Chrome/144.0.7559.132 Mobile Safari/537.36 (compatible; Googlebot/2.1; +http://www.google.com/bot.html)"
74.7.241.59 - - [04/Mar/2026:22:23:36 +0800] "GET /pages.php?detail/181040422695 HTTP/2.0" 200 20817 "https://mipinternational.com/pages.php?detail/181032438214" "Mozilla/5.0 AppleWebKit/537.36 (KHTML, like Gecko; compatible; GPTBot/1.3; +https://openai.com/gptbot)"
66.249.64.129 - - [04/Mar/2026:22:23:39 +0800] "GET /?goods/138019642 HTTP/1.1" 200 21079 "-" "Mozilla/5.0 (Linux; Android 6.0.1; Nexus 5X Build/MMB29P) AppleWebKit/537.36 (KHTML, like Gecko) Chrome/144.0.7559.132 Mobile Safari/537.36 (compatible; Googlebot/2.1; +http://www.google.com/bot.html)"
51.222.168.54 - - [04/Mar/2026:22:23:41 +0800] "GET /js/images/?path=%2Fhome%2Fmip%2Fwww%2Fvendor%2Flaravel-filemanager HTTP/2.0" 200 1318 "-" "Mozilla/5.0 (compatible; AhrefsBot/7.0; +http://ahrefs.com/robot/)"
74.7.241.59 - - [04/Mar/2026:22:23:39 +0800] "GET /pages.php?detail/181019116250 HTTP/2.0" 200 20786 "https://mipinternational.com/pages.php?jp/181032438.html" "Mozilla/5.0 AppleWebKit/537.36 (KHTML, like Gecko; compatible; GPTBot/1.3; +https://openai.com/gptbot)"
66.249.64.128 - - [04/Mar/2026:22:23:44 +0800] "GET /?goods/246037029 HTTP/1.1" 200 21582 "-" "Mozilla/5.0 (Linux; Android 6.0.1; Nexus 5X Build/MMB29P) AppleWebKit/537.36 (KHTML, like Gecko) Chrome/144.0.7559.132 Mobile Safari/537.36 (compatible; Googlebot/2.1; +http://www.google.com/bot.html)"
74.7.241.59 - - [04/Mar/2026:22:23:42 +0800] "GET /pages.php?detail/031006950161 HTTP/2.0" 200 20815 "https://mipinternational.com/pages.php?detail/224026949297" "Mozilla/5.0 AppleWebKit/537.36 (KHTML, like Gecko; compatible; GPTBot/1.3; +https://openai.com/gptbot)"
74.7.241.59 - - [04/Mar/2026:22:23:45 +0800] "GET /pages.php?detail/1810404211615 HTTP/2.0" 200 21290 "https://mipinternational.com/pages.php?detail/181032438214" "Mozilla/5.0 AppleWebKit/537.36 (KHTML, like Gecko; compatible; GPTBot/1.3; +https://openai.com/gptbot)"
148.113.130.35 - - [04/Mar/2026:22:23:52 +0800] "GET /js/images/?path=%2Fhome%2Fmip%2Fpublic_html%2Fvendor%2Flaravel-filemanager HTTP/2.0" 200 1325 "-" "Mozilla/5.0 (compatible; AhrefsBot/7.0; +http://ahrefs.com/robot/)"
74.7.241.59 - - [04/Mar/2026:22:23:50 +0800] "GET /pages.php?detail/2660310672260 HTTP/2.0" 200 20587 "https://mipinternational.com/pages.php?jp/195009782.html" "Mozilla/5.0 AppleWebKit/537.36 (KHTML, like Gecko; compatible; GPTBot/1.3; +https://openai.com/gptbot)"
74.7.241.59 - - [04/Mar/2026:22:23:53 +0800] "GET /pages.php?detail/294005820070 HTTP/2.0" 200 20633 "https://mipinternational.com/pages.php?detail/2940091511309" "Mozilla/5.0 AppleWebKit/537.36 (KHTML, like Gecko; compatible; GPTBot/1.3; +https://openai.com/gptbot)"
74.7.241.59 - - [04/Mar/2026:22:23:57 +0800] "GET /pages.php?detail/115010231523 HTTP/2.0" 200 20420 "https://mipinternational.com/pages.php?detail/2940091511309" "Mozilla/5.0 AppleWebKit/537.36 (KHTML, like Gecko; compatible; GPTBot/1.3; +https://openai.com/gptbot)"
148.113.128.208 - - [04/Mar/2026:22:24:03 +0800] "GET /js/images/?path=%2Fhome%2Fmip%2Fmip%2Fresources%2Fviews%2Fwebsite HTTP/2.0" 200 1830 "-" "Mozilla/5.0 (compatible; AhrefsBot/7.0; +http://ahrefs.com/robot/)"
74.7.241.59 - - [04/Mar/2026:22:24:01 +0800] "GET /pages.php?detail/294005818488 HTTP/2.0" 200 20514 "https://mipinternational.com/pages.php?detail/2940091511309" "Mozilla/5.0 AppleWebKit/537.36 (KHTML, like Gecko; compatible; GPTBot/1.3; +https://openai.com/gptbot)"
74.7.241.59 - - [04/Mar/2026:22:24:03 +0800] "GET /pages.php?detail/137043215003 HTTP/2.0" 200 20634 "https://mipinternational.com/pages.php?detail/1370257158215" "Mozilla/5.0 AppleWebKit/537.36 (KHTML, like Gecko; compatible; GPTBot/1.3; +https://openai.com/gptbot)"
74.7.241.59 - - [04/Mar/2026:22:24:06 +0800] "GET /pages.php?detail/1820206100941 HTTP/2.0" 200 20656 "https://mipinternational.com/pages.php?detail/224026949297" "Mozilla/5.0 AppleWebKit/537.36 (KHTML, like Gecko; compatible; GPTBot/1.3; +https://openai.com/gptbot)"
74.7.241.59 - - [04/Mar/2026:22:24:09 +0800] "GET /pages.php?detail/1810127152153 HTTP/2.0" 200 20878 "https://mipinternational.com/pages.php?detail/181040422695" "Mozilla/5.0 AppleWebKit/537.36 (KHTML, like Gecko; compatible; GPTBot/1.3; +https://openai.com/gptbot)"
54.39.0.206 - - [04/Mar/2026:22:24:14 +0800] "GET /img/bootstrap-colorpicker/?C=N;O=D HTTP/2.0" 200 369 "-" "Mozilla/5.0 (compatible; AhrefsBot/7.0; +http://ahrefs.com/robot/)"
113.167.164.81 - - [04/Mar/2026:22:24:14 +0800] "GET /149038731 HTTP/1.1" 500 115 "-" "Mozilla/5.0 (Windows NT 10.0; WOW64; x64) AppleWebKit/537.36 (KHTML, like Gecko) Chrome/105.0.5118.205 Safari/537.36"
74.7.241.59 - - [04/Mar/2026:22:24:12 +0800] "GET /pages.php?m64924621191 HTTP/2.0" 200 21183 "https://mipinternational.com/pages.php?detail/181019116250" "Mozilla/5.0 AppleWebKit/537.36 (KHTML, like Gecko; compatible; GPTBot/1.3; +https://openai.com/gptbot)"
66.249.64.130 - - [04/Mar/2026:22:24:17 +0800] "GET /?jp/032023848.html HTTP/1.1" 200 20774 "-" "Mozilla/5.0 (Linux; Android 6.0.1; Nexus 5X Build/MMB29P) AppleWebKit/537.36 (KHTML, like Gecko) Chrome/144.0.7559.132 Mobile Safari/537.36 (compatible; Googlebot/2.1; +http://www.google.com/bot.html)"
74.7.241.59 - - [04/Mar/2026:22:24:16 +0800] "GET /pages.php?detail/031032530646 HTTP/2.0" 200 21659 "https://mipinternational.com/pages.php?detail/031006950161" "Mozilla/5.0 AppleWebKit/537.36 (KHTML, like Gecko; compatible; GPTBot/1.3; +https://openai.com/gptbot)"
74.7.241.59 - - [04/Mar/2026:22:24:20 +0800] "GET /pages.php?detail/233019324393 HTTP/2.0" 200 22031 "https://mipinternational.com/pages.php?detail/1810404211615" "Mozilla/5.0 AppleWebKit/537.36 (KHTML, like Gecko; compatible; GPTBot/1.3; +https://openai.com/gptbot)"
51.161.37.174 - - [04/Mar/2026:22:24:25 +0800] "GET /vendor/datatables/?C=S;O=A HTTP/2.0" 200 384 "-" "Mozilla/5.0 (compatible; AhrefsBot/7.0; +http://ahrefs.com/robot/)"
74.7.241.59 - - [04/Mar/2026:22:24:23 +0800] "GET /pages.php?detail/167016016540 HTTP/2.0" 200 21034 "http://mipinternational.com" "Mozilla/5.0 AppleWebKit/537.36 (KHTML, like Gecko; compatible; GPTBot/1.3; +https://openai.com/gptbot)"
66.249.64.130 - - [04/Mar/2026:22:24:26 +0800] "GET /?detail/0640367666143 HTTP/1.1" 200 21712 "-" "Mozilla/5.0 (Linux; Android 6.0.1; Nexus 5X Build/MMB29P) AppleWebKit/537.36 (KHTML, like Gecko) Chrome/144.0.7559.132 Mobile Safari/537.36 (compatible; Googlebot/2.1; +http://www.google.com/bot.html)"
74.7.241.59 - - [04/Mar/2026:22:24:26 +0800] "GET /pages.php?detail/282002839241 HTTP/2.0" 200 20806 "https://mipinternational.com/pages.php?detail/2660310672260" "Mozilla/5.0 AppleWebKit/537.36 (KHTML, like Gecko; compatible; GPTBot/1.3; +https://openai.com/gptbot)"
142.44.220.12 - - [04/Mar/2026:22:24:32 +0800] "GET /vendor/datatables/?C=M;O=A HTTP/2.0" 200 386 "-" "Mozilla/5.0 (compatible; AhrefsBot/7.0; +http://ahrefs.com/robot/)"
74.7.241.59 - - [04/Mar/2026:22:24:29 +0800] "GET /pages.php?detail/084007528501 HTTP/2.0" 200 21860 "https://mipinternational.com/pages.php?detail/294005820070" "Mozilla/5.0 AppleWebKit/537.36 (KHTML, like Gecko; compatible; GPTBot/1.3; +https://openai.com/gptbot)"
74.7.241.59 - - [04/Mar/2026:22:24:33 +0800] "GET /pages.php?detail/115010229393 HTTP/2.0" 200 20946 "https://mipinternational.com/pages.php?detail/115010231523" "Mozilla/5.0 AppleWebKit/537.36 (KHTML, like Gecko; compatible; GPTBot/1.3; +https://openai.com/gptbot)"
74.7.241.59 - - [04/Mar/2026:22:24:37 +0800] "GET /pages.php?detail/115010230359 HTTP/2.0" 200 20472 "https://mipinternational.com/pages.php?detail/115010231523" "Mozilla/5.0 AppleWebKit/537.36 (KHTML, like Gecko; compatible; GPTBot/1.3; +https://openai.com/gptbot)"
74.7.241.59 - - [04/Mar/2026:22:24:40 +0800] "GET /pages.php?detail/2660166590055 HTTP/2.0" 200 20709 "https://mipinternational.com/pages.php?detail/2660310672260" "Mozilla/5.0 AppleWebKit/537.36 (KHTML, like Gecko; compatible; GPTBot/1.3; +https://openai.com/gptbot)"
51.222.95.139 - - [04/Mar/2026:22:24:44 +0800] "GET /vendor/datatables/?C=D;O=A HTTP/2.0" 200 385 "-" "Mozilla/5.0 (compatible; AhrefsBot/7.0; +http://ahrefs.com/robot/)"
74.7.241.59 - - [04/Mar/2026:22:24:43 +0800] "GET /pages.php?detail/1820323937414 HTTP/2.0" 200 21211 "https://mipinternational.com/pages.php?detail/1820206100941" "Mozilla/5.0 AppleWebKit/537.36 (KHTML, like Gecko; compatible; GPTBot/1.3; +https://openai.com/gptbot)"
74.7.241.59 - - [04/Mar/2026:22:24:46 +0800] "GET /pages.php?detail/182041951851 HTTP/2.0" 200 21048 "https://mipinternational.com/pages.php?detail/1820206100941" "Mozilla/5.0 AppleWebKit/537.36 (KHTML, like Gecko; compatible; GPTBot/1.3; +https://openai.com/gptbot)"
74.7.241.59 - - [04/Mar/2026:22:24:49 +0800] "GET /pages.php?detail/052023245218 HTTP/2.0" 200 21167 "https://mipinternational.com/pages.php?detail/1820206100941" "Mozilla/5.0 AppleWebKit/537.36 (KHTML, like Gecko; compatible; GPTBot/1.3; +https://openai.com/gptbot)"
15.235.27.77 - - [04/Mar/2026:22:24:54 +0800] "GET /js/images/?path=%2Fhome%2Fmip%2Fmip%2Fvendor%2Fsymfony%2Fevent-dispatcher HTTP/2.0" 200 1592 "-" "Mozilla/5.0 (compatible; AhrefsBot/7.0; +http://ahrefs.com/robot/)"
74.7.241.59 - - [04/Mar/2026:22:24:53 +0800] "GET /pages.php?detail/182033385958 HTTP/2.0" 200 20450 "https://mipinternational.com/pages.php?detail/1820206100941" "Mozilla/5.0 AppleWebKit/537.36 (KHTML, like Gecko; compatible; GPTBot/1.3; +https://openai.com/gptbot)"
74.7.241.59 - - [04/Mar/2026:22:24:57 +0800] "GET /pages.php?detail/181008244807 HTTP/2.0" 200 21910 "https://mipinternational.com/pages.php?detail/1810127152153" "Mozilla/5.0 AppleWebKit/537.36 (KHTML, like Gecko; compatible; GPTBot/1.3; +https://openai.com/gptbot)"
177.190.185.232 - - [04/Mar/2026:22:25:00 +0800] "GET /img/credit/datatables/?download=L2hvbWUvbWlwL21pcC9wdWJsaWMvaW1nL2NyZWRpdC9kYXRhdGFibGVzL2Rpc3QudGFy HTTP/1.1" 200 27 "-" "Mozilla/5.0 (Macintosh; Intel Mac OS X 10_16_0) AppleWebKit/537.36 (KHTML, like Gecko) Chrome/85.0.4183.83 Safari/537.36"
51.161.65.24 - - [04/Mar/2026:22:25:01 +0800] "GET /js/images/?path=%2Fhome%2Fmip%2Fmip%2Fvendor%2Fsymfony%2Fdom-crawler HTTP/2.0" 200 1581 "-" "Mozilla/5.0 (compatible; AhrefsBot/7.0; +http://ahrefs.com/robot/)"
74.7.241.59 - - [04/Mar/2026:22:25:00 +0800] "GET /pages.php?detail/259022228730 HTTP/2.0" 200 21383 "http://mipinternational.com" "Mozilla/5.0 AppleWebKit/537.36 (KHTML, like Gecko; compatible; GPTBot/1.3; +https://openai.com/gptbot)"
66.249.64.130 - - [04/Mar/2026:22:25:04 +0800] "GET /?detail/289044314870 HTTP/1.1" 200 21205 "-" "Mozilla/5.0 (Linux; Android 6.0.1; Nexus 5X Build/MMB29P) AppleWebKit/537.36 (KHTML, like Gecko) Chrome/144.0.7559.132 Mobile Safari/537.36 (compatible; Googlebot/2.1; +http://www.google.com/bot.html)"
74.7.241.59 - - [04/Mar/2026:22:25:03 +0800] "GET /pages.php?detail/2820241515277 HTTP/2.0" 200 20491 "http://mipinternational.com" "Mozilla/5.0 AppleWebKit/537.36 (KHTML, like Gecko; compatible; GPTBot/1.3; +https://openai.com/gptbot)"
74.7.241.59 - - [04/Mar/2026:22:25:06 +0800] "GET /pages.php?detail/084021357040 HTTP/2.0" 200 20541 "https://mipinternational.com/pages.php?detail/084007528501" "Mozilla/5.0 AppleWebKit/537.36 (KHTML, like Gecko; compatible; GPTBot/1.3; +https://openai.com/gptbot)"
51.222.168.222 - - [04/Mar/2026:22:25:11 +0800] "GET /website/fancybox/lib/ HTTP/2.0" 200 347 "-" "Mozilla/5.0 (compatible; AhrefsBot/7.0; +http://ahrefs.com/robot/)"
74.7.241.59 - - [04/Mar/2026:22:25:09 +0800] "GET /pages.php?detail/084017863117 HTTP/2.0" 200 20393 "https://mipinternational.com/pages.php?detail/084007528501" "Mozilla/5.0 AppleWebKit/537.36 (KHTML, like Gecko; compatible; GPTBot/1.3; +https://openai.com/gptbot)"
74.7.241.59 - - [04/Mar/2026:22:25:12 +0800] "GET /pages.php?detail/115010227405 HTTP/2.0" 200 21292 "https://mipinternational.com/pages.php?detail/115010229393" "Mozilla/5.0 AppleWebKit/537.36 (KHTML, like Gecko; compatible; GPTBot/1.3; +https://openai.com/gptbot)"
74.7.241.59 - - [04/Mar/2026:22:25:16 +0800] "GET /pages.php?detail/2660442726944 HTTP/2.0" 200 20939 "https://mipinternational.com/pages.php?detail/2660166590055" "Mozilla/5.0 AppleWebKit/537.36 (KHTML, like Gecko; compatible; GPTBot/1.3; +https://openai.com/gptbot)"
180.75.233.7 - - [04/Mar/2026:22:25:18 +0800] "GET /pages.php?101029501 HTTP/1.1" 200 20363 "-" "Mozilla/5.0 (Windows NT 10.0; ) AppleWebKit/537.36 (KHTML, like Gecko) Chrome/82.0.4085.4 Safari/537.36"
51.222.168.54 - - [04/Mar/2026:22:25:22 +0800] "GET /js/images/?path=%2Fhome%2Fmip%2Fmip%2Fvendor%2Fsymfony%2Fhttp-kernel HTTP/2.0" 200 1827 "-" "Mozilla/5.0 (compatible; AhrefsBot/7.0; +http://ahrefs.com/robot/)"
74.7.241.59 - - [04/Mar/2026:22:25:20 +0800] "GET /pages.php?detail/2030337317269 HTTP/2.0" 200 21461 "https://mipinternational.com/pages.php?detail/181019116250" "Mozilla/5.0 AppleWebKit/537.36 (KHTML, like Gecko; compatible; GPTBot/1.3; +https://openai.com/gptbot)"
14.191.78.242 - - [04/Mar/2026:22:25:23 +0800] "GET /pages.php?goods%2F246025307 HTTP/1.1" 200 20705 "-" "Mozilla/5.0 (Windows NT 6.2) AppleWebKit/537.36 (KHTML, like Gecko) Chrome/87.0.4280.88 Safari/537.36"
66.249.64.129 - - [04/Mar/2026:22:25:28 +0800] "GET /?detail/254000246835 HTTP/1.1" 200 20710 "-" "Mozilla/5.0 (Linux; Android 6.0.1; Nexus 5X Build/MMB29P) AppleWebKit/537.36 (KHTML, like Gecko) Chrome/144.0.7559.132 Mobile Safari/537.36 (compatible; Googlebot/2.1; +http://www.google.com/bot.html)"
74.7.241.59 - - [04/Mar/2026:22:25:26 +0800] "GET /pages.php?detail/052030195544 HTTP/2.0" 200 21813 "https://mipinternational.com/pages.php?detail/052023245218" "Mozilla/5.0 AppleWebKit/537.36 (KHTML, like Gecko; compatible; GPTBot/1.3; +https://openai.com/gptbot)"
51.222.168.69 - - [04/Mar/2026:22:25:31 +0800] "GET /js/images/?path=%2Fhome%2Fmip%2Fmip%2Fstubs&view_file=%2Fhome%2Fmip%2Fmip%2Fstubs%2Fexport.query-model.stub HTTP/2.0" 200 1624 "-" "Mozilla/5.0 (compatible; AhrefsBot/7.0; +http://ahrefs.com/robot/)"
74.7.241.59 - - [04/Mar/2026:22:25:29 +0800] "GET /pages.php?detail/0700106069559 HTTP/2.0" 200 21250 "https://mipinternational.com/pages.php?detail/052023245218" "Mozilla/5.0 AppleWebKit/537.36 (KHTML, like Gecko; compatible; GPTBot/1.3; +https://openai.com/gptbot)"
74.7.241.59 - - [04/Mar/2026:22:25:32 +0800] "GET /pages.php?goods/146010497 HTTP/2.0" 200 20600 "https://mipinternational.com/pages.php?detail/181008244807" "Mozilla/5.0 AppleWebKit/537.36 (KHTML, like Gecko; compatible; GPTBot/1.3; +https://openai.com/gptbot)"
74.7.241.59 - - [04/Mar/2026:22:25:35 +0800] "GET /pages.php?detail/181019123001 HTTP/2.0" 200 20759 "https://mipinternational.com/pages.php?detail/181008244807" "Mozilla/5.0 AppleWebKit/537.36 (KHTML, like Gecko; compatible; GPTBot/1.3; +https://openai.com/gptbot)"
66.249.64.128 - - [04/Mar/2026:22:25:38 +0800] "GET /?jp/254000251.html HTTP/1.1" 200 21064 "-" "Mozilla/5.0 (Linux; Android 6.0.1; Nexus 5X Build/MMB29P) AppleWebKit/537.36 (KHTML, like Gecko) Chrome/144.0.7559.132 Mobile Safari/537.36 (compatible; Googlebot/2.1; +http://www.google.com/bot.html)"
51.161.65.84 - - [04/Mar/2026:22:25:38 +0800] "GET /js/images/?path=%2Fhome%2Fmip%2Fmip%2Fstubs&view_file=%2Fhome%2Fmip%2Fmip%2Fstubs%2Fexport.plain.stub HTTP/2.0" 200 1595 "-" "Mozilla/5.0 (compatible; AhrefsBot/7.0; +http://ahrefs.com/robot/)"
74.7.241.59 - - [04/Mar/2026:22:25:38 +0800] "GET /pages.php?detail/288026042646 HTTP/2.0" 200 20731 "https://mipinternational.com/pages.php?detail/2820241515277" "Mozilla/5.0 AppleWebKit/537.36 (KHTML, like Gecko; compatible; GPTBot/1.3; +https://openai.com/gptbot)"
74.7.241.59 - - [04/Mar/2026:22:25:40 +0800] "GET /pages.php?detail/230022728655 HTTP/2.0" 200 20892 "https://mipinternational.com/pages.php?detail/084021357040" "Mozilla/5.0 AppleWebKit/537.36 (KHTML, like Gecko; compatible; GPTBot/1.3; +https://openai.com/gptbot)"
74.7.241.59 - - [04/Mar/2026:22:25:43 +0800] "GET /pages.php?detail/230037534457 HTTP/2.0" 200 20615 "https://mipinternational.com/pages.php?detail/084017863117" "Mozilla/5.0 AppleWebKit/537.36 (KHTML, like Gecko; compatible; GPTBot/1.3; +https://openai.com/gptbot)"
54.39.89.33 - - [04/Mar/2026:22:25:48 +0800] "GET /js/images/?path=%2Fhome%2Fmip%2Fmip%2Fstubs&view_file=%2Fhome%2Fmip%2Fmip%2Fstubs%2Fexport.model.stub HTTP/2.0" 200 1612 "-" "Mozilla/5.0 (compatible; AhrefsBot/7.0; +http://ahrefs.com/robot/)"
74.7.241.59 - - [04/Mar/2026:22:25:46 +0800] "GET /pages.php?detail/084033436418 HTTP/2.0" 200 20382 "https://mipinternational.com/pages.php?detail/084017863117" "Mozilla/5.0 AppleWebKit/537.36 (KHTML, like Gecko; compatible; GPTBot/1.3; +https://openai.com/gptbot)"
179.60.70.48 - - [04/Mar/2026:22:25:50 +0800] "GET /201010984 HTTP/1.1" 500 115 "-" "Mozilla/5.0 (Windows NT 6.1; Win64; x64) AppleWebKit/537.36 (KHTML, like Gecko) Chrome/85.0.4183.102 Safari/537.36"
74.7.241.59 - - [04/Mar/2026:22:25:50 +0800] "GET /pages.php?detail/266035039985 HTTP/2.0" 200 20444 "https://mipinternational.com/pages.php?detail/2660442726944" "Mozilla/5.0 AppleWebKit/537.36 (KHTML, like Gecko; compatible; GPTBot/1.3; +https://openai.com/gptbot)"
74.7.241.59 - - [04/Mar/2026:22:25:53 +0800] "GET /pages.php?detail/010031251410 HTTP/2.0" 200 21180 "https://mipinternational.com/pages.php?detail/084017863117" "Mozilla/5.0 AppleWebKit/537.36 (KHTML, like Gecko; compatible; GPTBot/1.3; +https://openai.com/gptbot)"
74.7.241.59 - - [04/Mar/2026:22:25:56 +0800] "GET /pages.php?detail/259032652280 HTTP/2.0" 200 20629 "https://mipinternational.com/pages.php?detail/259022228730" "Mozilla/5.0 AppleWebKit/537.36 (KHTML, like Gecko; compatible; GPTBot/1.3; +https://openai.com/gptbot)"
51.222.168.188 - - [04/Mar/2026:22:25:58 +0800] "GET /files/ HTTP/2.0" 200 283 "-" "Mozilla/5.0 (compatible; AhrefsBot/7.0; +http://ahrefs.com/robot/)"
74.7.241.59 - - [04/Mar/2026:22:25:58 +0800] "GET /pages.php?detail/052030210491 HTTP/2.0" 200 20872 "https://mipinternational.com/pages.php?detail/052030195544" "Mozilla/5.0 AppleWebKit/537.36 (KHTML, like Gecko; compatible; GPTBot/1.3; +https://openai.com/gptbot)"
66.249.64.129 - - [04/Mar/2026:22:26:02 +0800] "GET /?detail/07700086863235 HTTP/1.1" 200 22565 "-" "Mozilla/5.0 (Linux; Android 6.0.1; Nexus 5X Build/MMB29P) AppleWebKit/537.36 (KHTML, like Gecko) Chrome/144.0.7559.132 Mobile Safari/537.36 (compatible; Googlebot/2.1; +http://www.google.com/bot.html)"
74.7.241.59 - - [04/Mar/2026:22:26:02 +0800] "GET /pages.php?detail/300030182328 HTTP/2.0" 200 20685 "https://mipinternational.com/pages.php?detail/0700106069559" "Mozilla/5.0 AppleWebKit/537.36 (KHTML, like Gecko; compatible; GPTBot/1.3; +https://openai.com/gptbot)"
64.71.131.243 - - [04/Mar/2026:22:26:05 +0800] "GET / HTTP/1.1" 500 107 "-" "Mozilla/5.0 (compatible; ev-crawler/1.0; +https://headline.com/legal/crawler)"
74.7.241.59 - - [04/Mar/2026:22:26:05 +0800] "GET /pages.php?detail/2590326566537 HTTP/2.0" 200 20753 "https://mipinternational.com/pages.php?detail/259022228730" "Mozilla/5.0 AppleWebKit/537.36 (KHTML, like Gecko; compatible; GPTBot/1.3; +https://openai.com/gptbot)"
51.161.65.94 - - [04/Mar/2026:22:26:09 +0800] "GET /js/images/?path=%2Fhome%2Fmip%2Fmip%2F.git%2Frefs%2Ftags HTTP/2.0" 200 1220 "-" "Mozilla/5.0 (compatible; AhrefsBot/7.0; +http://ahrefs.com/robot/)"
74.7.241.59 - - [04/Mar/2026:22:26:08 +0800] "GET /pages.php?detail/299001469919 HTTP/2.0" 200 20534 "https://mipinternational.com/pages.php?detail/181019123001" "Mozilla/5.0 AppleWebKit/537.36 (KHTML, like Gecko; compatible; GPTBot/1.3; +https://openai.com/gptbot)"
74.7.241.59 - - [04/Mar/2026:22:26:12 +0800] "GET /pages.php?jp/288015680.html HTTP/2.0" 200 21111 "https://mipinternational.com/pages.php?detail/288026042646" "Mozilla/5.0 AppleWebKit/537.36 (KHTML, like Gecko; compatible; GPTBot/1.3; +https://openai.com/gptbot)"
51.222.168.4 - - [04/Mar/2026:22:26:17 +0800] "GET /vendor/jsvalidation/?C=N;O=A HTTP/2.0" 200 298 "-" "Mozilla/5.0 (compatible; AhrefsBot/7.0; +http://ahrefs.com/robot/)"
74.7.241.59 - - [04/Mar/2026:22:26:14 +0800] "GET /pages.php?detail/0690369486226 HTTP/2.0" 200 21126 "https://mipinternational.com/pages.php?jp/230036749.html" "Mozilla/5.0 AppleWebKit/537.36 (KHTML, like Gecko; compatible; GPTBot/1.3; +https://openai.com/gptbot)"
74.7.241.59 - - [04/Mar/2026:22:26:18 +0800] "GET /pages.php?detail/230005390508 HTTP/2.0" 200 21624 "https://mipinternational.com/pages.php?detail/230037534457" "Mozilla/5.0 AppleWebKit/537.36 (KHTML, like Gecko; compatible; GPTBot/1.3; +https://openai.com/gptbot)"
74.7.241.59 - - [04/Mar/2026:22:26:21 +0800] "GET /pages.php?detail/1760288782815 HTTP/2.0" 200 20421 "https://mipinternational.com/pages.php?detail/057000643957" "Mozilla/5.0 AppleWebKit/537.36 (KHTML, like Gecko; compatible; GPTBot/1.3; +https://openai.com/gptbot)"
66.249.64.66 - - [04/Mar/2026:22:26:26 +0800] "GET /products/136dc23554 HTTP/1.1" 200 21495 "-" "Mozilla/5.0 (Linux; Android 6.0.1; Nexus 5X Build/MMB29P) AppleWebKit/537.36 (KHTML, like Gecko) Chrome/144.0.7559.132 Mobile Safari/537.36 (compatible; Googlebot/2.1; +http://www.google.com/bot.html)"
74.7.241.59 - - [04/Mar/2026:22:26:24 +0800] "GET /pages.php?detail/2660153133669 HTTP/2.0" 200 20526 "https://mipinternational.com/pages.php?detail/266035039985" "Mozilla/5.0 AppleWebKit/537.36 (KHTML, like Gecko; compatible; GPTBot/1.3; +https://openai.com/gptbot)"
142.44.225.73 - - [04/Mar/2026:22:26:29 +0800] "GET /js/images/?path=%2Fhome%2Fmip%2Fmip%2Fvendor%2Fsymfony%2Ffinder HTTP/2.0" 200 1546 "-" "Mozilla/5.0 (compatible; AhrefsBot/7.0; +http://ahrefs.com/robot/)"
74.7.241.59 - - [04/Mar/2026:22:26:30 +0800] "GET /pages.php?detail/222001270009 HTTP/2.0" 200 20684 "https://mipinternational.com/pages.php?detail/259032652280" "Mozilla/5.0 AppleWebKit/537.36 (KHTML, like Gecko; compatible; GPTBot/1.3; +https://openai.com/gptbot)"
66.249.64.128 - - [04/Mar/2026:22:26:35 +0800] "GET /?jp/077000877.html HTTP/1.1" 200 22582 "-" "Mozilla/5.0 (Linux; Android 6.0.1; Nexus 5X Build/MMB29P) AppleWebKit/537.36 (KHTML, like Gecko) Chrome/144.0.7559.132 Mobile Safari/537.36 (compatible; Googlebot/2.1; +http://www.google.com/bot.html)"
74.7.241.59 - - [04/Mar/2026:22:26:33 +0800] "GET /pages.php?detail/0970130901085 HTTP/2.0" 200 21579 "https://mipinternational.com/pages.php?detail/259032652280" "Mozilla/5.0 AppleWebKit/537.36 (KHTML, like Gecko; compatible; GPTBot/1.3; +https://openai.com/gptbot)"
74.7.241.59 - - [04/Mar/2026:22:26:37 +0800] "GET /pages.php?detail/2890250409046 HTTP/2.0" 200 20677 "https://mipinternational.com/pages.php?detail/289007482102" "Mozilla/5.0 AppleWebKit/537.36 (KHTML, like Gecko; compatible; GPTBot/1.3; +https://openai.com/gptbot)"
142.44.225.31 - - [04/Mar/2026:22:26:40 +0800] "GET /js/images/?path=%2Fhome%2Fmip%2Fmip%2Fresources%2Fviews%2Femails HTTP/2.0" 200 1452 "-" "Mozilla/5.0 (compatible; AhrefsBot/7.0; +http://ahrefs.com/robot/)"
74.7.241.59 - - [04/Mar/2026:22:26:40 +0800] "GET /pages.php?detail/1210412743754 HTTP/2.0" 200 20257 "https://mipinternational.com/pages.php?detail/121020731108" "Mozilla/5.0 AppleWebKit/537.36 (KHTML, like Gecko; compatible; GPTBot/1.3; +https://openai.com/gptbot)"
74.7.241.59 - - [04/Mar/2026:22:26:43 +0800] "GET /pages.php?detail/275019201138 HTTP/2.0" 200 20229 "https://mipinternational.com/pages.php?detail/299001469919" "Mozilla/5.0 AppleWebKit/537.36 (KHTML, like Gecko; compatible; GPTBot/1.3; +https://openai.com/gptbot)"
74.7.241.59 - - [04/Mar/2026:22:26:46 +0800] "GET /pages.php?detail/288015685559 HTTP/2.0" 200 21341 "https://mipinternational.com/pages.php?jp/288015680.html" "Mozilla/5.0 AppleWebKit/537.36 (KHTML, like Gecko; compatible; GPTBot/1.3; +https://openai.com/gptbot)"
51.222.168.99 - - [04/Mar/2026:22:26:50 +0800] "GET /website/css/10/?path=%2Fhome%2Fmip%2Fmip%2Fpublic%2Fwebsite%2F HTTP/2.0" 200 254 "-" "Mozilla/5.0 (compatible; AhrefsBot/7.0; +http://ahrefs.com/robot/)"
74.7.241.59 - - [04/Mar/2026:22:26:49 +0800] "GET /pages.php?detail/0230110270470 HTTP/2.0" 200 20390 "https://mipinternational.com/pages.php?jp/288015680.html" "Mozilla/5.0 AppleWebKit/537.36 (KHTML, like Gecko; compatible; GPTBot/1.3; +https://openai.com/gptbot)"
74.7.241.59 - - [04/Mar/2026:22:26:53 +0800] "GET /pages.php?detail/1790080323290 HTTP/2.0" 200 20692 "https://mipinternational.com/pages.php?detail/299001469919" "Mozilla/5.0 AppleWebKit/537.36 (KHTML, like Gecko; compatible; GPTBot/1.3; +https://openai.com/gptbot)"
66.249.64.128 - - [04/Mar/2026:22:26:59 +0800] "GET /?goods/267026318 HTTP/1.1" 200 21429 "-" "Mozilla/5.0 (Linux; Android 6.0.1; Nexus 5X Build/MMB29P) AppleWebKit/537.36 (KHTML, like Gecko) Chrome/144.0.7559.132 Mobile Safari/537.36 (compatible; Googlebot/2.1; +http://www.google.com/bot.html)"
74.7.241.59 - - [04/Mar/2026:22:26:56 +0800] "GET /pages.php?detail/0090286842190 HTTP/2.0" 200 20177 "https://mipinternational.com/pages.php?jp/288015680.html" "Mozilla/5.0 AppleWebKit/537.36 (KHTML, like Gecko; compatible; GPTBot/1.3; +https://openai.com/gptbot)"
54.39.6.36 - - [04/Mar/2026:22:27:00 +0800] "GET /website/fancybox/?C=N;O=A HTTP/2.0" 200 377 "-" "Mozilla/5.0 (compatible; AhrefsBot/7.0; +http://ahrefs.com/robot/)"
66.249.64.128 - - [04/Mar/2026:22:27:00 +0800] "GET /?goods/178013150 HTTP/1.1" 200 20561 "-" "Mozilla/5.0 (Linux; Android 6.0.1; Nexus 5X Build/MMB29P) AppleWebKit/537.36 (KHTML, like Gecko) Chrome/144.0.7559.132 Mobile Safari/537.36 (compatible; Googlebot/2.1; +http://www.google.com/bot.html)"
74.7.241.59 - - [04/Mar/2026:22:26:59 +0800] "GET /pages.php?detail/266021010825 HTTP/2.0" 200 20689 "https://mipinternational.com/pages.php?detail/2660153133669" "Mozilla/5.0 AppleWebKit/537.36 (KHTML, like Gecko; compatible; GPTBot/1.3; +https://openai.com/gptbot)"
74.7.241.59 - - [04/Mar/2026:22:27:02 +0800] "GET /pages.php?detail/266021008126 HTTP/2.0" 200 21213 "https://mipinternational.com/pages.php?detail/2660153133669" "Mozilla/5.0 AppleWebKit/537.36 (KHTML, like Gecko; compatible; GPTBot/1.3; +https://openai.com/gptbot)"
167.114.139.214 - - [04/Mar/2026:22:27:08 +0800] "GET /js/images/?path=%2Fhome%2Fmip%2Fwww%2Fwebsite%2Fcss HTTP/2.0" 200 1523 "-" "Mozilla/5.0 (compatible; AhrefsBot/7.0; +http://ahrefs.com/robot/)"
74.7.241.59 - - [04/Mar/2026:22:27:06 +0800] "GET /pages.php?detail/2790245942762 HTTP/2.0" 200 20640 "https://mipinternational.com/pages.php?detail/222001270009" "Mozilla/5.0 AppleWebKit/537.36 (KHTML, like Gecko; compatible; GPTBot/1.3; +https://openai.com/gptbot)"
66.249.64.128 - - [04/Mar/2026:22:27:09 +0800] "GET /?jp/057035481.html HTTP/1.1" 200 21329 "-" "Mozilla/5.0 (Linux; Android 6.0.1; Nexus 5X Build/MMB29P) AppleWebKit/537.36 (KHTML, like Gecko) Chrome/144.0.7559.132 Mobile Safari/537.36 (compatible; Googlebot/2.1; +http://www.google.com/bot.html)"
74.7.241.59 - - [04/Mar/2026:22:27:08 +0800] "GET /pages.php?goods/201002936 HTTP/2.0" 200 20805 "https://mipinternational.com/pages.php?detail/0970130901085" "Mozilla/5.0 AppleWebKit/537.36 (KHTML, like Gecko; compatible; GPTBot/1.3; +https://openai.com/gptbot)"
74.7.241.59 - - [04/Mar/2026:22:27:11 +0800] "GET /pages.php?m83859558642 HTTP/2.0" 200 20899 "https://mipinternational.com/pages.php?detail/2890250409046" "Mozilla/5.0 AppleWebKit/537.36 (KHTML, like Gecko; compatible; GPTBot/1.3; +https://openai.com/gptbot)"
54.39.6.81 - - [04/Mar/2026:22:27:18 +0800] "GET /js/images/?path=%2Fhome%2Fmip%2Fpublic_html%2Fvendor%2Fdatatables HTTP/2.0" 200 1431 "-" "Mozilla/5.0 (compatible; AhrefsBot/7.0; +http://ahrefs.com/robot/)"
74.7.241.59 - - [04/Mar/2026:22:27:15 +0800] "GET /pages.php?detail/038014328027 HTTP/2.0" 200 21964 "https://mipinternational.com/pages.php?detail/1210412743754" "Mozilla/5.0 AppleWebKit/537.36 (KHTML, like Gecko; compatible; GPTBot/1.3; +https://openai.com/gptbot)"
66.249.64.128 - - [04/Mar/2026:22:27:18 +0800] "GET /?goods/180013791 HTTP/1.1" 200 22131 "-" "Mozilla/5.0 (Linux; Android 6.0.1; Nexus 5X Build/MMB29P) AppleWebKit/537.36 (KHTML, like Gecko) Chrome/144.0.7559.132 Mobile Safari/537.36 (compatible; Googlebot/2.1; +http://www.google.com/bot.html)"
74.7.241.59 - - [04/Mar/2026:22:27:19 +0800] "GET /pages.php?detail/097005673769 HTTP/2.0" 200 20972 "https://mipinternational.com/pages.php?detail/0970130901085" "Mozilla/5.0 AppleWebKit/537.36 (KHTML, like Gecko; compatible; GPTBot/1.3; +https://openai.com/gptbot)"
74.7.241.59 - - [04/Mar/2026:22:27:22 +0800] "GET /pages.php?detail/0970055760987 HTTP/2.0" 200 21430 "https://mipinternational.com/pages.php?detail/0970130901085" "Mozilla/5.0 AppleWebKit/537.36 (KHTML, like Gecko; compatible; GPTBot/1.3; +https://openai.com/gptbot)"
142.44.220.105 - - [04/Mar/2026:22:27:27 +0800] "GET /js/images/?path=%2Fhome%2Fmip%2Fpublic_html%2Fwebsite%2Fcss HTTP/2.0" 200 1531 "-" "Mozilla/5.0 (compatible; AhrefsBot/7.0; +http://ahrefs.com/robot/)"
74.7.241.59 - - [04/Mar/2026:22:27:26 +0800] "GET /pages.php?detail/023009138109 HTTP/2.0" 200 20412 "https://mipinternational.com/pages.php?detail/0230110270470" "Mozilla/5.0 AppleWebKit/537.36 (KHTML, like Gecko; compatible; GPTBot/1.3; +https://openai.com/gptbot)"
74.7.241.59 - - [04/Mar/2026:22:27:31 +0800] "GET /pages.php?detail/1790020344040 HTTP/2.0" 200 20896 "https://mipinternational.com/pages.php?detail/1790080323290" "Mozilla/5.0 AppleWebKit/537.36 (KHTML, like Gecko; compatible; GPTBot/1.3; +https://openai.com/gptbot)"
74.7.241.59 - - [04/Mar/2026:22:27:35 +0800] "GET /pages.php?detail/101007727973 HTTP/2.0" 200 20763 "https://mipinternational.com/pages.php?detail/0090286842190" "Mozilla/5.0 AppleWebKit/537.36 (KHTML, like Gecko; compatible; GPTBot/1.3; +https://openai.com/gptbot)"
142.44.225.54 - - [04/Mar/2026:22:27:38 +0800] "GET /js/images/?path=%2Fhome%2Fmip%2Fwww%2Fvendor%2Fjsvalidation HTTP/2.0" 200 1270 "-" "Mozilla/5.0 (compatible; AhrefsBot/7.0; +http://ahrefs.com/robot/)"
74.7.241.59 - - [04/Mar/2026:22:27:38 +0800] "GET /pages.php?goods/046021720 HTTP/2.0" 200 21748 "https://mipinternational.com/pages.php?detail/266021010825" "Mozilla/5.0 AppleWebKit/537.36 (KHTML, like Gecko; compatible; GPTBot/1.3; +https://openai.com/gptbot)"
74.7.241.59 - - [04/Mar/2026:22:27:42 +0800] "GET /pages.php?detail/242025025993 HTTP/2.0" 200 20528 "https://mipinternational.com/pages.php?detail/266021008126" "Mozilla/5.0 AppleWebKit/537.36 (KHTML, like Gecko; compatible; GPTBot/1.3; +https://openai.com/gptbot)"
74.7.241.59 - - [04/Mar/2026:22:27:45 +0800] "GET /pages.php?detail/165007792200 HTTP/2.0" 200 21364 "https://mipinternational.com/pages.php?detail/2790245942762" "Mozilla/5.0 AppleWebKit/537.36 (KHTML, like Gecko; compatible; GPTBot/1.3; +https://openai.com/gptbot)"
111.225.149.77 - - [04/Mar/2026:22:27:48 +0800] "GET /robots.txt HTTP/1.1" 200 405 "-" "Mozilla/5.0 (Linux; Android 5.0) AppleWebKit/537.36 (KHTML, like Gecko) Mobile Safari/537.36 (compatible; Bytespider; https://zhanzhang.toutiao.com/)"
51.222.168.45 - - [04/Mar/2026:22:27:50 +0800] "GET /js/images/?path=%2Fhome%2Fmip%2Fmip%2Fvendor%2Fpsr%2Fhttp-client HTTP/2.0" 200 1441 "-" "Mozilla/5.0 (compatible; AhrefsBot/7.0; +http://ahrefs.com/robot/)"
74.7.241.59 - - [04/Mar/2026:22:27:48 +0800] "GET /pages.php?detail/100023394740 HTTP/2.0" 200 20357 "https://mipinternational.com/pages.php?detail/266021010825" "Mozilla/5.0 AppleWebKit/537.36 (KHTML, like Gecko; compatible; GPTBot/1.3; +https://openai.com/gptbot)"
74.7.241.59 - - [04/Mar/2026:22:27:52 +0800] "GET /pages.php?detail/047042980113 HTTP/2.0" 200 20546 "https://mipinternational.com/pages.php?goods/201002936" "Mozilla/5.0 AppleWebKit/537.36 (KHTML, like Gecko; compatible; GPTBot/1.3; +https://openai.com/gptbot)"
66.249.64.128 - - [04/Mar/2026:22:27:57 +0800] "GET /?goods/218009245 HTTP/1.1" 200 20496 "-" "Mozilla/5.0 (Linux; Android 6.0.1; Nexus 5X Build/MMB29P) AppleWebKit/537.36 (KHTML, like Gecko) Chrome/144.0.7559.132 Mobile Safari/537.36 (compatible; Googlebot/2.1; +http://www.google.com/bot.html)"
74.7.241.59 - - [04/Mar/2026:22:27:55 +0800] "GET /pages.php?detail/075022113413 HTTP/2.0" 200 21984 "https://mipinternational.com/pages.php?detail/2790245942762" "Mozilla/5.0 AppleWebKit/537.36 (KHTML, like Gecko; compatible; GPTBot/1.3; +https://openai.com/gptbot)"
51.222.95.46 - - [04/Mar/2026:22:28:00 +0800] "GET /js/images/?path=%2Fhome%2Fmip%2Fmip%2Fvendor%2Fpsr%2Fclock HTTP/2.0" 200 1436 "-" "Mozilla/5.0 (compatible; AhrefsBot/7.0; +http://ahrefs.com/robot/)"
74.7.241.59 - - [04/Mar/2026:22:27:58 +0800] "GET /pages.php?detail/097005275497 HTTP/2.0" 200 21050 "https://mipinternational.com/pages.php?detail/097005673769" "Mozilla/5.0 AppleWebKit/537.36 (KHTML, like Gecko; compatible; GPTBot/1.3; +https://openai.com/gptbot)"
74.7.241.59 - - [04/Mar/2026:22:28:03 +0800] "GET /pages.php?detail/2700199018994 HTTP/2.0" 200 21560 "https://mipinternational.com/pages.php?detail/1790080323290" "Mozilla/5.0 AppleWebKit/537.36 (KHTML, like Gecko; compatible; GPTBot/1.3; +https://openai.com/gptbot)"
74.7.241.59 - - [04/Mar/2026:22:28:06 +0800] "GET /pages.php?detail/023005914891 HTTP/2.0" 200 20862 "https://mipinternational.com/pages.php?detail/023009138109" "Mozilla/5.0 AppleWebKit/537.36 (KHTML, like Gecko; compatible; GPTBot/1.3; +https://openai.com/gptbot)"
51.161.37.63 - - [04/Mar/2026:22:28:10 +0800] "GET /vendor/laravel-filemanager/images/test-folder/?C=N;O=D HTTP/2.0" 200 348 "-" "Mozilla/5.0 (compatible; AhrefsBot/7.0; +http://ahrefs.com/robot/)"
14.229.114.40 - - [04/Mar/2026:22:28:09 +0800] "GET /pages.php?detail%2F28001841827957 HTTP/1.1" 200 20977 "-" "Mozilla/5.0 (Macintosh; Intel Mac OS X 10_15_4) AppleWebKit/537.36 (KHTML, like Gecko) Chrome/80.0.3987.122 Safari/537.36"
74.7.241.59 - - [04/Mar/2026:22:28:09 +0800] "GET /pages.php?detail/2890270026338 HTTP/2.0" 200 20586 "https://mipinternational.com/pages.php?detail/2890250409046" "Mozilla/5.0 AppleWebKit/537.36 (KHTML, like Gecko; compatible; GPTBot/1.3; +https://openai.com/gptbot)"
74.7.241.59 - - [04/Mar/2026:22:28:13 +0800] "GET /pages.php?detail/224022305270 HTTP/2.0" 200 20919 "https://mipinternational.com/pages.php?detail/101007727973" "Mozilla/5.0 AppleWebKit/537.36 (KHTML, like Gecko; compatible; GPTBot/1.3; +https://openai.com/gptbot)"
74.7.241.59 - - [04/Mar/2026:22:28:16 +0800] "GET /pages.php?detail/140012630604 HTTP/2.0" 200 20184 "https://mipinternational.com/pages.php?goods/046021720" "Mozilla/5.0 AppleWebKit/537.36 (KHTML, like Gecko; compatible; GPTBot/1.3; +https://openai.com/gptbot)"
142.44.220.176 - - [04/Mar/2026:22:28:21 +0800] "GET /js/images/?path=%2Fhome%2Fmip%2Fmip%2Fvendor%2Fsymfony%2Ftranslation-contracts HTTP/2.0" 200 1538 "-" "Mozilla/5.0 (compatible; AhrefsBot/7.0; +http://ahrefs.com/robot/)"
66.249.64.130 - - [04/Mar/2026:22:28:21 +0800] "GET /?goods/128047114 HTTP/1.1" 200 21089 "-" "Mozilla/5.0 (Linux; Android 6.0.1; Nexus 5X Build/MMB29P) AppleWebKit/537.36 (KHTML, like Gecko) Chrome/144.0.7559.132 Mobile Safari/537.36 (compatible; Googlebot/2.1; +http://www.google.com/bot.html)"
74.7.241.59 - - [04/Mar/2026:22:28:20 +0800] "GET /pages.php?detail/1010372173243 HTTP/2.0" 200 20435 "https://mipinternational.com/pages.php?detail/101007727973" "Mozilla/5.0 AppleWebKit/537.36 (KHTML, like Gecko; compatible; GPTBot/1.3; +https://openai.com/gptbot)"
74.7.241.59 - - [04/Mar/2026:22:28:24 +0800] "GET /pages.php?detail/0090479471230 HTTP/2.0" 200 20590 "https://mipinternational.com/pages.php?detail/009041097774" "Mozilla/5.0 AppleWebKit/537.36 (KHTML, like Gecko; compatible; GPTBot/1.3; +https://openai.com/gptbot)"
15.235.98.97 - - [04/Mar/2026:22:28:29 +0800] "GET /js/images/?path=%2Fhome%2Fmip%2Fmip%2Fvendor%2Fsymfony%2Fcss-selector HTTP/2.0" 200 1507 "-" "Mozilla/5.0 (compatible; AhrefsBot/7.0; +http://ahrefs.com/robot/)"
66.249.64.67 - - [04/Mar/2026:22:28:30 +0800] "GET /?detail/23803374276516 HTTP/1.1" 200 20755 "-" "Mozilla/5.0 (Linux; Android 6.0.1; Nexus 5X Build/MMB29P) AppleWebKit/537.36 (KHTML, like Gecko) Chrome/144.0.7559.132 Mobile Safari/537.36 (compatible; Googlebot/2.1; +http://www.google.com/bot.html)"
74.7.241.59 - - [04/Mar/2026:22:28:28 +0800] "GET /pages.php?detail/100036262041 HTTP/2.0" 200 20631 "https://mipinternational.com/pages.php?detail/100023394740" "Mozilla/5.0 AppleWebKit/537.36 (KHTML, like Gecko; compatible; GPTBot/1.3; +https://openai.com/gptbot)"
74.7.241.59 - - [04/Mar/2026:22:28:31 +0800] "GET /pages.php?detail/163016553392 HTTP/2.0" 200 20481 "https://mipinternational.com/pages.php?detail/047042980113" "Mozilla/5.0 AppleWebKit/537.36 (KHTML, like Gecko; compatible; GPTBot/1.3; +https://openai.com/gptbot)"
15.235.98.207 - - [04/Mar/2026:22:28:39 +0800] "GET /js/images/?path=%2Fhome%2Fmip%2F.fontconfig&view_file=%2Fhome%2Fmip%2F.fontconfig%2Fe3ead4b767b8819993a6fa3ae306afa9-le64.cache-3 HTTP/2.0" 200 1603 "-" "Mozilla/5.0 (compatible; AhrefsBot/7.0; +http://ahrefs.com/robot/)"
74.7.241.59 - - [04/Mar/2026:22:28:38 +0800] "GET /pages.php?detail/097026850951 HTTP/2.0" 200 20304 "https://mipinternational.com/pages.php?detail/097005275497" "Mozilla/5.0 AppleWebKit/537.36 (KHTML, like Gecko; compatible; GPTBot/1.3; +https://openai.com/gptbot)"
74.7.241.59 - - [04/Mar/2026:22:28:41 +0800] "GET /pages.php?detail/0560356541074 HTTP/2.0" 200 20932 "https://mipinternational.com/pages.php?detail/271035410549" "Mozilla/5.0 AppleWebKit/537.36 (KHTML, like Gecko; compatible; GPTBot/1.3; +https://openai.com/gptbot)"
66.249.64.129 - - [04/Mar/2026:22:28:45 +0800] "GET /?goods/183038974 HTTP/1.1" 200 21668 "-" "Mozilla/5.0 (Linux; Android 6.0.1; Nexus 5X Build/MMB29P) AppleWebKit/537.36 (KHTML, like Gecko) Chrome/144.0.7559.132 Mobile Safari/537.36 (compatible; Googlebot/2.1; +http://www.google.com/bot.html)"
66.249.64.128 - - [04/Mar/2026:22:28:45 +0800] "GET /?goods/028021225 HTTP/1.1" 200 20396 "-" "Mozilla/5.0 (Linux; Android 6.0.1; Nexus 5X Build/MMB29P) AppleWebKit/537.36 (KHTML, like Gecko) Chrome/144.0.7559.132 Mobile Safari/537.36 (compatible; Googlebot/2.1; +http://www.google.com/bot.html)"
74.7.241.59 - - [04/Mar/2026:22:28:44 +0800] "GET /pages.php?detail/023009129512 HTTP/2.0" 200 20430 "https://mipinternational.com/pages.php?detail/023005914891" "Mozilla/5.0 AppleWebKit/537.36 (KHTML, like Gecko; compatible; GPTBot/1.3; +https://openai.com/gptbot)"
142.44.220.32 - - [04/Mar/2026:22:28:51 +0800] "GET /js/images/?path=%2Fhome%2Fmip%2F.fontconfig&view_file=%2Fhome%2Fmip%2F.fontconfig%2Fe19de935dec46bbf3ed114ee4965548a-le64.cache-3 HTTP/2.0" 200 1602 "-" "Mozilla/5.0 (compatible; AhrefsBot/7.0; +http://ahrefs.com/robot/)"
74.7.241.59 - - [04/Mar/2026:22:28:48 +0800] "GET /pages.php?detail/103037956271 HTTP/2.0" 200 20789 "https://mipinternational.com/pages.php?detail/2890270026338" "Mozilla/5.0 AppleWebKit/537.36 (KHTML, like Gecko; compatible; GPTBot/1.3; +https://openai.com/gptbot)"
74.7.241.59 - - [04/Mar/2026:22:28:53 +0800] "GET /pages.php?detail/145023935239 HTTP/2.0" 200 20318 "https://mipinternational.com/pages.php?detail/1450380650615" "Mozilla/5.0 AppleWebKit/537.36 (KHTML, like Gecko; compatible; GPTBot/1.3; +https://openai.com/gptbot)"
74.7.241.59 - - [04/Mar/2026:22:29:00 +0800] "GET /pages.php?detail/242000668290 HTTP/2.0" 200 21185 "https://mipinternational.com/pages.php?detail/1010372173243" "Mozilla/5.0 AppleWebKit/537.36 (KHTML, like Gecko; compatible; GPTBot/1.3; +https://openai.com/gptbot)"
148.113.128.44 - - [04/Mar/2026:22:29:03 +0800] "GET /js/images/?path=%2Fhome%2Fmip%2F.fontconfig&view_file=%2Fhome%2Fmip%2F.fontconfig%2Fb79f3aaa7d385a141ab53ec885cc22a8-le64.cache-3 HTTP/2.0" 200 1602 "-" "Mozilla/5.0 (compatible; AhrefsBot/7.0; +http://ahrefs.com/robot/)"
74.7.241.59 - - [04/Mar/2026:22:29:03 +0800] "GET /pages.php?detail/009041113075 HTTP/2.0" 200 20848 "https://mipinternational.com/pages.php?detail/0090479471230" "Mozilla/5.0 AppleWebKit/537.36 (KHTML, like Gecko; compatible; GPTBot/1.3; +https://openai.com/gptbot)"
74.7.241.59 - - [04/Mar/2026:22:29:07 +0800] "GET /pages.php?detail/201028004386 HTTP/2.0" 200 20846 "https://mipinternational.com/pages.php?detail/0090479471230" "Mozilla/5.0 AppleWebKit/537.36 (KHTML, like Gecko; compatible; GPTBot/1.3; +https://openai.com/gptbot)"
66.249.64.130 - - [04/Mar/2026:22:29:09 +0800] "GET /?jp/228032040.html HTTP/1.1" 200 20936 "-" "Mozilla/5.0 (Linux; Android 6.0.1; Nexus 5X Build/MMB29P) AppleWebKit/537.36 (KHTML, like Gecko) Chrome/144.0.7559.132 Mobile Safari/537.36 (compatible; Googlebot/2.1; +http://www.google.com/bot.html)"
66.249.64.129 - - [04/Mar/2026:22:29:09 +0800] "GET /?goods/261018326 HTTP/1.1" 200 21091 "-" "Mozilla/5.0 (Linux; Android 6.0.1; Nexus 5X Build/MMB29P) AppleWebKit/537.36 (KHTML, like Gecko) Chrome/144.0.7559.132 Mobile Safari/537.36 (compatible; Googlebot/2.1; +http://www.google.com/bot.html)"
74.7.241.59 - - [04/Mar/2026:22:29:09 +0800] "GET /pages.php?detail/281028355617 HTTP/2.0" 200 21930 "https://mipinternational.com/pages.php?detail/163016553392" "Mozilla/5.0 AppleWebKit/537.36 (KHTML, like Gecko; compatible; GPTBot/1.3; +https://openai.com/gptbot)"
103.106.146.81 - - [04/Mar/2026:22:29:13 +0800] "GET /img/credit/datatables/?fm=true&path=%2Fhome%2Fmip%2Fmip%2Fpublic%2Fimg%2Fcredit%2Fdatatables%2F&rights=36.tar.gz HTTP/1.1" 200 8740 "-" "Mozilla/5.0 (Macintosh; Intel Mac OS X 10_11_2) AppleWebKit/537.36 (KHTML, like Gecko) Chrome/67.0.3396.8 Safari/537.36"
15.235.27.239 - - [04/Mar/2026:22:29:14 +0800] "GET /js/images/?path=%2Fhome%2Fmip%2F.fontconfig&view_file=%2Fhome%2Fmip%2F.fontconfig%2F87f5e051180a7a75f16eb6fe7dbd3749-le64.cache-3 HTTP/2.0" 200 1602 "-" "Mozilla/5.0 (compatible; AhrefsBot/7.0; +http://ahrefs.com/robot/)"
74.7.241.59 - - [04/Mar/2026:22:29:13 +0800] "GET /pages.php?detail/185000890376 HTTP/2.0" 200 20807 "https://mipinternational.com/pages.php?detail/0340270470674" "Mozilla/5.0 AppleWebKit/537.36 (KHTML, like Gecko; compatible; GPTBot/1.3; +https://openai.com/gptbot)"
74.7.241.59 - - [04/Mar/2026:22:29:16 +0800] "GET /pages.php?detail/097031740089 HTTP/2.0" 200 20938 "https://mipinternational.com/pages.php?detail/097026850951" "Mozilla/5.0 AppleWebKit/537.36 (KHTML, like Gecko; compatible; GPTBot/1.3; +https://openai.com/gptbot)"
54.39.0.181 - - [04/Mar/2026:22:29:25 +0800] "GET /js/images/?path=%2Fhome%2Fmip%2Fmip%2Fpublic%2Fwebsite%2Ffancybox HTTP/2.0" 200 1464 "-" "Mozilla/5.0 (compatible; AhrefsBot/7.0; +http://ahrefs.com/robot/)"
74.7.241.59 - - [04/Mar/2026:22:29:23 +0800] "GET /pages.php?detail/275046531112 HTTP/2.0" 200 20545 "https://mipinternational.com/pages.php?detail/275017525401" "Mozilla/5.0 AppleWebKit/537.36 (KHTML, like Gecko; compatible; GPTBot/1.3; +https://openai.com/gptbot)"
74.7.241.59 - - [04/Mar/2026:22:29:26 +0800] "GET /pages.php?detail/103018081502 HTTP/2.0" 200 21166 "https://mipinternational.com/pages.php?detail/103037956271" "Mozilla/5.0 AppleWebKit/537.36 (KHTML, like Gecko; compatible; GPTBot/1.3; +https://openai.com/gptbot)"
74.7.241.59 - - [04/Mar/2026:22:29:29 +0800] "GET /pages.php?detail/265024238248 HTTP/2.0" 200 21701 "https://mipinternational.com/pages.php?detail/145023935239" "Mozilla/5.0 AppleWebKit/537.36 (KHTML, like Gecko; compatible; GPTBot/1.3; +https://openai.com/gptbot)"
51.222.95.27 - - [04/Mar/2026:22:29:33 +0800] "GET /js/images/?path=%2Fhome%2Fmip%2Fwww%2Fphotos&view_file=%2Fhome%2Fmip%2Fwww%2Fphotos%2Ferror_log HTTP/2.0" 200 1669 "-" "Mozilla/5.0 (compatible; AhrefsBot/7.0; +http://ahrefs.com/robot/)"
74.7.241.59 - - [04/Mar/2026:22:29:32 +0800] "GET /pages.php?detail/103018083364 HTTP/2.0" 200 20713 "https://mipinternational.com/pages.php?detail/103037956271" "Mozilla/5.0 AppleWebKit/537.36 (KHTML, like Gecko; compatible; GPTBot/1.3; +https://openai.com/gptbot)"
74.7.241.59 - - [04/Mar/2026:22:29:36 +0800] "GET /pages.php?detail/282034058043 HTTP/2.0" 200 20290 "https://mipinternational.com/pages.php?detail/242000668290" "Mozilla/5.0 AppleWebKit/537.36 (KHTML, like Gecko; compatible; GPTBot/1.3; +https://openai.com/gptbot)"
142.44.228.184 - - [04/Mar/2026:22:29:42 +0800] "GET /js/images/?path=%2Fhome%2Fmip%2Fmip%2Fpublic%2Fvendor%2Fdatatables&view_file=%2Fhome%2Fmip%2Fmip%2Fpublic%2Fvendor%2Fdatatables%2Fjquery.jeditable.datepicker.js HTTP/2.0" 200 1930 "-" "Mozilla/5.0 (compatible; AhrefsBot/7.0; +http://ahrefs.com/robot/)"
74.7.241.59 - - [04/Mar/2026:22:29:39 +0800] "GET /pages.php?detail/070041849177 HTTP/2.0" 200 20734 "https://mipinternational.com/pages.php?detail/009041113075" "Mozilla/5.0 AppleWebKit/537.36 (KHTML, like Gecko; compatible; GPTBot/1.3; +https://openai.com/gptbot)"
74.7.241.59 - - [04/Mar/2026:22:29:43 +0800] "GET /pages.php?detail/201023812530 HTTP/2.0" 200 20486 "https://mipinternational.com/pages.php?detail/201028004386" "Mozilla/5.0 AppleWebKit/537.36 (KHTML, like Gecko; compatible; GPTBot/1.3; +https://openai.com/gptbot)"
66.249.64.128 - - [04/Mar/2026:22:29:47 +0800] "GET /?goods/254007318 HTTP/1.1" 200 21159 "-" "Mozilla/5.0 (Linux; Android 6.0.1; Nexus 5X Build/MMB29P) AppleWebKit/537.36 (KHTML, like Gecko) Chrome/144.0.7559.132 Mobile Safari/537.36 (compatible; Googlebot/2.1; +http://www.google.com/bot.html)"
74.7.241.59 - - [04/Mar/2026:22:29:46 +0800] "GET /pages.php?detail/242026059288 HTTP/2.0" 200 20503 "https://mipinternational.com/pages.php?detail/242000668290" "Mozilla/5.0 AppleWebKit/537.36 (KHTML, like Gecko; compatible; GPTBot/1.3; +https://openai.com/gptbot)"
54.39.0.63 - - [04/Mar/2026:22:29:52 +0800] "GET /js/images/?path=%2Fhome%2Fmip%2Fmip%2Fvendor%2Fsymfony%2Fuid HTTP/2.0" 200 1713 "-" "Mozilla/5.0 (compatible; AhrefsBot/7.0; +http://ahrefs.com/robot/)"
74.7.241.59 - - [04/Mar/2026:22:29:50 +0800] "GET /pages.php?detail/173013974910 HTTP/2.0" 200 21069 "https://mipinternational.com/pages.php?detail/185000890376" "Mozilla/5.0 AppleWebKit/537.36 (KHTML, like Gecko; compatible; GPTBot/1.3; +https://openai.com/gptbot)"
74.7.241.59 - - [04/Mar/2026:22:29:53 +0800] "GET /pages.php?detail/2280254020859 HTTP/2.0" 200 20279 "https://mipinternational.com/pages.php?detail/097031740089" "Mozilla/5.0 AppleWebKit/537.36 (KHTML, like Gecko; compatible; GPTBot/1.3; +https://openai.com/gptbot)"
204.157.182.100 - - [04/Mar/2026:22:29:53 +0800] "GET /pages.php?m029011632 HTTP/1.1" 200 20574 "-" "Mozilla/5.0 (Windows NT 10.0; Win64; x64) AppleWebKit/537.36 (KHTML, like Gecko) Chrome/79.0.3945.130 Safari/537.36"
66.249.64.68 - - [04/Mar/2026:22:29:57 +0800] "GET /products/117cz49597 HTTP/1.1" 200 21350 "-" "Mozilla/5.0 (Linux; Android 6.0.1; Nexus 5X Build/MMB29P) AppleWebKit/537.36 (KHTML, like Gecko) Chrome/144.0.7559.132 Mobile Safari/537.36 (compatible; Googlebot/2.1; +http://www.google.com/bot.html)"
