74.7.241.59 - - [05/Mar/2026:01:51:27 +0800] "GET /pages.php?detail/0890109341047 HTTP/2.0" 200 20420 "https://mipinternational.com/pages.php?detail/192035192314" "Mozilla/5.0 AppleWebKit/537.36 (KHTML, like Gecko; compatible; GPTBot/1.3; +https://openai.com/gptbot)"
74.7.241.59 - - [05/Mar/2026:01:51:31 +0800] "GET /pages.php?detail/290001672964 HTTP/2.0" 200 20099 "https://mipinternational.com/pages.php?jp/117042772.html" "Mozilla/5.0 AppleWebKit/537.36 (KHTML, like Gecko; compatible; GPTBot/1.3; +https://openai.com/gptbot)"
74.7.241.59 - - [05/Mar/2026:01:51:34 +0800] "GET /pages.php?detail/280004795764 HTTP/2.0" 200 20564 "https://mipinternational.com/pages.php?detail/280018397518" "Mozilla/5.0 AppleWebKit/537.36 (KHTML, like Gecko; compatible; GPTBot/1.3; +https://openai.com/gptbot)"
74.7.241.59 - - [05/Mar/2026:01:51:39 +0800] "GET /pages.php?detail/113047449487 HTTP/2.0" 200 20966 "https://mipinternational.com/pages.php?m43052816588" "Mozilla/5.0 AppleWebKit/537.36 (KHTML, like Gecko; compatible; GPTBot/1.3; +https://openai.com/gptbot)"
74.7.241.59 - - [05/Mar/2026:01:51:43 +0800] "GET /pages.php?m29139557298 HTTP/2.0" 200 21921 "https://mipinternational.com/pages.php?goods/281022494" "Mozilla/5.0 AppleWebKit/537.36 (KHTML, like Gecko; compatible; GPTBot/1.3; +https://openai.com/gptbot)"
74.7.241.59 - - [05/Mar/2026:01:51:46 +0800] "GET /pages.php?detail/281047966280 HTTP/2.0" 200 21085 "https://mipinternational.com/pages.php?detail/281022492402" "Mozilla/5.0 AppleWebKit/537.36 (KHTML, like Gecko; compatible; GPTBot/1.3; +https://openai.com/gptbot)"
74.7.241.59 - - [05/Mar/2026:01:51:50 +0800] "GET /pages.php?detail/150019688834 HTTP/2.0" 200 20538 "https://mipinternational.com/pages.php?detail/120023013462" "Mozilla/5.0 AppleWebKit/537.36 (KHTML, like Gecko; compatible; GPTBot/1.3; +https://openai.com/gptbot)"
66.249.64.68 - - [05/Mar/2026:01:51:53 +0800] "GET /products/95sb363 HTTP/1.1" 200 21183 "-" "Mozilla/5.0 (Linux; Android 6.0.1; Nexus 5X Build/MMB29P) AppleWebKit/537.36 (KHTML, like Gecko) Chrome/144.0.7559.132 Mobile Safari/537.36 (compatible; Googlebot/2.1; +http://www.google.com/bot.html)"
74.7.241.59 - - [05/Mar/2026:01:51:54 +0800] "GET /pages.php?detail/127040688008 HTTP/2.0" 200 21945 "https://mipinternational.com/pages.php?detail/207004798778" "Mozilla/5.0 AppleWebKit/537.36 (KHTML, like Gecko; compatible; GPTBot/1.3; +https://openai.com/gptbot)"
74.7.241.59 - - [05/Mar/2026:01:51:57 +0800] "GET /pages.php?detail/284013408990 HTTP/2.0" 200 21780 "https://mipinternational.com/pages.php?detail/2800135875857" "Mozilla/5.0 AppleWebKit/537.36 (KHTML, like Gecko; compatible; GPTBot/1.3; +https://openai.com/gptbot)"
74.7.241.59 - - [05/Mar/2026:01:52:02 +0800] "GET /pages.php?detail/240001655193 HTTP/2.0" 200 21100 "https://mipinternational.com/pages.php?detail/240047343729" "Mozilla/5.0 AppleWebKit/537.36 (KHTML, like Gecko; compatible; GPTBot/1.3; +https://openai.com/gptbot)"
181.115.161.34 - - [05/Mar/2026:01:52:04 +0800] "GET /pages.php?category%2F89_1589%2F1 HTTP/1.1" 200 20823 "-" "Mozilla/5.0 (Windows NT 6.1; Win64; x64) AppleWebKit/537.36 (KHTML, like Gecko) Chrome/62.0.3202.94 Safari/537.36"
74.7.241.59 - - [05/Mar/2026:01:52:06 +0800] "GET /pages.php?detail/257000997923 HTTP/2.0" 200 20919 "https://mipinternational.com/pages.php?detail/017002861017" "Mozilla/5.0 AppleWebKit/537.36 (KHTML, like Gecko; compatible; GPTBot/1.3; +https://openai.com/gptbot)"
74.7.241.59 - - [05/Mar/2026:01:52:10 +0800] "GET /pages.php?detail/250032690034 HTTP/2.0" 200 21111 "https://mipinternational.com/pages.php?jp/202002209.html" "Mozilla/5.0 AppleWebKit/537.36 (KHTML, like Gecko; compatible; GPTBot/1.3; +https://openai.com/gptbot)"
74.7.241.59 - - [05/Mar/2026:01:52:14 +0800] "GET /pages.php?detail/267012591114 HTTP/2.0" 200 21152 "https://mipinternational.com/pages.php?goods/092025171" "Mozilla/5.0 AppleWebKit/537.36 (KHTML, like Gecko; compatible; GPTBot/1.3; +https://openai.com/gptbot)"
74.7.241.59 - - [05/Mar/2026:01:52:29 +0800] "GET /pages.php?detail/281028615271 HTTP/2.0" 200 21789 "https://mipinternational.com/pages.php?detail/281047966280" "Mozilla/5.0 AppleWebKit/537.36 (KHTML, like Gecko; compatible; GPTBot/1.3; +https://openai.com/gptbot)"
74.7.241.59 - - [05/Mar/2026:01:52:34 +0800] "GET /pages.php?detail/171032977182 HTTP/2.0" 200 22079 "https://mipinternational.com/pages.php?detail/150019688834" "Mozilla/5.0 AppleWebKit/537.36 (KHTML, like Gecko; compatible; GPTBot/1.3; +https://openai.com/gptbot)"
74.7.241.59 - - [05/Mar/2026:01:52:39 +0800] "GET /pages.php?detail/2810286200236 HTTP/2.0" 200 20817 "https://mipinternational.com/pages.php?detail/281047966280" "Mozilla/5.0 AppleWebKit/537.36 (KHTML, like Gecko; compatible; GPTBot/1.3; +https://openai.com/gptbot)"
74.7.241.59 - - [05/Mar/2026:01:52:42 +0800] "GET /pages.php?detail/052008117505 HTTP/2.0" 200 20936 "https://mipinternational.com/pages.php?detail/284013408990" "Mozilla/5.0 AppleWebKit/537.36 (KHTML, like Gecko; compatible; GPTBot/1.3; +https://openai.com/gptbot)"
74.7.241.59 - - [05/Mar/2026:01:52:46 +0800] "GET /pages.php?detail/240003010383 HTTP/2.0" 200 20761 "https://mipinternational.com/pages.php?detail/240001655193" "Mozilla/5.0 AppleWebKit/537.36 (KHTML, like Gecko; compatible; GPTBot/1.3; +https://openai.com/gptbot)"
74.7.241.59 - - [05/Mar/2026:01:52:50 +0800] "GET /pages.php?detail/151043530352 HTTP/2.0" 200 20761 "https://mipinternational.com/pages.php?detail/257000997923" "Mozilla/5.0 AppleWebKit/537.36 (KHTML, like Gecko; compatible; GPTBot/1.3; +https://openai.com/gptbot)"
74.7.241.59 - - [05/Mar/2026:01:52:54 +0800] "GET /pages.php?detail/1500197050598 HTTP/2.0" 200 20995 "https://mipinternational.com/pages.php?detail/150019688834" "Mozilla/5.0 AppleWebKit/537.36 (KHTML, like Gecko; compatible; GPTBot/1.3; +https://openai.com/gptbot)"
66.249.64.130 - - [05/Mar/2026:01:53:01 +0800] "GET /229042020 HTTP/1.1" 200 21539 "-" "Mozilla/5.0 (Linux; Android 6.0.1; Nexus 5X Build/MMB29P) AppleWebKit/537.36 (KHTML, like Gecko) Chrome/144.0.7559.132 Mobile Safari/537.36 (compatible; Googlebot/2.1; +http://www.google.com/bot.html)"
74.7.241.59 - - [05/Mar/2026:01:52:58 +0800] "GET /pages.php?detail/2710139909601 HTTP/2.0" 200 20989 "https://mipinternational.com/pages.php?detail/150019688834" "Mozilla/5.0 AppleWebKit/537.36 (KHTML, like Gecko; compatible; GPTBot/1.3; +https://openai.com/gptbot)"
74.7.241.59 - - [05/Mar/2026:01:53:02 +0800] "GET /pages.php?detail/267000107453 HTTP/2.0" 200 20624 "https://mipinternational.com/pages.php?detail/267040728428" "Mozilla/5.0 AppleWebKit/537.36 (KHTML, like Gecko; compatible; GPTBot/1.3; +https://openai.com/gptbot)"
74.7.241.59 - - [05/Mar/2026:01:53:14 +0800] "GET /pages.php?detail/281042802976 HTTP/2.0" 200 20989 "https://mipinternational.com/pages.php?detail/281028615271" "Mozilla/5.0 AppleWebKit/537.36 (KHTML, like Gecko; compatible; GPTBot/1.3; +https://openai.com/gptbot)"
74.7.241.59 - - [05/Mar/2026:01:53:19 +0800] "GET /pages.php?detail/281042804842 HTTP/2.0" 200 21291 "https://mipinternational.com/pages.php?detail/281028615271" "Mozilla/5.0 AppleWebKit/537.36 (KHTML, like Gecko; compatible; GPTBot/1.3; +https://openai.com/gptbot)"
74.7.241.59 - - [05/Mar/2026:01:53:22 +0800] "GET /pages.php?detail/218004213059 HTTP/2.0" 200 20667 "https://mipinternational.com/pages.php?detail/2810286200236" "Mozilla/5.0 AppleWebKit/537.36 (KHTML, like Gecko; compatible; GPTBot/1.3; +https://openai.com/gptbot)"
74.7.241.59 - - [05/Mar/2026:01:53:26 +0800] "GET /pages.php?detail/1240052807077 HTTP/2.0" 200 20859 "https://mipinternational.com/pages.php?detail/2810286200236" "Mozilla/5.0 AppleWebKit/537.36 (KHTML, like Gecko; compatible; GPTBot/1.3; +https://openai.com/gptbot)"
74.7.241.59 - - [05/Mar/2026:01:53:30 +0800] "GET /pages.php?detail/165046204351 HTTP/2.0" 200 20450 "https://mipinternational.com/pages.php?detail/240003010383" "Mozilla/5.0 AppleWebKit/537.36 (KHTML, like Gecko; compatible; GPTBot/1.3; +https://openai.com/gptbot)"
74.7.241.59 - - [05/Mar/2026:01:53:35 +0800] "GET /pages.php?detail/001028194303 HTTP/2.0" 200 20540 "https://mipinternational.com/pages.php?detail/151043530352" "Mozilla/5.0 AppleWebKit/537.36 (KHTML, like Gecko; compatible; GPTBot/1.3; +https://openai.com/gptbot)"
74.7.241.59 - - [05/Mar/2026:01:53:39 +0800] "GET /pages.php?jp/281023453.html HTTP/2.0" 200 21227 "https://mipinternational.com/pages.php?detail/2810286200236" "Mozilla/5.0 AppleWebKit/537.36 (KHTML, like Gecko; compatible; GPTBot/1.3; +https://openai.com/gptbot)"
74.7.241.59 - - [05/Mar/2026:01:53:43 +0800] "GET /pages.php?detail/102033105996 HTTP/2.0" 200 21196 "https://mipinternational.com/pages.php?detail/2710139909601" "Mozilla/5.0 AppleWebKit/537.36 (KHTML, like Gecko; compatible; GPTBot/1.3; +https://openai.com/gptbot)"
74.7.241.59 - - [05/Mar/2026:01:53:46 +0800] "GET /pages.php?detail/122000684279 HTTP/2.0" 200 20567 "https://mipinternational.com/pages.php?detail/1860236136523" "Mozilla/5.0 AppleWebKit/537.36 (KHTML, like Gecko; compatible; GPTBot/1.3; +https://openai.com/gptbot)"
66.249.64.128 - - [05/Mar/2026:01:53:56 +0800] "GET /?goods/128008941 HTTP/1.1" 200 21114 "-" "Mozilla/5.0 (Linux; Android 6.0.1; Nexus 5X Build/MMB29P) AppleWebKit/537.36 (KHTML, like Gecko) Chrome/144.0.7559.132 Mobile Safari/537.36 (compatible; Googlebot/2.1; +http://www.google.com/bot.html)"
74.7.241.59 - - [05/Mar/2026:01:53:57 +0800] "GET /pages.php?detail/281042793504 HTTP/2.0" 200 20793 "https://mipinternational.com/pages.php?detail/281042802976" "Mozilla/5.0 AppleWebKit/537.36 (KHTML, like Gecko; compatible; GPTBot/1.3; +https://openai.com/gptbot)"
74.7.241.59 - - [05/Mar/2026:01:54:00 +0800] "GET /pages.php?jp/008017231.html HTTP/2.0" 200 21513 "https://mipinternational.com/pages.php?detail/281042804842" "Mozilla/5.0 AppleWebKit/537.36 (KHTML, like Gecko; compatible; GPTBot/1.3; +https://openai.com/gptbot)"
74.7.241.59 - - [05/Mar/2026:01:54:04 +0800] "GET /pages.php?detail/218048216024 HTTP/2.0" 200 21422 "https://mipinternational.com/pages.php?detail/218004213059" "Mozilla/5.0 AppleWebKit/537.36 (KHTML, like Gecko; compatible; GPTBot/1.3; +https://openai.com/gptbot)"
74.7.241.59 - - [05/Mar/2026:01:54:12 +0800] "GET /pages.php?goods/129039695 HTTP/2.0" 200 21047 "https://mipinternational.com/pages.php?detail/165046204351" "Mozilla/5.0 AppleWebKit/537.36 (KHTML, like Gecko; compatible; GPTBot/1.3; +https://openai.com/gptbot)"
74.7.241.59 - - [05/Mar/2026:01:54:16 +0800] "GET /pages.php?detail/0390035016430 HTTP/2.0" 200 20972 "https://mipinternational.com/pages.php?detail/001028194303" "Mozilla/5.0 AppleWebKit/537.36 (KHTML, like Gecko; compatible; GPTBot/1.3; +https://openai.com/gptbot)"
66.249.64.129 - - [05/Mar/2026:01:54:20 +0800] "GET /?goods/176039363 HTTP/1.1" 200 20743 "-" "Mozilla/5.0 (Linux; Android 6.0.1; Nexus 5X Build/MMB29P) AppleWebKit/537.36 (KHTML, like Gecko) Chrome/144.0.7559.132 Mobile Safari/537.36 (compatible; Googlebot/2.1; +http://www.google.com/bot.html)"
74.7.241.59 - - [05/Mar/2026:01:54:20 +0800] "GET /pages.php?detail/080034747094 HTTP/2.0" 200 20477 "https://mipinternational.com/pages.php?jp/281023453.html" "Mozilla/5.0 AppleWebKit/537.36 (KHTML, like Gecko; compatible; GPTBot/1.3; +https://openai.com/gptbot)"
74.7.241.59 - - [05/Mar/2026:01:54:25 +0800] "GET /pages.php?detail/148016151442 HTTP/2.0" 200 20487 "https://mipinternational.com/pages.php?jp/281023453.html" "Mozilla/5.0 AppleWebKit/537.36 (KHTML, like Gecko; compatible; GPTBot/1.3; +https://openai.com/gptbot)"
74.7.241.59 - - [05/Mar/2026:01:54:29 +0800] "GET /pages.php?m44996819079 HTTP/2.0" 200 20680 "https://mipinternational.com/pages.php?jp/281023453.html" "Mozilla/5.0 AppleWebKit/537.36 (KHTML, like Gecko; compatible; GPTBot/1.3; +https://openai.com/gptbot)"
74.7.241.59 - - [05/Mar/2026:01:54:37 +0800] "GET /pages.php?detail/286014608376 HTTP/2.0" 200 21128 "https://mipinternational.com/pages.php?detail/102033105996" "Mozilla/5.0 AppleWebKit/537.36 (KHTML, like Gecko; compatible; GPTBot/1.3; +https://openai.com/gptbot)"
74.7.241.59 - - [05/Mar/2026:01:54:41 +0800] "GET /pages.php?detail/122015316342 HTTP/2.0" 200 20802 "https://mipinternational.com/pages.php?detail/122000684279" "Mozilla/5.0 AppleWebKit/537.36 (KHTML, like Gecko; compatible; GPTBot/1.3; +https://openai.com/gptbot)"
14.186.229.52 - - [05/Mar/2026:01:54:47 +0800] "GET /office-hour-schedule HTTP/1.1" 500 115 "-" "Mozilla/5.0 (Windows NT 5.1) AppleWebKit/537.36 (KHTML, like Gecko) Chrome/31.0.1650.16 Safari/537.36"
74.7.241.59 - - [05/Mar/2026:01:54:46 +0800] "GET /pages.php?detail/066000217854 HTTP/2.0" 200 20477 "https://mipinternational.com/pages.php?detail/0660114033017" "Mozilla/5.0 AppleWebKit/537.36 (KHTML, like Gecko; compatible; GPTBot/1.3; +https://openai.com/gptbot)"
74.7.241.59 - - [05/Mar/2026:01:54:50 +0800] "GET /pages.php?detail/168032228764 HTTP/2.0" 200 21890 "https://mipinternational.com/pages.php?detail/234010140910" "Mozilla/5.0 AppleWebKit/537.36 (KHTML, like Gecko; compatible; GPTBot/1.3; +https://openai.com/gptbot)"
66.249.64.68 - - [05/Mar/2026:01:54:56 +0800] "GET /robots.txt HTTP/1.1" 200 108 "-" "Mozilla/5.0 (compatible; Googlebot/2.1; +http://www.google.com/bot.html)"
66.249.64.66 - - [05/Mar/2026:01:54:56 +0800] "GET /?shopbrand=28395195 HTTP/1.1" 200 20441 "-" "Mozilla/5.0 (Linux; Android 6.0.1; Nexus 5X Build/MMB29P) AppleWebKit/537.36 (KHTML, like Gecko) Chrome/144.0.7559.132 Mobile Safari/537.36 (compatible; Googlebot/2.1; +http://www.google.com/bot.html)"
66.249.64.128 - - [05/Mar/2026:01:55:01 +0800] "GET /useful-company-ck101046500030225-1 HTTP/1.1" 200 20464 "-" "Mozilla/5.0 (Linux; Android 6.0.1; Nexus 5X Build/MMB29P) AppleWebKit/537.36 (KHTML, like Gecko) Chrome/144.0.7559.132 Mobile Safari/537.36 (compatible; Googlebot/2.1; +http://www.google.com/bot.html)"
74.7.241.59 - - [05/Mar/2026:01:54:58 +0800] "GET /pages.php?detail/244041089740 HTTP/2.0" 200 21409 "https://mipinternational.com/pages.php?goods/129039695" "Mozilla/5.0 AppleWebKit/537.36 (KHTML, like Gecko; compatible; GPTBot/1.3; +https://openai.com/gptbot)"
74.7.241.59 - - [05/Mar/2026:01:55:02 +0800] "GET /pages.php?detail/183021961998 HTTP/2.0" 200 21516 "https://mipinternational.com/pages.php?detail/0390035016430" "Mozilla/5.0 AppleWebKit/537.36 (KHTML, like Gecko; compatible; GPTBot/1.3; +https://openai.com/gptbot)"
74.7.241.59 - - [05/Mar/2026:01:55:06 +0800] "GET /pages.php?detail/080016805556 HTTP/2.0" 200 20248 "https://mipinternational.com/pages.php?detail/080034747094" "Mozilla/5.0 AppleWebKit/537.36 (KHTML, like Gecko; compatible; GPTBot/1.3; +https://openai.com/gptbot)"
74.7.241.59 - - [05/Mar/2026:01:55:09 +0800] "GET /pages.php?detail/14803960805072 HTTP/2.0" 200 20841 "https://mipinternational.com/pages.php?detail/148016151442" "Mozilla/5.0 AppleWebKit/537.36 (KHTML, like Gecko; compatible; GPTBot/1.3; +https://openai.com/gptbot)"
74.7.241.59 - - [05/Mar/2026:01:55:13 +0800] "GET /pages.php?detail/039031466215 HTTP/2.0" 200 21296 "https://mipinternational.com/pages.php?detail/0390035016430" "Mozilla/5.0 AppleWebKit/537.36 (KHTML, like Gecko; compatible; GPTBot/1.3; +https://openai.com/gptbot)"
74.7.241.59 - - [05/Mar/2026:01:55:17 +0800] "GET /pages.php?detail/0800168075583 HTTP/2.0" 200 20750 "https://mipinternational.com/pages.php?detail/080034747094" "Mozilla/5.0 AppleWebKit/537.36 (KHTML, like Gecko; compatible; GPTBot/1.3; +https://openai.com/gptbot)"
74.7.241.59 - - [05/Mar/2026:01:55:20 +0800] "GET /pages.php?detail/129000928653 HTTP/2.0" 200 20824 "https://mipinternational.com/pages.php?goods/129039695" "Mozilla/5.0 AppleWebKit/537.36 (KHTML, like Gecko; compatible; GPTBot/1.3; +https://openai.com/gptbot)"
74.7.241.59 - - [05/Mar/2026:01:55:24 +0800] "GET /pages.php?detail/250005645203 HTTP/2.0" 200 20131 "https://mipinternational.com/pages.php?detail/122015316342" "Mozilla/5.0 AppleWebKit/537.36 (KHTML, like Gecko; compatible; GPTBot/1.3; +https://openai.com/gptbot)"
74.7.241.59 - - [05/Mar/2026:01:55:31 +0800] "GET /pages.php?detail/076028499933 HTTP/2.0" 200 20136 "https://mipinternational.com/pages.php?detail/072016988972" "Mozilla/5.0 AppleWebKit/537.36 (KHTML, like Gecko; compatible; GPTBot/1.3; +https://openai.com/gptbot)"
66.249.64.66 - - [05/Mar/2026:01:55:35 +0800] "GET /products/84ik80 HTTP/1.1" 200 21041 "-" "Mozilla/5.0 (Linux; Android 6.0.1; Nexus 5X Build/MMB29P) AppleWebKit/537.36 (KHTML, like Gecko) Chrome/144.0.7559.132 Mobile Safari/537.36 (compatible; Googlebot/2.1; +http://www.google.com/bot.html)"
74.7.241.59 - - [05/Mar/2026:01:55:35 +0800] "GET /pages.php?detail/206010851822 HTTP/2.0" 200 21395 "http://mipinternational.com" "Mozilla/5.0 AppleWebKit/537.36 (KHTML, like Gecko; compatible; GPTBot/1.3; +https://openai.com/gptbot)"
74.7.241.59 - - [05/Mar/2026:01:55:39 +0800] "GET /pages.php?detail/222046081347 HTTP/2.0" 200 21454 "https://mipinternational.com/pages.php?detail/222023653142" "Mozilla/5.0 AppleWebKit/537.36 (KHTML, like Gecko; compatible; GPTBot/1.3; +https://openai.com/gptbot)"
74.7.241.59 - - [05/Mar/2026:01:55:43 +0800] "GET /pages.php?detail/211000176294 HTTP/2.0" 200 20740 "https://mipinternational.com/pages.php?detail/183021961998" "Mozilla/5.0 AppleWebKit/537.36 (KHTML, like Gecko; compatible; GPTBot/1.3; +https://openai.com/gptbot)"
74.7.241.59 - - [05/Mar/2026:01:55:47 +0800] "GET /pages.php?detail/139008192555 HTTP/2.0" 200 20769 "https://mipinternational.com/pages.php?detail/2030280312044" "Mozilla/5.0 AppleWebKit/537.36 (KHTML, like Gecko; compatible; GPTBot/1.3; +https://openai.com/gptbot)"
74.7.241.59 - - [05/Mar/2026:01:55:52 +0800] "GET /pages.php?detail/199000506872 HTTP/2.0" 200 21488 "https://mipinternational.com/pages.php?detail/234031324060" "Mozilla/5.0 AppleWebKit/537.36 (KHTML, like Gecko; compatible; GPTBot/1.3; +https://openai.com/gptbot)"
74.7.241.59 - - [05/Mar/2026:01:55:56 +0800] "GET /pages.php?detail/155035705920 HTTP/2.0" 200 20998 "https://mipinternational.com/pages.php?detail/039031466215" "Mozilla/5.0 AppleWebKit/537.36 (KHTML, like Gecko; compatible; GPTBot/1.3; +https://openai.com/gptbot)"
74.7.241.59 - - [05/Mar/2026:01:56:03 +0800] "GET /pages.php?detail/230033418433 HTTP/2.0" 200 20897 "https://mipinternational.com/pages.php?detail/129000928653" "Mozilla/5.0 AppleWebKit/537.36 (KHTML, like Gecko; compatible; GPTBot/1.3; +https://openai.com/gptbot)"
74.7.241.59 - - [05/Mar/2026:01:56:06 +0800] "GET /pages.php?detail/129000921529 HTTP/2.0" 200 20731 "https://mipinternational.com/pages.php?detail/129000928653" "Mozilla/5.0 AppleWebKit/537.36 (KHTML, like Gecko; compatible; GPTBot/1.3; +https://openai.com/gptbot)"
74.7.241.59 - - [05/Mar/2026:01:56:11 +0800] "GET /pages.php?detail/2140261268432 HTTP/2.0" 200 20227 "https://mipinternational.com/pages.php?detail/250005645203" "Mozilla/5.0 AppleWebKit/537.36 (KHTML, like Gecko; compatible; GPTBot/1.3; +https://openai.com/gptbot)"
74.7.241.59 - - [05/Mar/2026:01:56:15 +0800] "GET /pages.php?detail/111043964350 HTTP/2.0" 200 21588 "http://mipinternational.com" "Mozilla/5.0 AppleWebKit/537.36 (KHTML, like Gecko; compatible; GPTBot/1.3; +https://openai.com/gptbot)"
74.7.241.59 - - [05/Mar/2026:01:56:19 +0800] "GET /pages.php?detail/083017999405 HTTP/2.0" 200 20935 "https://mipinternational.com/pages.php?detail/092025169622" "Mozilla/5.0 AppleWebKit/537.36 (KHTML, like Gecko; compatible; GPTBot/1.3; +https://openai.com/gptbot)"
74.7.241.59 - - [05/Mar/2026:01:56:24 +0800] "GET /pages.php?detail/178033340292 HTTP/2.0" 200 21615 "https://mipinternational.com/pages.php?detail/2180242902044" "Mozilla/5.0 AppleWebKit/537.36 (KHTML, like Gecko; compatible; GPTBot/1.3; +https://openai.com/gptbot)"
74.7.241.59 - - [05/Mar/2026:01:56:28 +0800] "GET /pages.php?detail/211023370278 HTTP/2.0" 200 20580 "https://mipinternational.com/pages.php?detail/211000176294" "Mozilla/5.0 AppleWebKit/537.36 (KHTML, like Gecko; compatible; GPTBot/1.3; +https://openai.com/gptbot)"
74.7.241.59 - - [05/Mar/2026:01:56:32 +0800] "GET /pages.php?jp/139008191.html HTTP/2.0" 200 20733 "https://mipinternational.com/pages.php?detail/139008192555" "Mozilla/5.0 AppleWebKit/537.36 (KHTML, like Gecko; compatible; GPTBot/1.3; +https://openai.com/gptbot)"
74.7.241.59 - - [05/Mar/2026:01:56:36 +0800] "GET /pages.php?detail/199000509163 HTTP/2.0" 200 20560 "https://mipinternational.com/pages.php?detail/199000506872" "Mozilla/5.0 AppleWebKit/537.36 (KHTML, like Gecko; compatible; GPTBot/1.3; +https://openai.com/gptbot)"
74.7.241.59 - - [05/Mar/2026:01:56:40 +0800] "GET /pages.php?detail/139010559902 HTTP/2.0" 200 20385 "https://mipinternational.com/pages.php?detail/139008192555" "Mozilla/5.0 AppleWebKit/537.36 (KHTML, like Gecko; compatible; GPTBot/1.3; +https://openai.com/gptbot)"
74.7.241.59 - - [05/Mar/2026:01:56:44 +0800] "GET /pages.php?detail/155038671716 HTTP/2.0" 200 21231 "https://mipinternational.com/pages.php?detail/155035705920" "Mozilla/5.0 AppleWebKit/537.36 (KHTML, like Gecko; compatible; GPTBot/1.3; +https://openai.com/gptbot)"
74.7.241.59 - - [05/Mar/2026:01:56:48 +0800] "GET /pages.php?detail/230018731843 HTTP/2.0" 200 21496 "https://mipinternational.com/pages.php?detail/230033418433" "Mozilla/5.0 AppleWebKit/537.36 (KHTML, like Gecko; compatible; GPTBot/1.3; +https://openai.com/gptbot)"
74.7.241.59 - - [05/Mar/2026:01:56:51 +0800] "GET /pages.php?detail/211023372838 HTTP/2.0" 200 21282 "https://mipinternational.com/pages.php?detail/211000176294" "Mozilla/5.0 AppleWebKit/537.36 (KHTML, like Gecko; compatible; GPTBot/1.3; +https://openai.com/gptbot)"
40.77.167.26 - - [05/Mar/2026:01:56:57 +0800] "GET /?shopbrand=27447149 HTTP/2.0" 200 33 "-" "Mozilla/5.0 AppleWebKit/537.36 (KHTML, like Gecko; compatible; bingbot/2.0; +http://www.bing.com/bingbot.htm) Chrome/116.0.1938.76 Safari/537.36"
74.7.241.59 - - [05/Mar/2026:01:57:01 +0800] "GET /pages.php?detail/008024216605 HTTP/2.0" 200 20155 "https://mipinternational.com/pages.php?detail/211000176294" "Mozilla/5.0 AppleWebKit/537.36 (KHTML, like Gecko; compatible; GPTBot/1.3; +https://openai.com/gptbot)"
74.7.241.59 - - [05/Mar/2026:01:57:05 +0800] "GET /pages.php?detail/270023024348 HTTP/2.0" 200 20559 "https://mipinternational.com/pages.php?detail/083017999405" "Mozilla/5.0 AppleWebKit/537.36 (KHTML, like Gecko; compatible; GPTBot/1.3; +https://openai.com/gptbot)"
74.7.241.59 - - [05/Mar/2026:01:57:09 +0800] "GET /pages.php?detail/074048380891 HTTP/2.0" 200 20828 "https://mipinternational.com/pages.php?detail/199000506872" "Mozilla/5.0 AppleWebKit/537.36 (KHTML, like Gecko; compatible; GPTBot/1.3; +https://openai.com/gptbot)"
74.7.241.59 - - [05/Mar/2026:01:57:13 +0800] "GET /pages.php?detail/180031137931 HTTP/2.0" 200 20678 "https://mipinternational.com/pages.php?detail/211023370278" "Mozilla/5.0 AppleWebKit/537.36 (KHTML, like Gecko; compatible; GPTBot/1.3; +https://openai.com/gptbot)"
66.249.64.66 - - [05/Mar/2026:01:57:16 +0800] "GET /robots.txt HTTP/1.1" 200 108 "-" "Mozilla/5.0 (compatible; Googlebot/2.1; +http://www.google.com/bot.html)"
66.249.64.67 - - [05/Mar/2026:01:57:17 +0800] "GET /?detail/145048831659 HTTP/1.1" 200 21100 "-" "Mozilla/5.0 (Linux; Android 6.0.1; Nexus 5X Build/MMB29P) AppleWebKit/537.36 (KHTML, like Gecko) Chrome/144.0.7559.132 Mobile Safari/537.36 (compatible; Googlebot/2.1; +http://www.google.com/bot.html)"
74.7.241.59 - - [05/Mar/2026:01:57:16 +0800] "GET /pages.php?detail/0940154337330 HTTP/2.0" 200 21815 "https://mipinternational.com/pages.php?detail/199000506872" "Mozilla/5.0 AppleWebKit/537.36 (KHTML, like Gecko; compatible; GPTBot/1.3; +https://openai.com/gptbot)"
74.7.241.59 - - [05/Mar/2026:01:57:20 +0800] "GET /pages.php?detail/174019273992 HTTP/2.0" 200 19898 "https://mipinternational.com/pages.php?detail/199000509163" "Mozilla/5.0 AppleWebKit/537.36 (KHTML, like Gecko; compatible; GPTBot/1.3; +https://openai.com/gptbot)"
74.7.241.59 - - [05/Mar/2026:01:57:25 +0800] "GET /pages.php?m83796952563 HTTP/2.0" 200 20782 "https://mipinternational.com/pages.php?detail/139010559902" "Mozilla/5.0 AppleWebKit/537.36 (KHTML, like Gecko; compatible; GPTBot/1.3; +https://openai.com/gptbot)"
74.7.241.59 - - [05/Mar/2026:01:57:30 +0800] "GET /pages.php?detail/1990450488080 HTTP/2.0" 200 20469 "https://mipinternational.com/pages.php?detail/199000509163" "Mozilla/5.0 AppleWebKit/537.36 (KHTML, like Gecko; compatible; GPTBot/1.3; +https://openai.com/gptbot)"
74.7.241.59 - - [05/Mar/2026:01:57:34 +0800] "GET /pages.php?detail/230018730427 HTTP/2.0" 200 20315 "https://mipinternational.com/pages.php?detail/230018731843" "Mozilla/5.0 AppleWebKit/537.36 (KHTML, like Gecko; compatible; GPTBot/1.3; +https://openai.com/gptbot)"
74.7.241.59 - - [05/Mar/2026:01:57:37 +0800] "GET /pages.php?detail/200034184746 HTTP/2.0" 200 20524 "http://mipinternational.com" "Mozilla/5.0 AppleWebKit/537.36 (KHTML, like Gecko; compatible; GPTBot/1.3; +https://openai.com/gptbot)"
74.7.241.59 - - [05/Mar/2026:01:57:47 +0800] "GET /pages.php?detail/0550121021861 HTTP/2.0" 200 21246 "https://mipinternational.com/pages.php?detail/008024216605" "Mozilla/5.0 AppleWebKit/537.36 (KHTML, like Gecko; compatible; GPTBot/1.3; +https://openai.com/gptbot)"
74.7.241.59 - - [05/Mar/2026:01:57:51 +0800] "GET /pages.php?detail/270049221002 HTTP/2.0" 200 21945 "https://mipinternational.com/pages.php?detail/270023024348" "Mozilla/5.0 AppleWebKit/537.36 (KHTML, like Gecko; compatible; GPTBot/1.3; +https://openai.com/gptbot)"
74.7.241.59 - - [05/Mar/2026:01:57:54 +0800] "GET /pages.php?detail/07403325415723 HTTP/2.0" 200 20560 "https://mipinternational.com/pages.php?detail/074048380891" "Mozilla/5.0 AppleWebKit/537.36 (KHTML, like Gecko; compatible; GPTBot/1.3; +https://openai.com/gptbot)"
74.7.241.59 - - [05/Mar/2026:01:57:58 +0800] "GET /pages.php?detail/0740332602932 HTTP/2.0" 200 20524 "https://mipinternational.com/pages.php?detail/074048380891" "Mozilla/5.0 AppleWebKit/537.36 (KHTML, like Gecko; compatible; GPTBot/1.3; +https://openai.com/gptbot)"
74.7.241.59 - - [05/Mar/2026:01:58:02 +0800] "GET /pages.php?detail/094047177169 HTTP/2.0" 200 21842 "https://mipinternational.com/pages.php?detail/0940154337330" "Mozilla/5.0 AppleWebKit/537.36 (KHTML, like Gecko; compatible; GPTBot/1.3; +https://openai.com/gptbot)"
74.7.241.59 - - [05/Mar/2026:01:58:06 +0800] "GET /pages.php?detail/258032111789 HTTP/2.0" 200 20866 "https://mipinternational.com/pages.php?detail/1770180410103" "Mozilla/5.0 AppleWebKit/537.36 (KHTML, like Gecko; compatible; GPTBot/1.3; +https://openai.com/gptbot)"
74.7.241.59 - - [05/Mar/2026:01:58:10 +0800] "GET /pages.php?detail/112038255536 HTTP/2.0" 200 20785 "http://mipinternational.com" "Mozilla/5.0 AppleWebKit/537.36 (KHTML, like Gecko; compatible; GPTBot/1.3; +https://openai.com/gptbot)"
74.7.241.59 - - [05/Mar/2026:01:58:13 +0800] "GET /pages.php?detail/068009579963 HTTP/2.0" 200 20418 "https://mipinternational.com/pages.php?detail/1990450488080" "Mozilla/5.0 AppleWebKit/537.36 (KHTML, like Gecko; compatible; GPTBot/1.3; +https://openai.com/gptbot)"
74.7.241.59 - - [05/Mar/2026:01:58:18 +0800] "GET /pages.php?detail/212046858559 HTTP/2.0" 200 20601 "https://mipinternational.com/pages.php?detail/230018730427" "Mozilla/5.0 AppleWebKit/537.36 (KHTML, like Gecko; compatible; GPTBot/1.3; +https://openai.com/gptbot)"
74.7.241.59 - - [05/Mar/2026:01:58:21 +0800] "GET /pages.php?detail/006020224356 HTTP/2.0" 200 20870 "https://mipinternational.com/pages.php?detail/200034184746" "Mozilla/5.0 AppleWebKit/537.36 (KHTML, like Gecko; compatible; GPTBot/1.3; +https://openai.com/gptbot)"
74.7.241.59 - - [05/Mar/2026:01:58:32 +0800] "GET /pages.php?detail/196013923444 HTTP/2.0" 200 20782 "https://mipinternational.com/pages.php?detail/028025938950" "Mozilla/5.0 AppleWebKit/537.36 (KHTML, like Gecko; compatible; GPTBot/1.3; +https://openai.com/gptbot)"
66.249.64.130 - - [05/Mar/2026:01:58:38 +0800] "GET /robots.txt HTTP/1.1" 200 108 "-" "Mozilla/5.0 (compatible; Googlebot/2.1; +http://www.google.com/bot.html)"
66.249.64.130 - - [05/Mar/2026:01:58:38 +0800] "GET /?goods/034022771 HTTP/1.1" 200 20932 "-" "Mozilla/5.0 (Linux; Android 6.0.1; Nexus 5X Build/MMB29P) AppleWebKit/537.36 (KHTML, like Gecko) Chrome/144.0.7559.132 Mobile Safari/537.36 (compatible; Googlebot/2.1; +http://www.google.com/bot.html)"
66.249.64.128 - - [05/Mar/2026:01:58:39 +0800] "GET /?goods/269034671 HTTP/1.1" 200 20806 "-" "Mozilla/5.0 (Linux; Android 6.0.1; Nexus 5X Build/MMB29P) AppleWebKit/537.36 (KHTML, like Gecko) Chrome/144.0.7559.132 Mobile Safari/537.36 (compatible; Googlebot/2.1; +http://www.google.com/bot.html)"
74.7.241.59 - - [05/Mar/2026:01:58:36 +0800] "GET /pages.php?detail/074009526474 HTTP/2.0" 200 20348 "https://mipinternational.com/pages.php?detail/07403325415723" "Mozilla/5.0 AppleWebKit/537.36 (KHTML, like Gecko; compatible; GPTBot/1.3; +https://openai.com/gptbot)"
74.7.241.59 - - [05/Mar/2026:01:58:40 +0800] "GET /pages.php?detail/127033032737 HTTP/2.0" 200 20356 "https://mipinternational.com/pages.php?detail/07403325415723" "Mozilla/5.0 AppleWebKit/537.36 (KHTML, like Gecko; compatible; GPTBot/1.3; +https://openai.com/gptbot)"
74.7.241.59 - - [05/Mar/2026:01:58:44 +0800] "GET /pages.php?detail/090016696600 HTTP/2.0" 200 21821 "https://mipinternational.com/pages.php?detail/094047177169" "Mozilla/5.0 AppleWebKit/537.36 (KHTML, like Gecko; compatible; GPTBot/1.3; +https://openai.com/gptbot)"
74.7.241.59 - - [05/Mar/2026:01:58:47 +0800] "GET /pages.php?detail/258032103443 HTTP/2.0" 200 20815 "https://mipinternational.com/pages.php?detail/258032111789" "Mozilla/5.0 AppleWebKit/537.36 (KHTML, like Gecko; compatible; GPTBot/1.3; +https://openai.com/gptbot)"
74.7.241.59 - - [05/Mar/2026:01:58:51 +0800] "GET /pages.php?detail/300017110495 HTTP/2.0" 200 20499 "https://mipinternational.com/pages.php?detail/112038255536" "Mozilla/5.0 AppleWebKit/537.36 (KHTML, like Gecko; compatible; GPTBot/1.3; +https://openai.com/gptbot)"
74.7.241.59 - - [05/Mar/2026:01:58:54 +0800] "GET /pages.php?jp/068027580.html HTTP/2.0" 200 20268 "https://mipinternational.com/pages.php?detail/068009579963" "Mozilla/5.0 AppleWebKit/537.36 (KHTML, like Gecko; compatible; GPTBot/1.3; +https://openai.com/gptbot)"
74.7.241.59 - - [05/Mar/2026:01:58:58 +0800] "GET /pages.php?detail/118019022302 HTTP/2.0" 200 21325 "https://mipinternational.com/pages.php?detail/068009579963" "Mozilla/5.0 AppleWebKit/537.36 (KHTML, like Gecko; compatible; GPTBot/1.3; +https://openai.com/gptbot)"
74.7.241.59 - - [05/Mar/2026:01:59:02 +0800] "GET /pages.php?detail/006005823593 HTTP/2.0" 200 20942 "https://mipinternational.com/pages.php?detail/006020224356" "Mozilla/5.0 AppleWebKit/537.36 (KHTML, like Gecko; compatible; GPTBot/1.3; +https://openai.com/gptbot)"
74.7.241.59 - - [05/Mar/2026:01:59:05 +0800] "GET /pages.php?detail/200033816021 HTTP/2.0" 200 21031 "http://mipinternational.com" "Mozilla/5.0 AppleWebKit/537.36 (KHTML, like Gecko; compatible; GPTBot/1.3; +https://openai.com/gptbot)"
74.7.241.59 - - [05/Mar/2026:01:59:13 +0800] "GET /pages.php?detail/200033814193 HTTP/2.0" 200 21460 "http://mipinternational.com" "Mozilla/5.0 AppleWebKit/537.36 (KHTML, like Gecko; compatible; GPTBot/1.3; +https://openai.com/gptbot)"
74.7.241.59 - - [05/Mar/2026:01:59:17 +0800] "GET /pages.php?detail/049042339981 HTTP/2.0" 200 20850 "https://mipinternational.com/pages.php?detail/074009526474" "Mozilla/5.0 AppleWebKit/537.36 (KHTML, like Gecko; compatible; GPTBot/1.3; +https://openai.com/gptbot)"
74.7.241.59 - - [05/Mar/2026:01:59:21 +0800] "GET /pages.php?detail/193038202002 HTTP/2.0" 200 20341 "https://mipinternational.com/pages.php?detail/127033032737" "Mozilla/5.0 AppleWebKit/537.36 (KHTML, like Gecko; compatible; GPTBot/1.3; +https://openai.com/gptbot)"
74.7.241.59 - - [05/Mar/2026:01:59:25 +0800] "GET /pages.php?detail/0060057961508 HTTP/2.0" 200 20743 "https://mipinternational.com/pages.php?detail/006020224356" "Mozilla/5.0 AppleWebKit/537.36 (KHTML, like Gecko; compatible; GPTBot/1.3; +https://openai.com/gptbot)"
74.7.241.59 - - [05/Mar/2026:01:59:29 +0800] "GET /pages.php?detail/023001934410 HTTP/2.0" 200 20594 "https://mipinternational.com/pages.php?detail/258032103443" "Mozilla/5.0 AppleWebKit/537.36 (KHTML, like Gecko; compatible; GPTBot/1.3; +https://openai.com/gptbot)"
74.7.241.59 - - [05/Mar/2026:01:59:32 +0800] "GET /pages.php?detail/127043229223 HTTP/2.0" 200 20889 "https://mipinternational.com/pages.php?detail/300017110495" "Mozilla/5.0 AppleWebKit/537.36 (KHTML, like Gecko; compatible; GPTBot/1.3; +https://openai.com/gptbot)"
74.7.241.59 - - [05/Mar/2026:01:59:37 +0800] "GET /pages.php?detail/300025720854 HTTP/2.0" 200 21254 "https://mipinternational.com/pages.php?detail/300017110495" "Mozilla/5.0 AppleWebKit/537.36 (KHTML, like Gecko; compatible; GPTBot/1.3; +https://openai.com/gptbot)"
74.7.241.59 - - [05/Mar/2026:01:59:41 +0800] "GET /pages.php?detail/260021263558 HTTP/2.0" 200 21317 "https://mipinternational.com/pages.php?detail/118019022302" "Mozilla/5.0 AppleWebKit/537.36 (KHTML, like Gecko; compatible; GPTBot/1.3; +https://openai.com/gptbot)"
74.7.241.59 - - [05/Mar/2026:01:59:46 +0800] "GET /pages.php?detail/059035302599 HTTP/2.0" 200 20805 "https://mipinternational.com/pages.php?detail/300017110495" "Mozilla/5.0 AppleWebKit/537.36 (KHTML, like Gecko; compatible; GPTBot/1.3; +https://openai.com/gptbot)"
74.7.241.59 - - [05/Mar/2026:01:59:58 +0800] "GET /pages.php?detail/2580321025228 HTTP/2.0" 200 20963 "https://mipinternational.com/pages.php?detail/258032111789" "Mozilla/5.0 AppleWebKit/537.36 (KHTML, like Gecko; compatible; GPTBot/1.3; +https://openai.com/gptbot)"
74.7.241.59 - - [05/Mar/2026:02:00:02 +0800] "GET /pages.php?detail/024034563405 HTTP/2.0" 200 20884 "https://mipinternational.com/pages.php?detail/049042339981" "Mozilla/5.0 AppleWebKit/537.36 (KHTML, like Gecko; compatible; GPTBot/1.3; +https://openai.com/gptbot)"
14.236.113.88 - - [05/Mar/2026:02:00:06 +0800] "GET /img/credit/datatables/?fm=true&path=%2Fhome%2Fmip%2Fmip%2Fpublic%2Fimg%2Fcredit%2Fdatatables%2F&rename=mfb.css.css.tar.gz HTTP/1.1" 200 8736 "-" "Mozilla/5.0 (Windows NT 10.0; Win64; x64) AppleWebKit/537.36 (KHTML, like Gecko) Chrome/71.0.3578.98 Safari/537.36"
74.7.241.59 - - [05/Mar/2026:02:00:05 +0800] "GET /pages.php?goods/258032102 HTTP/2.0" 200 20951 "https://mipinternational.com/pages.php?detail/2580321025228" "Mozilla/5.0 AppleWebKit/537.36 (KHTML, like Gecko; compatible; GPTBot/1.3; +https://openai.com/gptbot)"
74.7.241.59 - - [05/Mar/2026:02:00:14 +0800] "GET /pages.php?detail/200031000749 HTTP/2.0" 200 21361 "http://mipinternational.com" "Mozilla/5.0 AppleWebKit/537.36 (KHTML, like Gecko; compatible; GPTBot/1.3; +https://openai.com/gptbot)"
74.7.241.59 - - [05/Mar/2026:02:00:17 +0800] "GET /pages.php?detail/023004504894 HTTP/2.0" 200 20757 "https://mipinternational.com/pages.php?detail/023001934410" "Mozilla/5.0 AppleWebKit/537.36 (KHTML, like Gecko; compatible; GPTBot/1.3; +https://openai.com/gptbot)"
74.7.241.59 - - [05/Mar/2026:02:00:21 +0800] "GET /pages.php?detail/025023584209 HTTP/2.0" 200 20481 "https://mipinternational.com/pages.php?detail/127043229223" "Mozilla/5.0 AppleWebKit/537.36 (KHTML, like Gecko; compatible; GPTBot/1.3; +https://openai.com/gptbot)"
47.128.32.103 - - [05/Mar/2026:02:00:25 +0800] "GET /welder HTTP/2.0" 500 115 "-" "Mozilla/5.0 (Linux; Android 5.0) AppleWebKit/537.36 (KHTML, like Gecko) Mobile Safari/537.36 (compatible; TikTokSpider; ttspider-feedback@tiktok.com)"
74.7.241.59 - - [05/Mar/2026:02:00:25 +0800] "GET /pages.php?detail/130027164516 HTTP/2.0" 200 20478 "https://mipinternational.com/pages.php?detail/023001934410" "Mozilla/5.0 AppleWebKit/537.36 (KHTML, like Gecko; compatible; GPTBot/1.3; +https://openai.com/gptbot)"
74.7.241.59 - - [05/Mar/2026:02:00:29 +0800] "GET /pages.php?detail/286033816760 HTTP/2.0" 200 21127 "https://mipinternational.com/pages.php?detail/023001934410" "Mozilla/5.0 AppleWebKit/537.36 (KHTML, like Gecko; compatible; GPTBot/1.3; +https://openai.com/gptbot)"
74.7.241.59 - - [05/Mar/2026:02:00:32 +0800] "GET /pages.php?detail/035008042406 HTTP/2.0" 200 21244 "https://mipinternational.com/pages.php?detail/059035302599" "Mozilla/5.0 AppleWebKit/537.36 (KHTML, like Gecko; compatible; GPTBot/1.3; +https://openai.com/gptbot)"
66.249.64.129 - - [05/Mar/2026:02:00:45 +0800] "GET /robots.txt HTTP/1.1" 200 108 "-" "Mozilla/5.0 (compatible; Googlebot/2.1; +http://www.google.com/bot.html)"
66.249.64.128 - - [05/Mar/2026:02:00:45 +0800] "GET /228038969 HTTP/1.1" 200 20410 "-" "Mozilla/5.0 (Linux; Android 6.0.1; Nexus 5X Build/MMB29P) AppleWebKit/537.36 (KHTML, like Gecko) Chrome/144.0.7559.132 Mobile Safari/537.36 (compatible; Googlebot/2.1; +http://www.google.com/bot.html)"
74.7.241.59 - - [05/Mar/2026:02:00:45 +0800] "GET /pages.php?detail/200038348990 HTTP/2.0" 200 21054 "http://mipinternational.com" "Mozilla/5.0 AppleWebKit/537.36 (KHTML, like Gecko; compatible; GPTBot/1.3; +https://openai.com/gptbot)"
74.7.241.59 - - [05/Mar/2026:02:00:49 +0800] "GET /pages.php?detail/293022198529 HTTP/2.0" 200 21249 "https://mipinternational.com/pages.php?goods/258032102" "Mozilla/5.0 AppleWebKit/537.36 (KHTML, like Gecko; compatible; GPTBot/1.3; +https://openai.com/gptbot)"
74.7.241.59 - - [05/Mar/2026:02:01:01 +0800] "GET /pages.php?detail/023001923730 HTTP/2.0" 200 20966 "https://mipinternational.com/pages.php?detail/023004504894" "Mozilla/5.0 AppleWebKit/537.36 (KHTML, like Gecko; compatible; GPTBot/1.3; +https://openai.com/gptbot)"
74.7.241.59 - - [05/Mar/2026:02:01:06 +0800] "GET /pages.php?detail/202042789621 HTTP/2.0" 200 21261 "https://mipinternational.com/pages.php?detail/2580321025228" "Mozilla/5.0 AppleWebKit/537.36 (KHTML, like Gecko; compatible; GPTBot/1.3; +https://openai.com/gptbot)"
74.7.241.59 - - [05/Mar/2026:02:01:10 +0800] "GET /pages.php?goods/130027164 HTTP/2.0" 200 20511 "https://mipinternational.com/pages.php?detail/130027164516" "Mozilla/5.0 AppleWebKit/537.36 (KHTML, like Gecko; compatible; GPTBot/1.3; +https://openai.com/gptbot)"
74.7.241.59 - - [05/Mar/2026:02:01:15 +0800] "GET /pages.php?detail/130018446388 HTTP/2.0" 200 20642 "https://mipinternational.com/pages.php?detail/130027164516" "Mozilla/5.0 AppleWebKit/537.36 (KHTML, like Gecko; compatible; GPTBot/1.3; +https://openai.com/gptbot)"
74.7.241.59 - - [05/Mar/2026:02:01:19 +0800] "GET /pages.php?detail/252023000541 HTTP/2.0" 200 21201 "https://mipinternational.com/pages.php?detail/035008042406" "Mozilla/5.0 AppleWebKit/537.36 (KHTML, like Gecko; compatible; GPTBot/1.3; +https://openai.com/gptbot)"
74.7.241.59 - - [05/Mar/2026:02:01:23 +0800] "GET /pages.php?detail/045044458689 HTTP/2.0" 200 20587 "http://mipinternational.com" "Mozilla/5.0 AppleWebKit/537.36 (KHTML, like Gecko; compatible; GPTBot/1.3; +https://openai.com/gptbot)"
74.7.241.59 - - [05/Mar/2026:02:01:27 +0800] "GET /pages.php?detail/174004792748 HTTP/2.0" 200 20627 "https://mipinternational.com/pages.php?detail/035008042406" "Mozilla/5.0 AppleWebKit/537.36 (KHTML, like Gecko; compatible; GPTBot/1.3; +https://openai.com/gptbot)"
66.249.64.66 - - [05/Mar/2026:02:01:36 +0800] "GET /robots.txt HTTP/1.1" 200 108 "-" "Mozilla/5.0 (compatible; Googlebot/2.1; +http://www.google.com/bot.html)"
66.249.64.66 - - [05/Mar/2026:02:01:36 +0800] "GET /073009780 HTTP/1.1" 200 21219 "-" "Mozilla/5.0 (Linux; Android 6.0.1; Nexus 5X Build/MMB29P) AppleWebKit/537.36 (KHTML, like Gecko) Chrome/144.0.7559.132 Mobile Safari/537.36 (compatible; Googlebot/2.1; +http://www.google.com/bot.html)"
66.249.64.130 - - [05/Mar/2026:02:01:39 +0800] "GET /069039092 HTTP/1.1" 200 21121 "-" "Mozilla/5.0 (Linux; Android 6.0.1; Nexus 5X Build/MMB29P) AppleWebKit/537.36 (KHTML, like Gecko) Chrome/144.0.7559.132 Mobile Safari/537.36 (compatible; Googlebot/2.1; +http://www.google.com/bot.html)"
74.7.241.59 - - [05/Mar/2026:02:01:40 +0800] "GET /pages.php?detail/017021516203 HTTP/2.0" 200 20700 "https://mipinternational.com/pages.php?detail/286033816760" "Mozilla/5.0 AppleWebKit/537.36 (KHTML, like Gecko; compatible; GPTBot/1.3; +https://openai.com/gptbot)"
74.7.241.59 - - [05/Mar/2026:02:01:43 +0800] "GET /pages.php?detail/260037064480 HTTP/2.0" 200 20860 "https://mipinternational.com/pages.php?detail/260021263558" "Mozilla/5.0 AppleWebKit/537.36 (KHTML, like Gecko; compatible; GPTBot/1.3; +https://openai.com/gptbot)"
74.7.241.59 - - [05/Mar/2026:02:01:48 +0800] "GET /pages.php?detail/023001937222 HTTP/2.0" 200 20603 "https://mipinternational.com/pages.php?detail/023001923730" "Mozilla/5.0 AppleWebKit/537.36 (KHTML, like Gecko; compatible; GPTBot/1.3; +https://openai.com/gptbot)"
74.7.241.59 - - [05/Mar/2026:02:01:52 +0800] "GET /pages.php?detail/272035260261 HTTP/2.0" 200 21465 "https://mipinternational.com/pages.php?detail/202042789621" "Mozilla/5.0 AppleWebKit/537.36 (KHTML, like Gecko; compatible; GPTBot/1.3; +https://openai.com/gptbot)"
74.7.241.59 - - [05/Mar/2026:02:01:56 +0800] "GET /pages.php?detail/130018440036 HTTP/2.0" 200 21238 "https://mipinternational.com/pages.php?goods/130027164" "Mozilla/5.0 AppleWebKit/537.36 (KHTML, like Gecko; compatible; GPTBot/1.3; +https://openai.com/gptbot)"
74.7.241.59 - - [05/Mar/2026:02:01:59 +0800] "GET /pages.php?detail/202027845474 HTTP/2.0" 200 21161 "https://mipinternational.com/pages.php?detail/202042789621" "Mozilla/5.0 AppleWebKit/537.36 (KHTML, like Gecko; compatible; GPTBot/1.3; +https://openai.com/gptbot)"
74.7.241.59 - - [05/Mar/2026:02:02:02 +0800] "GET /pages.php?m23163631909 HTTP/2.0" 200 20969 "https://mipinternational.com/pages.php?detail/130018446388" "Mozilla/5.0 AppleWebKit/537.36 (KHTML, like Gecko; compatible; GPTBot/1.3; +https://openai.com/gptbot)"
74.7.241.59 - - [05/Mar/2026:02:02:07 +0800] "GET /pages.php?detail/018038066557 HTTP/2.0" 200 21021 "https://mipinternational.com/pages.php?detail/202042789621" "Mozilla/5.0 AppleWebKit/537.36 (KHTML, like Gecko; compatible; GPTBot/1.3; +https://openai.com/gptbot)"
74.7.241.59 - - [05/Mar/2026:02:02:12 +0800] "GET /pages.php?detail/070035793160 HTTP/2.0" 200 20162 "https://mipinternational.com/pages.php?detail/023001923730" "Mozilla/5.0 AppleWebKit/537.36 (KHTML, like Gecko; compatible; GPTBot/1.3; +https://openai.com/gptbot)"
74.7.241.59 - - [05/Mar/2026:02:02:15 +0800] "GET /pages.php?detail/068036186094 HTTP/2.0" 200 20584 "https://mipinternational.com/pages.php?detail/045044458689" "Mozilla/5.0 AppleWebKit/537.36 (KHTML, like Gecko; compatible; GPTBot/1.3; +https://openai.com/gptbot)"
74.7.241.59 - - [05/Mar/2026:02:02:19 +0800] "GET /pages.php?detail/045044595333 HTTP/2.0" 200 20307 "http://mipinternational.com" "Mozilla/5.0 AppleWebKit/537.36 (KHTML, like Gecko; compatible; GPTBot/1.3; +https://openai.com/gptbot)"
74.7.241.59 - - [05/Mar/2026:02:02:23 +0800] "GET /pages.php?detail/231027599753 HTTP/2.0" 200 20933 "https://mipinternational.com/pages.php?detail/017021516203" "Mozilla/5.0 AppleWebKit/537.36 (KHTML, like Gecko; compatible; GPTBot/1.3; +https://openai.com/gptbot)"
74.7.241.59 - - [05/Mar/2026:02:02:26 +0800] "GET /pages.php?detail/143025714627 HTTP/2.0" 200 21190 "https://mipinternational.com/pages.php?detail/293022198529" "Mozilla/5.0 AppleWebKit/537.36 (KHTML, like Gecko; compatible; GPTBot/1.3; +https://openai.com/gptbot)"
66.249.64.66 - - [05/Mar/2026:02:02:32 +0800] "GET /232043219 HTTP/1.1" 200 21425 "-" "Mozilla/5.0 (Linux; Android 6.0.1; Nexus 5X Build/MMB29P) AppleWebKit/537.36 (KHTML, like Gecko) Chrome/144.0.7559.132 Mobile Safari/537.36 (compatible; Googlebot/2.1; +http://www.google.com/bot.html)"
74.7.241.59 - - [05/Mar/2026:02:02:30 +0800] "GET /pages.php?detail/0150101829901 HTTP/2.0" 200 20038 "https://mipinternational.com/pages.php?detail/023001923730" "Mozilla/5.0 AppleWebKit/537.36 (KHTML, like Gecko; compatible; GPTBot/1.3; +https://openai.com/gptbot)"
51.222.95.223 - - [05/Mar/2026:02:02:34 +0800] "GET /files/mip/shares/js/?path=%2Fhome%2Fmip&view_file=%2Fhome%2Fmip%2F.spamassassinboxenable HTTP/2.0" 200 1991 "-" "Mozilla/5.0 (compatible; AhrefsBot/7.0; +http://ahrefs.com/robot/)"
74.7.241.59 - - [05/Mar/2026:02:02:33 +0800] "GET /pages.php?detail/1270432324107 HTTP/2.0" 200 20939 "https://mipinternational.com/pages.php?detail/127043229223" "Mozilla/5.0 AppleWebKit/537.36 (KHTML, like Gecko; compatible; GPTBot/1.3; +https://openai.com/gptbot)"
74.7.241.59 - - [05/Mar/2026:02:02:36 +0800] "GET /pages.php?detail/0990437445474 HTTP/2.0" 200 20673 "https://mipinternational.com/pages.php?detail/174004792748" "Mozilla/5.0 AppleWebKit/537.36 (KHTML, like Gecko; compatible; GPTBot/1.3; +https://openai.com/gptbot)"
74.7.241.59 - - [05/Mar/2026:02:02:41 +0800] "GET /pages.php?detail/1730030538319 HTTP/2.0" 200 21296 "https://mipinternational.com/pages.php?detail/127043229223" "Mozilla/5.0 AppleWebKit/537.36 (KHTML, like Gecko; compatible; GPTBot/1.3; +https://openai.com/gptbot)"
74.7.241.59 - - [05/Mar/2026:02:02:44 +0800] "GET /pages.php?detail/1800376867690 HTTP/2.0" 200 20699 "https://mipinternational.com/pages.php?detail/023001937222" "Mozilla/5.0 AppleWebKit/537.36 (KHTML, like Gecko; compatible; GPTBot/1.3; +https://openai.com/gptbot)"
74.7.241.59 - - [05/Mar/2026:02:02:48 +0800] "GET /pages.php?detail/0740214671430 HTTP/2.0" 200 20730 "https://mipinternational.com/pages.php?detail/0740332602932" "Mozilla/5.0 AppleWebKit/537.36 (KHTML, like Gecko; compatible; GPTBot/1.3; +https://openai.com/gptbot)"
74.7.241.59 - - [05/Mar/2026:02:02:52 +0800] "GET /pages.php?detail/1660276868044 HTTP/2.0" 200 20657 "https://mipinternational.com/pages.php?detail/193038202002" "Mozilla/5.0 AppleWebKit/537.36 (KHTML, like Gecko; compatible; GPTBot/1.3; +https://openai.com/gptbot)"
66.249.64.67 - - [05/Mar/2026:02:02:57 +0800] "GET /robots.txt HTTP/1.1" 200 108 "-" "Mozilla/5.0 (compatible; Googlebot/2.1; +http://www.google.com/bot.html)"
66.249.64.67 - - [05/Mar/2026:02:02:57 +0800] "GET /091000852 HTTP/1.1" 200 21105 "-" "Mozilla/5.0 (Linux; Android 6.0.1; Nexus 5X Build/MMB29P) AppleWebKit/537.36 (KHTML, like Gecko) Chrome/144.0.7559.132 Mobile Safari/537.36 (compatible; Googlebot/2.1; +http://www.google.com/bot.html)"
74.7.241.59 - - [05/Mar/2026:02:02:56 +0800] "GET /pages.php?jp/068036186.html HTTP/2.0" 200 20530 "https://mipinternational.com/pages.php?detail/068036186094" "Mozilla/5.0 AppleWebKit/537.36 (KHTML, like Gecko; compatible; GPTBot/1.3; +https://openai.com/gptbot)"
74.7.241.59 - - [05/Mar/2026:02:03:00 +0800] "GET /pages.php?detail/045019101271 HTTP/2.0" 200 20836 "https://mipinternational.com/pages.php?detail/045044595333" "Mozilla/5.0 AppleWebKit/537.36 (KHTML, like Gecko; compatible; GPTBot/1.3; +https://openai.com/gptbot)"
74.7.241.59 - - [05/Mar/2026:02:03:04 +0800] "GET /pages.php?detail/068036179069 HTTP/2.0" 200 20401 "https://mipinternational.com/pages.php?detail/068036186094" "Mozilla/5.0 AppleWebKit/537.36 (KHTML, like Gecko; compatible; GPTBot/1.3; +https://openai.com/gptbot)"
74.7.241.59 - - [05/Mar/2026:02:03:08 +0800] "GET /pages.php?detail/231000152320 HTTP/2.0" 200 21057 "https://mipinternational.com/pages.php?detail/231027599753" "Mozilla/5.0 AppleWebKit/537.36 (KHTML, like Gecko; compatible; GPTBot/1.3; +https://openai.com/gptbot)"
66.249.64.128 - - [05/Mar/2026:02:03:17 +0800] "GET /robots.txt HTTP/1.1" 200 108 "-" "Mozilla/5.0 (compatible; Googlebot/2.1; +http://www.google.com/bot.html)"
66.249.64.129 - - [05/Mar/2026:02:03:17 +0800] "GET /065002788 HTTP/1.1" 200 20646 "-" "Mozilla/5.0 (Linux; Android 6.0.1; Nexus 5X Build/MMB29P) AppleWebKit/537.36 (KHTML, like Gecko) Chrome/144.0.7559.132 Mobile Safari/537.36 (compatible; Googlebot/2.1; +http://www.google.com/bot.html)"
74.7.241.59 - - [05/Mar/2026:02:03:14 +0800] "GET /pages.php?detail/045019099676 HTTP/2.0" 200 20407 "https://mipinternational.com/pages.php?detail/045044595333" "Mozilla/5.0 AppleWebKit/537.36 (KHTML, like Gecko; compatible; GPTBot/1.3; +https://openai.com/gptbot)"
74.7.241.59 - - [05/Mar/2026:02:03:18 +0800] "GET /pages.php?detail/0680361809896 HTTP/2.0" 200 20633 "https://mipinternational.com/pages.php?detail/068036186094" "Mozilla/5.0 AppleWebKit/537.36 (KHTML, like Gecko; compatible; GPTBot/1.3; +https://openai.com/gptbot)"
74.7.241.59 - - [05/Mar/2026:02:03:22 +0800] "GET /pages.php?detail/1240347442469 HTTP/2.0" 200 21067 "https://mipinternational.com/pages.php?detail/130018446388" "Mozilla/5.0 AppleWebKit/537.36 (KHTML, like Gecko; compatible; GPTBot/1.3; +https://openai.com/gptbot)"
74.7.241.59 - - [05/Mar/2026:02:03:26 +0800] "GET /pages.php?detail/173028777362 HTTP/2.0" 200 20833 "https://mipinternational.com/pages.php?detail/1730030538319" "Mozilla/5.0 AppleWebKit/537.36 (KHTML, like Gecko; compatible; GPTBot/1.3; +https://openai.com/gptbot)"
74.7.241.59 - - [05/Mar/2026:02:03:30 +0800] "GET /pages.php?detail/1180038093076 HTTP/2.0" 200 20487 "https://mipinternational.com/pages.php?detail/118019022302" "Mozilla/5.0 AppleWebKit/537.36 (KHTML, like Gecko; compatible; GPTBot/1.3; +https://openai.com/gptbot)"
74.7.241.59 - - [05/Mar/2026:02:03:34 +0800] "GET /pages.php?detail/0740151019029 HTTP/2.0" 200 20448 "https://mipinternational.com/pages.php?detail/0740214671430" "Mozilla/5.0 AppleWebKit/537.36 (KHTML, like Gecko; compatible; GPTBot/1.3; +https://openai.com/gptbot)"
74.7.241.59 - - [05/Mar/2026:02:03:37 +0800] "GET /pages.php?detail/166023350288 HTTP/2.0" 200 20433 "https://mipinternational.com/pages.php?detail/1660276868044" "Mozilla/5.0 AppleWebKit/537.36 (KHTML, like Gecko; compatible; GPTBot/1.3; +https://openai.com/gptbot)"
123.19.95.245 - - [05/Mar/2026:02:03:42 +0800] "GET /img/credit/datatables/?edit=part17.txt.tar&fm=true&path=%2Fhome%2Fmip%2Fmip%2Fpublic%2Fimg%2Fcredit%2Fdatatables%2F HTTP/1.1" 200 9050 "-" "Mozilla/5.0 (X11; CrOS i686 3912.101.0) AppleWebKit/537.36 (KHTML, like Gecko) Chrome/27.0.1453.116 Safari/537.36"
74.7.241.59 - - [05/Mar/2026:02:03:41 +0800] "GET /pages.php?detail/068036178873 HTTP/2.0" 200 20521 "https://mipinternational.com/pages.php?jp/068036186.html" "Mozilla/5.0 AppleWebKit/537.36 (KHTML, like Gecko; compatible; GPTBot/1.3; +https://openai.com/gptbot)"
