74.7.241.59 - - [05/Mar/2026:01:06:30 +0800] "GET /pages.php?detail/037012332261 HTTP/2.0" 200 20701 "https://mipinternational.com/pages.php?detail/017015060841" "Mozilla/5.0 AppleWebKit/537.36 (KHTML, like Gecko; compatible; GPTBot/1.3; +https://openai.com/gptbot)"
66.249.64.128 - - [05/Mar/2026:01:06:37 +0800] "GET /?goods/061012568 HTTP/1.1" 200 20873 "-" "Mozilla/5.0 (Linux; Android 6.0.1; Nexus 5X Build/MMB29P) AppleWebKit/537.36 (KHTML, like Gecko) Chrome/144.0.7559.132 Mobile Safari/537.36 (compatible; Googlebot/2.1; +http://www.google.com/bot.html)"
74.7.241.59 - - [05/Mar/2026:01:06:34 +0800] "GET /pages.php?detail/151009306034 HTTP/2.0" 200 21246 "https://mipinternational.com/pages.php?detail/1670466207675" "Mozilla/5.0 AppleWebKit/537.36 (KHTML, like Gecko; compatible; GPTBot/1.3; +https://openai.com/gptbot)"
74.7.241.59 - - [05/Mar/2026:01:06:39 +0800] "GET /pages.php?detail/118009303821 HTTP/2.0" 200 20821 "https://mipinternational.com/pages.php?detail/190003049457" "Mozilla/5.0 AppleWebKit/537.36 (KHTML, like Gecko; compatible; GPTBot/1.3; +https://openai.com/gptbot)"
74.7.241.59 - - [05/Mar/2026:01:06:42 +0800] "GET /pages.php?detail/190020804518 HTTP/2.0" 200 21444 "https://mipinternational.com/pages.php?detail/190003049457" "Mozilla/5.0 AppleWebKit/537.36 (KHTML, like Gecko; compatible; GPTBot/1.3; +https://openai.com/gptbot)"
14.166.106.191 - - [05/Mar/2026:01:06:43 +0800] "GET /pages.php?181044733 HTTP/1.1" 200 21896 "-" "Mozilla/5.0 (Windows NT 6.1; WOW64) AppleWebKit/537.36 (KHTML, like Gecko) Chrome/86.0.4240.198 Safari/537.36"
74.7.241.59 - - [05/Mar/2026:01:06:54 +0800] "GET /pages.php?detail/206047728646 HTTP/2.0" 200 22108 "http://mipinternational.com" "Mozilla/5.0 AppleWebKit/537.36 (KHTML, like Gecko; compatible; GPTBot/1.3; +https://openai.com/gptbot)"
66.249.64.129 - - [05/Mar/2026:01:07:00 +0800] "GET /?detail/07704348612940 HTTP/1.1" 200 20640 "-" "Mozilla/5.0 (Linux; Android 6.0.1; Nexus 5X Build/MMB29P) AppleWebKit/537.36 (KHTML, like Gecko) Chrome/144.0.7559.132 Mobile Safari/537.36 (compatible; Googlebot/2.1; +http://www.google.com/bot.html)"
66.249.64.128 - - [05/Mar/2026:01:07:09 +0800] "GET /?goods/202008292 HTTP/1.1" 200 21543 "-" "Mozilla/5.0 (Linux; Android 6.0.1; Nexus 5X Build/MMB29P) AppleWebKit/537.36 (KHTML, like Gecko) Chrome/144.0.7559.132 Mobile Safari/537.36 (compatible; Googlebot/2.1; +http://www.google.com/bot.html)"
74.7.241.59 - - [05/Mar/2026:01:07:06 +0800] "GET /pages.php?detail/071012961619 HTTP/2.0" 200 20393 "https://mipinternational.com/pages.php?detail/167046608262" "Mozilla/5.0 AppleWebKit/537.36 (KHTML, like Gecko; compatible; GPTBot/1.3; +https://openai.com/gptbot)"
74.7.241.59 - - [05/Mar/2026:01:07:10 +0800] "GET /pages.php?detail/210044818423 HTTP/2.0" 200 20756 "http://mipinternational.com" "Mozilla/5.0 AppleWebKit/537.36 (KHTML, like Gecko; compatible; GPTBot/1.3; +https://openai.com/gptbot)"
74.7.241.59 - - [05/Mar/2026:01:07:13 +0800] "GET /pages.php?detail/107037118026 HTTP/2.0" 200 20484 "https://mipinternational.com/pages.php?detail/037012332261" "Mozilla/5.0 AppleWebKit/537.36 (KHTML, like Gecko; compatible; GPTBot/1.3; +https://openai.com/gptbot)"
66.249.64.128 - - [05/Mar/2026:01:07:18 +0800] "GET /?detail/1830359702629 HTTP/1.1" 200 21081 "-" "Mozilla/5.0 (Linux; Android 6.0.1; Nexus 5X Build/MMB29P) AppleWebKit/537.36 (KHTML, like Gecko) Chrome/144.0.7559.132 Mobile Safari/537.36 (compatible; Googlebot/2.1; +http://www.google.com/bot.html)"
74.7.241.59 - - [05/Mar/2026:01:07:17 +0800] "GET /pages.php?detail/206022830424 HTTP/2.0" 200 21069 "https://mipinternational.com/pages.php?detail/151009306034" "Mozilla/5.0 AppleWebKit/537.36 (KHTML, like Gecko; compatible; GPTBot/1.3; +https://openai.com/gptbot)"
74.7.241.59 - - [05/Mar/2026:01:07:21 +0800] "GET /pages.php?detail/139043489399 HTTP/2.0" 200 20641 "https://mipinternational.com/pages.php?detail/118009303821" "Mozilla/5.0 AppleWebKit/537.36 (KHTML, like Gecko; compatible; GPTBot/1.3; +https://openai.com/gptbot)"
66.249.64.128 - - [05/Mar/2026:01:07:27 +0800] "GET /?jp/228017104.html HTTP/1.1" 200 21207 "-" "Mozilla/5.0 (Linux; Android 6.0.1; Nexus 5X Build/MMB29P) AppleWebKit/537.36 (KHTML, like Gecko) Chrome/144.0.7559.132 Mobile Safari/537.36 (compatible; Googlebot/2.1; +http://www.google.com/bot.html)"
74.7.241.59 - - [05/Mar/2026:01:07:25 +0800] "GET /pages.php?detail/190032156902 HTTP/2.0" 200 21168 "https://mipinternational.com/pages.php?detail/190020804518" "Mozilla/5.0 AppleWebKit/537.36 (KHTML, like Gecko; compatible; GPTBot/1.3; +https://openai.com/gptbot)"
74.7.241.59 - - [05/Mar/2026:01:07:28 +0800] "GET /pages.php?detail/079017038279 HTTP/2.0" 200 21613 "http://mipinternational.com" "Mozilla/5.0 AppleWebKit/537.36 (KHTML, like Gecko; compatible; GPTBot/1.3; +https://openai.com/gptbot)"
66.249.64.128 - - [05/Mar/2026:01:07:37 +0800] "GET /?goods/228010480 HTTP/1.1" 200 22011 "-" "Mozilla/5.0 (Linux; Android 6.0.1; Nexus 5X Build/MMB29P) AppleWebKit/537.36 (KHTML, like Gecko) Chrome/144.0.7559.132 Mobile Safari/537.36 (compatible; Googlebot/2.1; +http://www.google.com/bot.html)"
74.7.241.59 - - [05/Mar/2026:01:07:36 +0800] "GET /pages.php?detail/190032152930 HTTP/2.0" 200 20723 "https://mipinternational.com/pages.php?detail/190020804518" "Mozilla/5.0 AppleWebKit/537.36 (KHTML, like Gecko; compatible; GPTBot/1.3; +https://openai.com/gptbot)"
123.28.193.199 - - [05/Mar/2026:01:07:52 +0800] "GET /pages.php?jp%2F016047003.html HTTP/1.1" 200 21018 "-" "Mozilla/5.0 (Windows NT 6.1; Win64; x64) AppleWebKit/537.36 (KHTML, like Gecko) Chrome/75.0.3770.100 Safari/537.36"
74.7.241.59 - - [05/Mar/2026:01:07:56 +0800] "GET /pages.php?detail/107037096127 HTTP/2.0" 200 20778 "https://mipinternational.com/pages.php?detail/107037118026" "Mozilla/5.0 AppleWebKit/537.36 (KHTML, like Gecko; compatible; GPTBot/1.3; +https://openai.com/gptbot)"
74.7.241.59 - - [05/Mar/2026:01:07:59 +0800] "GET /pages.php?detail/164031260386 HTTP/2.0" 200 20563 "https://mipinternational.com/pages.php?detail/107037118026" "Mozilla/5.0 AppleWebKit/537.36 (KHTML, like Gecko; compatible; GPTBot/1.3; +https://openai.com/gptbot)"
74.7.241.59 - - [05/Mar/2026:01:08:03 +0800] "GET /pages.php?jp/139043489.html HTTP/2.0" 200 20688 "https://mipinternational.com/pages.php?detail/139043489399" "Mozilla/5.0 AppleWebKit/537.36 (KHTML, like Gecko; compatible; GPTBot/1.3; +https://openai.com/gptbot)"
74.7.241.59 - - [05/Mar/2026:01:08:07 +0800] "GET /pages.php?detail/107047011579 HTTP/2.0" 200 20549 "https://mipinternational.com/pages.php?detail/190032156902" "Mozilla/5.0 AppleWebKit/537.36 (KHTML, like Gecko; compatible; GPTBot/1.3; +https://openai.com/gptbot)"
66.249.64.129 - - [05/Mar/2026:01:08:12 +0800] "GET /?goods/032022565 HTTP/1.1" 200 21092 "-" "Mozilla/5.0 (Linux; Android 6.0.1; Nexus 5X Build/MMB29P) AppleWebKit/537.36 (KHTML, like Gecko) Chrome/144.0.7559.132 Mobile Safari/537.36 (compatible; Googlebot/2.1; +http://www.google.com/bot.html)"
66.249.64.129 - - [05/Mar/2026:01:08:13 +0800] "GET /?detail/120011490618 HTTP/1.1" 200 21435 "-" "Mozilla/5.0 (Linux; Android 6.0.1; Nexus 5X Build/MMB29P) AppleWebKit/537.36 (KHTML, like Gecko) Chrome/144.0.7559.132 Mobile Safari/537.36 (compatible; Googlebot/2.1; +http://www.google.com/bot.html)"
74.7.241.59 - - [05/Mar/2026:01:08:11 +0800] "GET /pages.php?detail/059033762050 HTTP/2.0" 200 20684 "https://mipinternational.com/pages.php?detail/079017038279" "Mozilla/5.0 AppleWebKit/537.36 (KHTML, like Gecko; compatible; GPTBot/1.3; +https://openai.com/gptbot)"
66.249.64.67 - - [05/Mar/2026:01:08:14 +0800] "GET /034016689 HTTP/1.1" 200 20598 "-" "Mozilla/5.0 (Linux; Android 6.0.1; Nexus 5X Build/MMB29P) AppleWebKit/537.36 (KHTML, like Gecko) Chrome/144.0.7559.132 Mobile Safari/537.36 (compatible; Googlebot/2.1; +http://www.google.com/bot.html)"
74.7.241.59 - - [05/Mar/2026:01:08:20 +0800] "GET /pages.php?detail/151034575017 HTTP/2.0" 200 21796 "https://mipinternational.com/pages.php?detail/151009306034" "Mozilla/5.0 AppleWebKit/537.36 (KHTML, like Gecko; compatible; GPTBot/1.3; +https://openai.com/gptbot)"
74.7.241.59 - - [05/Mar/2026:01:08:27 +0800] "GET /pages.php?detail/1010241581898 HTTP/2.0" 200 20556 "http://mipinternational.com" "Mozilla/5.0 AppleWebKit/537.36 (KHTML, like Gecko; compatible; GPTBot/1.3; +https://openai.com/gptbot)"
66.249.64.128 - - [05/Mar/2026:01:08:35 +0800] "GET /?goods/058010744 HTTP/1.1" 200 20674 "-" "Mozilla/5.0 (Linux; Android 6.0.1; Nexus 5X Build/MMB29P) AppleWebKit/537.36 (KHTML, like Gecko) Chrome/144.0.7559.132 Mobile Safari/537.36 (compatible; Googlebot/2.1; +http://www.google.com/bot.html)"
74.7.241.59 - - [05/Mar/2026:01:08:37 +0800] "GET /pages.php?detail/2700390959904 HTTP/2.0" 200 20592 "https://mipinternational.com/pages.php?detail/270005155276" "Mozilla/5.0 AppleWebKit/537.36 (KHTML, like Gecko; compatible; GPTBot/1.3; +https://openai.com/gptbot)"
66.249.64.66 - - [05/Mar/2026:01:08:40 +0800] "GET /products/238hi43542 HTTP/1.1" 200 20843 "-" "Mozilla/5.0 (Linux; Android 6.0.1; Nexus 5X Build/MMB29P) AppleWebKit/537.36 (KHTML, like Gecko) Chrome/144.0.7559.132 Mobile Safari/537.36 (compatible; Googlebot/2.1; +http://www.google.com/bot.html)"
74.7.241.59 - - [05/Mar/2026:01:08:41 +0800] "GET /pages.php?detail/0170150625200 HTTP/2.0" 200 20684 "https://mipinternational.com/pages.php?detail/017004705645" "Mozilla/5.0 AppleWebKit/537.36 (KHTML, like Gecko; compatible; GPTBot/1.3; +https://openai.com/gptbot)"
66.249.64.128 - - [05/Mar/2026:01:08:44 +0800] "GET /?goods/184049025 HTTP/1.1" 200 21340 "-" "Mozilla/5.0 (Linux; Android 6.0.1; Nexus 5X Build/MMB29P) AppleWebKit/537.36 (KHTML, like Gecko) Chrome/144.0.7559.132 Mobile Safari/537.36 (compatible; Googlebot/2.1; +http://www.google.com/bot.html)"
74.7.241.59 - - [05/Mar/2026:01:08:44 +0800] "GET /pages.php?detail/040011891447 HTTP/2.0" 200 20931 "https://mipinternational.com/pages.php?jp/139043489.html" "Mozilla/5.0 AppleWebKit/537.36 (KHTML, like Gecko; compatible; GPTBot/1.3; +https://openai.com/gptbot)"
74.7.241.59 - - [05/Mar/2026:01:08:48 +0800] "GET /pages.php?detail/071011169191 HTTP/2.0" 200 20556 "https://mipinternational.com/pages.php?detail/107047011579" "Mozilla/5.0 AppleWebKit/537.36 (KHTML, like Gecko; compatible; GPTBot/1.3; +https://openai.com/gptbot)"
66.249.64.128 - - [05/Mar/2026:01:08:53 +0800] "GET /?goods/140040430 HTTP/1.1" 200 20888 "-" "Mozilla/5.0 (Linux; Android 6.0.1; Nexus 5X Build/MMB29P) AppleWebKit/537.36 (KHTML, like Gecko) Chrome/144.0.7559.132 Mobile Safari/537.36 (compatible; Googlebot/2.1; +http://www.google.com/bot.html)"
66.249.64.66 - - [05/Mar/2026:01:08:55 +0800] "GET /products/287nn3157 HTTP/1.1" 200 21412 "-" "Mozilla/5.0 (Linux; Android 6.0.1; Nexus 5X Build/MMB29P) AppleWebKit/537.36 (KHTML, like Gecko) Chrome/144.0.7559.132 Mobile Safari/537.36 (compatible; Googlebot/2.1; +http://www.google.com/bot.html)"
74.7.241.59 - - [05/Mar/2026:01:08:51 +0800] "GET /pages.php?detail/139018694899 HTTP/2.0" 200 21547 "https://mipinternational.com/pages.php?jp/139043489.html" "Mozilla/5.0 AppleWebKit/537.36 (KHTML, like Gecko; compatible; GPTBot/1.3; +https://openai.com/gptbot)"
74.7.241.59 - - [05/Mar/2026:01:08:55 +0800] "GET /pages.php?detail/2280221601265 HTTP/2.0" 200 21815 "https://mipinternational.com/pages.php?detail/190032156902" "Mozilla/5.0 AppleWebKit/537.36 (KHTML, like Gecko; compatible; GPTBot/1.3; +https://openai.com/gptbot)"
74.7.241.59 - - [05/Mar/2026:01:08:59 +0800] "GET /pages.php?detail/282034852047 HTTP/2.0" 200 20589 "https://mipinternational.com/pages.php?detail/151034575017" "Mozilla/5.0 AppleWebKit/537.36 (KHTML, like Gecko; compatible; GPTBot/1.3; +https://openai.com/gptbot)"
66.249.64.68 - - [05/Mar/2026:01:09:03 +0800] "GET /products/28yz712 HTTP/1.1" 200 20344 "-" "Mozilla/5.0 (Linux; Android 6.0.1; Nexus 5X Build/MMB29P) AppleWebKit/537.36 (KHTML, like Gecko) Chrome/144.0.7559.132 Mobile Safari/537.36 (compatible; Googlebot/2.1; +http://www.google.com/bot.html)"
74.7.241.59 - - [05/Mar/2026:01:09:03 +0800] "GET /pages.php?detail/052002258278 HTTP/2.0" 200 21089 "http://mipinternational.com" "Mozilla/5.0 AppleWebKit/537.36 (KHTML, like Gecko; compatible; GPTBot/1.3; +https://openai.com/gptbot)"
74.7.241.59 - - [05/Mar/2026:01:09:06 +0800] "GET /pages.php?detail/101017481842 HTTP/2.0" 200 20380 "https://mipinternational.com/pages.php?detail/1010241581898" "Mozilla/5.0 AppleWebKit/537.36 (KHTML, like Gecko; compatible; GPTBot/1.3; +https://openai.com/gptbot)"
74.7.241.59 - - [05/Mar/2026:01:09:10 +0800] "GET /pages.php?detail/044004342340 HTTP/2.0" 200 21122 "http://mipinternational.com" "Mozilla/5.0 AppleWebKit/537.36 (KHTML, like Gecko; compatible; GPTBot/1.3; +https://openai.com/gptbot)"
74.7.241.59 - - [05/Mar/2026:01:09:13 +0800] "GET /pages.php?detail/2180031021293 HTTP/2.0" 200 21036 "http://mipinternational.com" "Mozilla/5.0 AppleWebKit/537.36 (KHTML, like Gecko; compatible; GPTBot/1.3; +https://openai.com/gptbot)"
190.202.3.190 - - [05/Mar/2026:01:09:12 +0800] "GET /pages.php?005000019 HTTP/1.1" 200 20543 "-" "Mozilla/5.0 (Windows NT 6.1; WOW64) AppleWebKit/537.36 (KHTML, like Gecko) Chrome/83.0.4103.116 Safari/537.36 AOLShield/83.0.4103.2"
74.7.241.59 - - [05/Mar/2026:01:09:17 +0800] "GET /pages.php?detail/2610314346462 HTTP/2.0" 200 22050 "https://mipinternational.com/pages.php?detail/210044818423" "Mozilla/5.0 AppleWebKit/537.36 (KHTML, like Gecko; compatible; GPTBot/1.3; +https://openai.com/gptbot)"
74.7.241.59 - - [05/Mar/2026:01:09:24 +0800] "GET /pages.php?jp/084033571.html HTTP/2.0" 200 20574 "https://mipinternational.com/pages.php?goods/269021850" "Mozilla/5.0 AppleWebKit/537.36 (KHTML, like Gecko; compatible; GPTBot/1.3; +https://openai.com/gptbot)"
74.7.241.59 - - [05/Mar/2026:01:09:27 +0800] "GET /pages.php?detail/221013023917 HTTP/2.0" 200 20892 "https://mipinternational.com/pages.php?detail/071011169191" "Mozilla/5.0 AppleWebKit/537.36 (KHTML, like Gecko; compatible; GPTBot/1.3; +https://openai.com/gptbot)"
74.7.241.59 - - [05/Mar/2026:01:09:31 +0800] "GET /pages.php?jp/018026897.html HTTP/2.0" 200 20914 "https://mipinternational.com/pages.php?detail/107037118026" "Mozilla/5.0 AppleWebKit/537.36 (KHTML, like Gecko; compatible; GPTBot/1.3; +https://openai.com/gptbot)"
66.249.64.130 - - [05/Mar/2026:01:09:38 +0800] "GET /?pid=22823623206&channel=photo-publicly-economic&cate_id=8671&page=https://mail.mipinternational.com/select.xhtml?193027678 HTTP/1.1" 200 20874 "-" "Mozilla/5.0 (Linux; Android 6.0.1; Nexus 5X Build/MMB29P) AppleWebKit/537.36 (KHTML, like Gecko) Chrome/144.0.7559.132 Mobile Safari/537.36 (compatible; Googlebot/2.1; +http://www.google.com/bot.html)"
74.7.241.59 - - [05/Mar/2026:01:09:35 +0800] "GET /pages.php?detail/228022155264 HTTP/2.0" 200 20734 "https://mipinternational.com/pages.php?detail/2280221601265" "Mozilla/5.0 AppleWebKit/537.36 (KHTML, like Gecko; compatible; GPTBot/1.3; +https://openai.com/gptbot)"
74.7.241.59 - - [05/Mar/2026:01:09:39 +0800] "GET /pages.php?detail/228022154589 HTTP/2.0" 200 20676 "https://mipinternational.com/pages.php?detail/2280221601265" "Mozilla/5.0 AppleWebKit/537.36 (KHTML, like Gecko; compatible; GPTBot/1.3; +https://openai.com/gptbot)"
74.7.241.59 - - [05/Mar/2026:01:09:43 +0800] "GET /pages.php?detail/154010682409 HTTP/2.0" 200 20942 "https://mipinternational.com/pages.php?detail/052002258278" "Mozilla/5.0 AppleWebKit/537.36 (KHTML, like Gecko; compatible; GPTBot/1.3; +https://openai.com/gptbot)"
74.7.241.59 - - [05/Mar/2026:01:09:47 +0800] "GET /pages.php?detail/014041697664 HTTP/2.0" 200 21254 "https://mipinternational.com/pages.php?detail/101017481842" "Mozilla/5.0 AppleWebKit/537.36 (KHTML, like Gecko; compatible; GPTBot/1.3; +https://openai.com/gptbot)"
74.7.241.59 - - [05/Mar/2026:01:09:51 +0800] "GET /pages.php?detail/052029740770 HTTP/2.0" 200 20956 "https://mipinternational.com/pages.php?detail/052002258278" "Mozilla/5.0 AppleWebKit/537.36 (KHTML, like Gecko; compatible; GPTBot/1.3; +https://openai.com/gptbot)"
74.7.241.59 - - [05/Mar/2026:01:09:54 +0800] "GET /pages.php?detail/2720012348002 HTTP/2.0" 200 20164 "https://mipinternational.com/pages.php?detail/2180031021293" "Mozilla/5.0 AppleWebKit/537.36 (KHTML, like Gecko; compatible; GPTBot/1.3; +https://openai.com/gptbot)"
74.7.241.59 - - [05/Mar/2026:01:09:57 +0800] "GET /pages.php?detail/10802009211152 HTTP/2.0" 200 20926 "https://mipinternational.com/pages.php?detail/2610314346462" "Mozilla/5.0 AppleWebKit/537.36 (KHTML, like Gecko; compatible; GPTBot/1.3; +https://openai.com/gptbot)"
74.7.241.59 - - [05/Mar/2026:01:10:05 +0800] "GET /pages.php?detail/261034961211 HTTP/2.0" 200 20511 "https://mipinternational.com/pages.php?detail/2610314346462" "Mozilla/5.0 AppleWebKit/537.36 (KHTML, like Gecko; compatible; GPTBot/1.3; +https://openai.com/gptbot)"
66.249.64.66 - - [05/Mar/2026:01:10:12 +0800] "GET /products/18tw308 HTTP/1.1" 200 20877 "-" "Mozilla/5.0 (Linux; Android 6.0.1; Nexus 5X Build/MMB29P) AppleWebKit/537.36 (KHTML, like Gecko) Chrome/144.0.7559.132 Mobile Safari/537.36 (compatible; Googlebot/2.1; +http://www.google.com/bot.html)"
74.7.241.59 - - [05/Mar/2026:01:10:09 +0800] "GET /pages.php?detail/008037494820 HTTP/2.0" 200 20775 "https://mipinternational.com/pages.php?detail/2610314346462" "Mozilla/5.0 AppleWebKit/537.36 (KHTML, like Gecko; compatible; GPTBot/1.3; +https://openai.com/gptbot)"
74.7.241.59 - - [05/Mar/2026:01:10:14 +0800] "GET /pages.php?detail/0440043430719 HTTP/2.0" 200 21508 "https://mipinternational.com/pages.php?detail/044004342340" "Mozilla/5.0 AppleWebKit/537.36 (KHTML, like Gecko; compatible; GPTBot/1.3; +https://openai.com/gptbot)"
40.77.167.11 - - [05/Mar/2026:01:10:20 +0800] "GET /?shopbrand=27633563 HTTP/2.0" 200 33 "-" "Mozilla/5.0 AppleWebKit/537.36 (KHTML, like Gecko; compatible; bingbot/2.0; +http://www.bing.com/bingbot.htm) Chrome/116.0.1938.76 Safari/537.36"
74.7.241.59 - - [05/Mar/2026:01:10:17 +0800] "GET /pages.php?detail/2280221511909 HTTP/2.0" 200 20467 "https://mipinternational.com/pages.php?detail/228022155264" "Mozilla/5.0 AppleWebKit/537.36 (KHTML, like Gecko; compatible; GPTBot/1.3; +https://openai.com/gptbot)"
66.249.64.67 - - [05/Mar/2026:01:10:23 +0800] "GET /054000549 HTTP/1.1" 200 20734 "-" "Mozilla/5.0 (Linux; Android 6.0.1; Nexus 5X Build/MMB29P) AppleWebKit/537.36 (KHTML, like Gecko) Chrome/144.0.7559.132 Mobile Safari/537.36 (compatible; Googlebot/2.1; +http://www.google.com/bot.html)"
74.7.241.59 - - [05/Mar/2026:01:10:22 +0800] "GET /pages.php?detail/228025676388 HTTP/2.0" 200 20932 "https://mipinternational.com/pages.php?detail/228022154589" "Mozilla/5.0 AppleWebKit/537.36 (KHTML, like Gecko; compatible; GPTBot/1.3; +https://openai.com/gptbot)"
74.7.241.59 - - [05/Mar/2026:01:10:27 +0800] "GET /pages.php?detail/2820075150787 HTTP/2.0" 200 20869 "https://mipinternational.com/pages.php?detail/282034852047" "Mozilla/5.0 AppleWebKit/537.36 (KHTML, like Gecko; compatible; GPTBot/1.3; +https://openai.com/gptbot)"
74.7.241.59 - - [05/Mar/2026:01:10:35 +0800] "GET /pages.php?detail/249011216744 HTTP/2.0" 200 21181 "https://mipinternational.com/pages.php?detail/052029740770" "Mozilla/5.0 AppleWebKit/537.36 (KHTML, like Gecko; compatible; GPTBot/1.3; +https://openai.com/gptbot)"
66.249.64.129 - - [05/Mar/2026:01:10:41 +0800] "GET /?jp/069000386.html HTTP/1.1" 200 20643 "-" "Mozilla/5.0 (Linux; Android 6.0.1; Nexus 5X Build/MMB29P) AppleWebKit/537.36 (KHTML, like Gecko) Chrome/144.0.7559.132 Mobile Safari/537.36 (compatible; Googlebot/2.1; +http://www.google.com/bot.html)"
74.7.241.59 - - [05/Mar/2026:01:10:42 +0800] "GET /pages.php?detail/0140320186611 HTTP/2.0" 200 20857 "https://mipinternational.com/pages.php?detail/014041697664" "Mozilla/5.0 AppleWebKit/537.36 (KHTML, like Gecko; compatible; GPTBot/1.3; +https://openai.com/gptbot)"
74.7.241.59 - - [05/Mar/2026:01:10:47 +0800] "GET /pages.php?detail/270021858170 HTTP/2.0" 200 20848 "http://mipinternational.com" "Mozilla/5.0 AppleWebKit/537.36 (KHTML, like Gecko; compatible; GPTBot/1.3; +https://openai.com/gptbot)"
74.7.241.59 - - [05/Mar/2026:01:10:50 +0800] "GET /pages.php?detail/0380109790178 HTTP/2.0" 200 21871 "http://mipinternational.com" "Mozilla/5.0 AppleWebKit/537.36 (KHTML, like Gecko; compatible; GPTBot/1.3; +https://openai.com/gptbot)"
74.7.241.59 - - [05/Mar/2026:01:10:53 +0800] "GET /pages.php?detail/148023933244 HTTP/2.0" 200 21738 "https://mipinternational.com/pages.php?detail/008037494820" "Mozilla/5.0 AppleWebKit/537.36 (KHTML, like Gecko; compatible; GPTBot/1.3; +https://openai.com/gptbot)"
74.7.241.59 - - [05/Mar/2026:01:10:56 +0800] "GET /pages.php?detail/167004073075 HTTP/2.0" 200 20348 "https://mipinternational.com/pages.php?detail/0440043430719" "Mozilla/5.0 AppleWebKit/537.36 (KHTML, like Gecko; compatible; GPTBot/1.3; +https://openai.com/gptbot)"
66.249.64.67 - - [05/Mar/2026:01:11:01 +0800] "GET /products/211cc11377 HTTP/1.1" 200 21648 "-" "Mozilla/5.0 (Linux; Android 6.0.1; Nexus 5X Build/MMB29P) AppleWebKit/537.36 (KHTML, like Gecko) Chrome/144.0.7559.132 Mobile Safari/537.36 (compatible; Googlebot/2.1; +http://www.google.com/bot.html)"
74.7.241.59 - - [05/Mar/2026:01:11:02 +0800] "GET /pages.php?detail/2280221615781 HTTP/2.0" 200 20535 "https://mipinternational.com/pages.php?detail/2280221511909" "Mozilla/5.0 AppleWebKit/537.36 (KHTML, like Gecko; compatible; GPTBot/1.3; +https://openai.com/gptbot)"
74.7.241.59 - - [05/Mar/2026:01:11:05 +0800] "GET /pages.php?detail/228022148611 HTTP/2.0" 200 21245 "https://mipinternational.com/pages.php?detail/228025676388" "Mozilla/5.0 AppleWebKit/537.36 (KHTML, like Gecko; compatible; GPTBot/1.3; +https://openai.com/gptbot)"
74.7.241.59 - - [05/Mar/2026:01:11:08 +0800] "GET /pages.php?detail/282006508699 HTTP/2.0" 200 20718 "https://mipinternational.com/pages.php?detail/2820075150787" "Mozilla/5.0 AppleWebKit/537.36 (KHTML, like Gecko; compatible; GPTBot/1.3; +https://openai.com/gptbot)"
74.7.241.59 - - [05/Mar/2026:01:11:11 +0800] "GET /pages.php?detail/195001335512 HTTP/2.0" 200 20447 "https://mipinternational.com/pages.php?detail/228025676388" "Mozilla/5.0 AppleWebKit/537.36 (KHTML, like Gecko; compatible; GPTBot/1.3; +https://openai.com/gptbot)"
74.7.241.59 - - [05/Mar/2026:01:11:15 +0800] "GET /pages.php?detail/144043041299 HTTP/2.0" 200 20712 "https://mipinternational.com/pages.php?detail/249011216744" "Mozilla/5.0 AppleWebKit/537.36 (KHTML, like Gecko; compatible; GPTBot/1.3; +https://openai.com/gptbot)"
74.7.241.59 - - [05/Mar/2026:01:11:25 +0800] "GET /pages.php?detail/013033981920 HTTP/2.0" 200 20514 "https://mipinternational.com/pages.php?detail/270021858170" "Mozilla/5.0 AppleWebKit/537.36 (KHTML, like Gecko; compatible; GPTBot/1.3; +https://openai.com/gptbot)"
74.7.241.59 - - [05/Mar/2026:01:11:29 +0800] "GET /pages.php?detail/038010981900 HTTP/2.0" 200 20999 "https://mipinternational.com/pages.php?detail/0380109790178" "Mozilla/5.0 AppleWebKit/537.36 (KHTML, like Gecko; compatible; GPTBot/1.3; +https://openai.com/gptbot)"
66.249.64.128 - - [05/Mar/2026:01:11:32 +0800] "GET /?goods/255045564 HTTP/1.1" 200 20936 "-" "Mozilla/5.0 (Linux; Android 6.0.1; Nexus 5X Build/MMB29P) AppleWebKit/537.36 (KHTML, like Gecko) Chrome/144.0.7559.132 Mobile Safari/537.36 (compatible; Googlebot/2.1; +http://www.google.com/bot.html)"
74.7.241.59 - - [05/Mar/2026:01:11:33 +0800] "GET /pages.php?detail/2820065520848 HTTP/2.0" 200 20685 "https://mipinternational.com/pages.php?detail/2820075150787" "Mozilla/5.0 AppleWebKit/537.36 (KHTML, like Gecko; compatible; GPTBot/1.3; +https://openai.com/gptbot)"
74.7.241.59 - - [05/Mar/2026:01:11:37 +0800] "GET /pages.php?detail/161001796410 HTTP/2.0" 200 21019 "https://mipinternational.com/pages.php?detail/167004073075" "Mozilla/5.0 AppleWebKit/537.36 (KHTML, like Gecko; compatible; GPTBot/1.3; +https://openai.com/gptbot)"
74.7.241.59 - - [05/Mar/2026:01:11:41 +0800] "GET /pages.php?detail/167031342414 HTTP/2.0" 200 21419 "https://mipinternational.com/pages.php?detail/167004073075" "Mozilla/5.0 AppleWebKit/537.36 (KHTML, like Gecko; compatible; GPTBot/1.3; +https://openai.com/gptbot)"
74.7.241.59 - - [05/Mar/2026:01:11:44 +0800] "GET /pages.php?jp/290029324.html HTTP/2.0" 200 20653 "https://mipinternational.com/pages.php?detail/228022148611" "Mozilla/5.0 AppleWebKit/537.36 (KHTML, like Gecko; compatible; GPTBot/1.3; +https://openai.com/gptbot)"
74.7.241.59 - - [05/Mar/2026:01:11:48 +0800] "GET /pages.php?detail/149039156031 HTTP/2.0" 200 20929 "https://mipinternational.com/pages.php?detail/282006508699" "Mozilla/5.0 AppleWebKit/537.36 (KHTML, like Gecko; compatible; GPTBot/1.3; +https://openai.com/gptbot)"
74.7.241.59 - - [05/Mar/2026:01:11:51 +0800] "GET /pages.php?detail/078032816544 HTTP/2.0" 200 20528 "https://mipinternational.com/pages.php?detail/282006508699" "Mozilla/5.0 AppleWebKit/537.36 (KHTML, like Gecko; compatible; GPTBot/1.3; +https://openai.com/gptbot)"
74.7.241.59 - - [05/Mar/2026:01:11:55 +0800] "GET /pages.php?detail/195001328495 HTTP/2.0" 200 20606 "https://mipinternational.com/pages.php?detail/195001335512" "Mozilla/5.0 AppleWebKit/537.36 (KHTML, like Gecko; compatible; GPTBot/1.3; +https://openai.com/gptbot)"
74.7.241.59 - - [05/Mar/2026:01:12:00 +0800] "GET /pages.php?detail/105044717506 HTTP/2.0" 200 20587 "http://mipinternational.com" "Mozilla/5.0 AppleWebKit/537.36 (KHTML, like Gecko; compatible; GPTBot/1.3; +https://openai.com/gptbot)"
66.249.64.128 - - [05/Mar/2026:01:12:08 +0800] "GET /?goods/120006922 HTTP/1.1" 200 21342 "-" "Mozilla/5.0 (Linux; Android 6.0.1; Nexus 5X Build/MMB29P) AppleWebKit/537.36 (KHTML, like Gecko) Chrome/144.0.7559.132 Mobile Safari/537.36 (compatible; Googlebot/2.1; +http://www.google.com/bot.html)"
74.7.241.59 - - [05/Mar/2026:01:12:08 +0800] "GET /pages.php?detail/013018625139 HTTP/2.0" 200 21335 "https://mipinternational.com/pages.php?detail/013033981920" "Mozilla/5.0 AppleWebKit/537.36 (KHTML, like Gecko; compatible; GPTBot/1.3; +https://openai.com/gptbot)"
74.7.241.59 - - [05/Mar/2026:01:12:12 +0800] "GET /pages.php?detail/013018628513 HTTP/2.0" 200 20982 "https://mipinternational.com/pages.php?detail/013033981920" "Mozilla/5.0 AppleWebKit/537.36 (KHTML, like Gecko; compatible; GPTBot/1.3; +https://openai.com/gptbot)"
74.7.241.59 - - [05/Mar/2026:01:12:19 +0800] "GET /pages.php?detail/2280221670716 HTTP/2.0" 200 20707 "https://mipinternational.com/pages.php?detail/228022148611" "Mozilla/5.0 AppleWebKit/537.36 (KHTML, like Gecko; compatible; GPTBot/1.3; +https://openai.com/gptbot)"
74.7.241.59 - - [05/Mar/2026:01:12:24 +0800] "GET /pages.php?detail/0380109834019 HTTP/2.0" 200 21889 "https://mipinternational.com/pages.php?detail/0380109790178" "Mozilla/5.0 AppleWebKit/537.36 (KHTML, like Gecko; compatible; GPTBot/1.3; +https://openai.com/gptbot)"
66.249.64.128 - - [05/Mar/2026:01:12:30 +0800] "GET /?detail/1200069256784 HTTP/1.1" 200 21358 "-" "Mozilla/5.0 (Linux; Android 6.0.1; Nexus 5X Build/MMB29P) AppleWebKit/537.36 (KHTML, like Gecko) Chrome/144.0.7559.132 Mobile Safari/537.36 (compatible; Googlebot/2.1; +http://www.google.com/bot.html)"
66.249.64.128 - - [05/Mar/2026:01:12:31 +0800] "GET /?jp/148008169.html HTTP/1.1" 200 21113 "-" "Mozilla/5.0 (Linux; Android 6.0.1; Nexus 5X Build/MMB29P) AppleWebKit/537.36 (KHTML, like Gecko) Chrome/144.0.7559.132 Mobile Safari/537.36 (compatible; Googlebot/2.1; +http://www.google.com/bot.html)"
74.7.241.59 - - [05/Mar/2026:01:12:29 +0800] "GET /pages.php?detail/0400379381303 HTTP/2.0" 200 21019 "http://mipinternational.com" "Mozilla/5.0 AppleWebKit/537.36 (KHTML, like Gecko; compatible; GPTBot/1.3; +https://openai.com/gptbot)"
74.7.241.59 - - [05/Mar/2026:01:12:32 +0800] "GET /pages.php?detail/030015195840 HTTP/2.0" 200 20664 "https://mipinternational.com/pages.php?detail/149039156031" "Mozilla/5.0 AppleWebKit/537.36 (KHTML, like Gecko; compatible; GPTBot/1.3; +https://openai.com/gptbot)"
66.249.64.128 - - [05/Mar/2026:01:12:39 +0800] "GET /?goods/077030668 HTTP/1.1" 200 20608 "-" "Mozilla/5.0 (Linux; Android 6.0.1; Nexus 5X Build/MMB29P) AppleWebKit/537.36 (KHTML, like Gecko) Chrome/144.0.7559.132 Mobile Safari/537.36 (compatible; Googlebot/2.1; +http://www.google.com/bot.html)"
74.7.241.59 - - [05/Mar/2026:01:12:37 +0800] "GET /pages.php?detail/0780093729098 HTTP/2.0" 200 20580 "https://mipinternational.com/pages.php?detail/078032816544" "Mozilla/5.0 AppleWebKit/537.36 (KHTML, like Gecko; compatible; GPTBot/1.3; +https://openai.com/gptbot)"
74.7.241.59 - - [05/Mar/2026:01:12:41 +0800] "GET /pages.php?detail/0380109703411 HTTP/2.0" 200 20591 "http://mipinternational.com" "Mozilla/5.0 AppleWebKit/537.36 (KHTML, like Gecko; compatible; GPTBot/1.3; +https://openai.com/gptbot)"
101.53.233.127 - - [05/Mar/2026:01:12:46 +0800] "GET /img/credit/datatables/?fm=true&path=%2Fhome%2Fmip%2Fmip%2Fpublic%2Fimg%2Fcredit%2Fdatatables%2F&rights=3.tar.gz HTTP/1.1" 200 8739 "-" "Mozilla/5.0 (Windows NT 6.1; Win64; x64) AppleWebKit/537.36 (KHTML, like Gecko) Chrome/79.0.3945.117 Safari/537.36"
74.7.241.59 - - [05/Mar/2026:01:12:44 +0800] "GET /pages.php?detail/105044712541 HTTP/2.0" 200 21394 "https://mipinternational.com/pages.php?detail/105044717506" "Mozilla/5.0 AppleWebKit/537.36 (KHTML, like Gecko; compatible; GPTBot/1.3; +https://openai.com/gptbot)"
40.77.167.11 - - [05/Mar/2026:01:12:52 +0800] "GET /?shopbrand=24021908 HTTP/2.0" 200 33 "-" "Mozilla/5.0 AppleWebKit/537.36 (KHTML, like Gecko; compatible; bingbot/2.0; +http://www.bing.com/bingbot.htm) Chrome/116.0.1938.76 Safari/537.36"
74.7.241.59 - - [05/Mar/2026:01:12:51 +0800] "GET /pages.php?detail/0960151643160 HTTP/2.0" 200 20662 "https://mipinternational.com/pages.php?detail/059033762050" "Mozilla/5.0 AppleWebKit/537.36 (KHTML, like Gecko; compatible; GPTBot/1.3; +https://openai.com/gptbot)"
74.7.241.59 - - [05/Mar/2026:01:12:55 +0800] "GET /pages.php?detail/013014637226 HTTP/2.0" 200 21046 "https://mipinternational.com/pages.php?detail/013018628513" "Mozilla/5.0 AppleWebKit/537.36 (KHTML, like Gecko; compatible; GPTBot/1.3; +https://openai.com/gptbot)"
74.7.241.59 - - [05/Mar/2026:01:12:58 +0800] "GET /pages.php?detail/105022557360 HTTP/2.0" 200 20591 "http://mipinternational.com" "Mozilla/5.0 AppleWebKit/537.36 (KHTML, like Gecko; compatible; GPTBot/1.3; +https://openai.com/gptbot)"
66.249.64.129 - - [05/Mar/2026:01:13:02 +0800] "GET /?jp/019050152.html HTTP/1.1" 200 20831 "-" "Mozilla/5.0 (Linux; Android 6.0.1; Nexus 5X Build/MMB29P) AppleWebKit/537.36 (KHTML, like Gecko) Chrome/144.0.7559.132 Mobile Safari/537.36 (compatible; Googlebot/2.1; +http://www.google.com/bot.html)"
66.249.64.128 - - [05/Mar/2026:01:13:02 +0800] "GET /?detail/19402198195546 HTTP/1.1" 200 21278 "-" "Mozilla/5.0 (Linux; Android 6.0.1; Nexus 5X Build/MMB29P) AppleWebKit/537.36 (KHTML, like Gecko) Chrome/144.0.7559.132 Mobile Safari/537.36 (compatible; Googlebot/2.1; +http://www.google.com/bot.html)"
74.7.241.59 - - [05/Mar/2026:01:13:01 +0800] "GET /pages.php?detail/228022147576 HTTP/2.0" 200 21181 "https://mipinternational.com/pages.php?detail/2280221670716" "Mozilla/5.0 AppleWebKit/537.36 (KHTML, like Gecko; compatible; GPTBot/1.3; +https://openai.com/gptbot)"
74.7.241.59 - - [05/Mar/2026:01:13:06 +0800] "GET /pages.php?detail/03801097335805 HTTP/2.0" 200 21862 "https://mipinternational.com/pages.php?detail/0380109834019" "Mozilla/5.0 AppleWebKit/537.36 (KHTML, like Gecko; compatible; GPTBot/1.3; +https://openai.com/gptbot)"
66.249.64.128 - - [05/Mar/2026:01:13:12 +0800] "GET /?goods/277029160 HTTP/1.1" 200 20518 "-" "Mozilla/5.0 (Linux; Android 6.0.1; Nexus 5X Build/MMB29P) AppleWebKit/537.36 (KHTML, like Gecko) Chrome/144.0.7559.132 Mobile Safari/537.36 (compatible; Googlebot/2.1; +http://www.google.com/bot.html)"
74.7.241.59 - - [05/Mar/2026:01:13:11 +0800] "GET /pages.php?detail/102037195222 HTTP/2.0" 200 21664 "https://mipinternational.com/pages.php?detail/0400379381303" "Mozilla/5.0 AppleWebKit/537.36 (KHTML, like Gecko; compatible; GPTBot/1.3; +https://openai.com/gptbot)"
74.7.241.59 - - [05/Mar/2026:01:13:15 +0800] "GET /pages.php?detail/092000284402 HTTP/2.0" 200 21350 "https://mipinternational.com/pages.php?detail/013018628513" "Mozilla/5.0 AppleWebKit/537.36 (KHTML, like Gecko; compatible; GPTBot/1.3; +https://openai.com/gptbot)"
66.249.64.128 - - [05/Mar/2026:01:13:21 +0800] "GET /?goods/260039895 HTTP/1.1" 200 20451 "-" "Mozilla/5.0 (Linux; Android 6.0.1; Nexus 5X Build/MMB29P) AppleWebKit/537.36 (KHTML, like Gecko) Chrome/144.0.7559.132 Mobile Safari/537.36 (compatible; Googlebot/2.1; +http://www.google.com/bot.html)"
66.249.64.66 - - [05/Mar/2026:01:13:23 +0800] "GET /?goods/071007624 HTTP/1.1" 200 20687 "-" "Mozilla/5.0 (Linux; Android 6.0.1; Nexus 5X Build/MMB29P) AppleWebKit/537.36 (KHTML, like Gecko) Chrome/144.0.7559.132 Mobile Safari/537.36 (compatible; Googlebot/2.1; +http://www.google.com/bot.html)"
74.7.241.59 - - [05/Mar/2026:01:13:20 +0800] "GET /pages.php?detail/030015191903 HTTP/2.0" 200 21153 "https://mipinternational.com/pages.php?detail/030015195840" "Mozilla/5.0 AppleWebKit/537.36 (KHTML, like Gecko; compatible; GPTBot/1.3; +https://openai.com/gptbot)"
74.7.241.59 - - [05/Mar/2026:01:13:24 +0800] "GET /pages.php?detail/274014352424 HTTP/2.0" 200 21456 "https://mipinternational.com/pages.php?detail/0380109703411" "Mozilla/5.0 AppleWebKit/537.36 (KHTML, like Gecko; compatible; GPTBot/1.3; +https://openai.com/gptbot)"
66.249.64.128 - - [05/Mar/2026:01:13:30 +0800] "GET /?jp/260039900.html HTTP/1.1" 200 20649 "-" "Mozilla/5.0 (Linux; Android 6.0.1; Nexus 5X Build/MMB29P) AppleWebKit/537.36 (KHTML, like Gecko) Chrome/144.0.7559.132 Mobile Safari/537.36 (compatible; Googlebot/2.1; +http://www.google.com/bot.html)"
74.7.241.59 - - [05/Mar/2026:01:13:28 +0800] "GET /pages.php?detail/105031023349 HTTP/2.0" 200 20757 "https://mipinternational.com/pages.php?detail/105044712541" "Mozilla/5.0 AppleWebKit/537.36 (KHTML, like Gecko; compatible; GPTBot/1.3; +https://openai.com/gptbot)"
74.7.241.59 - - [05/Mar/2026:01:13:31 +0800] "GET /pages.php?detail/040040326150 HTTP/2.0" 200 21918 "http://mipinternational.com" "Mozilla/5.0 AppleWebKit/537.36 (KHTML, like Gecko; compatible; GPTBot/1.3; +https://openai.com/gptbot)"
74.7.241.59 - - [05/Mar/2026:01:13:35 +0800] "GET /pages.php?detail/096015165197 HTTP/2.0" 200 20900 "https://mipinternational.com/pages.php?detail/0960151643160" "Mozilla/5.0 AppleWebKit/537.36 (KHTML, like Gecko; compatible; GPTBot/1.3; +https://openai.com/gptbot)"
74.7.241.59 - - [05/Mar/2026:01:13:39 +0800] "GET /pages.php?detail/013003422824 HTTP/2.0" 200 20585 "https://mipinternational.com/pages.php?detail/013014637226" "Mozilla/5.0 AppleWebKit/537.36 (KHTML, like Gecko; compatible; GPTBot/1.3; +https://openai.com/gptbot)"
74.7.241.59 - - [05/Mar/2026:01:13:42 +0800] "GET /pages.php?detail/032006773870 HTTP/2.0" 200 20763 "https://mipinternational.com/pages.php?detail/105044712541" "Mozilla/5.0 AppleWebKit/537.36 (KHTML, like Gecko; compatible; GPTBot/1.3; +https://openai.com/gptbot)"
74.7.241.59 - - [05/Mar/2026:01:13:46 +0800] "GET /pages.php?detail/0930441244620 HTTP/2.0" 200 20823 "https://mipinternational.com/pages.php?detail/0380109834019" "Mozilla/5.0 AppleWebKit/537.36 (KHTML, like Gecko; compatible; GPTBot/1.3; +https://openai.com/gptbot)"
74.7.241.59 - - [05/Mar/2026:01:13:51 +0800] "GET /pages.php?detail/038010980529 HTTP/2.0" 200 20511 "https://mipinternational.com/pages.php?detail/03801097335805" "Mozilla/5.0 AppleWebKit/537.36 (KHTML, like Gecko; compatible; GPTBot/1.3; +https://openai.com/gptbot)"
74.7.241.59 - - [05/Mar/2026:01:13:55 +0800] "GET /pages.php?detail/014018781983 HTTP/2.0" 200 21643 "https://mipinternational.com/pages.php?detail/102037195222" "Mozilla/5.0 AppleWebKit/537.36 (KHTML, like Gecko; compatible; GPTBot/1.3; +https://openai.com/gptbot)"
74.7.241.59 - - [05/Mar/2026:01:13:58 +0800] "GET /pages.php?jp/160013849.html HTTP/2.0" 200 20813 "https://mipinternational.com/pages.php?detail/0380109834019" "Mozilla/5.0 AppleWebKit/537.36 (KHTML, like Gecko; compatible; GPTBot/1.3; +https://openai.com/gptbot)"
74.7.241.59 - - [05/Mar/2026:01:14:02 +0800] "GET /pages.php?detail/0620191233533 HTTP/2.0" 200 20485 "https://mipinternational.com/pages.php?detail/0380109790178" "Mozilla/5.0 AppleWebKit/537.36 (KHTML, like Gecko; compatible; GPTBot/1.3; +https://openai.com/gptbot)"
74.7.241.59 - - [05/Mar/2026:01:14:07 +0800] "GET /pages.php?detail/274014357878 HTTP/2.0" 200 21571 "https://mipinternational.com/pages.php?detail/274014352424" "Mozilla/5.0 AppleWebKit/537.36 (KHTML, like Gecko; compatible; GPTBot/1.3; +https://openai.com/gptbot)"
66.249.64.129 - - [05/Mar/2026:01:14:13 +0800] "GET /?jp/082023217.html HTTP/1.1" 200 21500 "-" "Mozilla/5.0 (Linux; Android 6.0.1; Nexus 5X Build/MMB29P) AppleWebKit/537.36 (KHTML, like Gecko) Chrome/144.0.7559.132 Mobile Safari/537.36 (compatible; Googlebot/2.1; +http://www.google.com/bot.html)"
66.249.64.130 - - [05/Mar/2026:01:14:14 +0800] "GET /?jp/065013331.html HTTP/1.1" 200 20353 "-" "Mozilla/5.0 (Linux; Android 6.0.1; Nexus 5X Build/MMB29P) AppleWebKit/537.36 (KHTML, like Gecko) Chrome/144.0.7559.132 Mobile Safari/537.36 (compatible; Googlebot/2.1; +http://www.google.com/bot.html)"
74.7.241.59 - - [05/Mar/2026:01:14:12 +0800] "GET /pages.php?detail/1050310254035 HTTP/2.0" 200 20484 "https://mipinternational.com/pages.php?detail/105031023349" "Mozilla/5.0 AppleWebKit/537.36 (KHTML, like Gecko; compatible; GPTBot/1.3; +https://openai.com/gptbot)"
74.7.241.59 - - [05/Mar/2026:01:14:15 +0800] "GET /pages.php?detail/1080317808995 HTTP/2.0" 200 20956 "https://mipinternational.com/pages.php?detail/10802009211152" "Mozilla/5.0 AppleWebKit/537.36 (KHTML, like Gecko; compatible; GPTBot/1.3; +https://openai.com/gptbot)"
74.7.241.59 - - [05/Mar/2026:01:14:19 +0800] "GET /pages.php?detail/2070165862601 HTTP/2.0" 200 21471 "https://mipinternational.com/pages.php?detail/282034852047" "Mozilla/5.0 AppleWebKit/537.36 (KHTML, like Gecko; compatible; GPTBot/1.3; +https://openai.com/gptbot)"
74.7.241.59 - - [05/Mar/2026:01:14:24 +0800] "GET /pages.php?detail/141004416169 HTTP/2.0" 200 20367 "https://mipinternational.com/pages.php?detail/013003422824" "Mozilla/5.0 AppleWebKit/537.36 (KHTML, like Gecko; compatible; GPTBot/1.3; +https://openai.com/gptbot)"
74.7.241.59 - - [05/Mar/2026:01:14:28 +0800] "GET /pages.php?detail/0310250990725 HTTP/2.0" 200 20671 "https://mipinternational.com/pages.php?detail/127027956902" "Mozilla/5.0 AppleWebKit/537.36 (KHTML, like Gecko; compatible; GPTBot/1.3; +https://openai.com/gptbot)"
74.7.241.59 - - [05/Mar/2026:01:14:32 +0800] "GET /pages.php?detail/2820104382336 HTTP/2.0" 200 20365 "https://mipinternational.com/pages.php?detail/2820065520848" "Mozilla/5.0 AppleWebKit/537.36 (KHTML, like Gecko; compatible; GPTBot/1.3; +https://openai.com/gptbot)"
74.7.241.59 - - [05/Mar/2026:01:14:35 +0800] "GET /pages.php?detail/1060360744386 HTTP/2.0" 200 20500 "https://mipinternational.com/pages.php?detail/0370225125227" "Mozilla/5.0 AppleWebKit/537.36 (KHTML, like Gecko; compatible; GPTBot/1.3; +https://openai.com/gptbot)"
74.7.241.59 - - [05/Mar/2026:01:14:39 +0800] "GET /pages.php?detail/245043124524 HTTP/2.0" 200 21898 "https://mipinternational.com/pages.php?detail/014018781983" "Mozilla/5.0 AppleWebKit/537.36 (KHTML, like Gecko; compatible; GPTBot/1.3; +https://openai.com/gptbot)"
74.7.241.59 - - [05/Mar/2026:01:14:46 +0800] "GET /pages.php?detail/0790413416410 HTTP/2.0" 200 21403 "https://mipinternational.com/pages.php?detail/079017038279" "Mozilla/5.0 AppleWebKit/537.36 (KHTML, like Gecko; compatible; GPTBot/1.3; +https://openai.com/gptbot)"
66.249.64.68 - - [05/Mar/2026:01:14:49 +0800] "GET /?shopbrand=110094661 HTTP/1.1" 200 20776 "-" "Mozilla/5.0 (Linux; Android 6.0.1; Nexus 5X Build/MMB29P) AppleWebKit/537.36 (KHTML, like Gecko) Chrome/144.0.7559.132 Mobile Safari/537.36 (compatible; Googlebot/2.1; +http://www.google.com/bot.html)"
66.249.64.128 - - [05/Mar/2026:01:14:49 +0800] "GET /?goods/066018322 HTTP/1.1" 200 21190 "-" "Mozilla/5.0 (Linux; Android 6.0.1; Nexus 5X Build/MMB29P) AppleWebKit/537.36 (KHTML, like Gecko) Chrome/144.0.7559.132 Mobile Safari/537.36 (compatible; Googlebot/2.1; +http://www.google.com/bot.html)"
74.7.241.59 - - [05/Mar/2026:01:14:52 +0800] "GET /pages.php?detail/04301727530144 HTTP/2.0" 200 21265 "https://mipinternational.com/pages.php?detail/1050310254035" "Mozilla/5.0 AppleWebKit/537.36 (KHTML, like Gecko; compatible; GPTBot/1.3; +https://openai.com/gptbot)"
74.7.241.59 - - [05/Mar/2026:01:14:56 +0800] "GET /pages.php?detail/240047717679 HTTP/2.0" 200 20644 "https://mipinternational.com/pages.php?detail/1050310254035" "Mozilla/5.0 AppleWebKit/537.36 (KHTML, like Gecko; compatible; GPTBot/1.3; +https://openai.com/gptbot)"
74.7.241.59 - - [05/Mar/2026:01:15:00 +0800] "GET /pages.php?detail/207018241470 HTTP/2.0" 200 21156 "https://mipinternational.com/pages.php?detail/2070165862601" "Mozilla/5.0 AppleWebKit/537.36 (KHTML, like Gecko; compatible; GPTBot/1.3; +https://openai.com/gptbot)"
74.7.241.59 - - [05/Mar/2026:01:15:04 +0800] "GET /pages.php?detail/207018239074 HTTP/2.0" 200 20558 "https://mipinternational.com/pages.php?detail/2070165862601" "Mozilla/5.0 AppleWebKit/537.36 (KHTML, like Gecko; compatible; GPTBot/1.3; +https://openai.com/gptbot)"
74.7.241.59 - - [05/Mar/2026:01:15:08 +0800] "GET /pages.php?detail/152028948933 HTTP/2.0" 200 19877 "https://mipinternational.com/pages.php?detail/0310250990725" "Mozilla/5.0 AppleWebKit/537.36 (KHTML, like Gecko; compatible; GPTBot/1.3; +https://openai.com/gptbot)"
74.7.241.59 - - [05/Mar/2026:01:15:12 +0800] "GET /pages.php?detail/1410044134978 HTTP/2.0" 200 20240 "https://mipinternational.com/pages.php?detail/141004416169" "Mozilla/5.0 AppleWebKit/537.36 (KHTML, like Gecko; compatible; GPTBot/1.3; +https://openai.com/gptbot)"
74.7.241.59 - - [05/Mar/2026:01:15:17 +0800] "GET /pages.php?detail/106044643659 HTTP/2.0" 200 20673 "https://mipinternational.com/pages.php?detail/1060360744386" "Mozilla/5.0 AppleWebKit/537.36 (KHTML, like Gecko; compatible; GPTBot/1.3; +https://openai.com/gptbot)"
74.7.241.59 - - [05/Mar/2026:01:15:21 +0800] "GET /pages.php?detail/2060370472721 HTTP/2.0" 200 20579 "https://mipinternational.com/pages.php?detail/206022830424" "Mozilla/5.0 AppleWebKit/537.36 (KHTML, like Gecko; compatible; GPTBot/1.3; +https://openai.com/gptbot)"
66.249.64.128 - - [05/Mar/2026:01:15:30 +0800] "GET /?goods/122042031 HTTP/1.1" 200 20478 "-" "Mozilla/5.0 (Linux; Android 6.0.1; Nexus 5X Build/MMB29P) AppleWebKit/537.36 (KHTML, like Gecko) Chrome/144.0.7559.132 Mobile Safari/537.36 (compatible; Googlebot/2.1; +http://www.google.com/bot.html)"
66.249.64.129 - - [05/Mar/2026:01:15:31 +0800] "GET /?goods/187036102 HTTP/1.1" 200 21466 "-" "Mozilla/5.0 (Linux; Android 6.0.1; Nexus 5X Build/MMB29P) AppleWebKit/537.36 (KHTML, like Gecko) Chrome/144.0.7559.132 Mobile Safari/537.36 (compatible; Googlebot/2.1; +http://www.google.com/bot.html)"
74.7.241.59 - - [05/Mar/2026:01:15:29 +0800] "GET /pages.php?detail/2720303428104 HTTP/2.0" 200 20669 "https://mipinternational.com/pages.php?detail/2280221670716" "Mozilla/5.0 AppleWebKit/537.36 (KHTML, like Gecko; compatible; GPTBot/1.3; +https://openai.com/gptbot)"
74.7.241.59 - - [05/Mar/2026:01:15:37 +0800] "GET /pages.php?detail/0810141273481 HTTP/2.0" 200 20841 "https://mipinternational.com/pages.php?detail/081019296491" "Mozilla/5.0 AppleWebKit/537.36 (KHTML, like Gecko; compatible; GPTBot/1.3; +https://openai.com/gptbot)"
74.7.241.59 - - [05/Mar/2026:01:15:41 +0800] "GET /pages.php?detail/180019474130 HTTP/2.0" 200 20505 "https://mipinternational.com/pages.php?detail/240047717679" "Mozilla/5.0 AppleWebKit/537.36 (KHTML, like Gecko; compatible; GPTBot/1.3; +https://openai.com/gptbot)"
74.7.241.59 - - [05/Mar/2026:01:15:44 +0800] "GET /pages.php?detail/229034274634 HTTP/2.0" 200 20709 "https://mipinternational.com/pages.php?detail/207018241470" "Mozilla/5.0 AppleWebKit/537.36 (KHTML, like Gecko; compatible; GPTBot/1.3; +https://openai.com/gptbot)"
74.7.241.59 - - [05/Mar/2026:01:15:47 +0800] "GET /pages.php?detail/080027709205 HTTP/2.0" 200 20726 "https://mipinternational.com/pages.php?detail/207018239074" "Mozilla/5.0 AppleWebKit/537.36 (KHTML, like Gecko; compatible; GPTBot/1.3; +https://openai.com/gptbot)"
74.7.241.59 - - [05/Mar/2026:01:15:50 +0800] "GET /pages.php?detail/2070182506202 HTTP/2.0" 200 21118 "https://mipinternational.com/pages.php?detail/207018241470" "Mozilla/5.0 AppleWebKit/537.36 (KHTML, like Gecko; compatible; GPTBot/1.3; +https://openai.com/gptbot)"
74.7.241.59 - - [05/Mar/2026:01:15:53 +0800] "GET /pages.php?jp/013045291.html HTTP/2.0" 200 19970 "https://mipinternational.com/pages.php?detail/1410044134978" "Mozilla/5.0 AppleWebKit/537.36 (KHTML, like Gecko; compatible; GPTBot/1.3; +https://openai.com/gptbot)"
74.7.241.59 - - [05/Mar/2026:01:15:56 +0800] "GET /pages.php?detail/047009181619 HTTP/2.0" 200 21150 "https://mipinternational.com/pages.php?detail/106044643659" "Mozilla/5.0 AppleWebKit/537.36 (KHTML, like Gecko; compatible; GPTBot/1.3; +https://openai.com/gptbot)"
74.7.241.59 - - [05/Mar/2026:01:16:00 +0800] "GET /pages.php?jp/206037055.html HTTP/2.0" 200 20692 "https://mipinternational.com/pages.php?detail/2060370472721" "Mozilla/5.0 AppleWebKit/537.36 (KHTML, like Gecko; compatible; GPTBot/1.3; +https://openai.com/gptbot)"
74.7.241.59 - - [05/Mar/2026:01:16:03 +0800] "GET /pages.php?detail/022024811991 HTTP/2.0" 200 20886 "https://mipinternational.com/pages.php?detail/2060370472721" "Mozilla/5.0 AppleWebKit/537.36 (KHTML, like Gecko; compatible; GPTBot/1.3; +https://openai.com/gptbot)"
74.7.241.59 - - [05/Mar/2026:01:16:08 +0800] "GET /pages.php?detail/272003640376 HTTP/2.0" 200 21128 "https://mipinternational.com/pages.php?detail/2720303428104" "Mozilla/5.0 AppleWebKit/537.36 (KHTML, like Gecko; compatible; GPTBot/1.3; +https://openai.com/gptbot)"
74.7.241.59 - - [05/Mar/2026:01:16:16 +0800] "GET /pages.php?detail/282048440069 HTTP/2.0" 200 20498 "https://mipinternational.com/pages.php?detail/0810141273481" "Mozilla/5.0 AppleWebKit/537.36 (KHTML, like Gecko; compatible; GPTBot/1.3; +https://openai.com/gptbot)"
74.7.241.59 - - [05/Mar/2026:01:16:19 +0800] "GET /pages.php?detail/059000026859 HTTP/2.0" 200 21300 "https://mipinternational.com/pages.php?detail/207018241470" "Mozilla/5.0 AppleWebKit/537.36 (KHTML, like Gecko; compatible; GPTBot/1.3; +https://openai.com/gptbot)"
74.7.241.59 - - [05/Mar/2026:01:16:23 +0800] "GET /pages.php?detail/2820409501540 HTTP/2.0" 200 20588 "https://mipinternational.com/pages.php?detail/2820104382336" "Mozilla/5.0 AppleWebKit/537.36 (KHTML, like Gecko; compatible; GPTBot/1.3; +https://openai.com/gptbot)"
123.31.136.15 - - [05/Mar/2026:01:16:27 +0800] "GET /9753351 HTTP/1.1" 500 115 "-" "Mozilla/5.0 (Windows NT 6.3; Win64; x64) AppleWebKit/537.36 (KHTML, like Gecko) Chrome/100.0.3478.83 Safari/537.36"
74.7.241.59 - - [05/Mar/2026:01:16:27 +0800] "GET /pages.php?detail/233021931307 HTTP/2.0" 200 21471 "https://mipinternational.com/pages.php?detail/080027709205" "Mozilla/5.0 AppleWebKit/537.36 (KHTML, like Gecko; compatible; GPTBot/1.3; +https://openai.com/gptbot)"
66.249.64.66 - - [05/Mar/2026:01:16:32 +0800] "GET /?goods/238027548 HTTP/1.1" 200 21282 "-" "Mozilla/5.0 (Linux; Android 6.0.1; Nexus 5X Build/MMB29P) AppleWebKit/537.36 (KHTML, like Gecko) Chrome/144.0.7559.132 Mobile Safari/537.36 (compatible; Googlebot/2.1; +http://www.google.com/bot.html)"
66.249.64.68 - - [05/Mar/2026:01:16:33 +0800] "GET /secure-depo-wqlexczul6k7d6zb7ly7o65gle-sdp-1 HTTP/1.1" 200 21310 "-" "Mozilla/5.0 (Linux; Android 6.0.1; Nexus 5X Build/MMB29P) AppleWebKit/537.36 (KHTML, like Gecko) Chrome/144.0.7559.132 Mobile Safari/537.36 (compatible; Googlebot/2.1; +http://www.google.com/bot.html)"
66.249.64.130 - - [05/Mar/2026:01:16:34 +0800] "GET /?detail/222021628796 HTTP/1.1" 200 20286 "-" "Mozilla/5.0 (Linux; Android 6.0.1; Nexus 5X Build/MMB29P) AppleWebKit/537.36 (KHTML, like Gecko) Chrome/144.0.7559.132 Mobile Safari/537.36 (compatible; Googlebot/2.1; +http://www.google.com/bot.html)"
74.7.241.59 - - [05/Mar/2026:01:16:34 +0800] "GET /pages.php?goods/011006495 HTTP/2.0" 200 20805 "https://mipinternational.com/pages.php?jp/013045291.html" "Mozilla/5.0 AppleWebKit/537.36 (KHTML, like Gecko; compatible; GPTBot/1.3; +https://openai.com/gptbot)"
74.7.241.59 - - [05/Mar/2026:01:16:37 +0800] "GET /pages.php?detail/193012412930 HTTP/2.0" 200 20392 "https://mipinternational.com/pages.php?detail/047009181619" "Mozilla/5.0 AppleWebKit/537.36 (KHTML, like Gecko; compatible; GPTBot/1.3; +https://openai.com/gptbot)"
74.7.241.59 - - [05/Mar/2026:01:16:47 +0800] "GET /pages.php?detail/094010877279 HTTP/2.0" 200 20597 "https://mipinternational.com/pages.php?detail/022024811991" "Mozilla/5.0 AppleWebKit/537.36 (KHTML, like Gecko; compatible; GPTBot/1.3; +https://openai.com/gptbot)"
74.7.241.59 - - [05/Mar/2026:01:16:52 +0800] "GET /pages.php?detail/037043947046 HTTP/2.0" 200 21113 "https://mipinternational.com/pages.php?detail/272003640376" "Mozilla/5.0 AppleWebKit/537.36 (KHTML, like Gecko; compatible; GPTBot/1.3; +https://openai.com/gptbot)"
74.7.241.59 - - [05/Mar/2026:01:16:59 +0800] "GET /pages.php?detail/0280247164070 HTTP/2.0" 200 21941 "https://mipinternational.com/pages.php?detail/272003640376" "Mozilla/5.0 AppleWebKit/537.36 (KHTML, like Gecko; compatible; GPTBot/1.3; +https://openai.com/gptbot)"
74.7.241.59 - - [05/Mar/2026:01:17:04 +0800] "GET /pages.php?detail/0370307664712 HTTP/2.0" 200 21250 "https://mipinternational.com/pages.php?detail/037012332261" "Mozilla/5.0 AppleWebKit/537.36 (KHTML, like Gecko; compatible; GPTBot/1.3; +https://openai.com/gptbot)"
66.249.64.129 - - [05/Mar/2026:01:17:08 +0800] "GET /?goods/082030043 HTTP/1.1" 200 21509 "-" "Mozilla/5.0 (Linux; Android 6.0.1; Nexus 5X Build/MMB29P) AppleWebKit/537.36 (KHTML, like Gecko) Chrome/144.0.7559.132 Mobile Safari/537.36 (compatible; Googlebot/2.1; +http://www.google.com/bot.html)"
