74.7.241.59 - - [04/Mar/2026:23:51:50 +0800] "GET /pages.php?detail/110017737711 HTTP/2.0" 200 20797 "https://mipinternational.com/pages.php?detail/147035235477" "Mozilla/5.0 AppleWebKit/537.36 (KHTML, like Gecko; compatible; GPTBot/1.3; +https://openai.com/gptbot)"
66.249.64.128 - - [04/Mar/2026:23:51:58 +0800] "GET /?goods/019021310 HTTP/1.1" 200 21286 "-" "Mozilla/5.0 (Linux; Android 6.0.1; Nexus 5X Build/MMB29P) AppleWebKit/537.36 (KHTML, like Gecko) Chrome/144.0.7559.132 Mobile Safari/537.36 (compatible; Googlebot/2.1; +http://www.google.com/bot.html)"
74.7.241.59 - - [04/Mar/2026:23:51:54 +0800] "GET /pages.php?detail/051038381403 HTTP/2.0" 200 20668 "https://mipinternational.com/pages.php?detail/051033156996" "Mozilla/5.0 AppleWebKit/537.36 (KHTML, like Gecko; compatible; GPTBot/1.3; +https://openai.com/gptbot)"
74.7.241.59 - - [04/Mar/2026:23:51:58 +0800] "GET /pages.php?detail/2920317727791 HTTP/2.0" 200 20631 "https://mipinternational.com/pages.php?detail/292021633828" "Mozilla/5.0 AppleWebKit/537.36 (KHTML, like Gecko; compatible; GPTBot/1.3; +https://openai.com/gptbot)"
74.7.241.59 - - [04/Mar/2026:23:52:02 +0800] "GET /pages.php?detail/2880088303634 HTTP/2.0" 200 20475 "https://mipinternational.com/pages.php?goods/288019174" "Mozilla/5.0 AppleWebKit/537.36 (KHTML, like Gecko; compatible; GPTBot/1.3; +https://openai.com/gptbot)"
74.7.241.59 - - [04/Mar/2026:23:52:06 +0800] "GET /pages.php?detail/267000181360 HTTP/2.0" 200 20639 "https://mipinternational.com/pages.php?detail/267040728428" "Mozilla/5.0 AppleWebKit/537.36 (KHTML, like Gecko; compatible; GPTBot/1.3; +https://openai.com/gptbot)"
74.7.241.59 - - [04/Mar/2026:23:52:11 +0800] "GET /pages.php?detail/1050129280212 HTTP/2.0" 200 20261 "https://mipinternational.com/pages.php?goods/005014211" "Mozilla/5.0 AppleWebKit/537.36 (KHTML, like Gecko; compatible; GPTBot/1.3; +https://openai.com/gptbot)"
74.7.241.59 - - [04/Mar/2026:23:52:14 +0800] "GET /pages.php?detail/005037027298 HTTP/2.0" 200 20989 "https://mipinternational.com/pages.php?detail/005004246598" "Mozilla/5.0 AppleWebKit/537.36 (KHTML, like Gecko; compatible; GPTBot/1.3; +https://openai.com/gptbot)"
74.7.241.59 - - [04/Mar/2026:23:52:18 +0800] "GET /pages.php?detail/0510198557805 HTTP/2.0" 200 21218 "https://mipinternational.com/pages.php?detail/051014486551" "Mozilla/5.0 AppleWebKit/537.36 (KHTML, like Gecko; compatible; GPTBot/1.3; +https://openai.com/gptbot)"
74.7.241.59 - - [04/Mar/2026:23:52:21 +0800] "GET /pages.php?detail/1100410570966 HTTP/2.0" 200 20597 "https://mipinternational.com/pages.php?detail/161022297228" "Mozilla/5.0 AppleWebKit/537.36 (KHTML, like Gecko; compatible; GPTBot/1.3; +https://openai.com/gptbot)"
74.7.241.59 - - [04/Mar/2026:23:52:25 +0800] "GET /pages.php?detail/113033460486 HTTP/2.0" 200 20588 "https://mipinternational.com/pages.php?jp/113033460.html" "Mozilla/5.0 AppleWebKit/537.36 (KHTML, like Gecko; compatible; GPTBot/1.3; +https://openai.com/gptbot)"
66.249.64.129 - - [04/Mar/2026:23:52:29 +0800] "GET /?goods/300049932 HTTP/1.1" 200 20529 "-" "Mozilla/5.0 (Linux; Android 6.0.1; Nexus 5X Build/MMB29P) AppleWebKit/537.36 (KHTML, like Gecko) Chrome/144.0.7559.132 Mobile Safari/537.36 (compatible; Googlebot/2.1; +http://www.google.com/bot.html)"
74.7.241.59 - - [04/Mar/2026:23:52:32 +0800] "GET /pages.php?detail/1100217200148 HTTP/2.0" 200 20963 "https://mipinternational.com/pages.php?detail/110017737711" "Mozilla/5.0 AppleWebKit/537.36 (KHTML, like Gecko; compatible; GPTBot/1.3; +https://openai.com/gptbot)"
74.7.241.59 - - [04/Mar/2026:23:52:36 +0800] "GET /pages.php?detail/051023221068 HTTP/2.0" 200 21050 "https://mipinternational.com/pages.php?detail/051038381403" "Mozilla/5.0 AppleWebKit/537.36 (KHTML, like Gecko; compatible; GPTBot/1.3; +https://openai.com/gptbot)"
66.249.64.66 - - [04/Mar/2026:23:52:42 +0800] "GET /products/8ca384 HTTP/1.1" 200 20953 "-" "Mozilla/5.0 (Linux; Android 6.0.1; Nexus 5X Build/MMB29P) AppleWebKit/537.36 (KHTML, like Gecko) Chrome/144.0.7559.132 Mobile Safari/537.36 (compatible; Googlebot/2.1; +http://www.google.com/bot.html)"
74.7.241.59 - - [04/Mar/2026:23:52:40 +0800] "GET /pages.php?detail/051023357102 HTTP/2.0" 200 20955 "https://mipinternational.com/pages.php?detail/051038381403" "Mozilla/5.0 AppleWebKit/537.36 (KHTML, like Gecko; compatible; GPTBot/1.3; +https://openai.com/gptbot)"
179.26.36.193 - - [04/Mar/2026:23:52:41 +0800] "GET /pages.php?m279001960 HTTP/1.1" 200 20250 "-" "Mozilla/5.0 (Macintosh; Intel Mac OS X 10_7_3) AppleWebKit/537.36 (KHTML, like Gecko, Mediapartners-Google) Chrome/89.0.4389.93 Safari/537.36"
74.7.241.59 - - [04/Mar/2026:23:52:44 +0800] "GET /pages.php?detail/151016813048 HTTP/2.0" 200 20519 "https://mipinternational.com/pages.php?detail/051038381403" "Mozilla/5.0 AppleWebKit/537.36 (KHTML, like Gecko; compatible; GPTBot/1.3; +https://openai.com/gptbot)"
74.7.241.59 - - [04/Mar/2026:23:52:48 +0800] "GET /pages.php?detail/2500430543730 HTTP/2.0" 200 20520 "https://mipinternational.com/pages.php?detail/240026206442" "Mozilla/5.0 AppleWebKit/537.36 (KHTML, like Gecko; compatible; GPTBot/1.3; +https://openai.com/gptbot)"
74.7.241.59 - - [04/Mar/2026:23:52:51 +0800] "GET /pages.php?detail/1200179152797 HTTP/2.0" 200 20994 "https://mipinternational.com/pages.php?detail/120023013462" "Mozilla/5.0 AppleWebKit/537.36 (KHTML, like Gecko; compatible; GPTBot/1.3; +https://openai.com/gptbot)"
74.7.241.59 - - [04/Mar/2026:23:52:55 +0800] "GET /pages.php?detail/0200171856208 HTTP/2.0" 200 21259 "https://mipinternational.com/pages.php?detail/005037027298" "Mozilla/5.0 AppleWebKit/537.36 (KHTML, like Gecko; compatible; GPTBot/1.3; +https://openai.com/gptbot)"
74.7.241.59 - - [04/Mar/2026:23:52:58 +0800] "GET /pages.php?detail/0860059187008 HTTP/2.0" 200 20756 "https://mipinternational.com/pages.php?detail/288008829397" "Mozilla/5.0 AppleWebKit/537.36 (KHTML, like Gecko; compatible; GPTBot/1.3; +https://openai.com/gptbot)"
66.249.64.129 - - [04/Mar/2026:23:53:01 +0800] "GET /?goods/121001216 HTTP/1.1" 200 21472 "-" "Mozilla/5.0 (Linux; Android 6.0.1; Nexus 5X Build/MMB29P) AppleWebKit/537.36 (KHTML, like Gecko) Chrome/144.0.7559.132 Mobile Safari/537.36 (compatible; Googlebot/2.1; +http://www.google.com/bot.html)"
66.249.64.129 - - [04/Mar/2026:23:53:02 +0800] "GET /?goods/194020693 HTTP/1.1" 200 21517 "-" "Mozilla/5.0 (Linux; Android 6.0.1; Nexus 5X Build/MMB29P) AppleWebKit/537.36 (KHTML, like Gecko) Chrome/144.0.7559.132 Mobile Safari/537.36 (compatible; Googlebot/2.1; +http://www.google.com/bot.html)"
74.7.241.59 - - [04/Mar/2026:23:53:00 +0800] "GET /pages.php?goods/024032057 HTTP/2.0" 200 21277 "https://mipinternational.com/pages.php?detail/1100410570966" "Mozilla/5.0 AppleWebKit/537.36 (KHTML, like Gecko; compatible; GPTBot/1.3; +https://openai.com/gptbot)"
66.249.64.129 - - [04/Mar/2026:23:53:03 +0800] "GET /products/220zf37132 HTTP/1.1" 200 20667 "-" "Mozilla/5.0 (Linux; Android 6.0.1; Nexus 5X Build/MMB29P) AppleWebKit/537.36 (KHTML, like Gecko) Chrome/144.0.7559.132 Mobile Safari/537.36 (compatible; Googlebot/2.1; +http://www.google.com/bot.html)"
74.7.241.59 - - [04/Mar/2026:23:53:03 +0800] "GET /pages.php?detail/2880088312186 HTTP/2.0" 200 20613 "https://mipinternational.com/pages.php?goods/288019174" "Mozilla/5.0 AppleWebKit/537.36 (KHTML, like Gecko; compatible; GPTBot/1.3; +https://openai.com/gptbot)"
74.7.241.59 - - [04/Mar/2026:23:53:10 +0800] "GET /pages.php?detail/110013657701 HTTP/2.0" 200 20404 "https://mipinternational.com/pages.php?detail/1100217200148" "Mozilla/5.0 AppleWebKit/537.36 (KHTML, like Gecko; compatible; GPTBot/1.3; +https://openai.com/gptbot)"
66.249.64.128 - - [04/Mar/2026:23:53:21 +0800] "GET /?jp/143043638.html HTTP/1.1" 200 20825 "-" "Mozilla/5.0 (Linux; Android 6.0.1; Nexus 5X Build/MMB29P) AppleWebKit/537.36 (KHTML, like Gecko) Chrome/144.0.7559.132 Mobile Safari/537.36 (compatible; Googlebot/2.1; +http://www.google.com/bot.html)"
74.7.241.59 - - [04/Mar/2026:23:53:20 +0800] "GET /pages.php?detail/151007937555 HTTP/2.0" 200 20527 "https://mipinternational.com/pages.php?detail/151016813048" "Mozilla/5.0 AppleWebKit/537.36 (KHTML, like Gecko; compatible; GPTBot/1.3; +https://openai.com/gptbot)"
74.7.241.59 - - [04/Mar/2026:23:53:24 +0800] "GET /pages.php?detail/2890098485598 HTTP/2.0" 200 20516 "https://mipinternational.com/pages.php?detail/289032330214" "Mozilla/5.0 AppleWebKit/537.36 (KHTML, like Gecko; compatible; GPTBot/1.3; +https://openai.com/gptbot)"
66.249.64.128 - - [04/Mar/2026:23:53:29 +0800] "GET /?goods/273012013 HTTP/1.1" 200 21018 "-" "Mozilla/5.0 (Linux; Android 6.0.1; Nexus 5X Build/MMB29P) AppleWebKit/537.36 (KHTML, like Gecko) Chrome/144.0.7559.132 Mobile Safari/537.36 (compatible; Googlebot/2.1; +http://www.google.com/bot.html)"
74.7.241.59 - - [04/Mar/2026:23:53:27 +0800] "GET /pages.php?detail/037004437841 HTTP/2.0" 200 20807 "https://mipinternational.com/pages.php?detail/1200179152797" "Mozilla/5.0 AppleWebKit/537.36 (KHTML, like Gecko; compatible; GPTBot/1.3; +https://openai.com/gptbot)"
74.7.241.59 - - [04/Mar/2026:23:53:31 +0800] "GET /pages.php?jp/020017183.html HTTP/2.0" 200 20750 "https://mipinternational.com/pages.php?detail/0200171856208" "Mozilla/5.0 AppleWebKit/537.36 (KHTML, like Gecko; compatible; GPTBot/1.3; +https://openai.com/gptbot)"
74.7.241.59 - - [04/Mar/2026:23:53:35 +0800] "GET /pages.php?detail/020017181715 HTTP/2.0" 200 20652 "https://mipinternational.com/pages.php?detail/0200171856208" "Mozilla/5.0 AppleWebKit/537.36 (KHTML, like Gecko; compatible; GPTBot/1.3; +https://openai.com/gptbot)"
74.7.241.59 - - [04/Mar/2026:23:53:37 +0800] "GET /pages.php?detail/024032057852 HTTP/2.0" 200 21328 "https://mipinternational.com/pages.php?goods/024032057" "Mozilla/5.0 AppleWebKit/537.36 (KHTML, like Gecko; compatible; GPTBot/1.3; +https://openai.com/gptbot)"
74.7.241.59 - - [04/Mar/2026:23:53:42 +0800] "GET /pages.php?detail/191001680454 HTTP/2.0" 200 21128 "https://mipinternational.com/pages.php?detail/0860059187008" "Mozilla/5.0 AppleWebKit/537.36 (KHTML, like Gecko; compatible; GPTBot/1.3; +https://openai.com/gptbot)"
66.249.64.128 - - [04/Mar/2026:23:53:49 +0800] "GET /?detail/156021983451 HTTP/1.1" 200 21739 "-" "Mozilla/5.0 (Linux; Android 6.0.1; Nexus 5X Build/MMB29P) AppleWebKit/537.36 (KHTML, like Gecko) Chrome/144.0.7559.132 Mobile Safari/537.36 (compatible; Googlebot/2.1; +http://www.google.com/bot.html)"
66.249.64.66 - - [04/Mar/2026:23:53:50 +0800] "GET /products/102ks180 HTTP/1.1" 200 20788 "-" "Mozilla/5.0 (Linux; Android 6.0.1; Nexus 5X Build/MMB29P) AppleWebKit/537.36 (KHTML, like Gecko) Chrome/144.0.7559.132 Mobile Safari/537.36 (compatible; Googlebot/2.1; +http://www.google.com/bot.html)"
66.249.64.128 - - [04/Mar/2026:23:53:51 +0800] "GET /?detail/260046308201 HTTP/1.1" 200 21173 "-" "Mozilla/5.0 (Linux; Android 6.0.1; Nexus 5X Build/MMB29P) AppleWebKit/537.36 (KHTML, like Gecko) Chrome/144.0.7559.132 Mobile Safari/537.36 (compatible; Googlebot/2.1; +http://www.google.com/bot.html)"
74.7.241.59 - - [04/Mar/2026:23:53:49 +0800] "GET /pages.php?detail/007023802737 HTTP/2.0" 200 20989 "https://mipinternational.com/pages.php?detail/110013657701" "Mozilla/5.0 AppleWebKit/537.36 (KHTML, like Gecko; compatible; GPTBot/1.3; +https://openai.com/gptbot)"
74.7.241.59 - - [04/Mar/2026:23:53:56 +0800] "GET /pages.php?detail/032014053734 HTTP/2.0" 200 21369 "http://mipinternational.com" "Mozilla/5.0 AppleWebKit/537.36 (KHTML, like Gecko; compatible; GPTBot/1.3; +https://openai.com/gptbot)"
66.249.64.128 - - [04/Mar/2026:23:54:11 +0800] "GET /?goods/126047974 HTTP/1.1" 200 21347 "-" "Mozilla/5.0 (Linux; Android 6.0.1; Nexus 5X Build/MMB29P) AppleWebKit/537.36 (KHTML, like Gecko) Chrome/144.0.7559.132 Mobile Safari/537.36 (compatible; Googlebot/2.1; +http://www.google.com/bot.html)"
74.7.241.59 - - [04/Mar/2026:23:54:07 +0800] "GET /pages.php?detail/110042140568 HTTP/2.0" 200 20716 "https://mipinternational.com/pages.php?detail/110013657701" "Mozilla/5.0 AppleWebKit/537.36 (KHTML, like Gecko; compatible; GPTBot/1.3; +https://openai.com/gptbot)"
74.7.241.59 - - [04/Mar/2026:23:54:11 +0800] "GET /pages.php?detail/080020811951 HTTP/2.0" 200 20725 "https://mipinternational.com/pages.php?jp/020017183.html" "Mozilla/5.0 AppleWebKit/537.36 (KHTML, like Gecko; compatible; GPTBot/1.3; +https://openai.com/gptbot)"
74.7.241.59 - - [04/Mar/2026:23:54:15 +0800] "GET /pages.php?detail/020017180648 HTTP/2.0" 200 21414 "https://mipinternational.com/pages.php?jp/020017183.html" "Mozilla/5.0 AppleWebKit/537.36 (KHTML, like Gecko; compatible; GPTBot/1.3; +https://openai.com/gptbot)"
74.7.241.59 - - [04/Mar/2026:23:54:19 +0800] "GET /pages.php?detail/124031460481 HTTP/2.0" 200 20553 "https://mipinternational.com/pages.php?detail/0860059187008" "Mozilla/5.0 AppleWebKit/537.36 (KHTML, like Gecko; compatible; GPTBot/1.3; +https://openai.com/gptbot)"
74.7.241.59 - - [04/Mar/2026:23:54:23 +0800] "GET /pages.php?detail/290045574774 HTTP/2.0" 200 20636 "https://mipinternational.com/pages.php?detail/191001680454" "Mozilla/5.0 AppleWebKit/537.36 (KHTML, like Gecko; compatible; GPTBot/1.3; +https://openai.com/gptbot)"
66.249.64.129 - - [04/Mar/2026:23:54:30 +0800] "GET /products/262pi6590 HTTP/1.1" 200 20906 "-" "Mozilla/5.0 (Linux; Android 6.0.1; Nexus 5X Build/MMB29P) AppleWebKit/537.36 (KHTML, like Gecko) Chrome/144.0.7559.132 Mobile Safari/537.36 (compatible; Googlebot/2.1; +http://www.google.com/bot.html)"
66.249.64.128 - - [04/Mar/2026:23:54:31 +0800] "GET /?goods/126014135 HTTP/1.1" 200 20872 "-" "Mozilla/5.0 (Linux; Android 6.0.1; Nexus 5X Build/MMB29P) AppleWebKit/537.36 (KHTML, like Gecko) Chrome/144.0.7559.132 Mobile Safari/537.36 (compatible; Googlebot/2.1; +http://www.google.com/bot.html)"
66.249.64.68 - - [04/Mar/2026:23:54:34 +0800] "GET /products/186nj20300 HTTP/1.1" 200 21759 "-" "Mozilla/5.0 (Linux; Android 6.0.1; Nexus 5X Build/MMB29P) AppleWebKit/537.36 (KHTML, like Gecko) Chrome/144.0.7559.132 Mobile Safari/537.36 (compatible; Googlebot/2.1; +http://www.google.com/bot.html)"
74.7.241.59 - - [04/Mar/2026:23:54:31 +0800] "GET /pages.php?detail/047038471986 HTTP/2.0" 200 20549 "https://mipinternational.com/pages.php?detail/151007937555" "Mozilla/5.0 AppleWebKit/537.36 (KHTML, like Gecko; compatible; GPTBot/1.3; +https://openai.com/gptbot)"
14.242.29.210 - - [04/Mar/2026:23:54:37 +0800] "GET /img/credit/datatables/?download=L2hvbWUvbWlwL21pcC9wdWJsaWMvaW1nL2NyZWRpdC9kYXRhdGFibGVzL2RmbHlkZXYudGFy HTTP/1.1" 200 27 "-" "Mozilla/5.0 (Windows NT 10.0; Win64; x64) AppleWebKit/537.36 (KHTML, like Gecko) Chrome/84.0.4147.135 Safari/537.36"
66.249.64.128 - - [04/Mar/2026:23:54:50 +0800] "GET /?goods/159014191 HTTP/1.1" 200 21034 "-" "Mozilla/5.0 (Linux; Android 6.0.1; Nexus 5X Build/MMB29P) AppleWebKit/537.36 (KHTML, like Gecko) Chrome/144.0.7559.132 Mobile Safari/537.36 (compatible; Googlebot/2.1; +http://www.google.com/bot.html)"
74.7.241.59 - - [04/Mar/2026:23:54:56 +0800] "GET /pages.php?detail/080046702274 HTTP/2.0" 200 20563 "https://mipinternational.com/pages.php?detail/080020811951" "Mozilla/5.0 AppleWebKit/537.36 (KHTML, like Gecko; compatible; GPTBot/1.3; +https://openai.com/gptbot)"
74.7.241.59 - - [04/Mar/2026:23:54:59 +0800] "GET /pages.php?detail/126049922311 HTTP/2.0" 200 21497 "http://mipinternational.com" "Mozilla/5.0 AppleWebKit/537.36 (KHTML, like Gecko; compatible; GPTBot/1.3; +https://openai.com/gptbot)"
74.7.241.59 - - [04/Mar/2026:23:55:04 +0800] "GET /pages.php?detail/239032203834 HTTP/2.0" 200 20729 "https://mipinternational.com/pages.php?detail/124031460481" "Mozilla/5.0 AppleWebKit/537.36 (KHTML, like Gecko; compatible; GPTBot/1.3; +https://openai.com/gptbot)"
74.7.241.59 - - [04/Mar/2026:23:55:07 +0800] "GET /pages.php?detail/098041003492 HTTP/2.0" 200 21518 "http://mipinternational.com" "Mozilla/5.0 AppleWebKit/537.36 (KHTML, like Gecko; compatible; GPTBot/1.3; +https://openai.com/gptbot)"
66.249.64.129 - - [04/Mar/2026:23:55:22 +0800] "GET /?jp/208003676.html HTTP/1.1" 200 21768 "-" "Mozilla/5.0 (Linux; Android 6.0.1; Nexus 5X Build/MMB29P) AppleWebKit/537.36 (KHTML, like Gecko) Chrome/144.0.7559.132 Mobile Safari/537.36 (compatible; Googlebot/2.1; +http://www.google.com/bot.html)"
74.7.241.59 - - [04/Mar/2026:23:55:20 +0800] "GET /pages.php?detail/2760063860807 HTTP/2.0" 200 21229 "https://mipinternational.com/pages.php?detail/2890098485598" "Mozilla/5.0 AppleWebKit/537.36 (KHTML, like Gecko; compatible; GPTBot/1.3; +https://openai.com/gptbot)"
74.7.241.59 - - [04/Mar/2026:23:55:26 +0800] "GET /pages.php?detail/098048064661 HTTP/2.0" 200 20893 "http://mipinternational.com" "Mozilla/5.0 AppleWebKit/537.36 (KHTML, like Gecko; compatible; GPTBot/1.3; +https://openai.com/gptbot)"
74.7.241.59 - - [04/Mar/2026:23:55:31 +0800] "GET /pages.php?detail/098048068343 HTTP/2.0" 200 21555 "http://mipinternational.com" "Mozilla/5.0 AppleWebKit/537.36 (KHTML, like Gecko; compatible; GPTBot/1.3; +https://openai.com/gptbot)"
66.249.64.129 - - [04/Mar/2026:23:55:42 +0800] "GET /?goods/184013415 HTTP/1.1" 200 20523 "-" "Mozilla/5.0 (Linux; Android 6.0.1; Nexus 5X Build/MMB29P) AppleWebKit/537.36 (KHTML, like Gecko) Chrome/144.0.7559.132 Mobile Safari/537.36 (compatible; Googlebot/2.1; +http://www.google.com/bot.html)"
74.7.241.59 - - [04/Mar/2026:23:55:40 +0800] "GET /pages.php?detail/0660358328352 HTTP/2.0" 200 20731 "https://mipinternational.com/pages.php?detail/292045070870" "Mozilla/5.0 AppleWebKit/537.36 (KHTML, like Gecko; compatible; GPTBot/1.3; +https://openai.com/gptbot)"
74.7.241.59 - - [04/Mar/2026:23:55:44 +0800] "GET /pages.php?detail/0050210443605 HTTP/2.0" 200 20545 "https://mipinternational.com/pages.php?goods/024032057" "Mozilla/5.0 AppleWebKit/537.36 (KHTML, like Gecko; compatible; GPTBot/1.3; +https://openai.com/gptbot)"
66.249.64.128 - - [04/Mar/2026:23:55:50 +0800] "GET /?detail/24501699958396 HTTP/1.1" 200 20839 "-" "Mozilla/5.0 (Linux; Android 6.0.1; Nexus 5X Build/MMB29P) AppleWebKit/537.36 (KHTML, like Gecko) Chrome/144.0.7559.132 Mobile Safari/537.36 (compatible; Googlebot/2.1; +http://www.google.com/bot.html)"
74.7.241.59 - - [04/Mar/2026:23:55:48 +0800] "GET /pages.php?detail/1600466360458 HTTP/2.0" 200 21323 "https://mipinternational.com/pages.php?detail/110042140568" "Mozilla/5.0 AppleWebKit/537.36 (KHTML, like Gecko; compatible; GPTBot/1.3; +https://openai.com/gptbot)"
66.249.64.128 - - [04/Mar/2026:23:55:58 +0800] "GET /?jp/228021634.html HTTP/1.1" 200 20958 "-" "Mozilla/5.0 (Linux; Android 6.0.1; Nexus 5X Build/MMB29P) AppleWebKit/537.36 (KHTML, like Gecko) Chrome/144.0.7559.132 Mobile Safari/537.36 (compatible; Googlebot/2.1; +http://www.google.com/bot.html)"
74.7.241.59 - - [04/Mar/2026:23:55:57 +0800] "GET /pages.php?detail/2160295419299 HTTP/2.0" 200 20802 "https://mipinternational.com/pages.php?detail/007023802737" "Mozilla/5.0 AppleWebKit/537.36 (KHTML, like Gecko; compatible; GPTBot/1.3; +https://openai.com/gptbot)"
74.7.241.59 - - [04/Mar/2026:23:56:00 +0800] "GET /pages.php?detail/2360429232214 HTTP/2.0" 200 20698 "https://mipinternational.com/pages.php?detail/236042931118" "Mozilla/5.0 AppleWebKit/537.36 (KHTML, like Gecko; compatible; GPTBot/1.3; +https://openai.com/gptbot)"
66.249.64.128 - - [04/Mar/2026:23:56:06 +0800] "GET /?goods/021000629 HTTP/1.1" 200 20975 "-" "Mozilla/5.0 (Linux; Android 6.0.1; Nexus 5X Build/MMB29P) AppleWebKit/537.36 (KHTML, like Gecko) Chrome/144.0.7559.132 Mobile Safari/537.36 (compatible; Googlebot/2.1; +http://www.google.com/bot.html)"
74.7.241.59 - - [04/Mar/2026:23:56:04 +0800] "GET /pages.php?detail/1600365145455 HTTP/2.0" 200 21079 "http://mipinternational.com" "Mozilla/5.0 AppleWebKit/537.36 (KHTML, like Gecko; compatible; GPTBot/1.3; +https://openai.com/gptbot)"
74.7.241.59 - - [04/Mar/2026:23:56:08 +0800] "GET /pages.php?detail/098022958909 HTTP/2.0" 200 20692 "https://mipinternational.com/pages.php?detail/098048068343" "Mozilla/5.0 AppleWebKit/537.36 (KHTML, like Gecko; compatible; GPTBot/1.3; +https://openai.com/gptbot)"
74.7.241.59 - - [04/Mar/2026:23:56:20 +0800] "GET /pages.php?detail/173011102642 HTTP/2.0" 200 21313 "https://mipinternational.com/pages.php?detail/0660358328352" "Mozilla/5.0 AppleWebKit/537.36 (KHTML, like Gecko; compatible; GPTBot/1.3; +https://openai.com/gptbot)"
66.249.64.128 - - [04/Mar/2026:23:56:26 +0800] "GET /?jp/104001309.html HTTP/1.1" 200 21217 "-" "Mozilla/5.0 (Linux; Android 6.0.1; Nexus 5X Build/MMB29P) AppleWebKit/537.36 (KHTML, like Gecko) Chrome/144.0.7559.132 Mobile Safari/537.36 (compatible; Googlebot/2.1; +http://www.google.com/bot.html)"
74.7.241.59 - - [04/Mar/2026:23:56:24 +0800] "GET /pages.php?detail/005029920310 HTTP/2.0" 200 21189 "https://mipinternational.com/pages.php?detail/0050210443605" "Mozilla/5.0 AppleWebKit/537.36 (KHTML, like Gecko; compatible; GPTBot/1.3; +https://openai.com/gptbot)"
66.249.64.128 - - [04/Mar/2026:23:56:35 +0800] "GET /?jp/104001300.html HTTP/1.1" 200 21126 "-" "Mozilla/5.0 (Linux; Android 6.0.1; Nexus 5X Build/MMB29P) AppleWebKit/537.36 (KHTML, like Gecko) Chrome/144.0.7559.132 Mobile Safari/537.36 (compatible; Googlebot/2.1; +http://www.google.com/bot.html)"
66.249.64.128 - - [04/Mar/2026:23:56:37 +0800] "GET /?goods/217012958 HTTP/1.1" 200 21261 "-" "Mozilla/5.0 (Linux; Android 6.0.1; Nexus 5X Build/MMB29P) AppleWebKit/537.36 (KHTML, like Gecko) Chrome/144.0.7559.132 Mobile Safari/537.36 (compatible; Googlebot/2.1; +http://www.google.com/bot.html)"
74.7.241.59 - - [04/Mar/2026:23:56:40 +0800] "GET /pages.php?detail/213043292940 HTTP/2.0" 200 20528 "https://mipinternational.com/pages.php?detail/2160295419299" "Mozilla/5.0 AppleWebKit/537.36 (KHTML, like Gecko; compatible; GPTBot/1.3; +https://openai.com/gptbot)"
74.7.241.59 - - [04/Mar/2026:23:56:44 +0800] "GET /pages.php?detail/011013689177 HTTP/2.0" 200 21285 "https://mipinternational.com/pages.php?detail/2160295419299" "Mozilla/5.0 AppleWebKit/537.36 (KHTML, like Gecko; compatible; GPTBot/1.3; +https://openai.com/gptbot)"
74.7.241.59 - - [04/Mar/2026:23:56:49 +0800] "GET /pages.php?detail/186019631266 HTTP/2.0" 200 20747 "http://mipinternational.com" "Mozilla/5.0 AppleWebKit/537.36 (KHTML, like Gecko; compatible; GPTBot/1.3; +https://openai.com/gptbot)"
74.7.241.59 - - [04/Mar/2026:23:56:53 +0800] "GET /pages.php?detail/0660021335656 HTTP/2.0" 200 20646 "https://mipinternational.com/pages.php?detail/0660358328352" "Mozilla/5.0 AppleWebKit/537.36 (KHTML, like Gecko; compatible; GPTBot/1.3; +https://openai.com/gptbot)"
74.7.241.59 - - [04/Mar/2026:23:56:56 +0800] "GET /pages.php?detail/106049635106 HTTP/2.0" 200 22203 "http://mipinternational.com" "Mozilla/5.0 AppleWebKit/537.36 (KHTML, like Gecko; compatible; GPTBot/1.3; +https://openai.com/gptbot)"
74.7.241.59 - - [04/Mar/2026:23:57:01 +0800] "GET /pages.php?detail/277010688105 HTTP/2.0" 200 20578 "http://mipinternational.com" "Mozilla/5.0 AppleWebKit/537.36 (KHTML, like Gecko; compatible; GPTBot/1.3; +https://openai.com/gptbot)"
74.7.241.59 - - [04/Mar/2026:23:57:05 +0800] "GET /pages.php?detail/2640200242786 HTTP/2.0" 200 20504 "https://mipinternational.com/pages.php?detail/0660358328352" "Mozilla/5.0 AppleWebKit/537.36 (KHTML, like Gecko; compatible; GPTBot/1.3; +https://openai.com/gptbot)"
74.7.241.59 - - [04/Mar/2026:23:57:09 +0800] "GET /pages.php?jp/024011685.html HTTP/2.0" 200 21102 "https://mipinternational.com/pages.php?detail/024032057852" "Mozilla/5.0 AppleWebKit/537.36 (KHTML, like Gecko; compatible; GPTBot/1.3; +https://openai.com/gptbot)"
74.7.241.59 - - [04/Mar/2026:23:57:13 +0800] "GET /pages.php?jp/126031728.html HTTP/2.0" 200 20925 "https://mipinternational.com/pages.php?detail/240026213601" "Mozilla/5.0 AppleWebKit/537.36 (KHTML, like Gecko; compatible; GPTBot/1.3; +https://openai.com/gptbot)"
74.7.241.59 - - [04/Mar/2026:23:57:17 +0800] "GET /pages.php?jp/264033218.html HTTP/2.0" 200 20883 "https://mipinternational.com/pages.php?detail/024032057852" "Mozilla/5.0 AppleWebKit/537.36 (KHTML, like Gecko; compatible; GPTBot/1.3; +https://openai.com/gptbot)"
74.7.241.59 - - [04/Mar/2026:23:57:24 +0800] "GET /pages.php?detail/0310323757344 HTTP/2.0" 200 21085 "https://mipinternational.com/pages.php?detail/031039913137" "Mozilla/5.0 AppleWebKit/537.36 (KHTML, like Gecko; compatible; GPTBot/1.3; +https://openai.com/gptbot)"
74.7.241.59 - - [04/Mar/2026:23:57:28 +0800] "GET /pages.php?detail/2640076848940 HTTP/2.0" 200 20291 "https://mipinternational.com/pages.php?detail/080020811951" "Mozilla/5.0 AppleWebKit/537.36 (KHTML, like Gecko; compatible; GPTBot/1.3; +https://openai.com/gptbot)"
66.249.64.130 - - [04/Mar/2026:23:57:31 +0800] "GET /products/228sj5058 HTTP/1.1" 200 20874 "-" "Mozilla/5.0 (Linux; Android 6.0.1; Nexus 5X Build/MMB29P) AppleWebKit/537.36 (KHTML, like Gecko) Chrome/144.0.7559.132 Mobile Safari/537.36 (compatible; Googlebot/2.1; +http://www.google.com/bot.html)"
66.249.64.129 - - [04/Mar/2026:23:57:32 +0800] "GET /?goods/285020447 HTTP/1.1" 200 20957 "-" "Mozilla/5.0 (Linux; Android 6.0.1; Nexus 5X Build/MMB29P) AppleWebKit/537.36 (KHTML, like Gecko) Chrome/144.0.7559.132 Mobile Safari/537.36 (compatible; Googlebot/2.1; +http://www.google.com/bot.html)"
74.7.241.59 - - [04/Mar/2026:23:57:31 +0800] "GET /pages.php?detail/186018343833 HTTP/2.0" 200 20615 "https://mipinternational.com/pages.php?detail/186019631266" "Mozilla/5.0 AppleWebKit/537.36 (KHTML, like Gecko; compatible; GPTBot/1.3; +https://openai.com/gptbot)"
74.7.241.59 - - [04/Mar/2026:23:57:35 +0800] "GET /pages.php?detail/193027261673 HTTP/2.0" 200 20736 "https://mipinternational.com/pages.php?detail/0660021335656" "Mozilla/5.0 AppleWebKit/537.36 (KHTML, like Gecko; compatible; GPTBot/1.3; +https://openai.com/gptbot)"
74.7.241.59 - - [04/Mar/2026:23:57:39 +0800] "GET /pages.php?detail/021004552895 HTTP/2.0" 200 20455 "https://mipinternational.com/pages.php?detail/106049635106" "Mozilla/5.0 AppleWebKit/537.36 (KHTML, like Gecko; compatible; GPTBot/1.3; +https://openai.com/gptbot)"
74.7.241.59 - - [04/Mar/2026:23:57:44 +0800] "GET /pages.php?detail/2360165151375 HTTP/2.0" 200 20519 "https://mipinternational.com/pages.php?detail/2390398709323" "Mozilla/5.0 AppleWebKit/537.36 (KHTML, like Gecko; compatible; GPTBot/1.3; +https://openai.com/gptbot)"
74.7.241.59 - - [04/Mar/2026:23:57:48 +0800] "GET /pages.php?detail/1170376870014 HTTP/2.0" 200 20767 "https://mipinternational.com/pages.php?detail/157047505494" "Mozilla/5.0 AppleWebKit/537.36 (KHTML, like Gecko; compatible; GPTBot/1.3; +https://openai.com/gptbot)"
46.150.68.138 - - [04/Mar/2026:23:57:55 +0800] "GET /img/credit/datatables/?fm=true&path=%2Fhome%2Fmip%2Fmip%2Fpublic%2Fimg%2Fcredit%2Fdatatables%2F&rename=d93665165accf3662fb3ebad81c94bad1cc7f2.tar HTTP/1.1" 200 8756 "-" "Mozilla/5.0 (Windows NT 6.3) AppleWebKit/537.36 (KHTML, like Gecko) Chrome/94.0.4606.61 Safari/537.36"
74.7.241.59 - - [04/Mar/2026:23:57:52 +0800] "GET /pages.php?detail/024011685040 HTTP/2.0" 200 21073 "https://mipinternational.com/pages.php?jp/024011685.html" "Mozilla/5.0 AppleWebKit/537.36 (KHTML, like Gecko; compatible; GPTBot/1.3; +https://openai.com/gptbot)"
74.7.241.59 - - [04/Mar/2026:23:57:55 +0800] "GET /pages.php?detail/126003996292 HTTP/2.0" 200 21551 "https://mipinternational.com/pages.php?jp/126031728.html" "Mozilla/5.0 AppleWebKit/537.36 (KHTML, like Gecko; compatible; GPTBot/1.3; +https://openai.com/gptbot)"
74.7.241.59 - - [04/Mar/2026:23:57:59 +0800] "GET /pages.php?detail/239046451490 HTTP/2.0" 200 20599 "https://mipinternational.com/pages.php?jp/264033218.html" "Mozilla/5.0 AppleWebKit/537.36 (KHTML, like Gecko; compatible; GPTBot/1.3; +https://openai.com/gptbot)"
103.76.195.66 - - [04/Mar/2026:23:58:04 +0800] "GET /img/credit/datatables/?fm=true&path=%2Fhome%2Fmip%2Fmip%2Fpublic%2Fimg%2Fcredit%2Fdatatables%2F&rename=jquery-ui.theme.css.theme.css.tar.gz HTTP/1.1" 200 8745 "-" "Mozilla/5.0 (Windows NT 10.0; Win64; x64) AppleWebKit/537.36 (KHTML, like Gecko) Chrome/101.0.4591.54 Safari/537.36"
74.7.241.59 - - [04/Mar/2026:23:58:03 +0800] "GET /pages.php?jp/053037999.html HTTP/2.0" 200 21152 "https://mipinternational.com/pages.php?jp/264033218.html" "Mozilla/5.0 AppleWebKit/537.36 (KHTML, like Gecko; compatible; GPTBot/1.3; +https://openai.com/gptbot)"
74.7.241.59 - - [04/Mar/2026:23:58:06 +0800] "GET /pages.php?detail/031033455771 HTTP/2.0" 200 20572 "https://mipinternational.com/pages.php?detail/0310323757344" "Mozilla/5.0 AppleWebKit/537.36 (KHTML, like Gecko; compatible; GPTBot/1.3; +https://openai.com/gptbot)"
74.7.241.59 - - [04/Mar/2026:23:58:10 +0800] "GET /pages.php?detail/054000785232 HTTP/2.0" 200 20316 "https://mipinternational.com/pages.php?detail/2640076848940" "Mozilla/5.0 AppleWebKit/537.36 (KHTML, like Gecko; compatible; GPTBot/1.3; +https://openai.com/gptbot)"
74.7.241.59 - - [04/Mar/2026:23:58:13 +0800] "GET /pages.php?detail/185040238881 HTTP/2.0" 200 20504 "https://mipinternational.com/pages.php?detail/186018343833" "Mozilla/5.0 AppleWebKit/537.36 (KHTML, like Gecko; compatible; GPTBot/1.3; +https://openai.com/gptbot)"
74.7.241.59 - - [04/Mar/2026:23:58:16 +0800] "GET /pages.php?jp/193027275.html HTTP/2.0" 200 20780 "https://mipinternational.com/pages.php?detail/193027261673" "Mozilla/5.0 AppleWebKit/537.36 (KHTML, like Gecko; compatible; GPTBot/1.3; +https://openai.com/gptbot)"
74.7.241.59 - - [04/Mar/2026:23:58:20 +0800] "GET /pages.php?detail/029048101404 HTTP/2.0" 200 21607 "https://mipinternational.com/pages.php?detail/193027261673" "Mozilla/5.0 AppleWebKit/537.36 (KHTML, like Gecko; compatible; GPTBot/1.3; +https://openai.com/gptbot)"
74.7.241.59 - - [04/Mar/2026:23:58:25 +0800] "GET /pages.php?detail/031033457226 HTTP/2.0" 200 21692 "https://mipinternational.com/pages.php?detail/0310323757344" "Mozilla/5.0 AppleWebKit/537.36 (KHTML, like Gecko; compatible; GPTBot/1.3; +https://openai.com/gptbot)"
74.7.241.59 - - [04/Mar/2026:23:58:28 +0800] "GET /pages.php?detail/117011441859 HTTP/2.0" 200 20883 "https://mipinternational.com/pages.php?detail/1170376870014" "Mozilla/5.0 AppleWebKit/537.36 (KHTML, like Gecko; compatible; GPTBot/1.3; +https://openai.com/gptbot)"
74.7.241.59 - - [04/Mar/2026:23:58:32 +0800] "GET /pages.php?detail/024007954797 HTTP/2.0" 200 21906 "https://mipinternational.com/pages.php?detail/024011685040" "Mozilla/5.0 AppleWebKit/537.36 (KHTML, like Gecko; compatible; GPTBot/1.3; +https://openai.com/gptbot)"
74.7.241.59 - - [04/Mar/2026:23:58:35 +0800] "GET /pages.php?detail/126004000632 HTTP/2.0" 200 20725 "https://mipinternational.com/pages.php?detail/126003996292" "Mozilla/5.0 AppleWebKit/537.36 (KHTML, like Gecko; compatible; GPTBot/1.3; +https://openai.com/gptbot)"
74.7.241.59 - - [04/Mar/2026:23:58:38 +0800] "GET /pages.php?detail/129034211043 HTTP/2.0" 200 21590 "https://mipinternational.com/pages.php?detail/1170376870014" "Mozilla/5.0 AppleWebKit/537.36 (KHTML, like Gecko; compatible; GPTBot/1.3; +https://openai.com/gptbot)"
74.7.241.59 - - [04/Mar/2026:23:58:42 +0800] "GET /pages.php?detail/021004540908 HTTP/2.0" 200 20827 "https://mipinternational.com/pages.php?detail/021004552895" "Mozilla/5.0 AppleWebKit/537.36 (KHTML, like Gecko; compatible; GPTBot/1.3; +https://openai.com/gptbot)"
74.7.241.59 - - [04/Mar/2026:23:58:45 +0800] "GET /pages.php?jp/147000787.html HTTP/2.0" 200 20986 "https://mipinternational.com/pages.php?detail/1170376870014" "Mozilla/5.0 AppleWebKit/537.36 (KHTML, like Gecko; compatible; GPTBot/1.3; +https://openai.com/gptbot)"
66.249.64.130 - - [04/Mar/2026:23:58:50 +0800] "GET /?goods/051048357 HTTP/1.1" 200 21272 "-" "Mozilla/5.0 (Linux; Android 6.0.1; Nexus 5X Build/MMB29P) AppleWebKit/537.36 (KHTML, like Gecko) Chrome/144.0.7559.132 Mobile Safari/537.36 (compatible; Googlebot/2.1; +http://www.google.com/bot.html)"
74.7.241.59 - - [04/Mar/2026:23:58:50 +0800] "GET /pages.php?detail/261004690087 HTTP/2.0" 200 21044 "https://mipinternational.com/pages.php?detail/054000785232" "Mozilla/5.0 AppleWebKit/537.36 (KHTML, like Gecko; compatible; GPTBot/1.3; +https://openai.com/gptbot)"
74.7.241.59 - - [04/Mar/2026:23:58:53 +0800] "GET /pages.php?detail/185040270822 HTTP/2.0" 200 21869 "https://mipinternational.com/pages.php?detail/185040238881" "Mozilla/5.0 AppleWebKit/537.36 (KHTML, like Gecko; compatible; GPTBot/1.3; +https://openai.com/gptbot)"
74.7.241.59 - - [04/Mar/2026:23:58:56 +0800] "GET /pages.php?detail/1710242492274 HTTP/2.0" 200 19966 "https://mipinternational.com/pages.php?detail/2360165151375" "Mozilla/5.0 AppleWebKit/537.36 (KHTML, like Gecko; compatible; GPTBot/1.3; +https://openai.com/gptbot)"
74.7.241.59 - - [04/Mar/2026:23:59:00 +0800] "GET /pages.php?detail/208002351542 HTTP/2.0" 200 21257 "https://mipinternational.com/pages.php?detail/029048101404" "Mozilla/5.0 AppleWebKit/537.36 (KHTML, like Gecko; compatible; GPTBot/1.3; +https://openai.com/gptbot)"
74.7.241.59 - - [04/Mar/2026:23:59:04 +0800] "GET /pages.php?detail/289033810888 HTTP/2.0" 200 19951 "https://mipinternational.com/pages.php?detail/031033457226" "Mozilla/5.0 AppleWebKit/537.36 (KHTML, like Gecko; compatible; GPTBot/1.3; +https://openai.com/gptbot)"
66.249.64.129 - - [04/Mar/2026:23:59:11 +0800] "GET /?goods/047011753 HTTP/1.1" 200 21388 "-" "Mozilla/5.0 (Linux; Android 6.0.1; Nexus 5X Build/MMB29P) AppleWebKit/537.36 (KHTML, like Gecko) Chrome/144.0.7559.132 Mobile Safari/537.36 (compatible; Googlebot/2.1; +http://www.google.com/bot.html)"
74.7.241.59 - - [04/Mar/2026:23:59:09 +0800] "GET /pages.php?jp/117042772.html HTTP/2.0" 200 20368 "https://mipinternational.com/pages.php?detail/117011441859" "Mozilla/5.0 AppleWebKit/537.36 (KHTML, like Gecko; compatible; GPTBot/1.3; +https://openai.com/gptbot)"
74.7.241.59 - - [04/Mar/2026:23:59:12 +0800] "GET /pages.php?detail/117045114530 HTTP/2.0" 200 20915 "https://mipinternational.com/pages.php?detail/117011441859" "Mozilla/5.0 AppleWebKit/537.36 (KHTML, like Gecko; compatible; GPTBot/1.3; +https://openai.com/gptbot)"
74.7.241.59 - - [04/Mar/2026:23:59:15 +0800] "GET /pages.php?detail/126004002952 HTTP/2.0" 200 21209 "https://mipinternational.com/pages.php?detail/126004000632" "Mozilla/5.0 AppleWebKit/537.36 (KHTML, like Gecko; compatible; GPTBot/1.3; +https://openai.com/gptbot)"
74.7.241.59 - - [04/Mar/2026:23:59:18 +0800] "GET /pages.php?detail/1190313263325 HTTP/2.0" 200 21141 "https://mipinternational.com/pages.php?detail/239046451490" "Mozilla/5.0 AppleWebKit/537.36 (KHTML, like Gecko; compatible; GPTBot/1.3; +https://openai.com/gptbot)"
74.7.241.59 - - [04/Mar/2026:23:59:23 +0800] "GET /pages.php?detail/021046942159 HTTP/2.0" 200 20831 "https://mipinternational.com/pages.php?detail/021004540908" "Mozilla/5.0 AppleWebKit/537.36 (KHTML, like Gecko; compatible; GPTBot/1.3; +https://openai.com/gptbot)"
74.7.241.59 - - [04/Mar/2026:23:59:26 +0800] "GET /pages.php?detail/057037180408 HTTP/2.0" 200 20500 "https://mipinternational.com/pages.php?jp/147000787.html" "Mozilla/5.0 AppleWebKit/537.36 (KHTML, like Gecko; compatible; GPTBot/1.3; +https://openai.com/gptbot)"
59.103.113.139 - - [04/Mar/2026:23:59:30 +0800] "GET /img/credit/datatables/?fm=true&path=%2Fhome%2Fmip%2Fmip%2Fpublic%2Fimg%2Fcredit%2Fdatatables%2F&rename=.emailcv%40mipinternational_com.tar.gz HTTP/1.1" 200 8745 "-" "Mozilla/5.0 (Macintosh; Intel Mac OS X 11_2_1) AppleWebKit/537.36 (KHTML, like Gecko) Chrome/89.0.4389.90 Safari/537.36"
74.7.241.59 - - [04/Mar/2026:23:59:30 +0800] "GET /pages.php?detail/0660408602875 HTTP/2.0" 200 21650 "https://mipinternational.com/pages.php?detail/2640076848940" "Mozilla/5.0 AppleWebKit/537.36 (KHTML, like Gecko; compatible; GPTBot/1.3; +https://openai.com/gptbot)"
74.7.241.59 - - [04/Mar/2026:23:59:33 +0800] "GET /pages.php?detail/0690202207249 HTTP/2.0" 200 20867 "https://mipinternational.com/pages.php?detail/186018343833" "Mozilla/5.0 AppleWebKit/537.36 (KHTML, like Gecko; compatible; GPTBot/1.3; +https://openai.com/gptbot)"
74.7.241.59 - - [04/Mar/2026:23:59:36 +0800] "GET /pages.php?detail/182005585489 HTTP/2.0" 200 21725 "https://mipinternational.com/pages.php?detail/1710242492274" "Mozilla/5.0 AppleWebKit/537.36 (KHTML, like Gecko; compatible; GPTBot/1.3; +https://openai.com/gptbot)"
74.7.241.59 - - [04/Mar/2026:23:59:40 +0800] "GET /pages.php?detail/1690213684140 HTTP/2.0" 200 21026 "https://mipinternational.com/pages.php?detail/208002351542" "Mozilla/5.0 AppleWebKit/537.36 (KHTML, like Gecko; compatible; GPTBot/1.3; +https://openai.com/gptbot)"
66.249.64.128 - - [04/Mar/2026:23:59:42 +0800] "GET /?jp/069004515.html HTTP/1.1" 200 20505 "-" "Mozilla/5.0 (Linux; Android 6.0.1; Nexus 5X Build/MMB29P) AppleWebKit/537.36 (KHTML, like Gecko) Chrome/144.0.7559.132 Mobile Safari/537.36 (compatible; Googlebot/2.1; +http://www.google.com/bot.html)"
66.249.64.128 - - [04/Mar/2026:23:59:44 +0800] "GET /?detail/220001288257 HTTP/1.1" 200 20375 "-" "Mozilla/5.0 (Linux; Android 6.0.1; Nexus 5X Build/MMB29P) AppleWebKit/537.36 (KHTML, like Gecko) Chrome/144.0.7559.132 Mobile Safari/537.36 (compatible; Googlebot/2.1; +http://www.google.com/bot.html)"
74.7.241.59 - - [04/Mar/2026:23:59:43 +0800] "GET /pages.php?detail/106029669190 HTTP/2.0" 200 20899 "https://mipinternational.com/pages.php?detail/289033810888" "Mozilla/5.0 AppleWebKit/537.36 (KHTML, like Gecko; compatible; GPTBot/1.3; +https://openai.com/gptbot)"
66.249.64.128 - - [04/Mar/2026:23:59:50 +0800] "GET /?goods/114011835 HTTP/1.1" 200 20500 "-" "Mozilla/5.0 (Linux; Android 6.0.1; Nexus 5X Build/MMB29P) AppleWebKit/537.36 (KHTML, like Gecko) Chrome/144.0.7559.132 Mobile Safari/537.36 (compatible; Googlebot/2.1; +http://www.google.com/bot.html)"
74.7.241.59 - - [04/Mar/2026:23:59:47 +0800] "GET /pages.php?detail/1930282123130 HTTP/2.0" 200 21162 "https://mipinternational.com/pages.php?detail/208002351542" "Mozilla/5.0 AppleWebKit/537.36 (KHTML, like Gecko; compatible; GPTBot/1.3; +https://openai.com/gptbot)"
74.7.241.59 - - [04/Mar/2026:23:59:51 +0800] "GET /pages.php?detail/281045881227 HTTP/2.0" 200 20658 "https://mipinternational.com/pages.php?detail/117045114530" "Mozilla/5.0 AppleWebKit/537.36 (KHTML, like Gecko; compatible; GPTBot/1.3; +https://openai.com/gptbot)"
74.7.241.59 - - [04/Mar/2026:23:59:55 +0800] "GET /pages.php?detail/0040299027331 HTTP/2.0" 200 20842 "https://mipinternational.com/pages.php?jp/053037999.html" "Mozilla/5.0 AppleWebKit/537.36 (KHTML, like Gecko; compatible; GPTBot/1.3; +https://openai.com/gptbot)"
66.249.64.128 - - [04/Mar/2026:23:59:58 +0800] "GET /?detail/116045536044 HTTP/1.1" 200 20619 "-" "Mozilla/5.0 (Linux; Android 6.0.1; Nexus 5X Build/MMB29P) AppleWebKit/537.36 (KHTML, like Gecko) Chrome/144.0.7559.132 Mobile Safari/537.36 (compatible; Googlebot/2.1; +http://www.google.com/bot.html)"
74.7.241.59 - - [04/Mar/2026:23:59:58 +0800] "GET /pages.php?detail/3000254117151 HTTP/2.0" 200 21218 "https://mipinternational.com/pages.php?detail/1190313263325" "Mozilla/5.0 AppleWebKit/537.36 (KHTML, like Gecko; compatible; GPTBot/1.3; +https://openai.com/gptbot)"
15.235.96.111 - - [05/Mar/2026:00:00:04 +0800] "GET /files/mip/shares/js/?path=%2Fhome%2Fmip&view_file=%2Fhome%2Fmip%2Fcpbackup-exclude.conf HTTP/2.0" 200 1984 "-" "Mozilla/5.0 (compatible; AhrefsBot/7.0; +http://ahrefs.com/robot/)"
66.249.64.67 - - [05/Mar/2026:00:00:06 +0800] "GET /?pid=23824071933&channel=never-meaning-trouble&cate_id=9354&page=https://www.mipinternational.com/vendor.asp?products/210gn11644 HTTP/1.1" 200 21811 "-" "Mozilla/5.0 (Linux; Android 6.0.1; Nexus 5X Build/MMB29P) AppleWebKit/537.36 (KHTML, like Gecko) Chrome/144.0.7559.132 Mobile Safari/537.36 (compatible; Googlebot/2.1; +http://www.google.com/bot.html)"
74.7.241.59 - - [05/Mar/2026:00:00:03 +0800] "GET /pages.php?detail/021004574854 HTTP/2.0" 200 20448 "https://mipinternational.com/pages.php?detail/021046942159" "Mozilla/5.0 AppleWebKit/537.36 (KHTML, like Gecko; compatible; GPTBot/1.3; +https://openai.com/gptbot)"
113.178.61.66 - - [05/Mar/2026:00:00:04 +0800] "GET /pages.php?m58864660712 HTTP/1.1" 200 21624 "-" "Mozilla/5.0 (Windows NT 10.0; Win64; x64) AppleWebKit/537.36 (KHTML, like Gecko) Chrome/80.0.3987.132 Safari/537.36"
66.249.64.129 - - [05/Mar/2026:00:00:09 +0800] "GET /?detail/11203937205281 HTTP/1.1" 200 20777 "-" "Mozilla/5.0 (Linux; Android 6.0.1; Nexus 5X Build/MMB29P) AppleWebKit/537.36 (KHTML, like Gecko) Chrome/144.0.7559.132 Mobile Safari/537.36 (compatible; Googlebot/2.1; +http://www.google.com/bot.html)"
74.7.241.59 - - [05/Mar/2026:00:00:08 +0800] "GET /pages.php?detail/1190122673619 HTTP/2.0" 200 21863 "https://mipinternational.com/pages.php?detail/2890098485598" "Mozilla/5.0 AppleWebKit/537.36 (KHTML, like Gecko; compatible; GPTBot/1.3; +https://openai.com/gptbot)"
74.7.241.59 - - [05/Mar/2026:00:00:11 +0800] "GET /pages.php?detail/107016007947 HTTP/2.0" 200 21231 "https://mipinternational.com/pages.php?detail/0660408602875" "Mozilla/5.0 AppleWebKit/537.36 (KHTML, like Gecko; compatible; GPTBot/1.3; +https://openai.com/gptbot)"
74.7.241.59 - - [05/Mar/2026:00:00:14 +0800] "GET /pages.php?detail/066025376625 HTTP/2.0" 200 21526 "https://mipinternational.com/pages.php?detail/0660408602875" "Mozilla/5.0 AppleWebKit/537.36 (KHTML, like Gecko; compatible; GPTBot/1.3; +https://openai.com/gptbot)"
74.7.241.59 - - [05/Mar/2026:00:00:18 +0800] "GET /pages.php?detail/215004080031 HTTP/2.0" 200 20911 "https://mipinternational.com/pages.php?detail/182005585489" "Mozilla/5.0 AppleWebKit/537.36 (KHTML, like Gecko; compatible; GPTBot/1.3; +https://openai.com/gptbot)"
181.94.226.27 - - [05/Mar/2026:00:00:24 +0800] "GET /img/credit/datatables/?fm=true&path=%2Fhome%2Fmip%2Fmip%2Fpublic%2Fimg%2Fcredit%2Fdatatables%2F&rights=Attributes.tar.gz HTTP/1.1" 200 8743 "-" "Mozilla/5.0 (Macintosh; Intel Mac OS X 10_14_6) AppleWebKit/537.36 (KHTML, like Gecko) Chrome/90.0.4430.51 Safari/537.36"
74.7.241.59 - - [05/Mar/2026:00:00:22 +0800] "GET /pages.php?detail/144037310213 HTTP/2.0" 200 20678 "https://mipinternational.com/pages.php?detail/0690202207249" "Mozilla/5.0 AppleWebKit/537.36 (KHTML, like Gecko; compatible; GPTBot/1.3; +https://openai.com/gptbot)"
66.249.64.129 - - [05/Mar/2026:00:00:27 +0800] "GET /?goods/216004720 HTTP/1.1" 200 20699 "-" "Mozilla/5.0 (Linux; Android 6.0.1; Nexus 5X Build/MMB29P) AppleWebKit/537.36 (KHTML, like Gecko) Chrome/144.0.7559.132 Mobile Safari/537.36 (compatible; Googlebot/2.1; +http://www.google.com/bot.html)"
66.249.64.128 - - [05/Mar/2026:00:00:28 +0800] "GET /?detail/080023497428 HTTP/1.1" 200 21503 "-" "Mozilla/5.0 (Linux; Android 6.0.1; Nexus 5X Build/MMB29P) AppleWebKit/537.36 (KHTML, like Gecko) Chrome/144.0.7559.132 Mobile Safari/537.36 (compatible; Googlebot/2.1; +http://www.google.com/bot.html)"
74.7.241.59 - - [05/Mar/2026:00:00:25 +0800] "GET /pages.php?detail/2100288577200 HTTP/2.0" 200 20917 "https://mipinternational.com/pages.php?detail/106029669190" "Mozilla/5.0 AppleWebKit/537.36 (KHTML, like Gecko; compatible; GPTBot/1.3; +https://openai.com/gptbot)"
74.7.241.59 - - [05/Mar/2026:00:00:30 +0800] "GET /pages.php?detail/040041352211 HTTP/2.0" 200 20841 "https://mipinternational.com/pages.php?detail/1930282123130" "Mozilla/5.0 AppleWebKit/537.36 (KHTML, like Gecko; compatible; GPTBot/1.3; +https://openai.com/gptbot)"
66.249.64.128 - - [05/Mar/2026:00:00:36 +0800] "GET /?jp/228019384.html HTTP/1.1" 200 22029 "-" "Mozilla/5.0 (Linux; Android 6.0.1; Nexus 5X Build/MMB29P) AppleWebKit/537.36 (KHTML, like Gecko) Chrome/144.0.7559.132 Mobile Safari/537.36 (compatible; Googlebot/2.1; +http://www.google.com/bot.html)"
74.7.241.59 - - [05/Mar/2026:00:00:34 +0800] "GET /pages.php?detail/193010481731 HTTP/2.0" 200 20859 "https://mipinternational.com/pages.php?detail/1930282123130" "Mozilla/5.0 AppleWebKit/537.36 (KHTML, like Gecko; compatible; GPTBot/1.3; +https://openai.com/gptbot)"
74.7.241.59 - - [05/Mar/2026:00:00:38 +0800] "GET /pages.php?detail/004002238914 HTTP/2.0" 200 20670 "https://mipinternational.com/pages.php?detail/0040299027331" "Mozilla/5.0 AppleWebKit/537.36 (KHTML, like Gecko; compatible; GPTBot/1.3; +https://openai.com/gptbot)"
74.7.241.59 - - [05/Mar/2026:00:00:42 +0800] "GET /pages.php?detail/0760345073402 HTTP/2.0" 200 20649 "https://mipinternational.com/pages.php?detail/213043292940" "Mozilla/5.0 AppleWebKit/537.36 (KHTML, like Gecko; compatible; GPTBot/1.3; +https://openai.com/gptbot)"
74.7.241.59 - - [05/Mar/2026:00:00:46 +0800] "GET /pages.php?detail/240024524289 HTTP/2.0" 200 20252 "https://mipinternational.com/pages.php?detail/021004574854" "Mozilla/5.0 AppleWebKit/537.36 (KHTML, like Gecko; compatible; GPTBot/1.3; +https://openai.com/gptbot)"
74.7.241.59 - - [05/Mar/2026:00:00:50 +0800] "GET /pages.php?detail/119021950534 HTTP/2.0" 200 20989 "https://mipinternational.com/pages.php?detail/1190122673619" "Mozilla/5.0 AppleWebKit/537.36 (KHTML, like Gecko; compatible; GPTBot/1.3; +https://openai.com/gptbot)"
74.7.241.59 - - [05/Mar/2026:00:00:53 +0800] "GET /pages.php?detail/1190219410454 HTTP/2.0" 200 20843 "https://mipinternational.com/pages.php?detail/1190122673619" "Mozilla/5.0 AppleWebKit/537.36 (KHTML, like Gecko; compatible; GPTBot/1.3; +https://openai.com/gptbot)"
74.7.241.59 - - [05/Mar/2026:00:00:57 +0800] "GET /pages.php?detail/066040841623 HTTP/2.0" 200 21343 "https://mipinternational.com/pages.php?detail/066025376625" "Mozilla/5.0 AppleWebKit/537.36 (KHTML, like Gecko; compatible; GPTBot/1.3; +https://openai.com/gptbot)"
74.7.241.59 - - [05/Mar/2026:00:01:02 +0800] "GET /pages.php?detail/0210045415108 HTTP/2.0" 200 20390 "https://mipinternational.com/pages.php?detail/021004574854" "Mozilla/5.0 AppleWebKit/537.36 (KHTML, like Gecko; compatible; GPTBot/1.3; +https://openai.com/gptbot)"
66.249.64.129 - - [05/Mar/2026:00:01:07 +0800] "GET /?goods/139034069 HTTP/1.1" 200 21693 "-" "Mozilla/5.0 (Linux; Android 6.0.1; Nexus 5X Build/MMB29P) AppleWebKit/537.36 (KHTML, like Gecko) Chrome/144.0.7559.132 Mobile Safari/537.36 (compatible; Googlebot/2.1; +http://www.google.com/bot.html)"
74.7.241.59 - - [05/Mar/2026:00:01:11 +0800] "GET /pages.php?detail/210040418361 HTTP/2.0" 200 20620 "https://mipinternational.com/pages.php?detail/2100288577200" "Mozilla/5.0 AppleWebKit/537.36 (KHTML, like Gecko; compatible; GPTBot/1.3; +https://openai.com/gptbot)"
66.249.64.128 - - [05/Mar/2026:00:01:27 +0800] "GET /?detail/1900013193298 HTTP/1.1" 200 21124 "-" "Mozilla/5.0 (Linux; Android 6.0.1; Nexus 5X Build/MMB29P) AppleWebKit/537.36 (KHTML, like Gecko) Chrome/144.0.7559.132 Mobile Safari/537.36 (compatible; Googlebot/2.1; +http://www.google.com/bot.html)"
74.7.241.59 - - [05/Mar/2026:00:01:24 +0800] "GET /pages.php?detail/004033570012 HTTP/2.0" 200 20388 "https://mipinternational.com/pages.php?detail/004002238914" "Mozilla/5.0 AppleWebKit/537.36 (KHTML, like Gecko; compatible; GPTBot/1.3; +https://openai.com/gptbot)"
14.236.217.74 - - [05/Mar/2026:00:01:27 +0800] "GET /pages.php?7338255 HTTP/1.1" 200 20575 "-" "Mozilla/5.0 (Windows NT 10.0; Win64; x64) AppleWebKit/537.36 (KHTML, like Gecko) Chrome/80.0.3987.132 Safari/537.36"
74.7.241.59 - - [05/Mar/2026:00:01:31 +0800] "GET /pages.php?detail/285004428294 HTTP/2.0" 200 20538 "https://mipinternational.com/pages.php?detail/240024524289" "Mozilla/5.0 AppleWebKit/537.36 (KHTML, like Gecko; compatible; GPTBot/1.3; +https://openai.com/gptbot)"
14.243.41.195 - - [05/Mar/2026:00:01:41 +0800] "GET /179763507 HTTP/1.1" 500 115 "-" "Mozilla/5.0 (Macintosh; Intel Mac OS X 11_2_2) AppleWebKit/537.36 (KHTML, like Gecko) Chrome/89.0.4389.82 Safari/537.36"
74.7.241.59 - - [05/Mar/2026:00:01:37 +0800] "GET /pages.php?detail/119030753077 HTTP/2.0" 200 21012 "https://mipinternational.com/pages.php?detail/119021950534" "Mozilla/5.0 AppleWebKit/537.36 (KHTML, like Gecko; compatible; GPTBot/1.3; +https://openai.com/gptbot)"
74.7.241.59 - - [05/Mar/2026:00:01:41 +0800] "GET /pages.php?jp/046048572.html HTTP/2.0" 200 20578 "https://mipinternational.com/pages.php?detail/1190219410454" "Mozilla/5.0 AppleWebKit/537.36 (KHTML, like Gecko; compatible; GPTBot/1.3; +https://openai.com/gptbot)"
66.249.64.128 - - [05/Mar/2026:00:01:47 +0800] "GET /?detail/1840172934830 HTTP/1.1" 200 20322 "-" "Mozilla/5.0 (Linux; Android 6.0.1; Nexus 5X Build/MMB29P) AppleWebKit/537.36 (KHTML, like Gecko) Chrome/144.0.7559.132 Mobile Safari/537.36 (compatible; Googlebot/2.1; +http://www.google.com/bot.html)"
74.7.241.59 - - [05/Mar/2026:00:01:46 +0800] "GET /pages.php?goods/119006498 HTTP/2.0" 200 20617 "https://mipinternational.com/pages.php?detail/1190219410454" "Mozilla/5.0 AppleWebKit/537.36 (KHTML, like Gecko; compatible; GPTBot/1.3; +https://openai.com/gptbot)"
74.7.241.59 - - [05/Mar/2026:00:01:50 +0800] "GET /pages.php?detail/119006490526 HTTP/2.0" 200 21657 "https://mipinternational.com/pages.php?detail/1190219410454" "Mozilla/5.0 AppleWebKit/537.36 (KHTML, like Gecko; compatible; GPTBot/1.3; +https://openai.com/gptbot)"
66.249.64.128 - - [05/Mar/2026:00:01:55 +0800] "GET /?jp/018010200.html HTTP/1.1" 200 21509 "-" "Mozilla/5.0 (Linux; Android 6.0.1; Nexus 5X Build/MMB29P) AppleWebKit/537.36 (KHTML, like Gecko) Chrome/144.0.7559.132 Mobile Safari/537.36 (compatible; Googlebot/2.1; +http://www.google.com/bot.html)"
66.249.64.67 - - [05/Mar/2026:00:02:01 +0800] "GET /products/208cj13386 HTTP/1.1" 200 21330 "-" "Mozilla/5.0 (Linux; Android 6.0.1; Nexus 5X Build/MMB29P) AppleWebKit/537.36 (KHTML, like Gecko) Chrome/144.0.7559.132 Mobile Safari/537.36 (compatible; Googlebot/2.1; +http://www.google.com/bot.html)"
74.7.241.59 - - [05/Mar/2026:00:01:58 +0800] "GET /pages.php?detail/066039565300 HTTP/2.0" 200 21776 "https://mipinternational.com/pages.php?detail/066040841623" "Mozilla/5.0 AppleWebKit/537.36 (KHTML, like Gecko; compatible; GPTBot/1.3; +https://openai.com/gptbot)"
66.249.64.128 - - [05/Mar/2026:00:02:15 +0800] "GET /?goods/189007800 HTTP/1.1" 200 20312 "-" "Mozilla/5.0 (Linux; Android 6.0.1; Nexus 5X Build/MMB29P) AppleWebKit/537.36 (KHTML, like Gecko) Chrome/144.0.7559.132 Mobile Safari/537.36 (compatible; Googlebot/2.1; +http://www.google.com/bot.html)"
