74.7.241.59 - - [05/Mar/2026:00:43:16 +0800] "GET /pages.php?detail/056024225202 HTTP/2.0" 200 20796 "https://mipinternational.com/pages.php?detail/056018087580" "Mozilla/5.0 AppleWebKit/537.36 (KHTML, like Gecko; compatible; GPTBot/1.3; +https://openai.com/gptbot)"
66.249.64.129 - - [05/Mar/2026:00:43:21 +0800] "GET /?goods/271049329 HTTP/1.1" 200 20748 "-" "Mozilla/5.0 (Linux; Android 6.0.1; Nexus 5X Build/MMB29P) AppleWebKit/537.36 (KHTML, like Gecko) Chrome/144.0.7559.132 Mobile Safari/537.36 (compatible; Googlebot/2.1; +http://www.google.com/bot.html)"
74.7.241.59 - - [05/Mar/2026:00:43:20 +0800] "GET /pages.php?detail/265025820730 HTTP/2.0" 200 20505 "https://mipinternational.com/pages.php?detail/016026579222" "Mozilla/5.0 AppleWebKit/537.36 (KHTML, like Gecko; compatible; GPTBot/1.3; +https://openai.com/gptbot)"
223.123.35.57 - - [05/Mar/2026:00:43:26 +0800] "GET /pages.php?m179027690 HTTP/1.1" 200 21666 "-" "Mozilla/5.0 (Macintosh; Intel Mac OS X 10_15_4) AppleWebKit/537.36 (KHTML, like Gecko) Brave Chrome/84.0.4147.89 Safari/537.36"
66.249.64.128 - - [05/Mar/2026:00:43:30 +0800] "GET /?detail/11600131173128 HTTP/1.1" 200 21304 "-" "Mozilla/5.0 (Linux; Android 6.0.1; Nexus 5X Build/MMB29P) AppleWebKit/537.36 (KHTML, like Gecko) Chrome/144.0.7559.132 Mobile Safari/537.36 (compatible; Googlebot/2.1; +http://www.google.com/bot.html)"
74.7.241.59 - - [05/Mar/2026:00:43:27 +0800] "GET /pages.php?detail/007000373249 HTTP/2.0" 200 21202 "https://mipinternational.com/pages.php?detail/00700037447953" "Mozilla/5.0 AppleWebKit/537.36 (KHTML, like Gecko; compatible; GPTBot/1.3; +https://openai.com/gptbot)"
74.7.241.59 - - [05/Mar/2026:00:43:32 +0800] "GET /pages.php?detail/275046343030 HTTP/2.0" 200 21286 "https://mipinternational.com/pages.php?detail/00700037447953" "Mozilla/5.0 AppleWebKit/537.36 (KHTML, like Gecko; compatible; GPTBot/1.3; +https://openai.com/gptbot)"
74.7.241.59 - - [05/Mar/2026:00:43:37 +0800] "GET /pages.php?detail/144040629212 HTTP/2.0" 200 21168 "https://mipinternational.com/pages.php?detail/028012468404" "Mozilla/5.0 AppleWebKit/537.36 (KHTML, like Gecko; compatible; GPTBot/1.3; +https://openai.com/gptbot)"
74.7.241.59 - - [05/Mar/2026:00:43:41 +0800] "GET /pages.php?detail/028037104025 HTTP/2.0" 200 21378 "https://mipinternational.com/pages.php?detail/028037103521" "Mozilla/5.0 AppleWebKit/537.36 (KHTML, like Gecko; compatible; GPTBot/1.3; +https://openai.com/gptbot)"
74.7.241.59 - - [05/Mar/2026:00:43:44 +0800] "GET /pages.php?detail/097029727982 HTTP/2.0" 200 20754 "https://mipinternational.com/pages.php?detail/097029723765" "Mozilla/5.0 AppleWebKit/537.36 (KHTML, like Gecko; compatible; GPTBot/1.3; +https://openai.com/gptbot)"
74.7.241.59 - - [05/Mar/2026:00:43:48 +0800] "GET /pages.php?detail/089046176676 HTTP/2.0" 200 20426 "https://mipinternational.com/pages.php?detail/030040457533" "Mozilla/5.0 AppleWebKit/537.36 (KHTML, like Gecko; compatible; GPTBot/1.3; +https://openai.com/gptbot)"
66.249.64.128 - - [05/Mar/2026:00:43:53 +0800] "GET /?goods/248008266 HTTP/1.1" 200 20693 "-" "Mozilla/5.0 (Linux; Android 6.0.1; Nexus 5X Build/MMB29P) AppleWebKit/537.36 (KHTML, like Gecko) Chrome/144.0.7559.132 Mobile Safari/537.36 (compatible; Googlebot/2.1; +http://www.google.com/bot.html)"
74.7.241.59 - - [05/Mar/2026:00:44:00 +0800] "GET /pages.php?detail/05601775461559 HTTP/2.0" 200 20887 "https://mipinternational.com/pages.php?detail/056024225202" "Mozilla/5.0 AppleWebKit/537.36 (KHTML, like Gecko; compatible; GPTBot/1.3; +https://openai.com/gptbot)"
74.7.241.59 - - [05/Mar/2026:00:44:04 +0800] "GET /pages.php?detail/046048549561 HTTP/2.0" 200 21787 "https://mipinternational.com/pages.php?detail/030040457533" "Mozilla/5.0 AppleWebKit/537.36 (KHTML, like Gecko; compatible; GPTBot/1.3; +https://openai.com/gptbot)"
74.7.241.59 - - [05/Mar/2026:00:44:21 +0800] "GET /pages.php?detail/037032760546 HTTP/2.0" 200 20668 "https://mipinternational.com/pages.php?detail/144040629212" "Mozilla/5.0 AppleWebKit/537.36 (KHTML, like Gecko; compatible; GPTBot/1.3; +https://openai.com/gptbot)"
74.7.241.59 - - [05/Mar/2026:00:44:25 +0800] "GET /pages.php?detail/144040644847 HTTP/2.0" 200 20475 "https://mipinternational.com/pages.php?detail/144040629212" "Mozilla/5.0 AppleWebKit/537.36 (KHTML, like Gecko; compatible; GPTBot/1.3; +https://openai.com/gptbot)"
74.7.241.59 - - [05/Mar/2026:00:44:28 +0800] "GET /pages.php?detail/145040874984 HTTP/2.0" 200 20755 "https://mipinternational.com/pages.php?detail/00700037447953" "Mozilla/5.0 AppleWebKit/537.36 (KHTML, like Gecko; compatible; GPTBot/1.3; +https://openai.com/gptbot)"
14.163.120.179 - - [05/Mar/2026:00:44:28 +0800] "GET /pages.php?270015886 HTTP/1.1" 200 21016 "-" "Mozilla/5.0 (Windows NT 10.0; Win64; x64) AppleWebKit/537.36 (KHTML, like Gecko) Chrome/80.0.3987.132 Safari/537.36"
74.7.241.59 - - [05/Mar/2026:00:44:32 +0800] "GET /pages.php?detail/198001671114 HTTP/2.0" 200 20836 "https://mipinternational.com/pages.php?detail/089046176676" "Mozilla/5.0 AppleWebKit/537.36 (KHTML, like Gecko; compatible; GPTBot/1.3; +https://openai.com/gptbot)"
74.7.241.59 - - [05/Mar/2026:00:44:36 +0800] "GET /pages.php?detail/286046479609 HTTP/2.0" 200 20502 "https://mipinternational.com/pages.php?detail/089046176676" "Mozilla/5.0 AppleWebKit/537.36 (KHTML, like Gecko; compatible; GPTBot/1.3; +https://openai.com/gptbot)"
66.249.64.129 - - [05/Mar/2026:00:44:42 +0800] "GET /?goods/019050159 HTTP/1.1" 200 20634 "-" "Mozilla/5.0 (Linux; Android 6.0.1; Nexus 5X Build/MMB29P) AppleWebKit/537.36 (KHTML, like Gecko) Chrome/144.0.7559.132 Mobile Safari/537.36 (compatible; Googlebot/2.1; +http://www.google.com/bot.html)"
200.13.208.79 - - [05/Mar/2026:00:44:38 +0800] "GET /pages.php?035049765 HTTP/1.1" 200 20680 "-" "Mozilla/5.0 (Windows NT 10.0; Win64; x64) AppleWebKit/537.36 (KHTML, like Gecko) Chrome/91.0.4472.114 Safari/537.36"
74.7.241.59 - - [05/Mar/2026:00:44:44 +0800] "GET /pages.php?detail/214036242684 HTTP/2.0" 200 20365 "http://mipinternational.com" "Mozilla/5.0 AppleWebKit/537.36 (KHTML, like Gecko; compatible; GPTBot/1.3; +https://openai.com/gptbot)"
74.7.241.59 - - [05/Mar/2026:00:44:47 +0800] "GET /pages.php?detail/278000353755 HTTP/2.0" 200 20405 "https://mipinternational.com/pages.php?detail/046048549561" "Mozilla/5.0 AppleWebKit/537.36 (KHTML, like Gecko; compatible; GPTBot/1.3; +https://openai.com/gptbot)"
66.249.64.129 - - [05/Mar/2026:00:44:51 +0800] "GET /?detail/25200006074306 HTTP/1.1" 200 21048 "-" "Mozilla/5.0 (Linux; Android 6.0.1; Nexus 5X Build/MMB29P) AppleWebKit/537.36 (KHTML, like Gecko) Chrome/144.0.7559.132 Mobile Safari/537.36 (compatible; Googlebot/2.1; +http://www.google.com/bot.html)"
66.249.64.130 - - [05/Mar/2026:00:45:01 +0800] "GET /?detail/25801805055734 HTTP/1.1" 200 20940 "-" "Mozilla/5.0 (Linux; Android 6.0.1; Nexus 5X Build/MMB29P) AppleWebKit/537.36 (KHTML, like Gecko) Chrome/144.0.7559.132 Mobile Safari/537.36 (compatible; Googlebot/2.1; +http://www.google.com/bot.html)"
74.7.241.59 - - [05/Mar/2026:00:44:58 +0800] "GET /pages.php?detail/180003307126 HTTP/2.0" 200 20844 "http://mipinternational.com" "Mozilla/5.0 AppleWebKit/537.36 (KHTML, like Gecko; compatible; GPTBot/1.3; +https://openai.com/gptbot)"
74.7.241.59 - - [05/Mar/2026:00:45:03 +0800] "GET /pages.php?detail/020014721076 HTTP/2.0" 200 20486 "http://mipinternational.com" "Mozilla/5.0 AppleWebKit/537.36 (KHTML, like Gecko; compatible; GPTBot/1.3; +https://openai.com/gptbot)"
74.7.241.59 - - [05/Mar/2026:00:45:07 +0800] "GET /pages.php?detail/063040605305 HTTP/2.0" 200 21630 "https://mipinternational.com/pages.php?detail/046048549561" "Mozilla/5.0 AppleWebKit/537.36 (KHTML, like Gecko; compatible; GPTBot/1.3; +https://openai.com/gptbot)"
74.7.241.59 - - [05/Mar/2026:00:45:10 +0800] "GET /pages.php?detail/145017951125 HTTP/2.0" 200 20608 "https://mipinternational.com/pages.php?detail/145040874984" "Mozilla/5.0 AppleWebKit/537.36 (KHTML, like Gecko; compatible; GPTBot/1.3; +https://openai.com/gptbot)"
74.7.241.59 - - [05/Mar/2026:00:45:13 +0800] "GET /pages.php?detail/101038887830 HTTP/2.0" 200 21251 "https://mipinternational.com/pages.php?detail/198001671114" "Mozilla/5.0 AppleWebKit/537.36 (KHTML, like Gecko; compatible; GPTBot/1.3; +https://openai.com/gptbot)"
74.7.241.59 - - [05/Mar/2026:00:45:16 +0800] "GET /pages.php?jp/156000913.html HTTP/2.0" 200 20283 "https://mipinternational.com/pages.php?detail/145040874984" "Mozilla/5.0 AppleWebKit/537.36 (KHTML, like Gecko; compatible; GPTBot/1.3; +https://openai.com/gptbot)"
66.249.64.128 - - [05/Mar/2026:00:45:23 +0800] "GET /?detail/12403522566407 HTTP/1.1" 200 20577 "-" "Mozilla/5.0 (Linux; Android 6.0.1; Nexus 5X Build/MMB29P) AppleWebKit/537.36 (KHTML, like Gecko) Chrome/144.0.7559.132 Mobile Safari/537.36 (compatible; Googlebot/2.1; +http://www.google.com/bot.html)"
74.7.241.59 - - [05/Mar/2026:00:45:20 +0800] "GET /pages.php?detail/033004351151 HTTP/2.0" 200 21700 "http://mipinternational.com" "Mozilla/5.0 AppleWebKit/537.36 (KHTML, like Gecko; compatible; GPTBot/1.3; +https://openai.com/gptbot)"
74.7.241.59 - - [05/Mar/2026:00:45:24 +0800] "GET /pages.php?detail/214018245274 HTTP/2.0" 200 20480 "https://mipinternational.com/pages.php?detail/214036242684" "Mozilla/5.0 AppleWebKit/537.36 (KHTML, like Gecko; compatible; GPTBot/1.3; +https://openai.com/gptbot)"
74.7.241.59 - - [05/Mar/2026:00:45:27 +0800] "GET /pages.php?detail/1150154470772 HTTP/2.0" 200 20228 "http://mipinternational.com" "Mozilla/5.0 AppleWebKit/537.36 (KHTML, like Gecko; compatible; GPTBot/1.3; +https://openai.com/gptbot)"
66.249.64.128 - - [05/Mar/2026:00:45:32 +0800] "GET /?jp/051039072.html HTTP/1.1" 200 20733 "-" "Mozilla/5.0 (Linux; Android 6.0.1; Nexus 5X Build/MMB29P) AppleWebKit/537.36 (KHTML, like Gecko) Chrome/144.0.7559.132 Mobile Safari/537.36 (compatible; Googlebot/2.1; +http://www.google.com/bot.html)"
74.7.241.59 - - [05/Mar/2026:00:45:31 +0800] "GET /pages.php?detail/1440185432040 HTTP/2.0" 200 20480 "https://mipinternational.com/pages.php?detail/144040644847" "Mozilla/5.0 AppleWebKit/537.36 (KHTML, like Gecko; compatible; GPTBot/1.3; +https://openai.com/gptbot)"
66.249.64.66 - - [05/Mar/2026:00:45:34 +0800] "GET /products/20yz676 HTTP/1.1" 200 20453 "-" "Mozilla/5.0 (Linux; Android 6.0.1; Nexus 5X Build/MMB29P) AppleWebKit/537.36 (KHTML, like Gecko) Chrome/144.0.7559.132 Mobile Safari/537.36 (compatible; Googlebot/2.1; +http://www.google.com/bot.html)"
74.7.241.59 - - [05/Mar/2026:00:45:34 +0800] "GET /pages.php?detail/1440185449895 HTTP/2.0" 200 21310 "https://mipinternational.com/pages.php?detail/144040644847" "Mozilla/5.0 AppleWebKit/537.36 (KHTML, like Gecko; compatible; GPTBot/1.3; +https://openai.com/gptbot)"
74.7.241.59 - - [05/Mar/2026:00:45:38 +0800] "GET /pages.php?detail/204045881835 HTTP/2.0" 200 20888 "https://mipinternational.com/pages.php?detail/180003307126" "Mozilla/5.0 AppleWebKit/537.36 (KHTML, like Gecko; compatible; GPTBot/1.3; +https://openai.com/gptbot)"
66.249.64.128 - - [05/Mar/2026:00:45:42 +0800] "GET /?jp/051039040.html HTTP/1.1" 200 20706 "-" "Mozilla/5.0 (Linux; Android 6.0.1; Nexus 5X Build/MMB29P) AppleWebKit/537.36 (KHTML, like Gecko) Chrome/144.0.7559.132 Mobile Safari/537.36 (compatible; Googlebot/2.1; +http://www.google.com/bot.html)"
14.185.193.165 - - [05/Mar/2026:00:45:39 +0800] "GET /pages.php?076027692 HTTP/1.1" 200 21229 "-" "Mozilla/5.0 (Macintosh; Intel Mac OS X 10_11_6) AppleWebKit/537.36 (KHTML, like Gecko) Chrome/80.0.3987.132 Safari/537.36"
74.7.241.59 - - [05/Mar/2026:00:45:41 +0800] "GET /pages.php?detail/0200147203823 HTTP/2.0" 200 20228 "https://mipinternational.com/pages.php?detail/020014721076" "Mozilla/5.0 AppleWebKit/537.36 (KHTML, like Gecko; compatible; GPTBot/1.3; +https://openai.com/gptbot)"
74.7.241.59 - - [05/Mar/2026:00:45:45 +0800] "GET /pages.php?detail/032035804913 HTTP/2.0" 200 20810 "https://mipinternational.com/pages.php?detail/063040605305" "Mozilla/5.0 AppleWebKit/537.36 (KHTML, like Gecko; compatible; GPTBot/1.3; +https://openai.com/gptbot)"
74.7.241.59 - - [05/Mar/2026:00:45:48 +0800] "GET /pages.php?detail/205021288274 HTTP/2.0" 200 20537 "https://mipinternational.com/pages.php?detail/063040605305" "Mozilla/5.0 AppleWebKit/537.36 (KHTML, like Gecko; compatible; GPTBot/1.3; +https://openai.com/gptbot)"
74.7.241.59 - - [05/Mar/2026:00:45:52 +0800] "GET /pages.php?detail/101031003018 HTTP/2.0" 200 21105 "https://mipinternational.com/pages.php?detail/101038887830" "Mozilla/5.0 AppleWebKit/537.36 (KHTML, like Gecko; compatible; GPTBot/1.3; +https://openai.com/gptbot)"
74.7.241.59 - - [05/Mar/2026:00:45:57 +0800] "GET /pages.php?detail/052018063700 HTTP/2.0" 200 21029 "https://mipinternational.com/pages.php?detail/063040605305" "Mozilla/5.0 AppleWebKit/537.36 (KHTML, like Gecko; compatible; GPTBot/1.3; +https://openai.com/gptbot)"
66.249.64.128 - - [05/Mar/2026:00:46:04 +0800] "GET /?goods/244032488 HTTP/1.1" 200 21051 "-" "Mozilla/5.0 (Linux; Android 6.0.1; Nexus 5X Build/MMB29P) AppleWebKit/537.36 (KHTML, like Gecko) Chrome/144.0.7559.132 Mobile Safari/537.36 (compatible; Googlebot/2.1; +http://www.google.com/bot.html)"
66.249.64.130 - - [05/Mar/2026:00:46:05 +0800] "GET /212029343 HTTP/1.1" 200 21730 "-" "Mozilla/5.0 (Linux; Android 6.0.1; Nexus 5X Build/MMB29P) AppleWebKit/537.36 (KHTML, like Gecko) Chrome/144.0.7559.132 Mobile Safari/537.36 (compatible; Googlebot/2.1; +http://www.google.com/bot.html)"
74.7.241.59 - - [05/Mar/2026:00:46:02 +0800] "GET /pages.php?detail/1030072061761 HTTP/2.0" 200 20315 "https://mipinternational.com/pages.php?detail/278000353755" "Mozilla/5.0 AppleWebKit/537.36 (KHTML, like Gecko; compatible; GPTBot/1.3; +https://openai.com/gptbot)"
74.7.241.59 - - [05/Mar/2026:00:46:06 +0800] "GET /pages.php?detail/214008698641 HTTP/2.0" 200 21256 "https://mipinternational.com/pages.php?detail/214018245274" "Mozilla/5.0 AppleWebKit/537.36 (KHTML, like Gecko; compatible; GPTBot/1.3; +https://openai.com/gptbot)"
66.249.64.129 - - [05/Mar/2026:00:46:13 +0800] "GET /?goods/285041795 HTTP/1.1" 200 21118 "-" "Mozilla/5.0 (Linux; Android 6.0.1; Nexus 5X Build/MMB29P) AppleWebKit/537.36 (KHTML, like Gecko) Chrome/144.0.7559.132 Mobile Safari/537.36 (compatible; Googlebot/2.1; +http://www.google.com/bot.html)"
74.7.241.59 - - [05/Mar/2026:00:46:11 +0800] "GET /pages.php?detail/214008700777 HTTP/2.0" 200 20950 "https://mipinternational.com/pages.php?detail/214018245274" "Mozilla/5.0 AppleWebKit/537.36 (KHTML, like Gecko; compatible; GPTBot/1.3; +https://openai.com/gptbot)"
74.7.241.59 - - [05/Mar/2026:00:46:15 +0800] "GET /pages.php?detail/0290232005931 HTTP/2.0" 200 20646 "https://mipinternational.com/pages.php?detail/214018245274" "Mozilla/5.0 AppleWebKit/537.36 (KHTML, like Gecko; compatible; GPTBot/1.3; +https://openai.com/gptbot)"
74.7.241.59 - - [05/Mar/2026:00:46:19 +0800] "GET /pages.php?detail/062018118991 HTTP/2.0" 200 21441 "https://mipinternational.com/pages.php?detail/1440185449895" "Mozilla/5.0 AppleWebKit/537.36 (KHTML, like Gecko; compatible; GPTBot/1.3; +https://openai.com/gptbot)"
74.7.241.59 - - [05/Mar/2026:00:46:23 +0800] "GET /pages.php?detail/144040650796 HTTP/2.0" 200 20274 "https://mipinternational.com/pages.php?detail/1440185449895" "Mozilla/5.0 AppleWebKit/537.36 (KHTML, like Gecko; compatible; GPTBot/1.3; +https://openai.com/gptbot)"
66.249.64.128 - - [05/Mar/2026:00:46:26 +0800] "GET /?goods/039000024 HTTP/1.1" 200 21335 "-" "Mozilla/5.0 (Linux; Android 6.0.1; Nexus 5X Build/MMB29P) AppleWebKit/537.36 (KHTML, like Gecko) Chrome/144.0.7559.132 Mobile Safari/537.36 (compatible; Googlebot/2.1; +http://www.google.com/bot.html)"
74.7.241.59 - - [05/Mar/2026:00:46:26 +0800] "GET /pages.php?detail/194005659816 HTTP/2.0" 200 21986 "https://mipinternational.com/pages.php?detail/0200147203823" "Mozilla/5.0 AppleWebKit/537.36 (KHTML, like Gecko; compatible; GPTBot/1.3; +https://openai.com/gptbot)"
74.7.241.59 - - [05/Mar/2026:00:46:30 +0800] "GET /pages.php?detail/144040651544 HTTP/2.0" 200 21079 "https://mipinternational.com/pages.php?detail/1440185449895" "Mozilla/5.0 AppleWebKit/537.36 (KHTML, like Gecko; compatible; GPTBot/1.3; +https://openai.com/gptbot)"
74.7.241.59 - - [05/Mar/2026:00:46:33 +0800] "GET /pages.php?detail/157000943447 HTTP/2.0" 200 20620 "https://mipinternational.com/pages.php?detail/205021288274" "Mozilla/5.0 AppleWebKit/537.36 (KHTML, like Gecko; compatible; GPTBot/1.3; +https://openai.com/gptbot)"
74.7.241.59 - - [05/Mar/2026:00:46:37 +0800] "GET /pages.php?detail/101031030489 HTTP/2.0" 200 21587 "https://mipinternational.com/pages.php?detail/101031003018" "Mozilla/5.0 AppleWebKit/537.36 (KHTML, like Gecko; compatible; GPTBot/1.3; +https://openai.com/gptbot)"
74.7.241.59 - - [05/Mar/2026:00:46:42 +0800] "GET /pages.php?detail/010018258171 HTTP/2.0" 200 21110 "https://mipinternational.com/pages.php?detail/052018063700" "Mozilla/5.0 AppleWebKit/537.36 (KHTML, like Gecko; compatible; GPTBot/1.3; +https://openai.com/gptbot)"
66.249.64.128 - - [05/Mar/2026:00:46:45 +0800] "GET /?goods/099010685 HTTP/1.1" 200 21353 "-" "Mozilla/5.0 (Linux; Android 6.0.1; Nexus 5X Build/MMB29P) AppleWebKit/537.36 (KHTML, like Gecko) Chrome/144.0.7559.132 Mobile Safari/537.36 (compatible; Googlebot/2.1; +http://www.google.com/bot.html)"
74.7.241.59 - - [05/Mar/2026:00:46:45 +0800] "GET /pages.php?detail/103028441411 HTTP/2.0" 200 20729 "https://mipinternational.com/pages.php?detail/1030072061761" "Mozilla/5.0 AppleWebKit/537.36 (KHTML, like Gecko; compatible; GPTBot/1.3; +https://openai.com/gptbot)"
74.7.241.59 - - [05/Mar/2026:00:46:48 +0800] "GET /pages.php?detail/272049228852 HTTP/2.0" 200 20272 "https://mipinternational.com/pages.php?detail/214008698641" "Mozilla/5.0 AppleWebKit/537.36 (KHTML, like Gecko; compatible; GPTBot/1.3; +https://openai.com/gptbot)"
74.7.241.59 - - [05/Mar/2026:00:46:52 +0800] "GET /pages.php?detail/083044524870 HTTP/2.0" 200 20706 "https://mipinternational.com/pages.php?detail/052018063700" "Mozilla/5.0 AppleWebKit/537.36 (KHTML, like Gecko; compatible; GPTBot/1.3; +https://openai.com/gptbot)"
74.7.241.59 - - [05/Mar/2026:00:46:57 +0800] "GET /pages.php?detail/039043649068 HTTP/2.0" 200 20659 "https://mipinternational.com/pages.php?detail/0290232005931" "Mozilla/5.0 AppleWebKit/537.36 (KHTML, like Gecko; compatible; GPTBot/1.3; +https://openai.com/gptbot)"
74.7.241.59 - - [05/Mar/2026:00:47:00 +0800] "GET /pages.php?detail/1300280912212 HTTP/2.0" 200 20860 "https://mipinternational.com/pages.php?detail/130028090488" "Mozilla/5.0 AppleWebKit/537.36 (KHTML, like Gecko; compatible; GPTBot/1.3; +https://openai.com/gptbot)"
74.7.241.59 - - [05/Mar/2026:00:47:04 +0800] "GET /pages.php?detail/2040077315050 HTTP/2.0" 200 21651 "https://mipinternational.com/pages.php?detail/204045881835" "Mozilla/5.0 AppleWebKit/537.36 (KHTML, like Gecko; compatible; GPTBot/1.3; +https://openai.com/gptbot)"
74.7.241.59 - - [05/Mar/2026:00:47:08 +0800] "GET /pages.php?detail/111019761781 HTTP/2.0" 200 20466 "https://mipinternational.com/pages.php?detail/194005659816" "Mozilla/5.0 AppleWebKit/537.36 (KHTML, like Gecko; compatible; GPTBot/1.3; +https://openai.com/gptbot)"
74.7.241.59 - - [05/Mar/2026:00:47:11 +0800] "GET /pages.php?detail/062004242218 HTTP/2.0" 200 21193 "https://mipinternational.com/pages.php?detail/144040651544" "Mozilla/5.0 AppleWebKit/537.36 (KHTML, like Gecko; compatible; GPTBot/1.3; +https://openai.com/gptbot)"
66.249.64.130 - - [05/Mar/2026:00:47:17 +0800] "GET /?jp/125044508.html HTTP/1.1" 200 21191 "-" "Mozilla/5.0 (Linux; Android 6.0.1; Nexus 5X Build/MMB29P) AppleWebKit/537.36 (KHTML, like Gecko) Chrome/144.0.7559.132 Mobile Safari/537.36 (compatible; Googlebot/2.1; +http://www.google.com/bot.html)"
74.7.241.59 - - [05/Mar/2026:00:47:15 +0800] "GET /pages.php?detail/1010310294035 HTTP/2.0" 200 21628 "https://mipinternational.com/pages.php?detail/101031003018" "Mozilla/5.0 AppleWebKit/537.36 (KHTML, like Gecko; compatible; GPTBot/1.3; +https://openai.com/gptbot)"
74.7.241.59 - - [05/Mar/2026:00:47:19 +0800] "GET /pages.php?detail/1010403793201 HTTP/2.0" 200 21795 "https://mipinternational.com/pages.php?detail/101031030489" "Mozilla/5.0 AppleWebKit/537.36 (KHTML, like Gecko; compatible; GPTBot/1.3; +https://openai.com/gptbot)"
74.7.241.59 - - [05/Mar/2026:00:47:24 +0800] "GET /pages.php?detail/0560242207241 HTTP/2.0" 200 20954 "https://mipinternational.com/pages.php?detail/05601775461559" "Mozilla/5.0 AppleWebKit/537.36 (KHTML, like Gecko; compatible; GPTBot/1.3; +https://openai.com/gptbot)"
74.7.241.59 - - [05/Mar/2026:00:47:28 +0800] "GET /pages.php?detail/207014077626 HTTP/2.0" 200 20623 "https://mipinternational.com/pages.php?detail/103028441411" "Mozilla/5.0 AppleWebKit/537.36 (KHTML, like Gecko; compatible; GPTBot/1.3; +https://openai.com/gptbot)"
74.7.241.59 - - [05/Mar/2026:00:47:32 +0800] "GET /pages.php?detail/272049244197 HTTP/2.0" 200 20473 "https://mipinternational.com/pages.php?detail/272049228852" "Mozilla/5.0 AppleWebKit/537.36 (KHTML, like Gecko; compatible; GPTBot/1.3; +https://openai.com/gptbot)"
66.249.64.128 - - [05/Mar/2026:00:47:39 +0800] "GET /?jp/228004254.html HTTP/1.1" 200 20966 "-" "Mozilla/5.0 (Linux; Android 6.0.1; Nexus 5X Build/MMB29P) AppleWebKit/537.36 (KHTML, like Gecko) Chrome/144.0.7559.132 Mobile Safari/537.36 (compatible; Googlebot/2.1; +http://www.google.com/bot.html)"
74.7.241.59 - - [05/Mar/2026:00:47:39 +0800] "GET /pages.php?detail/039048618046 HTTP/2.0" 200 20424 "https://mipinternational.com/pages.php?detail/039043649068" "Mozilla/5.0 AppleWebKit/537.36 (KHTML, like Gecko; compatible; GPTBot/1.3; +https://openai.com/gptbot)"
74.7.241.59 - - [05/Mar/2026:00:47:42 +0800] "GET /pages.php?detail/130028098272 HTTP/2.0" 200 20480 "https://mipinternational.com/pages.php?detail/1300280912212" "Mozilla/5.0 AppleWebKit/537.36 (KHTML, like Gecko; compatible; GPTBot/1.3; +https://openai.com/gptbot)"
66.249.64.128 - - [05/Mar/2026:00:47:48 +0800] "GET /?goods/048031143 HTTP/1.1" 200 20573 "-" "Mozilla/5.0 (Linux; Android 6.0.1; Nexus 5X Build/MMB29P) AppleWebKit/537.36 (KHTML, like Gecko) Chrome/144.0.7559.132 Mobile Safari/537.36 (compatible; Googlebot/2.1; +http://www.google.com/bot.html)"
74.7.241.59 - - [05/Mar/2026:00:47:46 +0800] "GET /pages.php?detail/021046899199 HTTP/2.0" 200 20391 "https://mipinternational.com/pages.php?detail/2040077315050" "Mozilla/5.0 AppleWebKit/537.36 (KHTML, like Gecko; compatible; GPTBot/1.3; +https://openai.com/gptbot)"
74.7.241.59 - - [05/Mar/2026:00:47:51 +0800] "GET /pages.php?detail/1810105568824 HTTP/2.0" 200 21235 "https://mipinternational.com/pages.php?detail/181015670855" "Mozilla/5.0 AppleWebKit/537.36 (KHTML, like Gecko; compatible; GPTBot/1.3; +https://openai.com/gptbot)"
74.7.241.59 - - [05/Mar/2026:00:47:55 +0800] "GET /pages.php?detail/102005778311 HTTP/2.0" 200 20530 "https://mipinternational.com/pages.php?detail/062004242218" "Mozilla/5.0 AppleWebKit/537.36 (KHTML, like Gecko; compatible; GPTBot/1.3; +https://openai.com/gptbot)"
38.166.129.73 - - [05/Mar/2026:00:47:59 +0800] "GET /pages.php?m019048966 HTTP/1.1" 200 20473 "-" "Mozilla/5.0 (Macintosh; Intel Mac OS X 10_14_6) AppleWebKit/537.36 (KHTML, like Gecko) Chrome/88.0.4324.146 Safari/537.36"
74.7.241.59 - - [05/Mar/2026:00:48:00 +0800] "GET /pages.php?detail/0620486860872 HTTP/2.0" 200 20535 "https://mipinternational.com/pages.php?detail/062004242218" "Mozilla/5.0 AppleWebKit/537.36 (KHTML, like Gecko; compatible; GPTBot/1.3; +https://openai.com/gptbot)"
74.7.241.59 - - [05/Mar/2026:00:48:04 +0800] "GET /pages.php?detail/2480066844906 HTTP/2.0" 200 21529 "https://mipinternational.com/pages.php?detail/1010310294035" "Mozilla/5.0 AppleWebKit/537.36 (KHTML, like Gecko; compatible; GPTBot/1.3; +https://openai.com/gptbot)"
74.7.241.59 - - [05/Mar/2026:00:48:08 +0800] "GET /pages.php?detail/2420050584703 HTTP/2.0" 200 22258 "https://mipinternational.com/pages.php?detail/097029727982" "Mozilla/5.0 AppleWebKit/537.36 (KHTML, like Gecko; compatible; GPTBot/1.3; +https://openai.com/gptbot)"
74.7.241.59 - - [05/Mar/2026:00:48:12 +0800] "GET /pages.php?detail/2720492460546 HTTP/2.0" 200 20733 "https://mipinternational.com/pages.php?detail/272049228852" "Mozilla/5.0 AppleWebKit/537.36 (KHTML, like Gecko; compatible; GPTBot/1.3; +https://openai.com/gptbot)"
74.7.241.59 - - [05/Mar/2026:00:48:15 +0800] "GET /pages.php?jp/272037427.html HTTP/2.0" 200 20297 "https://mipinternational.com/pages.php?detail/272049244197" "Mozilla/5.0 AppleWebKit/537.36 (KHTML, like Gecko; compatible; GPTBot/1.3; +https://openai.com/gptbot)"
74.7.241.59 - - [05/Mar/2026:00:48:20 +0800] "GET /pages.php?jp/272049244.html HTTP/2.0" 200 20433 "https://mipinternational.com/pages.php?detail/272049244197" "Mozilla/5.0 AppleWebKit/537.36 (KHTML, like Gecko; compatible; GPTBot/1.3; +https://openai.com/gptbot)"
74.7.241.59 - - [05/Mar/2026:00:48:24 +0800] "GET /pages.php?detail/03902774089933 HTTP/2.0" 200 20786 "https://mipinternational.com/pages.php?detail/039048618046" "Mozilla/5.0 AppleWebKit/537.36 (KHTML, like Gecko; compatible; GPTBot/1.3; +https://openai.com/gptbot)"
74.7.241.59 - - [05/Mar/2026:00:48:32 +0800] "GET /pages.php?detail/1300281005431 HTTP/2.0" 200 20552 "https://mipinternational.com/pages.php?detail/130028098272" "Mozilla/5.0 AppleWebKit/537.36 (KHTML, like Gecko; compatible; GPTBot/1.3; +https://openai.com/gptbot)"
66.249.64.128 - - [05/Mar/2026:00:48:39 +0800] "GET /?goods/228044320 HTTP/1.1" 200 20698 "-" "Mozilla/5.0 (Linux; Android 6.0.1; Nexus 5X Build/MMB29P) AppleWebKit/537.36 (KHTML, like Gecko) Chrome/144.0.7559.132 Mobile Safari/537.36 (compatible; Googlebot/2.1; +http://www.google.com/bot.html)"
74.7.241.59 - - [05/Mar/2026:00:48:37 +0800] "GET /pages.php?detail/130029888300 HTTP/2.0" 200 20703 "https://mipinternational.com/pages.php?detail/130028098272" "Mozilla/5.0 AppleWebKit/537.36 (KHTML, like Gecko; compatible; GPTBot/1.3; +https://openai.com/gptbot)"
74.7.241.59 - - [05/Mar/2026:00:48:40 +0800] "GET /pages.php?detail/051031130524 HTTP/2.0" 200 21167 "https://mipinternational.com/pages.php?detail/102005778311" "Mozilla/5.0 AppleWebKit/537.36 (KHTML, like Gecko; compatible; GPTBot/1.3; +https://openai.com/gptbot)"
74.7.241.59 - - [05/Mar/2026:00:48:43 +0800] "GET /pages.php?detail/050028095568 HTTP/2.0" 200 20343 "https://mipinternational.com/pages.php?detail/0620486860872" "Mozilla/5.0 AppleWebKit/537.36 (KHTML, like Gecko; compatible; GPTBot/1.3; +https://openai.com/gptbot)"
66.249.64.128 - - [05/Mar/2026:00:48:48 +0800] "GET /?detail/261030770275 HTTP/1.1" 200 21043 "-" "Mozilla/5.0 (Linux; Android 6.0.1; Nexus 5X Build/MMB29P) AppleWebKit/537.36 (KHTML, like Gecko) Chrome/144.0.7559.132 Mobile Safari/537.36 (compatible; Googlebot/2.1; +http://www.google.com/bot.html)"
74.7.241.59 - - [05/Mar/2026:00:48:48 +0800] "GET /pages.php?detail/268002865840 HTTP/2.0" 200 20983 "https://mipinternational.com/pages.php?detail/102005778311" "Mozilla/5.0 AppleWebKit/537.36 (KHTML, like Gecko; compatible; GPTBot/1.3; +https://openai.com/gptbot)"
74.7.241.59 - - [05/Mar/2026:00:48:51 +0800] "GET /pages.php?detail/242007002578 HTTP/2.0" 200 21140 "https://mipinternational.com/pages.php?detail/2420050584703" "Mozilla/5.0 AppleWebKit/537.36 (KHTML, like Gecko; compatible; GPTBot/1.3; +https://openai.com/gptbot)"
74.7.241.59 - - [05/Mar/2026:00:48:55 +0800] "GET /pages.php?detail/27204923361070 HTTP/2.0" 200 21500 "https://mipinternational.com/pages.php?detail/2720492460546" "Mozilla/5.0 AppleWebKit/537.36 (KHTML, like Gecko; compatible; GPTBot/1.3; +https://openai.com/gptbot)"
74.7.241.59 - - [05/Mar/2026:00:48:59 +0800] "GET /pages.php?detail/0980494596961 HTTP/2.0" 200 20911 "https://mipinternational.com/pages.php?detail/098012959939" "Mozilla/5.0 AppleWebKit/537.36 (KHTML, like Gecko; compatible; GPTBot/1.3; +https://openai.com/gptbot)"
74.7.241.59 - - [05/Mar/2026:00:49:02 +0800] "GET /pages.php?detail/113030887078 HTTP/2.0" 200 20523 "https://mipinternational.com/pages.php?jp/272049244.html" "Mozilla/5.0 AppleWebKit/537.36 (KHTML, like Gecko; compatible; GPTBot/1.3; +https://openai.com/gptbot)"
66.249.64.129 - - [05/Mar/2026:00:49:10 +0800] "GET /?goods/067007817 HTTP/1.1" 200 21533 "-" "Mozilla/5.0 (Linux; Android 6.0.1; Nexus 5X Build/MMB29P) AppleWebKit/537.36 (KHTML, like Gecko) Chrome/144.0.7559.132 Mobile Safari/537.36 (compatible; Googlebot/2.1; +http://www.google.com/bot.html)"
66.249.64.129 - - [05/Mar/2026:00:49:11 +0800] "GET /?goods/060033051 HTTP/1.1" 200 20472 "-" "Mozilla/5.0 (Linux; Android 6.0.1; Nexus 5X Build/MMB29P) AppleWebKit/537.36 (KHTML, like Gecko) Chrome/144.0.7559.132 Mobile Safari/537.36 (compatible; Googlebot/2.1; +http://www.google.com/bot.html)"
74.7.241.59 - - [05/Mar/2026:00:49:10 +0800] "GET /pages.php?detail/0960287608446 HTTP/2.0" 200 20857 "https://mipinternational.com/pages.php?jp/073025369.html" "Mozilla/5.0 AppleWebKit/537.36 (KHTML, like Gecko; compatible; GPTBot/1.3; +https://openai.com/gptbot)"
14.191.196.221 - - [05/Mar/2026:00:49:13 +0800] "GET /pages.php?189031907 HTTP/1.1" 200 20495 "-" "Mozilla/5.0 (Macintosh; Intel Mac OS X 11_2_0) AppleWebKit/537.36 (KHTML, like Gecko) Brave Chrome/87.0.4280.101 Safari/537.36"
74.7.241.59 - - [05/Mar/2026:00:49:14 +0800] "GET /pages.php?detail/0720221607918 HTTP/2.0" 200 21946 "https://mipinternational.com/pages.php?detail/084044701735" "Mozilla/5.0 AppleWebKit/537.36 (KHTML, like Gecko; compatible; GPTBot/1.3; +https://openai.com/gptbot)"
74.7.241.59 - - [05/Mar/2026:00:49:19 +0800] "GET /pages.php?detail/255030239904 HTTP/2.0" 200 20393 "https://mipinternational.com/pages.php?detail/130029888300" "Mozilla/5.0 AppleWebKit/537.36 (KHTML, like Gecko; compatible; GPTBot/1.3; +https://openai.com/gptbot)"
66.249.64.128 - - [05/Mar/2026:00:49:25 +0800] "GET /?goods/298038111 HTTP/1.1" 200 20309 "-" "Mozilla/5.0 (Linux; Android 6.0.1; Nexus 5X Build/MMB29P) AppleWebKit/537.36 (KHTML, like Gecko) Chrome/144.0.7559.132 Mobile Safari/537.36 (compatible; Googlebot/2.1; +http://www.google.com/bot.html)"
74.7.241.59 - - [05/Mar/2026:00:49:23 +0800] "GET /pages.php?detail/047000351517 HTTP/2.0" 200 21061 "https://mipinternational.com/pages.php?detail/051031130524" "Mozilla/5.0 AppleWebKit/537.36 (KHTML, like Gecko; compatible; GPTBot/1.3; +https://openai.com/gptbot)"
74.7.241.59 - - [05/Mar/2026:00:49:27 +0800] "GET /pages.php?detail/157046757850 HTTP/2.0" 200 20713 "https://mipinternational.com/pages.php?detail/051031130524" "Mozilla/5.0 AppleWebKit/537.36 (KHTML, like Gecko; compatible; GPTBot/1.3; +https://openai.com/gptbot)"
74.7.241.59 - - [05/Mar/2026:00:49:30 +0800] "GET /pages.php?detail/268032362056 HTTP/2.0" 200 20437 "https://mipinternational.com/pages.php?detail/268002865840" "Mozilla/5.0 AppleWebKit/537.36 (KHTML, like Gecko; compatible; GPTBot/1.3; +https://openai.com/gptbot)"
74.7.241.59 - - [05/Mar/2026:00:49:34 +0800] "GET /pages.php?detail/163009224044 HTTP/2.0" 200 20707 "https://mipinternational.com/pages.php?detail/050028095568" "Mozilla/5.0 AppleWebKit/537.36 (KHTML, like Gecko; compatible; GPTBot/1.3; +https://openai.com/gptbot)"
66.249.64.128 - - [05/Mar/2026:00:49:41 +0800] "GET /?goods/069041353 HTTP/1.1" 200 20756 "-" "Mozilla/5.0 (Linux; Android 6.0.1; Nexus 5X Build/MMB29P) AppleWebKit/537.36 (KHTML, like Gecko) Chrome/144.0.7559.132 Mobile Safari/537.36 (compatible; Googlebot/2.1; +http://www.google.com/bot.html)"
74.7.241.59 - - [05/Mar/2026:00:49:38 +0800] "GET /pages.php?detail/272037434264 HTTP/2.0" 200 20807 "https://mipinternational.com/pages.php?detail/27204923361070" "Mozilla/5.0 AppleWebKit/537.36 (KHTML, like Gecko; compatible; GPTBot/1.3; +https://openai.com/gptbot)"
104.210.140.130 - - [05/Mar/2026:00:49:41 +0800] "GET /robots.txt HTTP/2.0" 200 108 "-" "Mozilla/5.0 (Macintosh; Intel Mac OS X 10_15_7) AppleWebKit/537.36 (KHTML, like Gecko) Chrome/131.0.0.0 Safari/537.36; compatible; OAI-SearchBot/1.0; +https://openai.com/searchbot"
74.7.241.59 - - [05/Mar/2026:00:49:42 +0800] "GET /pages.php?detail/098019703642 HTTP/2.0" 200 20422 "https://mipinternational.com/pages.php?detail/0980494596961" "Mozilla/5.0 AppleWebKit/537.36 (KHTML, like Gecko; compatible; GPTBot/1.3; +https://openai.com/gptbot)"
14.162.6.213 - - [05/Mar/2026:00:49:43 +0800] "GET /pages.php?m019048966 HTTP/1.1" 200 20552 "-" "Mozilla/5.0 (Windows NT 6.1) AppleWebKit/537.36 (KHTML, like Gecko) Chrome/97.0.4692.99 Safari/537.36"
74.7.241.59 - - [05/Mar/2026:00:49:45 +0800] "GET /pages.php?detail/265028651513 HTTP/2.0" 200 20883 "https://mipinternational.com/pages.php?detail/113030887078" "Mozilla/5.0 AppleWebKit/537.36 (KHTML, like Gecko; compatible; GPTBot/1.3; +https://openai.com/gptbot)"
66.249.64.129 - - [05/Mar/2026:00:49:50 +0800] "GET /?detail/081029561692 HTTP/1.1" 200 21386 "-" "Mozilla/5.0 (Linux; Android 6.0.1; Nexus 5X Build/MMB29P) AppleWebKit/537.36 (KHTML, like Gecko) Chrome/144.0.7559.132 Mobile Safari/537.36 (compatible; Googlebot/2.1; +http://www.google.com/bot.html)"
74.7.241.59 - - [05/Mar/2026:00:49:52 +0800] "GET /pages.php?detail/040045739922 HTTP/2.0" 200 21329 "https://mipinternational.com/pages.php?detail/113030887078" "Mozilla/5.0 AppleWebKit/537.36 (KHTML, like Gecko; compatible; GPTBot/1.3; +https://openai.com/gptbot)"
66.249.64.128 - - [05/Mar/2026:00:49:59 +0800] "GET /?goods/285007480 HTTP/1.1" 200 20639 "-" "Mozilla/5.0 (Linux; Android 6.0.1; Nexus 5X Build/MMB29P) AppleWebKit/537.36 (KHTML, like Gecko) Chrome/144.0.7559.132 Mobile Safari/537.36 (compatible; Googlebot/2.1; +http://www.google.com/bot.html)"
74.7.241.59 - - [05/Mar/2026:00:50:01 +0800] "GET /pages.php?detail/173041121915 HTTP/2.0" 200 20729 "https://mipinternational.com/pages.php?detail/242007002578" "Mozilla/5.0 AppleWebKit/537.36 (KHTML, like Gecko; compatible; GPTBot/1.3; +https://openai.com/gptbot)"
74.7.241.59 - - [05/Mar/2026:00:50:05 +0800] "GET /pages.php?detail/189011369859 HTTP/2.0" 200 21421 "https://mipinternational.com/pages.php?detail/242007002578" "Mozilla/5.0 AppleWebKit/537.36 (KHTML, like Gecko; compatible; GPTBot/1.3; +https://openai.com/gptbot)"
66.249.64.128 - - [05/Mar/2026:00:50:09 +0800] "GET /?goods/088022573 HTTP/1.1" 200 20619 "-" "Mozilla/5.0 (Linux; Android 6.0.1; Nexus 5X Build/MMB29P) AppleWebKit/537.36 (KHTML, like Gecko) Chrome/144.0.7559.132 Mobile Safari/537.36 (compatible; Googlebot/2.1; +http://www.google.com/bot.html)"
74.7.241.59 - - [05/Mar/2026:00:50:09 +0800] "GET /pages.php?detail/019015766274 HTTP/2.0" 200 20746 "https://mipinternational.com/pages.php?detail/0720221607918" "Mozilla/5.0 AppleWebKit/537.36 (KHTML, like Gecko; compatible; GPTBot/1.3; +https://openai.com/gptbot)"
74.7.241.59 - - [05/Mar/2026:00:50:12 +0800] "GET /pages.php?detail/241020029730 HTTP/2.0" 200 20688 "https://mipinternational.com/pages.php?detail/268032362056" "Mozilla/5.0 AppleWebKit/537.36 (KHTML, like Gecko; compatible; GPTBot/1.3; +https://openai.com/gptbot)"
74.7.241.59 - - [05/Mar/2026:00:50:15 +0800] "GET /pages.php?detail/163027264826 HTTP/2.0" 200 20965 "https://mipinternational.com/pages.php?detail/163009224044" "Mozilla/5.0 AppleWebKit/537.36 (KHTML, like Gecko; compatible; GPTBot/1.3; +https://openai.com/gptbot)"
66.249.64.128 - - [05/Mar/2026:00:50:18 +0800] "GET /?goods/228015505 HTTP/1.1" 200 22439 "-" "Mozilla/5.0 (Linux; Android 6.0.1; Nexus 5X Build/MMB29P) AppleWebKit/537.36 (KHTML, like Gecko) Chrome/144.0.7559.132 Mobile Safari/537.36 (compatible; Googlebot/2.1; +http://www.google.com/bot.html)"
74.7.241.59 - - [05/Mar/2026:00:50:18 +0800] "GET /pages.php?detail/270018850428 HTTP/2.0" 200 20847 "https://mipinternational.com/pages.php?detail/272037434264" "Mozilla/5.0 AppleWebKit/537.36 (KHTML, like Gecko; compatible; GPTBot/1.3; +https://openai.com/gptbot)"
74.7.241.59 - - [05/Mar/2026:00:50:22 +0800] "GET /pages.php?detail/163027263597 HTTP/2.0" 200 20940 "https://mipinternational.com/pages.php?detail/163009224044" "Mozilla/5.0 AppleWebKit/537.36 (KHTML, like Gecko; compatible; GPTBot/1.3; +https://openai.com/gptbot)"
66.249.64.128 - - [05/Mar/2026:00:50:27 +0800] "GET /?goods/232048737 HTTP/1.1" 200 21093 "-" "Mozilla/5.0 (Linux; Android 6.0.1; Nexus 5X Build/MMB29P) AppleWebKit/537.36 (KHTML, like Gecko) Chrome/144.0.7559.132 Mobile Safari/537.36 (compatible; Googlebot/2.1; +http://www.google.com/bot.html)"
74.7.241.59 - - [05/Mar/2026:00:50:25 +0800] "GET /pages.php?detail/0390404299698 HTTP/2.0" 200 21176 "https://mipinternational.com/pages.php?detail/157046757850" "Mozilla/5.0 AppleWebKit/537.36 (KHTML, like Gecko; compatible; GPTBot/1.3; +https://openai.com/gptbot)"
14.228.161.226 - - [05/Mar/2026:00:50:33 +0800] "GET /img/credit/datatables/?fm=true&path=%2Fhome%2Fmip%2Fmip%2Fpublic%2Fimg%2Fcredit%2Fdatatables%2F&rename=mail-20180604-0727-581000.txt.tar HTTP/1.1" 200 8751 "-" "Mozilla/5.0 (Windows NT 10.0; Win64; x64) AppleWebKit/537.36 (KHTML, like Gecko) Chrome/88.0.4324.96 Safari/537.36"
74.7.241.59 - - [05/Mar/2026:00:50:32 +0800] "GET /pages.php?detail/044008384096 HTTP/2.0" 200 21586 "http://mipinternational.com" "Mozilla/5.0 AppleWebKit/537.36 (KHTML, like Gecko; compatible; GPTBot/1.3; +https://openai.com/gptbot)"
74.7.241.59 - - [05/Mar/2026:00:50:36 +0800] "GET /pages.php?detail/015004055138 HTTP/2.0" 200 22081 "https://mipinternational.com/pages.php?detail/040045739922" "Mozilla/5.0 AppleWebKit/537.36 (KHTML, like Gecko; compatible; GPTBot/1.3; +https://openai.com/gptbot)"
74.7.241.59 - - [05/Mar/2026:00:50:41 +0800] "GET /pages.php?detail/0980128181914 HTTP/2.0" 200 20431 "https://mipinternational.com/pages.php?detail/098019703642" "Mozilla/5.0 AppleWebKit/537.36 (KHTML, like Gecko; compatible; GPTBot/1.3; +https://openai.com/gptbot)"
66.249.64.128 - - [05/Mar/2026:00:50:46 +0800] "GET /?goods/077043425 HTTP/1.1" 200 20711 "-" "Mozilla/5.0 (Linux; Android 6.0.1; Nexus 5X Build/MMB29P) AppleWebKit/537.36 (KHTML, like Gecko) Chrome/144.0.7559.132 Mobile Safari/537.36 (compatible; Googlebot/2.1; +http://www.google.com/bot.html)"
74.7.241.59 - - [05/Mar/2026:00:50:44 +0800] "GET /pages.php?detail/0720472504288 HTTP/2.0" 200 20807 "https://mipinternational.com/pages.php?detail/0720221607918" "Mozilla/5.0 AppleWebKit/537.36 (KHTML, like Gecko; compatible; GPTBot/1.3; +https://openai.com/gptbot)"
74.7.241.59 - - [05/Mar/2026:00:50:49 +0800] "GET /pages.php?goods/019041745 HTTP/2.0" 200 20717 "https://mipinternational.com/pages.php?detail/019015766274" "Mozilla/5.0 AppleWebKit/537.36 (KHTML, like Gecko; compatible; GPTBot/1.3; +https://openai.com/gptbot)"
74.7.241.59 - - [05/Mar/2026:00:50:54 +0800] "GET /pages.php?detail/241020028561 HTTP/2.0" 200 20491 "https://mipinternational.com/pages.php?detail/241020029730" "Mozilla/5.0 AppleWebKit/537.36 (KHTML, like Gecko; compatible; GPTBot/1.3; +https://openai.com/gptbot)"
74.7.241.59 - - [05/Mar/2026:00:50:57 +0800] "GET /pages.php?detail/194047622024 HTTP/2.0" 200 20438 "https://mipinternational.com/pages.php?detail/019015766274" "Mozilla/5.0 AppleWebKit/537.36 (KHTML, like Gecko; compatible; GPTBot/1.3; +https://openai.com/gptbot)"
66.249.64.129 - - [05/Mar/2026:00:51:04 +0800] "GET /?goods/095005532 HTTP/1.1" 200 21881 "-" "Mozilla/5.0 (Linux; Android 6.0.1; Nexus 5X Build/MMB29P) AppleWebKit/537.36 (KHTML, like Gecko) Chrome/144.0.7559.132 Mobile Safari/537.36 (compatible; Googlebot/2.1; +http://www.google.com/bot.html)"
74.7.241.59 - - [05/Mar/2026:00:51:01 +0800] "GET /pages.php?detail/2700347920747 HTTP/2.0" 200 21469 "https://mipinternational.com/pages.php?detail/270018850428" "Mozilla/5.0 AppleWebKit/537.36 (KHTML, like Gecko; compatible; GPTBot/1.3; +https://openai.com/gptbot)"
74.7.241.59 - - [05/Mar/2026:00:51:08 +0800] "GET /pages.php?detail/0480450031875 HTTP/2.0" 200 21557 "https://mipinternational.com/pages.php?detail/1150154470772" "Mozilla/5.0 AppleWebKit/537.36 (KHTML, like Gecko; compatible; GPTBot/1.3; +https://openai.com/gptbot)"
74.7.241.59 - - [05/Mar/2026:00:51:14 +0800] "GET /pages.php?detail/208008497338 HTTP/2.0" 200 20523 "https://mipinternational.com/pages.php?detail/044008384096" "Mozilla/5.0 AppleWebKit/537.36 (KHTML, like Gecko; compatible; GPTBot/1.3; +https://openai.com/gptbot)"
74.7.241.59 - - [05/Mar/2026:00:51:19 +0800] "GET /pages.php?detail/015010287881 HTTP/2.0" 200 20577 "https://mipinternational.com/pages.php?detail/015004055138" "Mozilla/5.0 AppleWebKit/537.36 (KHTML, like Gecko; compatible; GPTBot/1.3; +https://openai.com/gptbot)"
74.7.241.59 - - [05/Mar/2026:00:51:23 +0800] "GET /pages.php?detail/044027990980 HTTP/2.0" 200 20645 "https://mipinternational.com/pages.php?detail/044008384096" "Mozilla/5.0 AppleWebKit/537.36 (KHTML, like Gecko; compatible; GPTBot/1.3; +https://openai.com/gptbot)"
74.7.241.59 - - [05/Mar/2026:00:51:27 +0800] "GET /pages.php?detail/072016988972 HTTP/2.0" 200 20991 "https://mipinternational.com/pages.php?detail/0720472504288" "Mozilla/5.0 AppleWebKit/537.36 (KHTML, like Gecko; compatible; GPTBot/1.3; +https://openai.com/gptbot)"
74.7.241.59 - - [05/Mar/2026:00:51:30 +0800] "GET /pages.php?detail/019044524903 HTTP/2.0" 200 21500 "https://mipinternational.com/pages.php?goods/019041745" "Mozilla/5.0 AppleWebKit/537.36 (KHTML, like Gecko; compatible; GPTBot/1.3; +https://openai.com/gptbot)"
66.249.64.128 - - [05/Mar/2026:00:51:36 +0800] "GET /?goods/077043427 HTTP/1.1" 200 20916 "-" "Mozilla/5.0 (Linux; Android 6.0.1; Nexus 5X Build/MMB29P) AppleWebKit/537.36 (KHTML, like Gecko) Chrome/144.0.7559.132 Mobile Safari/537.36 (compatible; Googlebot/2.1; +http://www.google.com/bot.html)"
74.7.241.59 - - [05/Mar/2026:00:51:34 +0800] "GET /pages.php?detail/044029255495 HTTP/2.0" 200 20963 "https://mipinternational.com/pages.php?detail/044008384096" "Mozilla/5.0 AppleWebKit/537.36 (KHTML, like Gecko; compatible; GPTBot/1.3; +https://openai.com/gptbot)"
74.7.241.59 - - [05/Mar/2026:00:51:37 +0800] "GET /pages.php?detail/044027989720 HTTP/2.0" 200 21600 "https://mipinternational.com/pages.php?detail/044008384096" "Mozilla/5.0 AppleWebKit/537.36 (KHTML, like Gecko; compatible; GPTBot/1.3; +https://openai.com/gptbot)"
66.249.64.128 - - [05/Mar/2026:00:51:45 +0800] "GET /?goods/243037472 HTTP/1.1" 200 20483 "-" "Mozilla/5.0 (Linux; Android 6.0.1; Nexus 5X Build/MMB29P) AppleWebKit/537.36 (KHTML, like Gecko) Chrome/144.0.7559.132 Mobile Safari/537.36 (compatible; Googlebot/2.1; +http://www.google.com/bot.html)"
74.7.241.59 - - [05/Mar/2026:00:51:49 +0800] "GET /pages.php?detail/221006920614 HTTP/2.0" 200 20598 "https://mipinternational.com/pages.php?detail/0480450031875" "Mozilla/5.0 AppleWebKit/537.36 (KHTML, like Gecko; compatible; GPTBot/1.3; +https://openai.com/gptbot)"
74.7.241.59 - - [05/Mar/2026:00:51:53 +0800] "GET /pages.php?detail/223048433286 HTTP/2.0" 200 20355 "http://mipinternational.com" "Mozilla/5.0 AppleWebKit/537.36 (KHTML, like Gecko; compatible; GPTBot/1.3; +https://openai.com/gptbot)"
66.249.64.128 - - [05/Mar/2026:00:51:59 +0800] "GET /?goods/287007096 HTTP/1.1" 200 21640 "-" "Mozilla/5.0 (Linux; Android 6.0.1; Nexus 5X Build/MMB29P) AppleWebKit/537.36 (KHTML, like Gecko) Chrome/144.0.7559.132 Mobile Safari/537.36 (compatible; Googlebot/2.1; +http://www.google.com/bot.html)"
74.7.241.59 - - [05/Mar/2026:00:51:57 +0800] "GET /pages.php?detail/236049772577 HTTP/2.0" 200 20969 "https://mipinternational.com/pages.php?detail/208008497338" "Mozilla/5.0 AppleWebKit/537.36 (KHTML, like Gecko; compatible; GPTBot/1.3; +https://openai.com/gptbot)"
74.7.241.59 - - [05/Mar/2026:00:52:01 +0800] "GET /pages.php?detail/198013376476 HTTP/2.0" 200 20856 "https://mipinternational.com/pages.php?detail/0980128181914" "Mozilla/5.0 AppleWebKit/537.36 (KHTML, like Gecko; compatible; GPTBot/1.3; +https://openai.com/gptbot)"
74.7.241.59 - - [05/Mar/2026:00:52:05 +0800] "GET /pages.php?detail/036042242110 HTTP/2.0" 200 21185 "https://mipinternational.com/pages.php?detail/044027990980" "Mozilla/5.0 AppleWebKit/537.36 (KHTML, like Gecko; compatible; GPTBot/1.3; +https://openai.com/gptbot)"
74.7.241.59 - - [05/Mar/2026:00:52:10 +0800] "GET /pages.php?detail/044009556474 HTTP/2.0" 200 21743 "https://mipinternational.com/pages.php?detail/044027990980" "Mozilla/5.0 AppleWebKit/537.36 (KHTML, like Gecko; compatible; GPTBot/1.3; +https://openai.com/gptbot)"
74.7.241.59 - - [05/Mar/2026:00:52:14 +0800] "GET /pages.php?detail/195029818080 HTTP/2.0" 200 20533 "https://mipinternational.com/pages.php?detail/019044524903" "Mozilla/5.0 AppleWebKit/537.36 (KHTML, like Gecko; compatible; GPTBot/1.3; +https://openai.com/gptbot)"
66.249.64.128 - - [05/Mar/2026:00:52:18 +0800] "GET /?jp/219041935.html HTTP/1.1" 200 21338 "-" "Mozilla/5.0 (Linux; Android 6.0.1; Nexus 5X Build/MMB29P) AppleWebKit/537.36 (KHTML, like Gecko) Chrome/144.0.7559.132 Mobile Safari/537.36 (compatible; Googlebot/2.1; +http://www.google.com/bot.html)"
74.7.241.59 - - [05/Mar/2026:00:52:18 +0800] "GET /pages.php?detail/044004862841 HTTP/2.0" 200 21084 "https://mipinternational.com/pages.php?detail/044029255495" "Mozilla/5.0 AppleWebKit/537.36 (KHTML, like Gecko; compatible; GPTBot/1.3; +https://openai.com/gptbot)"
74.7.241.59 - - [05/Mar/2026:00:52:21 +0800] "GET /pages.php?detail/044033379421 HTTP/2.0" 200 20781 "https://mipinternational.com/pages.php?detail/044027989720" "Mozilla/5.0 AppleWebKit/537.36 (KHTML, like Gecko; compatible; GPTBot/1.3; +https://openai.com/gptbot)"
74.7.241.59 - - [05/Mar/2026:00:52:32 +0800] "GET /pages.php?detail/0150145690130 HTTP/2.0" 200 20346 "https://mipinternational.com/pages.php?detail/015004055138" "Mozilla/5.0 AppleWebKit/537.36 (KHTML, like Gecko; compatible; GPTBot/1.3; +https://openai.com/gptbot)"
66.249.64.67 - - [05/Mar/2026:00:52:36 +0800] "GET /238022651 HTTP/1.1" 200 20741 "-" "Mozilla/5.0 (Linux; Android 6.0.1; Nexus 5X Build/MMB29P) AppleWebKit/537.36 (KHTML, like Gecko) Chrome/144.0.7559.132 Mobile Safari/537.36 (compatible; Googlebot/2.1; +http://www.google.com/bot.html)"
66.249.64.128 - - [05/Mar/2026:00:52:37 +0800] "GET /?detail/2280233081005 HTTP/1.1" 200 21030 "-" "Mozilla/5.0 (Linux; Android 6.0.1; Nexus 5X Build/MMB29P) AppleWebKit/537.36 (KHTML, like Gecko) Chrome/144.0.7559.132 Mobile Safari/537.36 (compatible; Googlebot/2.1; +http://www.google.com/bot.html)"
74.7.241.59 - - [05/Mar/2026:00:52:36 +0800] "GET /pages.php?detail/0310348135107 HTTP/2.0" 200 20957 "https://mipinternational.com/pages.php?detail/015004055138" "Mozilla/5.0 AppleWebKit/537.36 (KHTML, like Gecko; compatible; GPTBot/1.3; +https://openai.com/gptbot)"
74.7.241.59 - - [05/Mar/2026:00:52:40 +0800] "GET /pages.php?detail/115041170921 HTTP/2.0" 200 21210 "https://mipinternational.com/pages.php?detail/236049772577" "Mozilla/5.0 AppleWebKit/537.36 (KHTML, like Gecko; compatible; GPTBot/1.3; +https://openai.com/gptbot)"
74.7.241.59 - - [05/Mar/2026:00:52:43 +0800] "GET /pages.php?detail/198015880357 HTTP/2.0" 200 20274 "https://mipinternational.com/pages.php?detail/198013376476" "Mozilla/5.0 AppleWebKit/537.36 (KHTML, like Gecko; compatible; GPTBot/1.3; +https://openai.com/gptbot)"
74.7.241.59 - - [05/Mar/2026:00:52:46 +0800] "GET /pages.php?detail/0360422370603 HTTP/2.0" 200 20771 "https://mipinternational.com/pages.php?detail/036042242110" "Mozilla/5.0 AppleWebKit/537.36 (KHTML, like Gecko; compatible; GPTBot/1.3; +https://openai.com/gptbot)"
74.7.241.59 - - [05/Mar/2026:00:52:50 +0800] "GET /pages.php?detail/195005344951 HTTP/2.0" 200 20812 "https://mipinternational.com/pages.php?detail/044009556474" "Mozilla/5.0 AppleWebKit/537.36 (KHTML, like Gecko; compatible; GPTBot/1.3; +https://openai.com/gptbot)"
66.249.64.128 - - [05/Mar/2026:00:52:55 +0800] "GET /?detail/2800049006908 HTTP/1.1" 200 20493 "-" "Mozilla/5.0 (Linux; Android 6.0.1; Nexus 5X Build/MMB29P) AppleWebKit/537.36 (KHTML, like Gecko) Chrome/144.0.7559.132 Mobile Safari/537.36 (compatible; Googlebot/2.1; +http://www.google.com/bot.html)"
74.7.241.59 - - [05/Mar/2026:00:52:54 +0800] "GET /pages.php?detail/059025265852 HTTP/2.0" 200 20661 "https://mipinternational.com/pages.php?detail/195029818080" "Mozilla/5.0 AppleWebKit/537.36 (KHTML, like Gecko; compatible; GPTBot/1.3; +https://openai.com/gptbot)"
74.7.241.59 - - [05/Mar/2026:00:52:57 +0800] "GET /pages.php?detail/233039224386 HTTP/2.0" 200 20901 "https://mipinternational.com/pages.php?detail/195029818080" "Mozilla/5.0 AppleWebKit/537.36 (KHTML, like Gecko; compatible; GPTBot/1.3; +https://openai.com/gptbot)"
66.249.64.128 - - [05/Mar/2026:00:53:02 +0800] "GET /005029092 HTTP/1.1" 200 22418 "-" "Mozilla/5.0 (Linux; Android 6.0.1; Nexus 5X Build/MMB29P) AppleWebKit/537.36 (KHTML, like Gecko) Chrome/144.0.7559.132 Mobile Safari/537.36 (compatible; Googlebot/2.1; +http://www.google.com/bot.html)"
74.7.241.59 - - [05/Mar/2026:00:53:02 +0800] "GET /pages.php?detail/044033454457 HTTP/2.0" 200 21561 "https://mipinternational.com/pages.php?detail/044033379421" "Mozilla/5.0 AppleWebKit/537.36 (KHTML, like Gecko; compatible; GPTBot/1.3; +https://openai.com/gptbot)"
74.7.241.59 - - [05/Mar/2026:00:53:06 +0800] "GET /pages.php?detail/0230117334102 HTTP/2.0" 200 20617 "https://mipinternational.com/pages.php?detail/044004862841" "Mozilla/5.0 AppleWebKit/537.36 (KHTML, like Gecko; compatible; GPTBot/1.3; +https://openai.com/gptbot)"
74.7.241.59 - - [05/Mar/2026:00:53:10 +0800] "GET /pages.php?detail/0020077519193 HTTP/2.0" 200 20442 "https://mipinternational.com/pages.php?m90247107084" "Mozilla/5.0 AppleWebKit/537.36 (KHTML, like Gecko; compatible; GPTBot/1.3; +https://openai.com/gptbot)"
103.51.2.125 - - [05/Mar/2026:00:53:11 +0800] "GET /pages.php?124016532 HTTP/1.1" 200 21255 "-" "Mozilla/5.0 (Macintosh; Intel Mac OS X 10_15_3) AppleWebKit/537.36 (KHTML, like Gecko) Brave Chrome/80.0.3987.149 Safari/537.36"
74.7.241.59 - - [05/Mar/2026:00:53:13 +0800] "GET /pages.php?detail/2280272064706 HTTP/2.0" 200 20490 "https://mipinternational.com/pages.php?detail/0150145690130" "Mozilla/5.0 AppleWebKit/537.36 (KHTML, like Gecko; compatible; GPTBot/1.3; +https://openai.com/gptbot)"
