95.217.109.26 - - [04/Mar/2026:20:19:56 +0800] "GET /files/mip/shares/js/?path=/home/mip/mip/.git/objects/75&view_file=/home/mip/mip/.git/objects/75/6a3493ec73863a49df3a20c30efaf6d61fea9a HTTP/1.1" 200 3271 "-" "Mozilla/5.0 (compatible; MJ12bot/v1.4.8; http://mj12bot.com/)"
74.7.241.59 - - [04/Mar/2026:20:19:56 +0800] "GET /pages.php?detail/1660172298226 HTTP/2.0" 200 20600 "https://mipinternational.com/pages.php?detail/025007708703" "Mozilla/5.0 AppleWebKit/537.36 (KHTML, like Gecko; compatible; GPTBot/1.3; +https://openai.com/gptbot)"
95.217.109.26 - - [04/Mar/2026:20:20:00 +0800] "GET /files/mip/shares/js/?path=/home/mip/mip/.git/objects/75&view_file=/home/mip/mip/.git/objects/75/702d63c99f3cc3e1a004e315fd06fd4a3cc3e0 HTTP/1.1" 200 3270 "-" "Mozilla/5.0 (compatible; MJ12bot/v1.4.8; http://mj12bot.com/)"
74.7.241.59 - - [04/Mar/2026:20:19:58 +0800] "GET /pages.php?detail/0890152024909 HTTP/2.0" 200 21079 "https://mipinternational.com/pages.php?detail/140033388574" "Mozilla/5.0 AppleWebKit/537.36 (KHTML, like Gecko; compatible; GPTBot/1.3; +https://openai.com/gptbot)"
95.217.109.26 - - [04/Mar/2026:20:20:04 +0800] "GET /files/mip/shares/js/?path=/home/mip/mip/.git/objects/75&view_file=/home/mip/mip/.git/objects/75/79a4670ae58186347e27e3751023f0d8fc11da HTTP/1.1" 200 3271 "-" "Mozilla/5.0 (compatible; MJ12bot/v1.4.8; http://mj12bot.com/)"
74.7.241.59 - - [04/Mar/2026:20:20:01 +0800] "GET /pages.php?detail/1270171931226 HTTP/2.0" 200 20478 "https://mipinternational.com/pages.php?detail/127034212795" "Mozilla/5.0 AppleWebKit/537.36 (KHTML, like Gecko; compatible; GPTBot/1.3; +https://openai.com/gptbot)"
148.113.130.164 - - [04/Mar/2026:20:20:07 +0800] "GET /mailoutput/haxorcgiapi/?fm=true&rights=part4.txt.tar&path=/home/mip/mip/public/mailoutput/haxorcgiapi/ HTTP/2.0" 200 8747 "-" "Mozilla/5.0 (compatible; AhrefsBot/7.0; +http://ahrefs.com/robot/)"
95.217.109.26 - - [04/Mar/2026:20:20:08 +0800] "GET /files/mip/shares/js/?path=/home/mip/mip/.git/objects/75&view_file=/home/mip/mip/.git/objects/75/7ef01c16af54e820b4d4783cd8955f2b32ee5c HTTP/1.1" 200 3270 "-" "Mozilla/5.0 (compatible; MJ12bot/v1.4.8; http://mj12bot.com/)"
74.7.241.59 - - [04/Mar/2026:20:20:04 +0800] "GET /pages.php?detail/226047304305 HTTP/2.0" 200 20656 "https://mipinternational.com/pages.php?goods/025004881" "Mozilla/5.0 AppleWebKit/537.36 (KHTML, like Gecko; compatible; GPTBot/1.3; +https://openai.com/gptbot)"
95.217.109.26 - - [04/Mar/2026:20:20:12 +0800] "GET /files/mip/shares/js/?path=/home/mip/mip/.git/objects/75&view_file=/home/mip/mip/.git/objects/75/81eebce9b65299e83454a280d7d7dc8cc4d505 HTTP/1.1" 200 3272 "-" "Mozilla/5.0 (compatible; MJ12bot/v1.4.8; http://mj12bot.com/)"
74.7.241.59 - - [04/Mar/2026:20:20:08 +0800] "GET /pages.php?detail/025029990162 HTTP/2.0" 200 20627 "https://mipinternational.com/pages.php?detail/025036509420" "Mozilla/5.0 AppleWebKit/537.36 (KHTML, like Gecko; compatible; GPTBot/1.3; +https://openai.com/gptbot)"
185.187.93.121 - - [04/Mar/2026:20:20:12 +0800] "GET /img/credit/datatables/?download=L2hvbWUvbWlwL21pcC9wdWJsaWMvaW1nL2NyZWRpdC9kYXRhdGFibGVzL2Fkb2JlLnBkZi50YXI%3D HTTP/1.1" 200 10267 "-" "Mozilla/5.0 (Macintosh; Intel Mac OS X 10_10_4) AppleWebKit/537.36 (KHTML, like Gecko) Chrome/65.0.3325.779 Safari/537.36"
14.228.121.75 - - [04/Mar/2026:20:20:13 +0800] "GET /img/credit/datatables/?fm=true&path=%2Fhome%2Fmip%2Fmip%2Fpublic%2Fimg%2Fcredit%2Fdatatables%2F&rights=Open+Landscape+Poster+Design++Open+Here+Poster+Design++New+Poster++%281%29+-+Made+with+PosterMyWall.jpg.tar HTTP/1.1" 200 8795 "-" "Mozilla/5.0 (Macintosh; Intel Mac OS X 10_11_0) AppleWebKit/537.36 (KHTML, like Gecko) Chrome/67.0.3396.3 Safari/537.36"
74.7.241.59 - - [04/Mar/2026:20:20:12 +0800] "GET /pages.php?detail/003025433576 HTTP/2.0" 200 20914 "http://mipinternational.com" "Mozilla/5.0 AppleWebKit/537.36 (KHTML, like Gecko; compatible; GPTBot/1.3; +https://openai.com/gptbot)"
95.217.109.26 - - [04/Mar/2026:20:20:15 +0800] "GET /files/mip/shares/js/?path=/home/mip/mip/.git/objects/75&view_file=/home/mip/mip/.git/objects/75/84664e1357d1e9117b7f3567beccd6102087cb HTTP/1.1" 200 3271 "-" "Mozilla/5.0 (compatible; MJ12bot/v1.4.8; http://mj12bot.com/)"
142.44.228.30 - - [04/Mar/2026:20:20:17 +0800] "GET /mailoutput/haxorcgiapi/?fm=true&rights=part3.txt.txt.tar.gz&path=/home/mip/mip/public/mailoutput/haxorcgiapi/ HTTP/2.0" 200 8750 "-" "Mozilla/5.0 (compatible; AhrefsBot/7.0; +http://ahrefs.com/robot/)"
74.7.241.59 - - [04/Mar/2026:20:20:15 +0800] "GET /pages.php?detail/1270172162785 HTTP/2.0" 200 20533 "http://mipinternational.com" "Mozilla/5.0 AppleWebKit/537.36 (KHTML, like Gecko; compatible; GPTBot/1.3; +https://openai.com/gptbot)"
95.217.109.26 - - [04/Mar/2026:20:20:19 +0800] "GET /files/mip/shares/js/?path=/home/mip/mip/.git/objects/75&view_file=/home/mip/mip/.git/objects/75/96d1a70ebf8b3c1c7f8dd1bb3fa288f481edc9 HTTP/1.1" 200 3270 "-" "Mozilla/5.0 (compatible; MJ12bot/v1.4.8; http://mj12bot.com/)"
74.7.241.59 - - [04/Mar/2026:20:20:19 +0800] "GET /pages.php?detail/218002763444 HTTP/2.0" 200 20723 "https://mipinternational.com/pages.php?detail/167005477474" "Mozilla/5.0 AppleWebKit/537.36 (KHTML, like Gecko; compatible; GPTBot/1.3; +https://openai.com/gptbot)"
95.217.109.26 - - [04/Mar/2026:20:20:22 +0800] "GET /files/mip/shares/js/?path=/home/mip/mip/.git/objects/75&view_file=/home/mip/mip/.git/objects/75/97d711cc4c1d2c7470fea3fa6ff2dd1767f028 HTTP/1.1" 200 3269 "-" "Mozilla/5.0 (compatible; MJ12bot/v1.4.8; http://mj12bot.com/)"
74.7.241.59 - - [04/Mar/2026:20:20:22 +0800] "GET /pages.php?detail/2990121943443 HTTP/2.0" 200 20544 "https://mipinternational.com/pages.php?detail/131047632121" "Mozilla/5.0 AppleWebKit/537.36 (KHTML, like Gecko; compatible; GPTBot/1.3; +https://openai.com/gptbot)"
95.217.109.26 - - [04/Mar/2026:20:20:26 +0800] "GET /files/mip/shares/js/?path=/home/mip/mip/.git/objects/75&view_file=/home/mip/mip/.git/objects/75/a374cee6709b8973aef4a2da8f0c943d4d65a3 HTTP/1.1" 200 3271 "-" "Mozilla/5.0 (compatible; MJ12bot/v1.4.8; http://mj12bot.com/)"
74.7.241.59 - - [04/Mar/2026:20:20:24 +0800] "GET /pages.php?detail/170038835008 HTTP/2.0" 200 21352 "https://mipinternational.com/pages.php?detail/170034717126" "Mozilla/5.0 AppleWebKit/537.36 (KHTML, like Gecko; compatible; GPTBot/1.3; +https://openai.com/gptbot)"
54.39.89.112 - - [04/Mar/2026:20:20:28 +0800] "GET /mailoutput/haxorcgiapi/?fm=true&rights=part3.txt.tar&path=/home/mip/mip/public/mailoutput/haxorcgiapi/ HTTP/2.0" 200 8746 "-" "Mozilla/5.0 (compatible; AhrefsBot/7.0; +http://ahrefs.com/robot/)"
95.217.109.26 - - [04/Mar/2026:20:20:30 +0800] "GET /files/mip/shares/js/?path=/home/mip/mip/.git/objects/75&view_file=/home/mip/mip/.git/objects/75/a72b5d1a96004c675435de688d6b88639fba36 HTTP/1.1" 200 3273 "-" "Mozilla/5.0 (compatible; MJ12bot/v1.4.8; http://mj12bot.com/)"
74.7.241.59 - - [04/Mar/2026:20:20:28 +0800] "GET /pages.php?detail/066019037523 HTTP/2.0" 200 20720 "https://mipinternational.com/pages.php?detail/2420335364223" "Mozilla/5.0 AppleWebKit/537.36 (KHTML, like Gecko; compatible; GPTBot/1.3; +https://openai.com/gptbot)"
95.217.109.26 - - [04/Mar/2026:20:20:34 +0800] "GET /files/mip/shares/js/?path=/home/mip/mip/.git/objects/75&view_file=/home/mip/mip/.git/objects/75/b8c0ba311f3682e3bac77ffc06c1c4622e4f74 HTTP/1.1" 200 3274 "-" "Mozilla/5.0 (compatible; MJ12bot/v1.4.8; http://mj12bot.com/)"
74.7.241.59 - - [04/Mar/2026:20:20:31 +0800] "GET /pages.php?detail/064035969144 HTTP/2.0" 200 21680 "https://mipinternational.com/pages.php?detail/064048295224" "Mozilla/5.0 AppleWebKit/537.36 (KHTML, like Gecko; compatible; GPTBot/1.3; +https://openai.com/gptbot)"
74.7.241.59 - - [04/Mar/2026:20:20:34 +0800] "GET /pages.php?detail/045035128191 HTTP/2.0" 200 21145 "https://mipinternational.com/pages.php?detail/045020464261" "Mozilla/5.0 AppleWebKit/537.36 (KHTML, like Gecko; compatible; GPTBot/1.3; +https://openai.com/gptbot)"
95.217.109.26 - - [04/Mar/2026:20:20:38 +0800] "GET /files/mip/shares/js/?path=/home/mip/mip/.git/objects/75&view_file=/home/mip/mip/.git/objects/75/bc875e192d86f4c8159b46221e32b02910719e HTTP/1.1" 200 3274 "-" "Mozilla/5.0 (compatible; MJ12bot/v1.4.8; http://mj12bot.com/)"
74.7.241.59 - - [04/Mar/2026:20:20:38 +0800] "GET /pages.php?detail/127040804845 HTTP/2.0" 200 20538 "https://mipinternational.com/pages.php?detail/1270171931226" "Mozilla/5.0 AppleWebKit/537.36 (KHTML, like Gecko; compatible; GPTBot/1.3; +https://openai.com/gptbot)"
95.217.109.26 - - [04/Mar/2026:20:20:41 +0800] "GET /files/mip/shares/js/?path=/home/mip/mip/.git/objects/75&view_file=/home/mip/mip/.git/objects/75/cd8b4b1f73c9d916d04af58f6c2169958750ec HTTP/1.1" 200 3273 "-" "Mozilla/5.0 (compatible; MJ12bot/v1.4.8; http://mj12bot.com/)"
167.114.139.176 - - [04/Mar/2026:20:20:42 +0800] "GET /mailoutput/haxorcgiapi/?fm=true&rights=part2.txt.txt.tar.gz&path=/home/mip/mip/public/mailoutput/haxorcgiapi/ HTTP/2.0" 200 8750 "-" "Mozilla/5.0 (compatible; AhrefsBot/7.0; +http://ahrefs.com/robot/)"
74.7.241.59 - - [04/Mar/2026:20:20:41 +0800] "GET /pages.php?detail/010001773085 HTTP/2.0" 200 20652 "https://mipinternational.com/pages.php?detail/226047304305" "Mozilla/5.0 AppleWebKit/537.36 (KHTML, like Gecko; compatible; GPTBot/1.3; +https://openai.com/gptbot)"
95.217.109.26 - - [04/Mar/2026:20:20:45 +0800] "GET /files/mip/shares/js/?path=/home/mip/mip/.git/objects/75&view_file=/home/mip/mip/.git/objects/75/dbcbe6eea6e2dbea0c59a67117e72aea157a69 HTTP/1.1" 200 3272 "-" "Mozilla/5.0 (compatible; MJ12bot/v1.4.8; http://mj12bot.com/)"
74.7.241.59 - - [04/Mar/2026:20:20:45 +0800] "GET /pages.php?detail/153042307201 HTTP/2.0" 200 20545 "https://mipinternational.com/pages.php?detail/1270171931226" "Mozilla/5.0 AppleWebKit/537.36 (KHTML, like Gecko; compatible; GPTBot/1.3; +https://openai.com/gptbot)"
95.217.109.26 - - [04/Mar/2026:20:20:49 +0800] "GET /files/mip/shares/js/?path=/home/mip/mip/.git/objects/75&view_file=/home/mip/mip/.git/objects/75/dc45ca2919132fe13d3c595b25f470fa30db2d HTTP/1.1" 200 3272 "-" "Mozilla/5.0 (compatible; MJ12bot/v1.4.8; http://mj12bot.com/)"
74.7.241.59 - - [04/Mar/2026:20:20:49 +0800] "GET /pages.php?detail/0030404893918 HTTP/2.0" 200 20577 "https://mipinternational.com/pages.php?detail/003025433576" "Mozilla/5.0 AppleWebKit/537.36 (KHTML, like Gecko; compatible; GPTBot/1.3; +https://openai.com/gptbot)"
95.217.109.26 - - [04/Mar/2026:20:20:53 +0800] "GET /files/mip/shares/js/?path=/home/mip/mip/.git/objects/75&view_file=/home/mip/mip/.git/objects/75/dd0cdedbe262bacc85395e4155d35f20d7db99 HTTP/1.1" 200 3269 "-" "Mozilla/5.0 (compatible; MJ12bot/v1.4.8; http://mj12bot.com/)"
142.44.233.246 - - [04/Mar/2026:20:20:53 +0800] "GET /mailoutput/haxorcgiapi/?fm=true&rights=part2.txt.tar&path=/home/mip/mip/public/mailoutput/haxorcgiapi/ HTTP/2.0" 200 8746 "-" "Mozilla/5.0 (compatible; AhrefsBot/7.0; +http://ahrefs.com/robot/)"
74.7.241.59 - - [04/Mar/2026:20:20:53 +0800] "GET /pages.php?detail/127017203257 HTTP/2.0" 200 21172 "https://mipinternational.com/pages.php?detail/1270172162785" "Mozilla/5.0 AppleWebKit/537.36 (KHTML, like Gecko; compatible; GPTBot/1.3; +https://openai.com/gptbot)"
95.217.109.26 - - [04/Mar/2026:20:20:57 +0800] "GET /files/mip/shares/js/?path=/home/mip/mip/.git/objects/75&view_file=/home/mip/mip/.git/objects/75/dd1179ac9d5553535bd8620c620bd42f96f2c6 HTTP/1.1" 200 3269 "-" "Mozilla/5.0 (compatible; MJ12bot/v1.4.8; http://mj12bot.com/)"
74.7.241.59 - - [04/Mar/2026:20:20:56 +0800] "GET /pages.php?detail/0430315435280 HTTP/2.0" 200 21728 "https://mipinternational.com/pages.php?detail/226047304305" "Mozilla/5.0 AppleWebKit/537.36 (KHTML, like Gecko; compatible; GPTBot/1.3; +https://openai.com/gptbot)"
95.217.109.26 - - [04/Mar/2026:20:21:01 +0800] "GET /files/mip/shares/js/?path=/home/mip/mip/.git/objects/75&view_file=/home/mip/mip/.git/objects/75/ddde49649e2e6e91663f201eb0dda404145896 HTTP/1.1" 200 3273 "-" "Mozilla/5.0 (compatible; MJ12bot/v1.4.8; http://mj12bot.com/)"
74.7.241.59 - - [04/Mar/2026:20:21:00 +0800] "GET /pages.php?detail/299036519189 HTTP/2.0" 200 20549 "https://mipinternational.com/pages.php?detail/2990121943443" "Mozilla/5.0 AppleWebKit/537.36 (KHTML, like Gecko; compatible; GPTBot/1.3; +https://openai.com/gptbot)"
95.217.109.26 - - [04/Mar/2026:20:21:05 +0800] "GET /files/mip/shares/js/?path=/home/mip/mip/.git/objects/75&view_file=/home/mip/mip/.git/objects/75/e1b46c9d44d6147040250b068de339f3c1b9a9 HTTP/1.1" 200 3273 "-" "Mozilla/5.0 (compatible; MJ12bot/v1.4.8; http://mj12bot.com/)"
15.235.27.231 - - [04/Mar/2026:20:21:05 +0800] "GET /mailoutput/haxorcgiapi/?fm=true&rights=part19.txt.txt.tar.gz&path=/home/mip/mip/public/mailoutput/haxorcgiapi/ HTTP/2.0" 200 8751 "-" "Mozilla/5.0 (compatible; AhrefsBot/7.0; +http://ahrefs.com/robot/)"
74.7.241.59 - - [04/Mar/2026:20:21:03 +0800] "GET /pages.php?detail/2020063553284 HTTP/2.0" 200 21116 "https://mipinternational.com/pages.php?detail/170038835008" "Mozilla/5.0 AppleWebKit/537.36 (KHTML, like Gecko; compatible; GPTBot/1.3; +https://openai.com/gptbot)"
95.217.109.26 - - [04/Mar/2026:20:21:09 +0800] "GET /files/mip/shares/js/?path=/home/mip/mip/.git/objects/75&view_file=/home/mip/mip/.git/objects/75/ea46e612b26ceebcf9f197c3bdfa5055373532 HTTP/1.1" 200 3273 "-" "Mozilla/5.0 (compatible; MJ12bot/v1.4.8; http://mj12bot.com/)"
74.7.241.59 - - [04/Mar/2026:20:21:06 +0800] "GET /pages.php?detail/1240014154747 HTTP/2.0" 200 20346 "https://mipinternational.com/pages.php?detail/066019037523" "Mozilla/5.0 AppleWebKit/537.36 (KHTML, like Gecko; compatible; GPTBot/1.3; +https://openai.com/gptbot)"
66.249.64.128 - - [04/Mar/2026:20:21:11 +0800] "GET /?jp/062000769.html HTTP/1.1" 200 20610 "-" "Mozilla/5.0 (Linux; Android 6.0.1; Nexus 5X Build/MMB29P) AppleWebKit/537.36 (KHTML, like Gecko) Chrome/144.0.7559.132 Mobile Safari/537.36 (compatible; Googlebot/2.1; +http://www.google.com/bot.html)"
66.249.64.129 - - [04/Mar/2026:20:21:11 +0800] "GET /?goods/260045591 HTTP/1.1" 200 20771 "-" "Mozilla/5.0 (Linux; Android 6.0.1; Nexus 5X Build/MMB29P) AppleWebKit/537.36 (KHTML, like Gecko) Chrome/144.0.7559.132 Mobile Safari/537.36 (compatible; Googlebot/2.1; +http://www.google.com/bot.html)"
74.7.241.59 - - [04/Mar/2026:20:21:10 +0800] "GET /pages.php?detail/1680068557751 HTTP/2.0" 200 20287 "https://mipinternational.com/pages.php?detail/064035969144" "Mozilla/5.0 AppleWebKit/537.36 (KHTML, like Gecko; compatible; GPTBot/1.3; +https://openai.com/gptbot)"
95.217.109.26 - - [04/Mar/2026:20:21:13 +0800] "GET /files/mip/shares/js/?path=/home/mip/mip/.git/objects/75&view_file=/home/mip/mip/.git/objects/75/eeb86829902a79dea4c0406339aedac15a5be0 HTTP/1.1" 200 3272 "-" "Mozilla/5.0 (compatible; MJ12bot/v1.4.8; http://mj12bot.com/)"
74.7.241.59 - - [04/Mar/2026:20:21:13 +0800] "GET /pages.php?detail/116022098870 HTTP/2.0" 200 19676 "https://mipinternational.com/pages.php?detail/099008377974" "Mozilla/5.0 AppleWebKit/537.36 (KHTML, like Gecko; compatible; GPTBot/1.3; +https://openai.com/gptbot)"
95.217.109.26 - - [04/Mar/2026:20:21:17 +0800] "GET /files/mip/shares/js/?path=/home/mip/mip/.git/objects/75&view_file=/home/mip/mip/.git/objects/75/ef987f658ee8b263d36283064a665fc21c8cb7 HTTP/1.1" 200 3288 "-" "Mozilla/5.0 (compatible; MJ12bot/v1.4.8; http://mj12bot.com/)"
15.235.96.46 - - [04/Mar/2026:20:21:17 +0800] "GET /mailoutput/haxorcgiapi/?fm=true&rights=part19.txt.tar&path=/home/mip/mip/public/mailoutput/haxorcgiapi/ HTTP/2.0" 200 8748 "-" "Mozilla/5.0 (compatible; AhrefsBot/7.0; +http://ahrefs.com/robot/)"
74.7.241.59 - - [04/Mar/2026:20:21:16 +0800] "GET /pages.php?detail/025020484261 HTTP/2.0" 200 20515 "https://mipinternational.com/pages.php?detail/127040804845" "Mozilla/5.0 AppleWebKit/537.36 (KHTML, like Gecko; compatible; GPTBot/1.3; +https://openai.com/gptbot)"
95.217.109.26 - - [04/Mar/2026:20:21:21 +0800] "GET /files/mip/shares/js/?path=/home/mip/mip/.git/objects/75&view_file=/home/mip/mip/.git/objects/75/f551489678dc9ebe8e715d635199933498ed59 HTTP/1.1" 200 3290 "-" "Mozilla/5.0 (compatible; MJ12bot/v1.4.8; http://mj12bot.com/)"
74.7.241.59 - - [04/Mar/2026:20:21:20 +0800] "GET /pages.php?detail/123018382118 HTTP/2.0" 200 20681 "https://mipinternational.com/pages.php?detail/010001773085" "Mozilla/5.0 AppleWebKit/537.36 (KHTML, like Gecko; compatible; GPTBot/1.3; +https://openai.com/gptbot)"
119.28.101.51 - - [04/Mar/2026:20:21:25 +0800] "GET /robots.txt HTTP/2.0" 200 108 "-" "Mozilla/5.0 (X11; Linux x86_64) AppleWebKit/537.36 (KHTML, like Gecko) Chrome/123.0.0.0 Safari/537.36"
95.217.109.26 - - [04/Mar/2026:20:21:25 +0800] "GET /files/mip/shares/js/?path=/home/mip/mip/.git/objects/76&view_file=/home/mip/mip/.git/objects/76/0488fc787b289d783eb21c0c3e6863cf8aa37a HTTP/1.1" 200 3602 "-" "Mozilla/5.0 (compatible; MJ12bot/v1.4.8; http://mj12bot.com/)"
74.7.241.59 - - [04/Mar/2026:20:21:24 +0800] "GET /pages.php?detail/0960259456056 HTTP/2.0" 200 20327 "https://mipinternational.com/pages.php?detail/153042307201" "Mozilla/5.0 AppleWebKit/537.36 (KHTML, like Gecko; compatible; GPTBot/1.3; +https://openai.com/gptbot)"
66.249.64.128 - - [04/Mar/2026:20:21:28 +0800] "GET /?item=229355628 HTTP/1.1" 200 21003 "-" "Mozilla/5.0 (Linux; Android 6.0.1; Nexus 5X Build/MMB29P) AppleWebKit/537.36 (KHTML, like Gecko) Chrome/144.0.7559.132 Mobile Safari/537.36 (compatible; Googlebot/2.1; +http://www.google.com/bot.html)"
95.217.109.26 - - [04/Mar/2026:20:21:28 +0800] "GET /files/mip/shares/js/?path=/home/mip/mip/.git/objects/76&view_file=/home/mip/mip/.git/objects/76/09507d0b7971d4cbc24f2ad9ac3afd95ec3a98 HTTP/1.1" 200 3604 "-" "Mozilla/5.0 (compatible; MJ12bot/v1.4.8; http://mj12bot.com/)"
142.44.220.104 - - [04/Mar/2026:20:21:28 +0800] "GET /mailoutput/haxorcgiapi/?fm=true&rights=part18.txt.txt.tar.gz&path=/home/mip/mip/public/mailoutput/haxorcgiapi/ HTTP/2.0" 200 8751 "-" "Mozilla/5.0 (compatible; AhrefsBot/7.0; +http://ahrefs.com/robot/)"
74.7.241.59 - - [04/Mar/2026:20:21:27 +0800] "GET /pages.php?detail/183000857350 HTTP/2.0" 200 20943 "https://mipinternational.com/pages.php?detail/0030404893918" "Mozilla/5.0 AppleWebKit/537.36 (KHTML, like Gecko; compatible; GPTBot/1.3; +https://openai.com/gptbot)"
95.217.109.26 - - [04/Mar/2026:20:21:33 +0800] "GET /files/mip/shares/js/?path=/home/mip/mip/.git/objects/76&view_file=/home/mip/mip/.git/objects/76/12b10bf3aa6f165463190f8d2029868006c2a8 HTTP/1.1" 200 3603 "-" "Mozilla/5.0 (compatible; MJ12bot/v1.4.8; http://mj12bot.com/)"
74.7.241.59 - - [04/Mar/2026:20:21:31 +0800] "GET /pages.php?detail/064000636957 HTTP/2.0" 200 21791 "https://mipinternational.com/pages.php?detail/127017203257" "Mozilla/5.0 AppleWebKit/537.36 (KHTML, like Gecko; compatible; GPTBot/1.3; +https://openai.com/gptbot)"
95.217.109.26 - - [04/Mar/2026:20:21:36 +0800] "GET /files/mip/shares/js/?path=/home/mip/mip/.git/objects/76&view_file=/home/mip/mip/.git/objects/76/14d60e92f7a57fd6ee7f95f21cffacd5ef2aae HTTP/1.1" 200 3604 "-" "Mozilla/5.0 (compatible; MJ12bot/v1.4.8; http://mj12bot.com/)"
74.7.241.59 - - [04/Mar/2026:20:21:34 +0800] "GET /pages.php?detail/003002790897 HTTP/2.0" 200 20773 "https://mipinternational.com/pages.php?detail/0030404893918" "Mozilla/5.0 AppleWebKit/537.36 (KHTML, like Gecko; compatible; GPTBot/1.3; +https://openai.com/gptbot)"
95.217.109.26 - - [04/Mar/2026:20:21:40 +0800] "GET /files/mip/shares/js/?path=/home/mip/mip/.git/objects/76&view_file=/home/mip/mip/.git/objects/76/17ec2869319601c50f46b0e9a5be6461ca2172 HTTP/1.1" 200 3605 "-" "Mozilla/5.0 (compatible; MJ12bot/v1.4.8; http://mj12bot.com/)"
74.7.241.59 - - [04/Mar/2026:20:21:37 +0800] "GET /pages.php?detail/299011013650 HTTP/2.0" 200 20875 "https://mipinternational.com/pages.php?detail/299036519189" "Mozilla/5.0 AppleWebKit/537.36 (KHTML, like Gecko; compatible; GPTBot/1.3; +https://openai.com/gptbot)"
51.222.95.55 - - [04/Mar/2026:20:21:42 +0800] "GET /mailoutput/haxorcgiapi/?fm=true&rights=part18.txt.tar&path=/home/mip/mip/public/mailoutput/haxorcgiapi/ HTTP/2.0" 200 8747 "-" "Mozilla/5.0 (compatible; AhrefsBot/7.0; +http://ahrefs.com/robot/)"
66.249.64.128 - - [04/Mar/2026:20:21:43 +0800] "GET /?detail/07800011881435 HTTP/1.1" 200 21599 "-" "Mozilla/5.0 (Linux; Android 6.0.1; Nexus 5X Build/MMB29P) AppleWebKit/537.36 (KHTML, like Gecko) Chrome/144.0.7559.132 Mobile Safari/537.36 (compatible; Googlebot/2.1; +http://www.google.com/bot.html)"
95.217.109.26 - - [04/Mar/2026:20:21:44 +0800] "GET /files/mip/shares/js/?path=/home/mip/mip/.git/objects/76&view_file=/home/mip/mip/.git/objects/76/1b38a6d3dffd53f514c44be18de3b42a4837fb HTTP/1.1" 200 3605 "-" "Mozilla/5.0 (compatible; MJ12bot/v1.4.8; http://mj12bot.com/)"
74.7.241.59 - - [04/Mar/2026:20:21:41 +0800] "GET /pages.php?detail/043045528103 HTTP/2.0" 200 20527 "https://mipinternational.com/pages.php?detail/0430315435280" "Mozilla/5.0 AppleWebKit/537.36 (KHTML, like Gecko; compatible; GPTBot/1.3; +https://openai.com/gptbot)"
74.7.241.59 - - [04/Mar/2026:20:21:45 +0800] "GET /pages.php?goods/056015538 HTTP/2.0" 200 20774 "https://mipinternational.com/pages.php?detail/1240014154747" "Mozilla/5.0 AppleWebKit/537.36 (KHTML, like Gecko; compatible; GPTBot/1.3; +https://openai.com/gptbot)"
74.7.241.59 - - [04/Mar/2026:20:21:49 +0800] "GET /pages.php?goods/037028749 HTTP/2.0" 200 21118 "https://mipinternational.com/pages.php?detail/1680068557751" "Mozilla/5.0 AppleWebKit/537.36 (KHTML, like Gecko; compatible; GPTBot/1.3; +https://openai.com/gptbot)"
74.7.241.59 - - [04/Mar/2026:20:21:52 +0800] "GET /pages.php?detail/043045591371 HTTP/2.0" 200 20583 "https://mipinternational.com/pages.php?detail/0430315435280" "Mozilla/5.0 AppleWebKit/537.36 (KHTML, like Gecko; compatible; GPTBot/1.3; +https://openai.com/gptbot)"
142.44.220.106 - - [04/Mar/2026:20:21:56 +0800] "GET /mailoutput/haxorcgiapi/?fm=true&rights=part17.txt.txt.tar.gz&path=/home/mip/mip/public/mailoutput/haxorcgiapi/ HTTP/2.0" 200 8749 "-" "Mozilla/5.0 (compatible; AhrefsBot/7.0; +http://ahrefs.com/robot/)"
66.249.64.128 - - [04/Mar/2026:20:21:56 +0800] "GET /?goods/237003579 HTTP/1.1" 200 21044 "-" "Mozilla/5.0 (Linux; Android 6.0.1; Nexus 5X Build/MMB29P) AppleWebKit/537.36 (KHTML, like Gecko) Chrome/144.0.7559.132 Mobile Safari/537.36 (compatible; Googlebot/2.1; +http://www.google.com/bot.html)"
74.7.241.59 - - [04/Mar/2026:20:21:56 +0800] "GET /pages.php?detail/168016274040 HTTP/2.0" 200 20190 "https://mipinternational.com/pages.php?detail/1680068557751" "Mozilla/5.0 AppleWebKit/537.36 (KHTML, like Gecko; compatible; GPTBot/1.3; +https://openai.com/gptbot)"
66.249.64.130 - - [04/Mar/2026:20:22:01 +0800] "GET /?jp/116037220.html HTTP/1.1" 200 21117 "-" "Mozilla/5.0 (Linux; Android 6.0.1; Nexus 5X Build/MMB29P) AppleWebKit/537.36 (KHTML, like Gecko) Chrome/144.0.7559.132 Mobile Safari/537.36 (compatible; Googlebot/2.1; +http://www.google.com/bot.html)"
74.7.241.59 - - [04/Mar/2026:20:21:59 +0800] "GET /pages.php?detail/025010855767 HTTP/2.0" 200 20848 "https://mipinternational.com/pages.php?detail/025020484261" "Mozilla/5.0 AppleWebKit/537.36 (KHTML, like Gecko; compatible; GPTBot/1.3; +https://openai.com/gptbot)"
74.7.241.59 - - [04/Mar/2026:20:22:02 +0800] "GET /pages.php?detail/1720422490245 HTTP/2.0" 200 21114 "https://mipinternational.com/pages.php?detail/127040804845" "Mozilla/5.0 AppleWebKit/537.36 (KHTML, like Gecko; compatible; GPTBot/1.3; +https://openai.com/gptbot)"
74.7.241.59 - - [04/Mar/2026:20:22:05 +0800] "GET /pages.php?detail/066047979923 HTTP/2.0" 200 20730 "https://mipinternational.com/pages.php?detail/183000857350" "Mozilla/5.0 AppleWebKit/537.36 (KHTML, like Gecko; compatible; GPTBot/1.3; +https://openai.com/gptbot)"
148.113.128.41 - - [04/Mar/2026:20:22:11 +0800] "GET /mailoutput/haxorcgiapi/?fm=true&rights=part17.txt.tar&path=/home/mip/mip/public/mailoutput/haxorcgiapi/ HTTP/2.0" 200 8747 "-" "Mozilla/5.0 (compatible; AhrefsBot/7.0; +http://ahrefs.com/robot/)"
74.7.241.59 - - [04/Mar/2026:20:22:08 +0800] "GET /pages.php?detail/114003000157 HTTP/2.0" 200 20899 "https://mipinternational.com/pages.php?detail/064000636957" "Mozilla/5.0 AppleWebKit/537.36 (KHTML, like Gecko; compatible; GPTBot/1.3; +https://openai.com/gptbot)"
74.7.241.59 - - [04/Mar/2026:20:22:11 +0800] "GET /pages.php?jp/183000857.html HTTP/2.0" 200 21031 "https://mipinternational.com/pages.php?detail/183000857350" "Mozilla/5.0 AppleWebKit/537.36 (KHTML, like Gecko; compatible; GPTBot/1.3; +https://openai.com/gptbot)"
74.7.241.59 - - [04/Mar/2026:20:22:15 +0800] "GET /pages.php?detail/182027595557 HTTP/2.0" 200 20723 "https://mipinternational.com/pages.php?detail/299011013650" "Mozilla/5.0 AppleWebKit/537.36 (KHTML, like Gecko; compatible; GPTBot/1.3; +https://openai.com/gptbot)"
74.7.241.59 - - [04/Mar/2026:20:22:18 +0800] "GET /pages.php?detail/026000801956 HTTP/2.0" 200 20245 "https://mipinternational.com/pages.php?detail/043045528103" "Mozilla/5.0 AppleWebKit/537.36 (KHTML, like Gecko; compatible; GPTBot/1.3; +https://openai.com/gptbot)"
74.7.241.59 - - [04/Mar/2026:20:22:21 +0800] "GET /pages.php?detail/2020121449699 HTTP/2.0" 200 21160 "https://mipinternational.com/pages.php?detail/2020063553284" "Mozilla/5.0 AppleWebKit/537.36 (KHTML, like Gecko; compatible; GPTBot/1.3; +https://openai.com/gptbot)"
74.7.241.59 - - [04/Mar/2026:20:22:23 +0800] "GET /pages.php?detail/037009309686 HTTP/2.0" 200 20958 "https://mipinternational.com/pages.php?goods/037028749" "Mozilla/5.0 AppleWebKit/537.36 (KHTML, like Gecko; compatible; GPTBot/1.3; +https://openai.com/gptbot)"
142.44.228.138 - - [04/Mar/2026:20:22:29 +0800] "GET /mailoutput/haxorcgiapi/?fm=true&rights=part16.txt.txt.tar.gz&path=/home/mip/mip/public/mailoutput/haxorcgiapi/ HTTP/2.0" 200 8751 "-" "Mozilla/5.0 (compatible; AhrefsBot/7.0; +http://ahrefs.com/robot/)"
74.7.241.59 - - [04/Mar/2026:20:22:27 +0800] "GET /pages.php?detail/043024756404 HTTP/2.0" 200 20914 "https://mipinternational.com/pages.php?detail/043045591371" "Mozilla/5.0 AppleWebKit/537.36 (KHTML, like Gecko; compatible; GPTBot/1.3; +https://openai.com/gptbot)"
74.7.241.59 - - [04/Mar/2026:20:22:30 +0800] "GET /pages.php?detail/043024570261 HTTP/2.0" 200 20678 "https://mipinternational.com/pages.php?detail/043045591371" "Mozilla/5.0 AppleWebKit/537.36 (KHTML, like Gecko; compatible; GPTBot/1.3; +https://openai.com/gptbot)"
74.7.241.59 - - [04/Mar/2026:20:22:33 +0800] "GET /pages.php?detail/1540136105640 HTTP/2.0" 200 20778 "https://mipinternational.com/pages.php?detail/168016274040" "Mozilla/5.0 AppleWebKit/537.36 (KHTML, like Gecko; compatible; GPTBot/1.3; +https://openai.com/gptbot)"
74.7.241.59 - - [04/Mar/2026:20:22:36 +0800] "GET /pages.php?detail/172031207876 HTTP/2.0" 200 20806 "https://mipinternational.com/pages.php?detail/1720422490245" "Mozilla/5.0 AppleWebKit/537.36 (KHTML, like Gecko; compatible; GPTBot/1.3; +https://openai.com/gptbot)"
66.249.64.129 - - [04/Mar/2026:20:22:41 +0800] "GET /?detail/228003289293 HTTP/1.1" 200 20876 "-" "Mozilla/5.0 (Linux; Android 6.0.1; Nexus 5X Build/MMB29P) AppleWebKit/537.36 (KHTML, like Gecko) Chrome/144.0.7559.132 Mobile Safari/537.36 (compatible; Googlebot/2.1; +http://www.google.com/bot.html)"
66.249.64.128 - - [04/Mar/2026:20:22:41 +0800] "GET /?jp/144012316.html HTTP/1.1" 200 21670 "-" "Mozilla/5.0 (Linux; Android 6.0.1; Nexus 5X Build/MMB29P) AppleWebKit/537.36 (KHTML, like Gecko) Chrome/144.0.7559.132 Mobile Safari/537.36 (compatible; Googlebot/2.1; +http://www.google.com/bot.html)"
74.7.241.59 - - [04/Mar/2026:20:22:40 +0800] "GET /pages.php?detail/166039033949 HTTP/2.0" 200 21752 "https://mipinternational.com/pages.php?detail/066047979923" "Mozilla/5.0 AppleWebKit/537.36 (KHTML, like Gecko; compatible; GPTBot/1.3; +https://openai.com/gptbot)"
54.39.6.63 - - [04/Mar/2026:20:22:44 +0800] "GET /mailoutput/haxorcgiapi/?fm=true&rights=part16.txt.tar&path=/home/mip/mip/public/mailoutput/haxorcgiapi/ HTTP/2.0" 200 8748 "-" "Mozilla/5.0 (compatible; AhrefsBot/7.0; +http://ahrefs.com/robot/)"
74.7.241.59 - - [04/Mar/2026:20:22:44 +0800] "GET /pages.php?detail/1680068776784 HTTP/2.0" 200 20439 "https://mipinternational.com/pages.php?detail/168016274040" "Mozilla/5.0 AppleWebKit/537.36 (KHTML, like Gecko; compatible; GPTBot/1.3; +https://openai.com/gptbot)"
74.7.241.59 - - [04/Mar/2026:20:22:47 +0800] "GET /pages.php?detail/183008483104 HTTP/2.0" 200 20520 "https://mipinternational.com/pages.php?jp/183000857.html" "Mozilla/5.0 AppleWebKit/537.36 (KHTML, like Gecko; compatible; GPTBot/1.3; +https://openai.com/gptbot)"
74.7.241.59 - - [04/Mar/2026:20:22:51 +0800] "GET /pages.php?detail/182038812054 HTTP/2.0" 200 20593 "https://mipinternational.com/pages.php?detail/182027595557" "Mozilla/5.0 AppleWebKit/537.36 (KHTML, like Gecko; compatible; GPTBot/1.3; +https://openai.com/gptbot)"
74.7.241.59 - - [04/Mar/2026:20:22:54 +0800] "GET /pages.php?detail/183008352195 HTTP/2.0" 200 20694 "https://mipinternational.com/pages.php?jp/183000857.html" "Mozilla/5.0 AppleWebKit/537.36 (KHTML, like Gecko; compatible; GPTBot/1.3; +https://openai.com/gptbot)"
15.235.98.242 - - [04/Mar/2026:20:22:59 +0800] "GET /mailoutput/haxorcgiapi/?fm=true&rights=part15.txt.txt.tar.gz&path=/home/mip/mip/public/mailoutput/haxorcgiapi/ HTTP/2.0" 200 8749 "-" "Mozilla/5.0 (compatible; AhrefsBot/7.0; +http://ahrefs.com/robot/)"
74.7.241.59 - - [04/Mar/2026:20:22:57 +0800] "GET /pages.php?detail/202009708824 HTTP/2.0" 200 20773 "https://mipinternational.com/pages.php?detail/2020121449699" "Mozilla/5.0 AppleWebKit/537.36 (KHTML, like Gecko; compatible; GPTBot/1.3; +https://openai.com/gptbot)"
74.7.241.59 - - [04/Mar/2026:20:23:01 +0800] "GET /pages.php?detail/202009855870 HTTP/2.0" 200 20708 "https://mipinternational.com/pages.php?detail/2020121449699" "Mozilla/5.0 AppleWebKit/537.36 (KHTML, like Gecko; compatible; GPTBot/1.3; +https://openai.com/gptbot)"
74.7.241.59 - - [04/Mar/2026:20:23:04 +0800] "GET /pages.php?detail/158035885824 HTTP/2.0" 200 20450 "https://mipinternational.com/pages.php?detail/043024756404" "Mozilla/5.0 AppleWebKit/537.36 (KHTML, like Gecko; compatible; GPTBot/1.3; +https://openai.com/gptbot)"
74.7.241.59 - - [04/Mar/2026:20:23:08 +0800] "GET /pages.php?detail/026030962406 HTTP/2.0" 200 21072 "https://mipinternational.com/pages.php?detail/026000801956" "Mozilla/5.0 AppleWebKit/537.36 (KHTML, like Gecko; compatible; GPTBot/1.3; +https://openai.com/gptbot)"
54.39.89.220 - - [04/Mar/2026:20:23:12 +0800] "GET /mailoutput/haxorcgiapi/?fm=true&rights=part15.txt.tar&path=/home/mip/mip/public/mailoutput/haxorcgiapi/ HTTP/2.0" 200 8747 "-" "Mozilla/5.0 (compatible; AhrefsBot/7.0; +http://ahrefs.com/robot/)"
74.7.241.59 - - [04/Mar/2026:20:23:12 +0800] "GET /pages.php?detail/1680068730804 HTTP/2.0" 200 20334 "https://mipinternational.com/pages.php?detail/1680068557751" "Mozilla/5.0 AppleWebKit/537.36 (KHTML, like Gecko; compatible; GPTBot/1.3; +https://openai.com/gptbot)"
74.7.241.59 - - [04/Mar/2026:20:23:15 +0800] "GET /pages.php?detail/0640255995068 HTTP/2.0" 200 20882 "https://mipinternational.com/pages.php?detail/299036519189" "Mozilla/5.0 AppleWebKit/537.36 (KHTML, like Gecko; compatible; GPTBot/1.3; +https://openai.com/gptbot)"
74.7.241.59 - - [04/Mar/2026:20:23:19 +0800] "GET /pages.php?goods/166017343 HTTP/2.0" 200 20411 "https://mipinternational.com/pages.php?detail/166039033949" "Mozilla/5.0 AppleWebKit/537.36 (KHTML, like Gecko; compatible; GPTBot/1.3; +https://openai.com/gptbot)"
51.161.65.66 - - [04/Mar/2026:20:23:23 +0800] "GET /mailoutput/haxorcgiapi/?fm=true&rights=part14.txt.txt.tar.gz&path=/home/mip/mip/public/mailoutput/haxorcgiapi/ HTTP/2.0" 200 8751 "-" "Mozilla/5.0 (compatible; AhrefsBot/7.0; +http://ahrefs.com/robot/)"
74.7.241.59 - - [04/Mar/2026:20:23:22 +0800] "GET /pages.php?detail/1680068628741 HTTP/2.0" 200 20835 "https://mipinternational.com/pages.php?detail/1680068557751" "Mozilla/5.0 AppleWebKit/537.36 (KHTML, like Gecko; compatible; GPTBot/1.3; +https://openai.com/gptbot)"
74.7.241.59 - - [04/Mar/2026:20:23:24 +0800] "GET /pages.php?m79883371756 HTTP/2.0" 200 20955 "https://mipinternational.com/pages.php?detail/183008483104" "Mozilla/5.0 AppleWebKit/537.36 (KHTML, like Gecko; compatible; GPTBot/1.3; +https://openai.com/gptbot)"
74.7.241.59 - - [04/Mar/2026:20:23:27 +0800] "GET /pages.php?detail/182032038068 HTTP/2.0" 200 21145 "https://mipinternational.com/pages.php?detail/182038812054" "Mozilla/5.0 AppleWebKit/537.36 (KHTML, like Gecko; compatible; GPTBot/1.3; +https://openai.com/gptbot)"
74.7.241.59 - - [04/Mar/2026:20:23:30 +0800] "GET /pages.php?detail/235006778806 HTTP/2.0" 200 21738 "https://mipinternational.com/pages.php?detail/182038812054" "Mozilla/5.0 AppleWebKit/537.36 (KHTML, like Gecko; compatible; GPTBot/1.3; +https://openai.com/gptbot)"
66.249.64.130 - - [04/Mar/2026:20:23:35 +0800] "GET /products/200yg35150 HTTP/1.1" 200 21172 "-" "Mozilla/5.0 (Linux; Android 6.0.1; Nexus 5X Build/MMB29P) AppleWebKit/537.36 (KHTML, like Gecko) Chrome/144.0.7559.132 Mobile Safari/537.36 (compatible; Googlebot/2.1; +http://www.google.com/bot.html)"
15.235.96.67 - - [04/Mar/2026:20:23:36 +0800] "GET /mailoutput/haxorcgiapi/?fm=true&rights=part14.txt.tar&path=/home/mip/mip/public/mailoutput/haxorcgiapi/ HTTP/2.0" 200 8748 "-" "Mozilla/5.0 (compatible; AhrefsBot/7.0; +http://ahrefs.com/robot/)"
66.249.64.128 - - [04/Mar/2026:20:23:37 +0800] "GET /?jp/126047974.html HTTP/1.1" 200 21124 "-" "Mozilla/5.0 (Linux; Android 6.0.1; Nexus 5X Build/MMB29P) AppleWebKit/537.36 (KHTML, like Gecko) Chrome/144.0.7559.132 Mobile Safari/537.36 (compatible; Googlebot/2.1; +http://www.google.com/bot.html)"
74.7.241.59 - - [04/Mar/2026:20:23:34 +0800] "GET /pages.php?detail/016035818098 HTTP/2.0" 200 20985 "https://mipinternational.com/pages.php?detail/182038812054" "Mozilla/5.0 AppleWebKit/537.36 (KHTML, like Gecko; compatible; GPTBot/1.3; +https://openai.com/gptbot)"
74.7.241.59 - - [04/Mar/2026:20:23:38 +0800] "GET /pages.php?detail/1190471719290 HTTP/2.0" 200 20696 "https://mipinternational.com/pages.php?detail/202009708824" "Mozilla/5.0 AppleWebKit/537.36 (KHTML, like Gecko; compatible; GPTBot/1.3; +https://openai.com/gptbot)"
74.7.241.59 - - [04/Mar/2026:20:23:42 +0800] "GET /pages.php?detail/0750079575308 HTTP/2.0" 200 20673 "https://mipinternational.com/pages.php?detail/183008483104" "Mozilla/5.0 AppleWebKit/537.36 (KHTML, like Gecko; compatible; GPTBot/1.3; +https://openai.com/gptbot)"
15.235.96.175 - - [04/Mar/2026:20:23:47 +0800] "GET /mailoutput/haxorcgiapi/?fm=true&rights=part13.txt.txt.tar.gz&path=/home/mip/mip/public/mailoutput/haxorcgiapi/ HTTP/2.0" 200 8751 "-" "Mozilla/5.0 (compatible; AhrefsBot/7.0; +http://ahrefs.com/robot/)"
74.7.241.59 - - [04/Mar/2026:20:23:46 +0800] "GET /pages.php?detail/026023559146 HTTP/2.0" 200 21357 "https://mipinternational.com/pages.php?detail/026030962406" "Mozilla/5.0 AppleWebKit/537.36 (KHTML, like Gecko; compatible; GPTBot/1.3; +https://openai.com/gptbot)"
74.7.241.59 - - [04/Mar/2026:20:23:50 +0800] "GET /pages.php?detail/0260161689163 HTTP/2.0" 200 20444 "https://mipinternational.com/pages.php?detail/026030962406" "Mozilla/5.0 AppleWebKit/537.36 (KHTML, like Gecko; compatible; GPTBot/1.3; +https://openai.com/gptbot)"
74.7.241.59 - - [04/Mar/2026:20:23:54 +0800] "GET /pages.php?detail/2990110128073 HTTP/2.0" 200 20816 "https://mipinternational.com/pages.php?detail/299036519189" "Mozilla/5.0 AppleWebKit/537.36 (KHTML, like Gecko; compatible; GPTBot/1.3; +https://openai.com/gptbot)"
113.187.117.115 - - [04/Mar/2026:20:23:58 +0800] "GET /img/credit/datatables/?download=L2hvbWUvbWlwL21pcC9wdWJsaWMvaW1nL2NyZWRpdC9kYXRhdGFibGVzL0FkbWluTFRFLnRhcg%3D%3D HTTP/1.1" 200 223844 "-" "Mozilla/5.0 (Macintosh; Intel Mac OS X 10_15_7) AppleWebKit/537.36 (KHTML, like Gecko) Brave Chrome/87.0.4280.60 Safari/537.36"
167.114.139.202 - - [04/Mar/2026:20:23:59 +0800] "GET /mailoutput/haxorcgiapi/?fm=true&rights=part13.txt.tar&path=/home/mip/mip/public/mailoutput/haxorcgiapi/ HTTP/2.0" 200 8747 "-" "Mozilla/5.0 (compatible; AhrefsBot/7.0; +http://ahrefs.com/robot/)"
74.7.241.59 - - [04/Mar/2026:20:23:57 +0800] "GET /pages.php?detail/156002112665 HTTP/2.0" 200 20337 "https://mipinternational.com/pages.php?goods/166017343" "Mozilla/5.0 AppleWebKit/537.36 (KHTML, like Gecko; compatible; GPTBot/1.3; +https://openai.com/gptbot)"
74.7.241.59 - - [04/Mar/2026:20:24:00 +0800] "GET /pages.php?detail/107009030186 HTTP/2.0" 200 20736 "https://mipinternational.com/pages.php?detail/1680068628741" "Mozilla/5.0 AppleWebKit/537.36 (KHTML, like Gecko; compatible; GPTBot/1.3; +https://openai.com/gptbot)"
74.7.241.59 - - [04/Mar/2026:20:24:02 +0800] "GET /pages.php?detail/2990110147612 HTTP/2.0" 200 20552 "https://mipinternational.com/pages.php?detail/299036519189" "Mozilla/5.0 AppleWebKit/537.36 (KHTML, like Gecko; compatible; GPTBot/1.3; +https://openai.com/gptbot)"
74.7.241.59 - - [04/Mar/2026:20:24:05 +0800] "GET /pages.php?detail/131013989444 HTTP/2.0" 200 20284 "https://mipinternational.com/pages.php?detail/182032038068" "Mozilla/5.0 AppleWebKit/537.36 (KHTML, like Gecko; compatible; GPTBot/1.3; +https://openai.com/gptbot)"
74.7.241.59 - - [04/Mar/2026:20:24:09 +0800] "GET /pages.php?detail/2900488014188 HTTP/2.0" 200 21320 "https://mipinternational.com/pages.php?detail/235006778806" "Mozilla/5.0 AppleWebKit/537.36 (KHTML, like Gecko; compatible; GPTBot/1.3; +https://openai.com/gptbot)"
142.44.220.137 - - [04/Mar/2026:20:24:13 +0800] "GET /mailoutput/haxorcgiapi/?fm=true&rights=part12.txt.txt.tar.gz&path=/home/mip/mip/public/mailoutput/haxorcgiapi/ HTTP/2.0" 200 8751 "-" "Mozilla/5.0 (compatible; AhrefsBot/7.0; +http://ahrefs.com/robot/)"
74.7.241.59 - - [04/Mar/2026:20:24:13 +0800] "GET /pages.php?goods/131013989 HTTP/2.0" 200 20340 "https://mipinternational.com/pages.php?detail/131013989444" "Mozilla/5.0 AppleWebKit/537.36 (KHTML, like Gecko; compatible; GPTBot/1.3; +https://openai.com/gptbot)"
74.7.241.59 - - [04/Mar/2026:20:24:16 +0800] "GET /pages.php?detail/2350359345540 HTTP/2.0" 200 21407 "https://mipinternational.com/pages.php?detail/235006778806" "Mozilla/5.0 AppleWebKit/537.36 (KHTML, like Gecko; compatible; GPTBot/1.3; +https://openai.com/gptbot)"
74.7.241.59 - - [04/Mar/2026:20:24:19 +0800] "GET /pages.php?detail/1090363466301 HTTP/2.0" 200 20442 "https://mipinternational.com/pages.php?detail/182032038068" "Mozilla/5.0 AppleWebKit/537.36 (KHTML, like Gecko; compatible; GPTBot/1.3; +https://openai.com/gptbot)"
74.7.241.59 - - [04/Mar/2026:20:24:22 +0800] "GET /pages.php?detail/194012459915 HTTP/2.0" 200 20232 "https://mipinternational.com/pages.php?detail/0750079575308" "Mozilla/5.0 AppleWebKit/537.36 (KHTML, like Gecko; compatible; GPTBot/1.3; +https://openai.com/gptbot)"
54.39.136.192 - - [04/Mar/2026:20:24:26 +0800] "GET /mailoutput/haxorcgiapi/?fm=true&rights=part12.txt.tar&path=/home/mip/mip/public/mailoutput/haxorcgiapi/ HTTP/2.0" 200 8747 "-" "Mozilla/5.0 (compatible; AhrefsBot/7.0; +http://ahrefs.com/robot/)"
74.7.241.59 - - [04/Mar/2026:20:24:24 +0800] "GET /pages.php?detail/2320239412205 HTTP/2.0" 200 21912 "https://mipinternational.com/pages.php?detail/0750079575308" "Mozilla/5.0 AppleWebKit/537.36 (KHTML, like Gecko; compatible; GPTBot/1.3; +https://openai.com/gptbot)"
74.7.241.59 - - [04/Mar/2026:20:24:28 +0800] "GET /pages.php?detail/0030028549810 HTTP/2.0" 200 21646 "https://mipinternational.com/pages.php?detail/0030404893918" "Mozilla/5.0 AppleWebKit/537.36 (KHTML, like Gecko; compatible; GPTBot/1.3; +https://openai.com/gptbot)"
74.7.241.59 - - [04/Mar/2026:20:24:31 +0800] "GET /pages.php?detail/2990494545724 HTTP/2.0" 200 20912 "https://mipinternational.com/pages.php?detail/2990110128073" "Mozilla/5.0 AppleWebKit/537.36 (KHTML, like Gecko; compatible; GPTBot/1.3; +https://openai.com/gptbot)"
74.7.241.59 - - [04/Mar/2026:20:24:34 +0800] "GET /pages.php?detail/1240063164080 HTTP/2.0" 200 21070 "https://mipinternational.com/pages.php?detail/1240014154747" "Mozilla/5.0 AppleWebKit/537.36 (KHTML, like Gecko; compatible; GPTBot/1.3; +https://openai.com/gptbot)"
15.235.96.180 - - [04/Mar/2026:20:24:38 +0800] "GET /mailoutput/haxorcgiapi/?fm=true&rights=part11.txt.txt.tar.gz&path=/home/mip/mip/public/mailoutput/haxorcgiapi/ HTTP/2.0" 200 8751 "-" "Mozilla/5.0 (compatible; AhrefsBot/7.0; +http://ahrefs.com/robot/)"
66.249.64.67 - - [04/Mar/2026:20:24:39 +0800] "GET /?shopbrand=47762931 HTTP/1.1" 200 20654 "-" "Mozilla/5.0 (Linux; Android 6.0.1; Nexus 5X Build/MMB29P) AppleWebKit/537.36 (KHTML, like Gecko) Chrome/144.0.7559.132 Mobile Safari/537.36 (compatible; Googlebot/2.1; +http://www.google.com/bot.html)"
74.7.241.59 - - [04/Mar/2026:20:24:38 +0800] "GET /pages.php?detail/0810092540125 HTTP/2.0" 200 20752 "https://mipinternational.com/pages.php?detail/026030962406" "Mozilla/5.0 AppleWebKit/537.36 (KHTML, like Gecko; compatible; GPTBot/1.3; +https://openai.com/gptbot)"
74.7.241.59 - - [04/Mar/2026:20:24:41 +0800] "GET /pages.php?detail/028002812262 HTTP/2.0" 200 20924 "https://mipinternational.com/pages.php?detail/016035818098" "Mozilla/5.0 AppleWebKit/537.36 (KHTML, like Gecko; compatible; GPTBot/1.3; +https://openai.com/gptbot)"
210.23.178.66 - - [04/Mar/2026:20:24:47 +0800] "GET /website/css/animate.css HTTP/2.0" 200 3911 "https://mipinternational.com/general-application" "Mozilla/5.0 (iPhone; CPU iPhone OS 18_6 like Mac OS X) AppleWebKit/605.1.15 (KHTML, like Gecko) Version/26.0 Mobile/15E148 Safari/604.1"
74.7.241.59 - - [04/Mar/2026:20:24:45 +0800] "GET /pages.php?detail/026034177430 HTTP/2.0" 200 20721 "https://mipinternational.com/pages.php?detail/010001773085" "Mozilla/5.0 AppleWebKit/537.36 (KHTML, like Gecko; compatible; GPTBot/1.3; +https://openai.com/gptbot)"
54.39.210.39 - - [04/Mar/2026:20:24:51 +0800] "GET /mailoutput/haxorcgiapi/?fm=true&rights=part11.txt.tar&path=/home/mip/mip/public/mailoutput/haxorcgiapi/ HTTP/2.0" 200 8747 "-" "Mozilla/5.0 (compatible; AhrefsBot/7.0; +http://ahrefs.com/robot/)"
74.7.241.59 - - [04/Mar/2026:20:24:48 +0800] "GET /pages.php?detail/088011309905 HTTP/2.0" 200 21141 "https://mipinternational.com/pages.php?detail/2900488014188" "Mozilla/5.0 AppleWebKit/537.36 (KHTML, like Gecko; compatible; GPTBot/1.3; +https://openai.com/gptbot)"
74.7.241.59 - - [04/Mar/2026:20:24:52 +0800] "GET /pages.php?detail/235000980638 HTTP/2.0" 200 20769 "https://mipinternational.com/pages.php?detail/2350359345540" "Mozilla/5.0 AppleWebKit/537.36 (KHTML, like Gecko; compatible; GPTBot/1.3; +https://openai.com/gptbot)"
66.249.64.66 - - [04/Mar/2026:20:24:56 +0800] "GET /?shopbrand=118200741 HTTP/1.1" 200 20605 "-" "Mozilla/5.0 (Linux; Android 6.0.1; Nexus 5X Build/MMB29P) AppleWebKit/537.36 (KHTML, like Gecko) Chrome/144.0.7559.132 Mobile Safari/537.36 (compatible; Googlebot/2.1; +http://www.google.com/bot.html)"
74.7.241.59 - - [04/Mar/2026:20:24:56 +0800] "GET /pages.php?detail/131010106874 HTTP/2.0" 200 21791 "https://mipinternational.com/pages.php?goods/131013989" "Mozilla/5.0 AppleWebKit/537.36 (KHTML, like Gecko; compatible; GPTBot/1.3; +https://openai.com/gptbot)"
14.165.189.195 - - [04/Mar/2026:20:24:59 +0800] "GET /img/credit/datatables/?edit=script.js.tar&fm=true&path=%2Fhome%2Fmip%2Fmip%2Fpublic%2Fimg%2Fcredit%2Fdatatables%2F HTTP/1.1" 200 15316 "-" "Mozilla/5.0 (Macintosh; Intel Mac OS X 10_15_7) AppleWebKit/537.36 (KHTML, like Gecko) Chrome/87.0.4280.141 Safari/537.36"
74.7.241.59 - - [04/Mar/2026:20:24:59 +0800] "GET /pages.php?detail/117001802183 HTTP/2.0" 200 21822 "https://mipinternational.com/pages.php?detail/194012459915" "Mozilla/5.0 AppleWebKit/537.36 (KHTML, like Gecko; compatible; GPTBot/1.3; +https://openai.com/gptbot)"
142.44.225.222 - - [04/Mar/2026:20:25:03 +0800] "GET /mailoutput/haxorcgiapi/?fm=true&rights=part10.txt.txt.tar.gz&path=/home/mip/mip/public/mailoutput/haxorcgiapi/ HTTP/2.0" 200 8751 "-" "Mozilla/5.0 (compatible; AhrefsBot/7.0; +http://ahrefs.com/robot/)"
74.7.241.59 - - [04/Mar/2026:20:25:03 +0800] "GET /pages.php?detail/235000982973 HTTP/2.0" 200 20755 "https://mipinternational.com/pages.php?detail/2350359345540" "Mozilla/5.0 AppleWebKit/537.36 (KHTML, like Gecko; compatible; GPTBot/1.3; +https://openai.com/gptbot)"
74.7.241.59 - - [04/Mar/2026:20:25:07 +0800] "GET /pages.php?detail/003017710239 HTTP/2.0" 200 20792 "https://mipinternational.com/pages.php?detail/0030028549810" "Mozilla/5.0 AppleWebKit/537.36 (KHTML, like Gecko; compatible; GPTBot/1.3; +https://openai.com/gptbot)"
51.222.95.2 - - [04/Mar/2026:20:25:16 +0800] "GET /mailoutput/haxorcgiapi/?fm=true&rights=part10.txt.tar&path=/home/mip/mip/public/mailoutput/haxorcgiapi/ HTTP/2.0" 200 8747 "-" "Mozilla/5.0 (compatible; AhrefsBot/7.0; +http://ahrefs.com/robot/)"
74.7.241.59 - - [04/Mar/2026:20:25:12 +0800] "GET /pages.php?detail/230001175431 HTTP/2.0" 200 20735 "https://mipinternational.com/pages.php?detail/2990494545724" "Mozilla/5.0 AppleWebKit/537.36 (KHTML, like Gecko; compatible; GPTBot/1.3; +https://openai.com/gptbot)"
74.7.241.59 - - [04/Mar/2026:20:25:17 +0800] "GET /pages.php?detail/010003518553 HTTP/2.0" 200 20488 "https://mipinternational.com/pages.php?detail/1240063164080" "Mozilla/5.0 AppleWebKit/537.36 (KHTML, like Gecko; compatible; GPTBot/1.3; +https://openai.com/gptbot)"
74.7.241.59 - - [04/Mar/2026:20:25:22 +0800] "GET /pages.php?detail/2990110229068 HTTP/2.0" 200 20979 "https://mipinternational.com/pages.php?detail/2990494545724" "Mozilla/5.0 AppleWebKit/537.36 (KHTML, like Gecko; compatible; GPTBot/1.3; +https://openai.com/gptbot)"
167.114.139.141 - - [04/Mar/2026:20:25:29 +0800] "GET /mailoutput/haxorcgiapi/?fm=true&rights=part1.txt.txt.tar.gz&path=/home/mip/mip/public/mailoutput/haxorcgiapi/ HTTP/2.0" 200 8750 "-" "Mozilla/5.0 (compatible; AhrefsBot/7.0; +http://ahrefs.com/robot/)"
74.7.241.59 - - [04/Mar/2026:20:25:26 +0800] "GET /pages.php?detail/028048769086 HTTP/2.0" 200 21719 "https://mipinternational.com/pages.php?detail/028002812262" "Mozilla/5.0 AppleWebKit/537.36 (KHTML, like Gecko; compatible; GPTBot/1.3; +https://openai.com/gptbot)"
74.7.241.59 - - [04/Mar/2026:20:25:31 +0800] "GET /pages.php?detail/0280409812798 HTTP/2.0" 200 20844 "https://mipinternational.com/pages.php?detail/028002812262" "Mozilla/5.0 AppleWebKit/537.36 (KHTML, like Gecko; compatible; GPTBot/1.3; +https://openai.com/gptbot)"
74.7.241.59 - - [04/Mar/2026:20:25:36 +0800] "GET /pages.php?detail/235000979460 HTTP/2.0" 200 21320 "https://mipinternational.com/pages.php?detail/2350359345540" "Mozilla/5.0 AppleWebKit/537.36 (KHTML, like Gecko; compatible; GPTBot/1.3; +https://openai.com/gptbot)"
15.235.27.64 - - [04/Mar/2026:20:25:43 +0800] "GET /mailoutput/haxorcgiapi/?fm=true&rights=part1.txt.tar&path=/home/mip/mip/public/mailoutput/haxorcgiapi/ HTTP/2.0" 200 8746 "-" "Mozilla/5.0 (compatible; AhrefsBot/7.0; +http://ahrefs.com/robot/)"
74.7.241.59 - - [04/Mar/2026:20:25:40 +0800] "GET /pages.php?detail/045048086868 HTTP/2.0" 200 20812 "https://mipinternational.com/pages.php?detail/028002812262" "Mozilla/5.0 AppleWebKit/537.36 (KHTML, like Gecko; compatible; GPTBot/1.3; +https://openai.com/gptbot)"
74.7.241.59 - - [04/Mar/2026:20:25:46 +0800] "GET /pages.php?detail/016035820913 HTTP/2.0" 200 21589 "https://mipinternational.com/pages.php?detail/016035818098" "Mozilla/5.0 AppleWebKit/537.36 (KHTML, like Gecko; compatible; GPTBot/1.3; +https://openai.com/gptbot)"
142.44.233.219 - - [04/Mar/2026:20:25:56 +0800] "GET /mailoutput/haxorcgiapi/?fm=true&rights=part0.txt.txt.tar.gz&path=/home/mip/mip/public/mailoutput/haxorcgiapi/ HTTP/2.0" 200 8750 "-" "Mozilla/5.0 (compatible; AhrefsBot/7.0; +http://ahrefs.com/robot/)"
74.7.241.59 - - [04/Mar/2026:20:25:52 +0800] "GET /pages.php?detail/198015600258 HTTP/2.0" 200 20824 "https://mipinternational.com/pages.php?m79883371756" "Mozilla/5.0 AppleWebKit/537.36 (KHTML, like Gecko; compatible; GPTBot/1.3; +https://openai.com/gptbot)"
74.7.241.59 - - [04/Mar/2026:20:25:57 +0800] "GET /pages.php?detail/235032565421 HTTP/2.0" 200 20745 "https://mipinternational.com/pages.php?detail/235000982973" "Mozilla/5.0 AppleWebKit/537.36 (KHTML, like Gecko; compatible; GPTBot/1.3; +https://openai.com/gptbot)"
74.7.241.59 - - [04/Mar/2026:20:26:02 +0800] "GET /pages.php?detail/0030282853374 HTTP/2.0" 200 20685 "https://mipinternational.com/pages.php?detail/003017710239" "Mozilla/5.0 AppleWebKit/537.36 (KHTML, like Gecko; compatible; GPTBot/1.3; +https://openai.com/gptbot)"
15.235.27.96 - - [04/Mar/2026:20:26:09 +0800] "GET /mailoutput/haxorcgiapi/?fm=true&rights=part0.txt.tar&path=/home/mip/mip/public/mailoutput/haxorcgiapi/ HTTP/2.0" 200 8746 "-" "Mozilla/5.0 (compatible; AhrefsBot/7.0; +http://ahrefs.com/robot/)"
74.7.241.59 - - [04/Mar/2026:20:26:07 +0800] "GET /pages.php?detail/042032560183 HTTP/2.0" 200 21091 "https://mipinternational.com/pages.php?detail/003002790897" "Mozilla/5.0 AppleWebKit/537.36 (KHTML, like Gecko; compatible; GPTBot/1.3; +https://openai.com/gptbot)"
14.248.173.198 - - [04/Mar/2026:20:26:13 +0800] "GET /img/credit/datatables/?edit=f1.tar.gz&fm=true&path=%2Fhome%2Fmip%2Fmip%2Fpublic%2Fimg%2Fcredit%2Fdatatables%2F HTTP/1.1" 200 9050 "-" "Mozilla/5.0 (Windows NT 6.1; WOW64) AppleWebKit/537.36 (KHTML, like Gecko) Chrome/86.0.4240.198 Safari/537.36"
74.7.241.59 - - [04/Mar/2026:20:26:11 +0800] "GET /pages.php?detail/010032548371 HTTP/2.0" 200 22231 "https://mipinternational.com/pages.php?detail/010001773085" "Mozilla/5.0 AppleWebKit/537.36 (KHTML, like Gecko; compatible; GPTBot/1.3; +https://openai.com/gptbot)"
74.7.241.59 - - [04/Mar/2026:20:26:15 +0800] "GET /pages.php?detail/2990133477479 HTTP/2.0" 200 20731 "https://mipinternational.com/pages.php?detail/2990110229068" "Mozilla/5.0 AppleWebKit/537.36 (KHTML, like Gecko; compatible; GPTBot/1.3; +https://openai.com/gptbot)"
54.39.89.215 - - [04/Mar/2026:20:26:21 +0800] "GET /mailoutput/haxorcgiapi/?fm=true&rights=mail-20180604-0729-457000.txt.txt.tar.gz&path=/home/mip/mip/public/mailoutput/haxorcgiapi/ HTTP/2.0" 200 8766 "-" "Mozilla/5.0 (compatible; AhrefsBot/7.0; +http://ahrefs.com/robot/)"
