74.7.241.59 - - [04/Mar/2026:23:40:33 +0800] "GET /pages.php?detail/077010391770 HTTP/2.0" 200 20406 "https://mipinternational.com/pages.php?detail/0240094042366" "Mozilla/5.0 AppleWebKit/537.36 (KHTML, like Gecko; compatible; GPTBot/1.3; +https://openai.com/gptbot)"
74.7.241.59 - - [04/Mar/2026:23:40:36 +0800] "GET /pages.php?detail/149005321414 HTTP/2.0" 200 20547 "https://mipinternational.com/pages.php?detail/240015893332" "Mozilla/5.0 AppleWebKit/537.36 (KHTML, like Gecko; compatible; GPTBot/1.3; +https://openai.com/gptbot)"
74.7.241.59 - - [04/Mar/2026:23:40:47 +0800] "GET /pages.php?detail/036043562866 HTTP/2.0" 200 21421 "https://mipinternational.com/pages.php?detail/117019083939" "Mozilla/5.0 AppleWebKit/537.36 (KHTML, like Gecko; compatible; GPTBot/1.3; +https://openai.com/gptbot)"
74.7.241.59 - - [04/Mar/2026:23:40:50 +0800] "GET /pages.php?detail/1450453186654 HTTP/2.0" 200 21600 "https://mipinternational.com/pages.php?detail/240015893332" "Mozilla/5.0 AppleWebKit/537.36 (KHTML, like Gecko; compatible; GPTBot/1.3; +https://openai.com/gptbot)"
74.7.241.59 - - [04/Mar/2026:23:40:53 +0800] "GET /pages.php?detail/117019071068 HTTP/2.0" 200 20548 "https://mipinternational.com/pages.php?goods/117019082" "Mozilla/5.0 AppleWebKit/537.36 (KHTML, like Gecko; compatible; GPTBot/1.3; +https://openai.com/gptbot)"
74.7.241.59 - - [04/Mar/2026:23:40:55 +0800] "GET /pages.php?detail/117019069477 HTTP/2.0" 200 20589 "https://mipinternational.com/pages.php?goods/117019082" "Mozilla/5.0 AppleWebKit/537.36 (KHTML, like Gecko; compatible; GPTBot/1.3; +https://openai.com/gptbot)"
74.7.241.59 - - [04/Mar/2026:23:40:59 +0800] "GET /pages.php?detail/002029799792 HTTP/2.0" 200 20518 "https://mipinternational.com/pages.php?detail/0020365034804" "Mozilla/5.0 AppleWebKit/537.36 (KHTML, like Gecko; compatible; GPTBot/1.3; +https://openai.com/gptbot)"
74.7.241.59 - - [04/Mar/2026:23:41:01 +0800] "GET /pages.php?detail/025027677276 HTTP/2.0" 200 20367 "https://mipinternational.com/pages.php?detail/1160219589311" "Mozilla/5.0 AppleWebKit/537.36 (KHTML, like Gecko; compatible; GPTBot/1.3; +https://openai.com/gptbot)"
74.7.241.59 - - [04/Mar/2026:23:41:04 +0800] "GET /pages.php?detail/009022205870 HTTP/2.0" 200 20534 "https://mipinternational.com/pages.php?jp/022003465.html" "Mozilla/5.0 AppleWebKit/537.36 (KHTML, like Gecko; compatible; GPTBot/1.3; +https://openai.com/gptbot)"
66.249.64.66 - - [04/Mar/2026:23:41:10 +0800] "GET /?pid=23824071933&channel=passenger-excellent-second&cate_id=9354&page=https://www.mipinternational.com/vendor.asp?046000317 HTTP/1.1" 200 20281 "-" "Mozilla/5.0 (Linux; Android 6.0.1; Nexus 5X Build/MMB29P) AppleWebKit/537.36 (KHTML, like Gecko) Chrome/144.0.7559.132 Mobile Safari/537.36 (compatible; Googlebot/2.1; +http://www.google.com/bot.html)"
74.7.241.59 - - [04/Mar/2026:23:41:08 +0800] "GET /pages.php?detail/1890032303969 HTTP/2.0" 200 20660 "https://mipinternational.com/pages.php?detail/077010391770" "Mozilla/5.0 AppleWebKit/537.36 (KHTML, like Gecko; compatible; GPTBot/1.3; +https://openai.com/gptbot)"
66.249.64.128 - - [04/Mar/2026:23:41:11 +0800] "GET /mobile-shop-28024223 HTTP/1.1" 200 20196 "-" "Mozilla/5.0 (Linux; Android 6.0.1; Nexus 5X Build/MMB29P) AppleWebKit/537.36 (KHTML, like Gecko) Chrome/144.0.7559.132 Mobile Safari/537.36 (compatible; Googlebot/2.1; +http://www.google.com/bot.html)"
74.7.241.59 - - [04/Mar/2026:23:41:11 +0800] "GET /pages.php?detail/1640276416514 HTTP/2.0" 200 20328 "https://mipinternational.com/pages.php?detail/149005321414" "Mozilla/5.0 AppleWebKit/537.36 (KHTML, like Gecko; compatible; GPTBot/1.3; +https://openai.com/gptbot)"
74.7.241.59 - - [04/Mar/2026:23:41:17 +0800] "GET /pages.php?detail/0310327138113 HTTP/2.0" 200 20533 "http://mipinternational.com" "Mozilla/5.0 AppleWebKit/537.36 (KHTML, like Gecko; compatible; GPTBot/1.3; +https://openai.com/gptbot)"
74.7.241.59 - - [04/Mar/2026:23:41:20 +0800] "GET /pages.php?detail/241044044305 HTTP/2.0" 200 20377 "https://mipinternational.com/pages.php?detail/241044041463" "Mozilla/5.0 AppleWebKit/537.36 (KHTML, like Gecko; compatible; GPTBot/1.3; +https://openai.com/gptbot)"
74.7.241.59 - - [04/Mar/2026:23:41:23 +0800] "GET /pages.php?detail/201035794579 HTTP/2.0" 200 20558 "https://mipinternational.com/pages.php?detail/2780244528152" "Mozilla/5.0 AppleWebKit/537.36 (KHTML, like Gecko; compatible; GPTBot/1.3; +https://openai.com/gptbot)"
74.7.241.59 - - [04/Mar/2026:23:41:26 +0800] "GET /pages.php?detail/117019096981 HTTP/2.0" 200 20159 "https://mipinternational.com/pages.php?detail/117019071068" "Mozilla/5.0 AppleWebKit/537.36 (KHTML, like Gecko; compatible; GPTBot/1.3; +https://openai.com/gptbot)"
74.7.241.59 - - [04/Mar/2026:23:41:28 +0800] "GET /pages.php?detail/117019098800 HTTP/2.0" 200 20835 "https://mipinternational.com/pages.php?detail/117019071068" "Mozilla/5.0 AppleWebKit/537.36 (KHTML, like Gecko; compatible; GPTBot/1.3; +https://openai.com/gptbot)"
74.7.241.59 - - [04/Mar/2026:23:41:30 +0800] "GET /pages.php?detail/002047669647 HTTP/2.0" 200 20233 "https://mipinternational.com/pages.php?detail/002029799792" "Mozilla/5.0 AppleWebKit/537.36 (KHTML, like Gecko; compatible; GPTBot/1.3; +https://openai.com/gptbot)"
66.249.64.128 - - [04/Mar/2026:23:41:34 +0800] "GET /products/280mp41268 HTTP/1.1" 200 20880 "-" "Mozilla/5.0 (Linux; Android 6.0.1; Nexus 5X Build/MMB29P) AppleWebKit/537.36 (KHTML, like Gecko) Chrome/144.0.7559.132 Mobile Safari/537.36 (compatible; Googlebot/2.1; +http://www.google.com/bot.html)"
74.7.241.59 - - [04/Mar/2026:23:41:33 +0800] "GET /pages.php?detail/062025479255 HTTP/2.0" 200 20476 "https://mipinternational.com/pages.php?detail/002029799792" "Mozilla/5.0 AppleWebKit/537.36 (KHTML, like Gecko; compatible; GPTBot/1.3; +https://openai.com/gptbot)"
66.249.64.66 - - [04/Mar/2026:23:41:37 +0800] "GET /products/74hh738 HTTP/1.1" 200 20508 "-" "Mozilla/5.0 (Linux; Android 6.0.1; Nexus 5X Build/MMB29P) AppleWebKit/537.36 (KHTML, like Gecko) Chrome/144.0.7559.132 Mobile Safari/537.36 (compatible; Googlebot/2.1; +http://www.google.com/bot.html)"
66.249.64.129 - - [04/Mar/2026:23:41:38 +0800] "GET /?goods/103038185 HTTP/1.1" 200 21811 "-" "Mozilla/5.0 (Linux; Android 6.0.1; Nexus 5X Build/MMB29P) AppleWebKit/537.36 (KHTML, like Gecko) Chrome/144.0.7559.132 Mobile Safari/537.36 (compatible; Googlebot/2.1; +http://www.google.com/bot.html)"
66.249.64.66 - - [04/Mar/2026:23:41:38 +0800] "GET /products/101fa33213 HTTP/1.1" 200 20896 "-" "Mozilla/5.0 (Linux; Android 6.0.1; Nexus 5X Build/MMB29P) AppleWebKit/537.36 (KHTML, like Gecko) Chrome/144.0.7559.132 Mobile Safari/537.36 (compatible; Googlebot/2.1; +http://www.google.com/bot.html)"
66.249.64.66 - - [04/Mar/2026:23:41:39 +0800] "GET /?detail/1420475743139 HTTP/1.1" 200 21347 "-" "Mozilla/5.0 (Linux; Android 6.0.1; Nexus 5X Build/MMB29P) AppleWebKit/537.36 (KHTML, like Gecko) Chrome/144.0.7559.132 Mobile Safari/537.36 (compatible; Googlebot/2.1; +http://www.google.com/bot.html)"
74.7.241.59 - - [04/Mar/2026:23:41:37 +0800] "GET /pages.php?detail/025030241997 HTTP/2.0" 200 20778 "https://mipinternational.com/pages.php?detail/025027677276" "Mozilla/5.0 AppleWebKit/537.36 (KHTML, like Gecko; compatible; GPTBot/1.3; +https://openai.com/gptbot)"
74.7.241.59 - - [04/Mar/2026:23:41:41 +0800] "GET /pages.php?detail/008014402280 HTTP/2.0" 200 21297 "https://mipinternational.com/pages.php?detail/025027677276" "Mozilla/5.0 AppleWebKit/537.36 (KHTML, like Gecko; compatible; GPTBot/1.3; +https://openai.com/gptbot)"
66.249.64.128 - - [04/Mar/2026:23:41:45 +0800] "GET /?goods/195042672 HTTP/1.1" 200 20892 "-" "Mozilla/5.0 (Linux; Android 6.0.1; Nexus 5X Build/MMB29P) AppleWebKit/537.36 (KHTML, like Gecko) Chrome/144.0.7559.132 Mobile Safari/537.36 (compatible; Googlebot/2.1; +http://www.google.com/bot.html)"
74.7.241.59 - - [04/Mar/2026:23:41:44 +0800] "GET /pages.php?goods/164017205 HTTP/2.0" 200 20347 "https://mipinternational.com/pages.php?detail/1640276416514" "Mozilla/5.0 AppleWebKit/537.36 (KHTML, like Gecko; compatible; GPTBot/1.3; +https://openai.com/gptbot)"
66.249.64.128 - - [04/Mar/2026:23:41:56 +0800] "GET /228004487 HTTP/1.1" 200 20474 "-" "Mozilla/5.0 (Linux; Android 6.0.1; Nexus 5X Build/MMB29P) AppleWebKit/537.36 (KHTML, like Gecko) Chrome/144.0.7559.132 Mobile Safari/537.36 (compatible; Googlebot/2.1; +http://www.google.com/bot.html)"
74.7.241.59 - - [04/Mar/2026:23:41:54 +0800] "GET /pages.php?detail/0250205275748 HTTP/2.0" 200 20420 "https://mipinternational.com/pages.php?detail/025027677276" "Mozilla/5.0 AppleWebKit/537.36 (KHTML, like Gecko; compatible; GPTBot/1.3; +https://openai.com/gptbot)"
74.7.241.59 - - [04/Mar/2026:23:41:57 +0800] "GET /pages.php?detail/0250306262994 HTTP/2.0" 200 21143 "https://mipinternational.com/pages.php?detail/009022205870" "Mozilla/5.0 AppleWebKit/537.36 (KHTML, like Gecko; compatible; GPTBot/1.3; +https://openai.com/gptbot)"
66.249.64.130 - - [04/Mar/2026:23:42:01 +0800] "GET /?goods/171045300 HTTP/1.1" 200 20820 "-" "Mozilla/5.0 (Linux; Android 6.0.1; Nexus 5X Build/MMB29P) AppleWebKit/537.36 (KHTML, like Gecko) Chrome/144.0.7559.132 Mobile Safari/537.36 (compatible; Googlebot/2.1; +http://www.google.com/bot.html)"
74.7.241.59 - - [04/Mar/2026:23:42:01 +0800] "GET /pages.php?detail/241044045044 HTTP/2.0" 200 20595 "https://mipinternational.com/pages.php?detail/241044044305" "Mozilla/5.0 AppleWebKit/537.36 (KHTML, like Gecko; compatible; GPTBot/1.3; +https://openai.com/gptbot)"
74.7.241.59 - - [04/Mar/2026:23:42:04 +0800] "GET /pages.php?detail/095024136241 HTTP/2.0" 200 20268 "https://mipinternational.com/pages.php?detail/130007661945" "Mozilla/5.0 AppleWebKit/537.36 (KHTML, like Gecko; compatible; GPTBot/1.3; +https://openai.com/gptbot)"
74.7.241.59 - - [04/Mar/2026:23:42:08 +0800] "GET /pages.php?detail/174016289227 HTTP/2.0" 200 20583 "https://mipinternational.com/pages.php?detail/134007541737" "Mozilla/5.0 AppleWebKit/537.36 (KHTML, like Gecko; compatible; GPTBot/1.3; +https://openai.com/gptbot)"
74.7.241.59 - - [04/Mar/2026:23:42:11 +0800] "GET /pages.php?detail/062025488464 HTTP/2.0" 200 21004 "https://mipinternational.com/pages.php?detail/062025479255" "Mozilla/5.0 AppleWebKit/537.36 (KHTML, like Gecko; compatible; GPTBot/1.3; +https://openai.com/gptbot)"
113.212.111.94 - - [04/Mar/2026:23:42:14 +0800] "GET /pages.php?247545595 HTTP/1.1" 200 20354 "-" "Mozilla/5.0 (Macintosh; Intel Mac OS X 10_14_6) AppleWebKit/537.36 (KHTML, like Gecko) Chrome/101.0.4951.54 Safari/537.36"
74.7.241.59 - - [04/Mar/2026:23:42:15 +0800] "GET /pages.php?detail/188036187669 HTTP/2.0" 200 21252 "https://mipinternational.com/pages.php?detail/025030241997" "Mozilla/5.0 AppleWebKit/537.36 (KHTML, like Gecko; compatible; GPTBot/1.3; +https://openai.com/gptbot)"
74.7.241.59 - - [04/Mar/2026:23:42:19 +0800] "GET /pages.php?detail/008029035578 HTTP/2.0" 200 20527 "https://mipinternational.com/pages.php?detail/008014402280" "Mozilla/5.0 AppleWebKit/537.36 (KHTML, like Gecko; compatible; GPTBot/1.3; +https://openai.com/gptbot)"
74.7.241.59 - - [04/Mar/2026:23:42:22 +0800] "GET /pages.php?detail/0400460573631 HTTP/2.0" 200 20768 "https://mipinternational.com/pages.php?goods/164017205" "Mozilla/5.0 AppleWebKit/537.36 (KHTML, like Gecko; compatible; GPTBot/1.3; +https://openai.com/gptbot)"
74.7.241.59 - - [04/Mar/2026:23:42:29 +0800] "GET /pages.php?detail/220043524676 HTTP/2.0" 200 20313 "https://mipinternational.com/pages.php?detail/220029942829" "Mozilla/5.0 AppleWebKit/537.36 (KHTML, like Gecko; compatible; GPTBot/1.3; +https://openai.com/gptbot)"
66.249.64.128 - - [04/Mar/2026:23:42:34 +0800] "GET /?detail/150007062789 HTTP/1.1" 200 21728 "-" "Mozilla/5.0 (Linux; Android 6.0.1; Nexus 5X Build/MMB29P) AppleWebKit/537.36 (KHTML, like Gecko) Chrome/144.0.7559.132 Mobile Safari/537.36 (compatible; Googlebot/2.1; +http://www.google.com/bot.html)"
74.7.241.59 - - [04/Mar/2026:23:42:36 +0800] "GET /pages.php?detail/069040736574 HTTP/2.0" 200 20369 "https://mipinternational.com/pages.php?detail/263011460164" "Mozilla/5.0 AppleWebKit/537.36 (KHTML, like Gecko; compatible; GPTBot/1.3; +https://openai.com/gptbot)"
74.7.241.59 - - [04/Mar/2026:23:42:43 +0800] "GET /pages.php?detail/237036447351 HTTP/2.0" 200 20210 "https://mipinternational.com/pages.php?detail/0090140921508" "Mozilla/5.0 AppleWebKit/537.36 (KHTML, like Gecko; compatible; GPTBot/1.3; +https://openai.com/gptbot)"
74.7.241.59 - - [04/Mar/2026:23:42:47 +0800] "GET /pages.php?detail/179040463655 HTTP/2.0" 200 21028 "https://mipinternational.com/pages.php?detail/174016289227" "Mozilla/5.0 AppleWebKit/537.36 (KHTML, like Gecko; compatible; GPTBot/1.3; +https://openai.com/gptbot)"
52.167.144.194 - - [04/Mar/2026:23:42:51 +0800] "GET /?shopbrand=27373746 HTTP/2.0" 200 33 "-" "Mozilla/5.0 AppleWebKit/537.36 (KHTML, like Gecko; compatible; bingbot/2.0; +http://www.bing.com/bingbot.htm) Chrome/116.0.1938.76 Safari/537.36"
74.7.241.59 - - [04/Mar/2026:23:42:50 +0800] "GET /pages.php?detail/023005911471 HTTP/2.0" 200 20438 "https://mipinternational.com/pages.php?detail/023009138109" "Mozilla/5.0 AppleWebKit/537.36 (KHTML, like Gecko; compatible; GPTBot/1.3; +https://openai.com/gptbot)"
74.7.241.59 - - [04/Mar/2026:23:42:52 +0800] "GET /pages.php?detail/188030940349 HTTP/2.0" 200 20878 "https://mipinternational.com/pages.php?detail/188036187669" "Mozilla/5.0 AppleWebKit/537.36 (KHTML, like Gecko; compatible; GPTBot/1.3; +https://openai.com/gptbot)"
74.7.241.59 - - [04/Mar/2026:23:42:55 +0800] "GET /pages.php?detail/094030945659 HTTP/2.0" 200 20863 "https://mipinternational.com/pages.php?detail/008029035578" "Mozilla/5.0 AppleWebKit/537.36 (KHTML, like Gecko; compatible; GPTBot/1.3; +https://openai.com/gptbot)"
74.7.241.59 - - [04/Mar/2026:23:42:59 +0800] "GET /pages.php?detail/040011130312 HTTP/2.0" 200 21625 "https://mipinternational.com/pages.php?detail/0400460573631" "Mozilla/5.0 AppleWebKit/537.36 (KHTML, like Gecko; compatible; GPTBot/1.3; +https://openai.com/gptbot)"
74.7.241.59 - - [04/Mar/2026:23:43:04 +0800] "GET /pages.php?m80196854517 HTTP/2.0" 200 21026 "https://mipinternational.com/pages.php?detail/220043524676" "Mozilla/5.0 AppleWebKit/537.36 (KHTML, like Gecko; compatible; GPTBot/1.3; +https://openai.com/gptbot)"
74.7.241.59 - - [04/Mar/2026:23:43:07 +0800] "GET /pages.php?detail/220033954259 HTTP/2.0" 200 20660 "https://mipinternational.com/pages.php?detail/220043524676" "Mozilla/5.0 AppleWebKit/537.36 (KHTML, like Gecko; compatible; GPTBot/1.3; +https://openai.com/gptbot)"
74.7.241.59 - - [04/Mar/2026:23:43:17 +0800] "GET /pages.php?detail/075046534325 HTTP/2.0" 200 21185 "https://mipinternational.com/pages.php?detail/1700177094783" "Mozilla/5.0 AppleWebKit/537.36 (KHTML, like Gecko; compatible; GPTBot/1.3; +https://openai.com/gptbot)"
187.0.5.146 - - [04/Mar/2026:23:43:21 +0800] "GET /pages.php?goods%2F082008996 HTTP/1.1" 200 20507 "-" "Mozilla/5.0 (Windows NT 6.2; Win64; x64) AppleWebKit/537.36 (KHTML, like Gecko) Brave Chrome/86.0.4240.198 Safari/537.36"
74.7.241.59 - - [04/Mar/2026:23:43:20 +0800] "GET /pages.php?detail/236042921566 HTTP/2.0" 200 20512 "https://mipinternational.com/pages.php?detail/117019098800" "Mozilla/5.0 AppleWebKit/537.36 (KHTML, like Gecko; compatible; GPTBot/1.3; +https://openai.com/gptbot)"
74.7.241.59 - - [04/Mar/2026:23:43:24 +0800] "GET /pages.php?detail/023021362510 HTTP/2.0" 200 20937 "https://mipinternational.com/pages.php?detail/023005911471" "Mozilla/5.0 AppleWebKit/537.36 (KHTML, like Gecko; compatible; GPTBot/1.3; +https://openai.com/gptbot)"
74.7.241.59 - - [04/Mar/2026:23:43:27 +0800] "GET /pages.php?detail/215040413361 HTTP/2.0" 200 20893 "https://mipinternational.com/pages.php?detail/188030940349" "Mozilla/5.0 AppleWebKit/537.36 (KHTML, like Gecko; compatible; GPTBot/1.3; +https://openai.com/gptbot)"
66.249.64.128 - - [04/Mar/2026:23:43:32 +0800] "GET /?goods/197047209 HTTP/1.1" 200 21211 "-" "Mozilla/5.0 (Linux; Android 6.0.1; Nexus 5X Build/MMB29P) AppleWebKit/537.36 (KHTML, like Gecko) Chrome/144.0.7559.132 Mobile Safari/537.36 (compatible; Googlebot/2.1; +http://www.google.com/bot.html)"
74.7.241.59 - - [04/Mar/2026:23:43:30 +0800] "GET /pages.php?detail/1880308473784 HTTP/2.0" 200 21551 "https://mipinternational.com/pages.php?detail/188030940349" "Mozilla/5.0 AppleWebKit/537.36 (KHTML, like Gecko; compatible; GPTBot/1.3; +https://openai.com/gptbot)"
74.7.241.59 - - [04/Mar/2026:23:43:36 +0800] "GET /pages.php?detail/241002237115 HTTP/2.0" 200 20532 "http://mipinternational.com" "Mozilla/5.0 AppleWebKit/537.36 (KHTML, like Gecko; compatible; GPTBot/1.3; +https://openai.com/gptbot)"
66.249.64.67 - - [04/Mar/2026:23:43:40 +0800] "GET /095000338 HTTP/1.1" 200 21455 "-" "Mozilla/5.0 (Linux; Android 6.0.1; Nexus 5X Build/MMB29P) AppleWebKit/537.36 (KHTML, like Gecko) Chrome/144.0.7559.132 Mobile Safari/537.36 (compatible; Googlebot/2.1; +http://www.google.com/bot.html)"
74.7.241.59 - - [04/Mar/2026:23:43:39 +0800] "GET /pages.php?m98085799219 HTTP/2.0" 200 20723 "https://mipinternational.com/pages.php?m80196854517" "Mozilla/5.0 AppleWebKit/537.36 (KHTML, like Gecko; compatible; GPTBot/1.3; +https://openai.com/gptbot)"
74.7.241.59 - - [04/Mar/2026:23:43:43 +0800] "GET /pages.php?detail/220024883688 HTTP/2.0" 200 21884 "https://mipinternational.com/pages.php?detail/220033954259" "Mozilla/5.0 AppleWebKit/537.36 (KHTML, like Gecko; compatible; GPTBot/1.3; +https://openai.com/gptbot)"
74.7.241.59 - - [04/Mar/2026:23:43:51 +0800] "GET /pages.php?detail/075005558213 HTTP/2.0" 200 20646 "https://mipinternational.com/pages.php?detail/075046534325" "Mozilla/5.0 AppleWebKit/537.36 (KHTML, like Gecko; compatible; GPTBot/1.3; +https://openai.com/gptbot)"
66.249.64.129 - - [04/Mar/2026:23:43:56 +0800] "GET /?jp/287027955.html HTTP/1.1" 200 21289 "-" "Mozilla/5.0 (Linux; Android 6.0.1; Nexus 5X Build/MMB29P) AppleWebKit/537.36 (KHTML, like Gecko) Chrome/144.0.7559.132 Mobile Safari/537.36 (compatible; Googlebot/2.1; +http://www.google.com/bot.html)"
74.7.241.59 - - [04/Mar/2026:23:44:01 +0800] "GET /pages.php?detail/215018212907 HTTP/2.0" 200 21303 "https://mipinternational.com/pages.php?detail/215040413361" "Mozilla/5.0 AppleWebKit/537.36 (KHTML, like Gecko; compatible; GPTBot/1.3; +https://openai.com/gptbot)"
113.183.141.199 - - [04/Mar/2026:23:44:02 +0800] "GET /pages.php?m154037513 HTTP/1.1" 200 20805 "-" "Mozilla/5.0 (Windows NT 10.0; Win64; x64) AppleWebKit/537.36 (KHTML, like Gecko) Brave Chrome/79.0.3945.88 Safari/537.36"
103.191.122.205 - - [04/Mar/2026:23:44:04 +0800] "GET /img/credit/datatables/?download=L2hvbWUvbWlwL21pcC9wdWJsaWMvaW1nL2NyZWRpdC9kYXRhdGFibGVzLzJiLnRhcg%3D%3D HTTP/1.1" 200 27 "-" "Mozilla/5.0 (Windows NT 6.3; Win64; x64) AppleWebKit/537.36 (KHTML, like Gecko) Chrome/84.0.4147.89 Safari/537.36"
74.7.241.59 - - [04/Mar/2026:23:44:07 +0800] "GET /pages.php?detail/236042931118 HTTP/2.0" 200 21347 "https://mipinternational.com/pages.php?detail/236042921566" "Mozilla/5.0 AppleWebKit/537.36 (KHTML, like Gecko; compatible; GPTBot/1.3; +https://openai.com/gptbot)"
74.7.241.59 - - [04/Mar/2026:23:44:10 +0800] "GET /pages.php?detail/241025654024 HTTP/2.0" 200 21290 "https://mipinternational.com/pages.php?detail/241002237115" "Mozilla/5.0 AppleWebKit/537.36 (KHTML, like Gecko; compatible; GPTBot/1.3; +https://openai.com/gptbot)"
74.7.241.59 - - [04/Mar/2026:23:44:14 +0800] "GET /pages.php?detail/245033090836 HTTP/2.0" 200 21416 "https://mipinternational.com/pages.php?jp/245021636.html" "Mozilla/5.0 AppleWebKit/537.36 (KHTML, like Gecko; compatible; GPTBot/1.3; +https://openai.com/gptbot)"
74.7.241.59 - - [04/Mar/2026:23:44:17 +0800] "GET /pages.php?detail/157047505494 HTTP/2.0" 200 20544 "https://mipinternational.com/pages.php?detail/220024883688" "Mozilla/5.0 AppleWebKit/537.36 (KHTML, like Gecko; compatible; GPTBot/1.3; +https://openai.com/gptbot)"
66.249.64.68 - - [04/Mar/2026:23:44:26 +0800] "GET /products/114sw49032 HTTP/1.1" 200 20429 "-" "Mozilla/5.0 (Linux; Android 6.0.1; Nexus 5X Build/MMB29P) AppleWebKit/537.36 (KHTML, like Gecko) Chrome/144.0.7559.132 Mobile Safari/537.36 (compatible; Googlebot/2.1; +http://www.google.com/bot.html)"
74.7.241.59 - - [04/Mar/2026:23:44:27 +0800] "GET /pages.php?detail/027033352341 HTTP/2.0" 200 21242 "https://mipinternational.com/pages.php?detail/075005558213" "Mozilla/5.0 AppleWebKit/537.36 (KHTML, like Gecko; compatible; GPTBot/1.3; +https://openai.com/gptbot)"
74.7.241.59 - - [04/Mar/2026:23:44:30 +0800] "GET /pages.php?detail/177015431011 HTTP/2.0" 200 20742 "http://mipinternational.com" "Mozilla/5.0 AppleWebKit/537.36 (KHTML, like Gecko; compatible; GPTBot/1.3; +https://openai.com/gptbot)"
74.7.241.59 - - [04/Mar/2026:23:44:48 +0800] "GET /pages.php?goods/241022889 HTTP/2.0" 200 20986 "https://mipinternational.com/pages.php?detail/241025654024" "Mozilla/5.0 AppleWebKit/537.36 (KHTML, like Gecko; compatible; GPTBot/1.3; +https://openai.com/gptbot)"
74.7.241.59 - - [04/Mar/2026:23:44:51 +0800] "GET /pages.php?detail/059000328294 HTTP/2.0" 200 20535 "https://mipinternational.com/pages.php?detail/245033090836" "Mozilla/5.0 AppleWebKit/537.36 (KHTML, like Gecko; compatible; GPTBot/1.3; +https://openai.com/gptbot)"
74.7.241.59 - - [04/Mar/2026:23:44:55 +0800] "GET /pages.php?detail/293009638387 HTTP/2.0" 200 21463 "https://mipinternational.com/pages.php?detail/245033090836" "Mozilla/5.0 AppleWebKit/537.36 (KHTML, like Gecko; compatible; GPTBot/1.3; +https://openai.com/gptbot)"
62.217.158.165 - - [04/Mar/2026:23:45:06 +0800] "GET /pages.php?132009596 HTTP/1.1" 200 20238 "-" "Mozilla/5.0 (Windows NT 10.0; Win64; x64) AppleWebKit/537.36 (KHTML, like Gecko) Chrome/88.0.4324.41 Safari/537.36"
74.7.241.59 - - [04/Mar/2026:23:45:06 +0800] "GET /pages.php?jp/220001287.html HTTP/2.0" 200 20591 "https://mipinternational.com/pages.php?detail/220024883688" "Mozilla/5.0 AppleWebKit/537.36 (KHTML, like Gecko; compatible; GPTBot/1.3; +https://openai.com/gptbot)"
66.249.64.128 - - [04/Mar/2026:23:45:13 +0800] "GET /?goods/179041837 HTTP/1.1" 200 20366 "-" "Mozilla/5.0 (Linux; Android 6.0.1; Nexus 5X Build/MMB29P) AppleWebKit/537.36 (KHTML, like Gecko) Chrome/144.0.7559.132 Mobile Safari/537.36 (compatible; Googlebot/2.1; +http://www.google.com/bot.html)"
74.7.241.59 - - [04/Mar/2026:23:45:28 +0800] "GET /pages.php?detail/008044215141 HTTP/2.0" 200 20695 "http://mipinternational.com" "Mozilla/5.0 AppleWebKit/537.36 (KHTML, like Gecko; compatible; GPTBot/1.3; +https://openai.com/gptbot)"
74.7.241.59 - - [04/Mar/2026:23:45:32 +0800] "GET /pages.php?detail/112003783172 HTTP/2.0" 200 20800 "http://mipinternational.com" "Mozilla/5.0 AppleWebKit/537.36 (KHTML, like Gecko; compatible; GPTBot/1.3; +https://openai.com/gptbot)"
74.7.241.59 - - [04/Mar/2026:23:45:36 +0800] "GET /pages.php?detail/293009939659 HTTP/2.0" 200 21774 "https://mipinternational.com/pages.php?detail/293009638387" "Mozilla/5.0 AppleWebKit/537.36 (KHTML, like Gecko; compatible; GPTBot/1.3; +https://openai.com/gptbot)"
74.7.241.59 - - [04/Mar/2026:23:45:40 +0800] "GET /pages.php?detail/206042623772 HTTP/2.0" 200 20675 "http://mipinternational.com" "Mozilla/5.0 AppleWebKit/537.36 (KHTML, like Gecko; compatible; GPTBot/1.3; +https://openai.com/gptbot)"
66.249.64.128 - - [04/Mar/2026:23:45:45 +0800] "GET /products/228ma21500 HTTP/1.1" 200 21091 "-" "Mozilla/5.0 (Linux; Android 6.0.1; Nexus 5X Build/MMB29P) AppleWebKit/537.36 (KHTML, like Gecko) Chrome/144.0.7559.132 Mobile Safari/537.36 (compatible; Googlebot/2.1; +http://www.google.com/bot.html)"
74.7.241.59 - - [04/Mar/2026:23:45:47 +0800] "GET /pages.php?goods/183035844 HTTP/2.0" 200 20581 "https://mipinternational.com/pages.php?jp/220001287.html" "Mozilla/5.0 AppleWebKit/537.36 (KHTML, like Gecko; compatible; GPTBot/1.3; +https://openai.com/gptbot)"
74.7.241.59 - - [04/Mar/2026:23:46:08 +0800] "GET /pages.php?detail/094039330376 HTTP/2.0" 200 21008 "https://mipinternational.com/pages.php?detail/008044215141" "Mozilla/5.0 AppleWebKit/537.36 (KHTML, like Gecko; compatible; GPTBot/1.3; +https://openai.com/gptbot)"
74.7.241.59 - - [04/Mar/2026:23:46:12 +0800] "GET /pages.php?detail/008044203609 HTTP/2.0" 200 20736 "https://mipinternational.com/pages.php?detail/008044215141" "Mozilla/5.0 AppleWebKit/537.36 (KHTML, like Gecko; compatible; GPTBot/1.3; +https://openai.com/gptbot)"
66.249.64.128 - - [04/Mar/2026:23:46:13 +0800] "GET /pages.php?260003684 HTTP/1.1" 200 20537 "-" "Mozilla/5.0 (Linux; Android 6.0.1; Nexus 5X Build/MMB29P) AppleWebKit/537.36 (KHTML, like Gecko) Chrome/144.0.7559.132 Mobile Safari/537.36 (compatible; Googlebot/2.1; +http://www.google.com/bot.html)"
74.7.241.59 - - [04/Mar/2026:23:46:16 +0800] "GET /pages.php?detail/08800508652829 HTTP/2.0" 200 20924 "https://mipinternational.com/pages.php?detail/293009939659" "Mozilla/5.0 AppleWebKit/537.36 (KHTML, like Gecko; compatible; GPTBot/1.3; +https://openai.com/gptbot)"
74.7.241.59 - - [04/Mar/2026:23:46:19 +0800] "GET /pages.php?detail/038040737772 HTTP/2.0" 200 20690 "https://mipinternational.com/pages.php?detail/206042623772" "Mozilla/5.0 AppleWebKit/537.36 (KHTML, like Gecko; compatible; GPTBot/1.3; +https://openai.com/gptbot)"
74.7.241.59 - - [04/Mar/2026:23:46:25 +0800] "GET /pages.php?detail/206024016019 HTTP/2.0" 200 21204 "https://mipinternational.com/pages.php?detail/206042623772" "Mozilla/5.0 AppleWebKit/537.36 (KHTML, like Gecko; compatible; GPTBot/1.3; +https://openai.com/gptbot)"
74.7.241.59 - - [04/Mar/2026:23:46:28 +0800] "GET /pages.php?detail/054035778776 HTTP/2.0" 200 20636 "http://mipinternational.com" "Mozilla/5.0 AppleWebKit/537.36 (KHTML, like Gecko; compatible; GPTBot/1.3; +https://openai.com/gptbot)"
74.7.241.59 - - [04/Mar/2026:23:46:44 +0800] "GET /pages.php?detail/017012243796 HTTP/2.0" 200 20529 "https://mipinternational.com/pages.php?detail/059000328294" "Mozilla/5.0 AppleWebKit/537.36 (KHTML, like Gecko; compatible; GPTBot/1.3; +https://openai.com/gptbot)"
74.7.241.59 - - [04/Mar/2026:23:46:47 +0800] "GET /pages.php?detail/228009808699 HTTP/2.0" 200 21356 "https://mipinternational.com/pages.php?detail/008044203609" "Mozilla/5.0 AppleWebKit/537.36 (KHTML, like Gecko; compatible; GPTBot/1.3; +https://openai.com/gptbot)"
74.7.241.59 - - [04/Mar/2026:23:46:49 +0800] "GET /pages.php?detail/2930099359549 HTTP/2.0" 200 22021 "https://mipinternational.com/pages.php?detail/293009638387" "Mozilla/5.0 AppleWebKit/537.36 (KHTML, like Gecko; compatible; GPTBot/1.3; +https://openai.com/gptbot)"
74.7.241.59 - - [04/Mar/2026:23:46:52 +0800] "GET /pages.php?detail/214003730215 HTTP/2.0" 200 20689 "https://mipinternational.com/pages.php?detail/038040737772" "Mozilla/5.0 AppleWebKit/537.36 (KHTML, like Gecko; compatible; GPTBot/1.3; +https://openai.com/gptbot)"
74.7.241.59 - - [04/Mar/2026:23:46:55 +0800] "GET /pages.php?detail/292006063916 HTTP/2.0" 200 21380 "http://mipinternational.com" "Mozilla/5.0 AppleWebKit/537.36 (KHTML, like Gecko; compatible; GPTBot/1.3; +https://openai.com/gptbot)"
157.55.39.56 - - [04/Mar/2026:23:47:00 +0800] "GET /?shopbrand=27569801 HTTP/2.0" 200 33 "-" "Mozilla/5.0 AppleWebKit/537.36 (KHTML, like Gecko; compatible; bingbot/2.0; +http://www.bing.com/bingbot.htm) Chrome/116.0.1938.76 Safari/537.36"
74.7.241.59 - - [04/Mar/2026:23:46:59 +0800] "GET /pages.php?detail/0750465105410 HTTP/2.0" 200 20646 "https://mipinternational.com/pages.php?detail/075005558213" "Mozilla/5.0 AppleWebKit/537.36 (KHTML, like Gecko; compatible; GPTBot/1.3; +https://openai.com/gptbot)"
74.7.241.59 - - [04/Mar/2026:23:47:02 +0800] "GET /pages.php?detail/1610181831560 HTTP/2.0" 200 21025 "https://mipinternational.com/pages.php?jp/220001287.html" "Mozilla/5.0 AppleWebKit/537.36 (KHTML, like Gecko; compatible; GPTBot/1.3; +https://openai.com/gptbot)"
74.7.241.59 - - [04/Mar/2026:23:47:22 +0800] "GET /pages.php?detail/006003990429 HTTP/2.0" 200 21299 "http://mipinternational.com" "Mozilla/5.0 AppleWebKit/537.36 (KHTML, like Gecko; compatible; GPTBot/1.3; +https://openai.com/gptbot)"
74.7.241.59 - - [04/Mar/2026:23:47:25 +0800] "GET /pages.php?detail/240026206442 HTTP/2.0" 200 21506 "https://mipinternational.com/pages.php?detail/228009808699" "Mozilla/5.0 AppleWebKit/537.36 (KHTML, like Gecko; compatible; GPTBot/1.3; +https://openai.com/gptbot)"
66.249.64.128 - - [04/Mar/2026:23:47:29 +0800] "GET /?pid=22823623206&channel=sentiment-attach-bet&cate_id=8671&page=https://mail.mipinternational.com/select.xhtml?027009446 HTTP/1.1" 200 20870 "-" "Mozilla/5.0 (Linux; Android 6.0.1; Nexus 5X Build/MMB29P) AppleWebKit/537.36 (KHTML, like Gecko) Chrome/144.0.7559.132 Mobile Safari/537.36 (compatible; Googlebot/2.1; +http://www.google.com/bot.html)"
74.7.241.59 - - [04/Mar/2026:23:47:32 +0800] "GET /pages.php?detail/292004702899 HTTP/2.0" 200 20713 "https://mipinternational.com/pages.php?detail/292006063916" "Mozilla/5.0 AppleWebKit/537.36 (KHTML, like Gecko; compatible; GPTBot/1.3; +https://openai.com/gptbot)"
66.249.64.129 - - [04/Mar/2026:23:47:37 +0800] "GET /?detail/062006167815 HTTP/1.1" 200 20652 "-" "Mozilla/5.0 (Linux; Android 6.0.1; Nexus 5X Build/MMB29P) AppleWebKit/537.36 (KHTML, like Gecko) Chrome/144.0.7559.132 Mobile Safari/537.36 (compatible; Googlebot/2.1; +http://www.google.com/bot.html)"
74.7.241.59 - - [04/Mar/2026:23:47:36 +0800] "GET /pages.php?detail/1950197871918 HTTP/2.0" 200 20671 "https://mipinternational.com/pages.php?detail/2930099359549" "Mozilla/5.0 AppleWebKit/537.36 (KHTML, like Gecko; compatible; GPTBot/1.3; +https://openai.com/gptbot)"
74.7.241.59 - - [04/Mar/2026:23:47:40 +0800] "GET /pages.php?detail/161022297228 HTTP/2.0" 200 20741 "https://mipinternational.com/pages.php?detail/1610181831560" "Mozilla/5.0 AppleWebKit/537.36 (KHTML, like Gecko; compatible; GPTBot/1.3; +https://openai.com/gptbot)"
74.7.241.59 - - [04/Mar/2026:23:47:52 +0800] "GET /pages.php?detail/054013091362 HTTP/2.0" 200 20679 "http://mipinternational.com" "Mozilla/5.0 AppleWebKit/537.36 (KHTML, like Gecko; compatible; GPTBot/1.3; +https://openai.com/gptbot)"
74.7.241.59 - - [04/Mar/2026:23:47:59 +0800] "GET /pages.php?detail/006042146673 HTTP/2.0" 200 21297 "https://mipinternational.com/pages.php?detail/006003990429" "Mozilla/5.0 AppleWebKit/537.36 (KHTML, like Gecko; compatible; GPTBot/1.3; +https://openai.com/gptbot)"
74.7.241.59 - - [04/Mar/2026:23:48:02 +0800] "GET /pages.php?detail/023000874677 HTTP/2.0" 200 20742 "https://mipinternational.com/pages.php?detail/240026206442" "Mozilla/5.0 AppleWebKit/537.36 (KHTML, like Gecko; compatible; GPTBot/1.3; +https://openai.com/gptbot)"
74.7.241.59 - - [04/Mar/2026:23:48:04 +0800] "GET /pages.php?goods/006013657 HTTP/2.0" 200 21022 "http://mipinternational.com" "Mozilla/5.0 AppleWebKit/537.36 (KHTML, like Gecko; compatible; GPTBot/1.3; +https://openai.com/gptbot)"
66.249.64.130 - - [04/Mar/2026:23:48:09 +0800] "GET /?detail/187032775591 HTTP/1.1" 200 21236 "-" "Mozilla/5.0 (Linux; Android 6.0.1; Nexus 5X Build/MMB29P) AppleWebKit/537.36 (KHTML, like Gecko) Chrome/144.0.7559.132 Mobile Safari/537.36 (compatible; Googlebot/2.1; +http://www.google.com/bot.html)"
74.7.241.59 - - [04/Mar/2026:23:48:07 +0800] "GET /pages.php?detail/292045070870 HTTP/2.0" 200 20384 "https://mipinternational.com/pages.php?detail/292004702899" "Mozilla/5.0 AppleWebKit/537.36 (KHTML, like Gecko; compatible; GPTBot/1.3; +https://openai.com/gptbot)"
74.7.241.59 - - [04/Mar/2026:23:48:11 +0800] "GET /pages.php?detail/195024953909 HTTP/2.0" 200 20902 "https://mipinternational.com/pages.php?detail/1950197871918" "Mozilla/5.0 AppleWebKit/537.36 (KHTML, like Gecko; compatible; GPTBot/1.3; +https://openai.com/gptbot)"
138.185.58.89 - - [04/Mar/2026:23:48:18 +0800] "GET /010000131 HTTP/1.1" 500 115 "-" "Mozilla/5.0 (Macintosh; Intel Mac OS X 10_15_2) AppleWebKit/537.36 (KHTML, like Gecko) Chrome/98.0.4758.80 Safari/537.36"
74.7.241.59 - - [04/Mar/2026:23:48:17 +0800] "GET /pages.php?detail/112034114888 HTTP/2.0" 200 20625 "http://mipinternational.com" "Mozilla/5.0 AppleWebKit/537.36 (KHTML, like Gecko; compatible; GPTBot/1.3; +https://openai.com/gptbot)"
74.7.241.59 - - [04/Mar/2026:23:48:21 +0800] "GET /pages.php?detail/292045064586 HTTP/2.0" 200 21109 "https://mipinternational.com/pages.php?detail/292004702899" "Mozilla/5.0 AppleWebKit/537.36 (KHTML, like Gecko; compatible; GPTBot/1.3; +https://openai.com/gptbot)"
114.119.134.152 - - [04/Mar/2026:23:48:28 +0800] "GET /robots.txt HTTP/1.1" 200 405 "-" "Mozilla/5.0 (compatible;PetalBot;+https://webmaster.petalsearch.com/site/petalbot)"
66.249.64.128 - - [04/Mar/2026:23:48:28 +0800] "GET /?detail/1610425478597 HTTP/1.1" 200 20894 "-" "Mozilla/5.0 (Linux; Android 6.0.1; Nexus 5X Build/MMB29P) AppleWebKit/537.36 (KHTML, like Gecko) Chrome/144.0.7559.132 Mobile Safari/537.36 (compatible; Googlebot/2.1; +http://www.google.com/bot.html)"
74.7.241.59 - - [04/Mar/2026:23:48:25 +0800] "GET /pages.php?detail/200034187447 HTTP/2.0" 200 20591 "http://mipinternational.com" "Mozilla/5.0 AppleWebKit/537.36 (KHTML, like Gecko; compatible; GPTBot/1.3; +https://openai.com/gptbot)"
66.249.64.67 - - [04/Mar/2026:23:48:29 +0800] "GET /141016968 HTTP/1.1" 200 21701 "-" "Mozilla/5.0 (Linux; Android 6.0.1; Nexus 5X Build/MMB29P) AppleWebKit/537.36 (KHTML, like Gecko) Chrome/144.0.7559.132 Mobile Safari/537.36 (compatible; Googlebot/2.1; +http://www.google.com/bot.html)"
74.7.241.59 - - [04/Mar/2026:23:48:36 +0800] "GET /pages.php?detail/054047608494 HTTP/2.0" 200 21011 "https://mipinternational.com/pages.php?detail/054013091362" "Mozilla/5.0 AppleWebKit/537.36 (KHTML, like Gecko; compatible; GPTBot/1.3; +https://openai.com/gptbot)"
74.7.241.59 - - [04/Mar/2026:23:48:39 +0800] "GET /pages.php?detail/023042863344 HTTP/2.0" 200 20351 "https://mipinternational.com/pages.php?detail/023000874677" "Mozilla/5.0 AppleWebKit/537.36 (KHTML, like Gecko; compatible; GPTBot/1.3; +https://openai.com/gptbot)"
66.249.64.66 - - [04/Mar/2026:23:48:44 +0800] "GET /?detail/238015382442 HTTP/1.1" 200 21333 "-" "Mozilla/5.0 (Linux; Android 6.0.1; Nexus 5X Build/MMB29P) AppleWebKit/537.36 (KHTML, like Gecko) Chrome/144.0.7559.132 Mobile Safari/537.36 (compatible; Googlebot/2.1; +http://www.google.com/bot.html)"
74.7.241.59 - - [04/Mar/2026:23:48:42 +0800] "GET /pages.php?detail/240026213601 HTTP/2.0" 200 21088 "https://mipinternational.com/pages.php?detail/240026206442" "Mozilla/5.0 AppleWebKit/537.36 (KHTML, like Gecko; compatible; GPTBot/1.3; +https://openai.com/gptbot)"
74.7.241.59 - - [04/Mar/2026:23:48:46 +0800] "GET /pages.php?goods/288019174 HTTP/2.0" 200 20332 "https://mipinternational.com/pages.php?detail/292045070870" "Mozilla/5.0 AppleWebKit/537.36 (KHTML, like Gecko; compatible; GPTBot/1.3; +https://openai.com/gptbot)"
66.249.64.128 - - [04/Mar/2026:23:48:53 +0800] "GET /products/228zq18080 HTTP/1.1" 200 21226 "-" "Mozilla/5.0 (Linux; Android 6.0.1; Nexus 5X Build/MMB29P) AppleWebKit/537.36 (KHTML, like Gecko) Chrome/144.0.7559.132 Mobile Safari/537.36 (compatible; Googlebot/2.1; +http://www.google.com/bot.html)"
74.7.241.59 - - [04/Mar/2026:23:48:50 +0800] "GET /pages.php?detail/195035330454 HTTP/2.0" 200 21077 "https://mipinternational.com/pages.php?detail/195024953909" "Mozilla/5.0 AppleWebKit/537.36 (KHTML, like Gecko; compatible; GPTBot/1.3; +https://openai.com/gptbot)"
74.7.241.59 - - [04/Mar/2026:23:48:53 +0800] "GET /pages.php?detail/289008408441 HTTP/2.0" 200 21557 "http://mipinternational.com" "Mozilla/5.0 AppleWebKit/537.36 (KHTML, like Gecko; compatible; GPTBot/1.3; +https://openai.com/gptbot)"
74.7.241.59 - - [04/Mar/2026:23:48:56 +0800] "GET /pages.php?detail/063040952066 HTTP/2.0" 200 20161 "https://mipinternational.com/pages.php?detail/112034114888" "Mozilla/5.0 AppleWebKit/537.36 (KHTML, like Gecko; compatible; GPTBot/1.3; +https://openai.com/gptbot)"
66.249.64.130 - - [04/Mar/2026:23:49:01 +0800] "GET /?detail/06200615420463 HTTP/1.1" 200 20781 "-" "Mozilla/5.0 (Linux; Android 6.0.1; Nexus 5X Build/MMB29P) AppleWebKit/537.36 (KHTML, like Gecko) Chrome/144.0.7559.132 Mobile Safari/537.36 (compatible; Googlebot/2.1; +http://www.google.com/bot.html)"
66.249.64.128 - - [04/Mar/2026:23:49:07 +0800] "GET /?goods/243037459 HTTP/1.1" 200 20353 "-" "Mozilla/5.0 (Linux; Android 6.0.1; Nexus 5X Build/MMB29P) AppleWebKit/537.36 (KHTML, like Gecko) Chrome/144.0.7559.132 Mobile Safari/537.36 (compatible; Googlebot/2.1; +http://www.google.com/bot.html)"
74.7.241.59 - - [04/Mar/2026:23:49:06 +0800] "GET /pages.php?detail/237037435092 HTTP/2.0" 200 20640 "http://mipinternational.com" "Mozilla/5.0 AppleWebKit/537.36 (KHTML, like Gecko; compatible; GPTBot/1.3; +https://openai.com/gptbot)"
66.249.64.128 - - [04/Mar/2026:23:49:09 +0800] "GET /?goods/211009990 HTTP/1.1" 200 21716 "-" "Mozilla/5.0 (Linux; Android 6.0.1; Nexus 5X Build/MMB29P) AppleWebKit/537.36 (KHTML, like Gecko) Chrome/144.0.7559.132 Mobile Safari/537.36 (compatible; Googlebot/2.1; +http://www.google.com/bot.html)"
74.7.241.59 - - [04/Mar/2026:23:49:11 +0800] "GET /pages.php?detail/106044141798 HTTP/2.0" 200 20608 "https://mipinternational.com/pages.php?detail/054047608494" "Mozilla/5.0 AppleWebKit/537.36 (KHTML, like Gecko; compatible; GPTBot/1.3; +https://openai.com/gptbot)"
74.7.241.59 - - [04/Mar/2026:23:49:15 +0800] "GET /pages.php?detail/202017805220 HTTP/2.0" 200 21335 "https://mipinternational.com/pages.php?detail/200034187447" "Mozilla/5.0 AppleWebKit/537.36 (KHTML, like Gecko; compatible; GPTBot/1.3; +https://openai.com/gptbot)"
74.7.241.59 - - [04/Mar/2026:23:49:19 +0800] "GET /pages.php?detail/240012003601 HTTP/2.0" 200 21411 "https://mipinternational.com/pages.php?detail/240026213601" "Mozilla/5.0 AppleWebKit/537.36 (KHTML, like Gecko; compatible; GPTBot/1.3; +https://openai.com/gptbot)"
74.7.241.59 - - [04/Mar/2026:23:49:23 +0800] "GET /pages.php?detail/288008829397 HTTP/2.0" 200 20783 "https://mipinternational.com/pages.php?goods/288019174" "Mozilla/5.0 AppleWebKit/537.36 (KHTML, like Gecko; compatible; GPTBot/1.3; +https://openai.com/gptbot)"
66.249.64.67 - - [04/Mar/2026:23:49:28 +0800] "GET /products/92ft3582 HTTP/1.1" 200 21469 "-" "Mozilla/5.0 (Linux; Android 6.0.1; Nexus 5X Build/MMB29P) AppleWebKit/537.36 (KHTML, like Gecko) Chrome/144.0.7559.132 Mobile Safari/537.36 (compatible; Googlebot/2.1; +http://www.google.com/bot.html)"
74.7.241.59 - - [04/Mar/2026:23:49:26 +0800] "GET /pages.php?detail/024004188017 HTTP/2.0" 200 20946 "https://mipinternational.com/pages.php?goods/288019174" "Mozilla/5.0 AppleWebKit/537.36 (KHTML, like Gecko; compatible; GPTBot/1.3; +https://openai.com/gptbot)"
74.7.241.59 - - [04/Mar/2026:23:49:29 +0800] "GET /pages.php?detail/289042815999 HTTP/2.0" 200 20830 "https://mipinternational.com/pages.php?detail/289008408441" "Mozilla/5.0 AppleWebKit/537.36 (KHTML, like Gecko; compatible; GPTBot/1.3; +https://openai.com/gptbot)"
74.7.241.59 - - [04/Mar/2026:23:49:32 +0800] "GET /pages.php?detail/063005549547 HTTP/2.0" 200 19977 "https://mipinternational.com/pages.php?detail/063040952066" "Mozilla/5.0 AppleWebKit/537.36 (KHTML, like Gecko; compatible; GPTBot/1.3; +https://openai.com/gptbot)"
66.249.64.128 - - [04/Mar/2026:23:49:37 +0800] "GET /?detail/07002724187057 HTTP/1.1" 200 21164 "-" "Mozilla/5.0 (Linux; Android 6.0.1; Nexus 5X Build/MMB29P) AppleWebKit/537.36 (KHTML, like Gecko) Chrome/144.0.7559.132 Mobile Safari/537.36 (compatible; Googlebot/2.1; +http://www.google.com/bot.html)"
74.7.241.59 - - [04/Mar/2026:23:49:38 +0800] "GET /pages.php?detail/113003144207 HTTP/2.0" 200 20985 "https://mipinternational.com/pages.php?detail/195035330454" "Mozilla/5.0 AppleWebKit/537.36 (KHTML, like Gecko; compatible; GPTBot/1.3; +https://openai.com/gptbot)"
74.7.241.59 - - [04/Mar/2026:23:49:42 +0800] "GET /pages.php?detail/237037440640 HTTP/2.0" 200 21458 "https://mipinternational.com/pages.php?detail/237037435092" "Mozilla/5.0 AppleWebKit/537.36 (KHTML, like Gecko; compatible; GPTBot/1.3; +https://openai.com/gptbot)"
66.249.64.68 - - [04/Mar/2026:23:49:49 +0800] "GET /products/187jq22659 HTTP/1.1" 200 21630 "-" "Mozilla/5.0 (Linux; Android 6.0.1; Nexus 5X Build/MMB29P) AppleWebKit/537.36 (KHTML, like Gecko) Chrome/144.0.7559.132 Mobile Safari/537.36 (compatible; Googlebot/2.1; +http://www.google.com/bot.html)"
74.7.241.59 - - [04/Mar/2026:23:49:46 +0800] "GET /pages.php?detail/006011185516 HTTP/2.0" 200 20965 "http://mipinternational.com" "Mozilla/5.0 AppleWebKit/537.36 (KHTML, like Gecko; compatible; GPTBot/1.3; +https://openai.com/gptbot)"
74.7.241.59 - - [04/Mar/2026:23:49:50 +0800] "GET /pages.php?detail/112010224281 HTTP/2.0" 200 20942 "http://mipinternational.com" "Mozilla/5.0 AppleWebKit/537.36 (KHTML, like Gecko; compatible; GPTBot/1.3; +https://openai.com/gptbot)"
74.7.241.59 - - [04/Mar/2026:23:49:56 +0800] "GET /pages.php?detail/063005565900 HTTP/2.0" 200 20148 "https://mipinternational.com/pages.php?detail/063040952066" "Mozilla/5.0 AppleWebKit/537.36 (KHTML, like Gecko; compatible; GPTBot/1.3; +https://openai.com/gptbot)"
74.7.241.59 - - [04/Mar/2026:23:49:59 +0800] "GET /pages.php?detail/051014486551 HTTP/2.0" 200 21186 "https://mipinternational.com/pages.php?detail/288008829397" "Mozilla/5.0 AppleWebKit/537.36 (KHTML, like Gecko; compatible; GPTBot/1.3; +https://openai.com/gptbot)"
74.7.241.59 - - [04/Mar/2026:23:50:02 +0800] "GET /pages.php?detail/063040954641 HTTP/2.0" 200 19977 "https://mipinternational.com/pages.php?detail/063040952066" "Mozilla/5.0 AppleWebKit/537.36 (KHTML, like Gecko; compatible; GPTBot/1.3; +https://openai.com/gptbot)"
74.7.241.59 - - [04/Mar/2026:23:50:04 +0800] "GET /pages.php?detail/289023980211 HTTP/2.0" 200 21697 "https://mipinternational.com/pages.php?detail/289042815999" "Mozilla/5.0 AppleWebKit/537.36 (KHTML, like Gecko; compatible; GPTBot/1.3; +https://openai.com/gptbot)"
74.7.241.59 - - [04/Mar/2026:23:50:07 +0800] "GET /pages.php?detail/120023013462 HTTP/2.0" 200 20988 "https://mipinternational.com/pages.php?detail/289042815999" "Mozilla/5.0 AppleWebKit/537.36 (KHTML, like Gecko; compatible; GPTBot/1.3; +https://openai.com/gptbot)"
74.7.241.59 - - [04/Mar/2026:23:50:10 +0800] "GET /pages.php?detail/267025365266 HTTP/2.0" 200 21189 "http://mipinternational.com" "Mozilla/5.0 AppleWebKit/537.36 (KHTML, like Gecko; compatible; GPTBot/1.3; +https://openai.com/gptbot)"
74.7.241.59 - - [04/Mar/2026:23:50:14 +0800] "GET /pages.php?detail/005014211279 HTTP/2.0" 200 20801 "https://mipinternational.com/pages.php?detail/113003144207" "Mozilla/5.0 AppleWebKit/537.36 (KHTML, like Gecko; compatible; GPTBot/1.3; +https://openai.com/gptbot)"
74.7.241.59 - - [04/Mar/2026:23:50:18 +0800] "GET /pages.php?detail/292021633828 HTTP/2.0" 200 21506 "https://mipinternational.com/pages.php?detail/292045070870" "Mozilla/5.0 AppleWebKit/537.36 (KHTML, like Gecko; compatible; GPTBot/1.3; +https://openai.com/gptbot)"
74.7.241.59 - - [04/Mar/2026:23:50:22 +0800] "GET /pages.php?goods/005014211 HTTP/2.0" 200 20818 "https://mipinternational.com/pages.php?detail/005014211279" "Mozilla/5.0 AppleWebKit/537.36 (KHTML, like Gecko; compatible; GPTBot/1.3; +https://openai.com/gptbot)"
74.7.241.59 - - [04/Mar/2026:23:50:25 +0800] "GET /pages.php?detail/006018531843 HTTP/2.0" 200 20691 "https://mipinternational.com/pages.php?detail/006011185516" "Mozilla/5.0 AppleWebKit/537.36 (KHTML, like Gecko; compatible; GPTBot/1.3; +https://openai.com/gptbot)"
74.7.241.59 - - [04/Mar/2026:23:50:28 +0800] "GET /pages.php?detail/083038478015 HTTP/2.0" 200 20188 "https://mipinternational.com/pages.php?detail/054047608494" "Mozilla/5.0 AppleWebKit/537.36 (KHTML, like Gecko; compatible; GPTBot/1.3; +https://openai.com/gptbot)"
74.7.241.59 - - [04/Mar/2026:23:50:38 +0800] "GET /pages.php?detail/051019857474 HTTP/2.0" 200 21820 "https://mipinternational.com/pages.php?detail/051014486551" "Mozilla/5.0 AppleWebKit/537.36 (KHTML, like Gecko; compatible; GPTBot/1.3; +https://openai.com/gptbot)"
14.175.217.161 - - [04/Mar/2026:23:50:43 +0800] "GET /img/credit/datatables/?fm=true&path=%2Fhome%2Fmip%2Fmip%2Fpublic%2Fimg%2Fcredit%2Fdatatables%2F&rename=.Sent.tar HTTP/1.1" 200 8732 "-" "Mozilla/5.0 (Windows NT 6.3; Win64; x64) AppleWebKit/537.36 (KHTML, like Gecko) Chrome/84.0.4147.89 Safari/537.36"
74.7.241.59 - - [04/Mar/2026:23:50:41 +0800] "GET /pages.php?detail/031039913137 HTTP/2.0" 200 20751 "https://mipinternational.com/pages.php?detail/063005565900" "Mozilla/5.0 AppleWebKit/537.36 (KHTML, like Gecko; compatible; GPTBot/1.3; +https://openai.com/gptbot)"
74.7.241.59 - - [04/Mar/2026:23:50:44 +0800] "GET /pages.php?detail/289032330214 HTTP/2.0" 200 20944 "https://mipinternational.com/pages.php?detail/289023980211" "Mozilla/5.0 AppleWebKit/537.36 (KHTML, like Gecko; compatible; GPTBot/1.3; +https://openai.com/gptbot)"
74.7.241.59 - - [04/Mar/2026:23:50:48 +0800] "GET /pages.php?detail/006042143477 HTTP/2.0" 200 21505 "https://mipinternational.com/pages.php?detail/006003990429" "Mozilla/5.0 AppleWebKit/537.36 (KHTML, like Gecko; compatible; GPTBot/1.3; +https://openai.com/gptbot)"
66.249.64.129 - - [04/Mar/2026:23:50:52 +0800] "GET /?detail/23503251488981 HTTP/1.1" 200 21260 "-" "Mozilla/5.0 (Linux; Android 6.0.1; Nexus 5X Build/MMB29P) AppleWebKit/537.36 (KHTML, like Gecko) Chrome/144.0.7559.132 Mobile Safari/537.36 (compatible; Googlebot/2.1; +http://www.google.com/bot.html)"
74.7.241.59 - - [04/Mar/2026:23:50:51 +0800] "GET /pages.php?detail/267037336080 HTTP/2.0" 200 20870 "https://mipinternational.com/pages.php?detail/267025365266" "Mozilla/5.0 AppleWebKit/537.36 (KHTML, like Gecko; compatible; GPTBot/1.3; +https://openai.com/gptbot)"
74.7.241.59 - - [04/Mar/2026:23:50:55 +0800] "GET /pages.php?detail/005006463274 HTTP/2.0" 200 21721 "https://mipinternational.com/pages.php?detail/005014211279" "Mozilla/5.0 AppleWebKit/537.36 (KHTML, like Gecko; compatible; GPTBot/1.3; +https://openai.com/gptbot)"
74.7.241.59 - - [04/Mar/2026:23:50:59 +0800] "GET /pages.php?detail/005045807520 HTTP/2.0" 200 21452 "https://mipinternational.com/pages.php?goods/005014211" "Mozilla/5.0 AppleWebKit/537.36 (KHTML, like Gecko; compatible; GPTBot/1.3; +https://openai.com/gptbot)"
74.7.241.59 - - [04/Mar/2026:23:51:01 +0800] "GET /pages.php?detail/006004402474 HTTP/2.0" 200 21015 "https://mipinternational.com/pages.php?detail/006018531843" "Mozilla/5.0 AppleWebKit/537.36 (KHTML, like Gecko; compatible; GPTBot/1.3; +https://openai.com/gptbot)"
74.7.241.59 - - [04/Mar/2026:23:51:07 +0800] "GET /pages.php?detail/182032911123 HTTP/2.0" 200 21534 "http://mipinternational.com" "Mozilla/5.0 AppleWebKit/537.36 (KHTML, like Gecko; compatible; GPTBot/1.3; +https://openai.com/gptbot)"
74.7.241.59 - - [04/Mar/2026:23:51:12 +0800] "GET /pages.php?detail/147035235477 HTTP/2.0" 200 20718 "https://mipinternational.com/pages.php?detail/051019857474" "Mozilla/5.0 AppleWebKit/537.36 (KHTML, like Gecko; compatible; GPTBot/1.3; +https://openai.com/gptbot)"
74.7.241.59 - - [04/Mar/2026:23:51:15 +0800] "GET /pages.php?detail/051033156996 HTTP/2.0" 200 21352 "https://mipinternational.com/pages.php?detail/051019857474" "Mozilla/5.0 AppleWebKit/537.36 (KHTML, like Gecko; compatible; GPTBot/1.3; +https://openai.com/gptbot)"
66.249.64.128 - - [04/Mar/2026:23:51:24 +0800] "GET /?goods/110037395 HTTP/1.1" 200 20226 "-" "Mozilla/5.0 (Linux; Android 6.0.1; Nexus 5X Build/MMB29P) AppleWebKit/537.36 (KHTML, like Gecko) Chrome/144.0.7559.132 Mobile Safari/537.36 (compatible; Googlebot/2.1; +http://www.google.com/bot.html)"
74.7.241.59 - - [04/Mar/2026:23:51:22 +0800] "GET /pages.php?detail/006004474463 HTTP/2.0" 200 20997 "https://mipinternational.com/pages.php?detail/006042143477" "Mozilla/5.0 AppleWebKit/537.36 (KHTML, like Gecko; compatible; GPTBot/1.3; +https://openai.com/gptbot)"
74.7.241.59 - - [04/Mar/2026:23:51:26 +0800] "GET /pages.php?detail/267040728428 HTTP/2.0" 200 20995 "https://mipinternational.com/pages.php?detail/267037336080" "Mozilla/5.0 AppleWebKit/537.36 (KHTML, like Gecko; compatible; GPTBot/1.3; +https://openai.com/gptbot)"
74.7.241.59 - - [04/Mar/2026:23:51:29 +0800] "GET /pages.php?detail/099005396783 HTTP/2.0" 200 20396 "https://mipinternational.com/pages.php?detail/267037336080" "Mozilla/5.0 AppleWebKit/537.36 (KHTML, like Gecko; compatible; GPTBot/1.3; +https://openai.com/gptbot)"
74.7.241.59 - - [04/Mar/2026:23:51:31 +0800] "GET /pages.php?detail/005004246598 HTTP/2.0" 200 21154 "https://mipinternational.com/pages.php?detail/005045807520" "Mozilla/5.0 AppleWebKit/537.36 (KHTML, like Gecko; compatible; GPTBot/1.3; +https://openai.com/gptbot)"
14.191.217.130 - - [04/Mar/2026:23:51:33 +0800] "GET /pages.php?017035817 HTTP/1.1" 200 20556 "-" "Mozilla/5.0 (Macintosh; Intel Mac OS X 10_11_6) AppleWebKit/537.36 (KHTML, like Gecko) Chrome/80.0.3987.132 Safari/537.36"
74.7.241.59 - - [04/Mar/2026:23:51:35 +0800] "GET /pages.php?m69717836964 HTTP/2.0" 200 21390 "https://mipinternational.com/pages.php?detail/005045807520" "Mozilla/5.0 AppleWebKit/537.36 (KHTML, like Gecko; compatible; GPTBot/1.3; +https://openai.com/gptbot)"
66.249.64.67 - - [04/Mar/2026:23:51:38 +0800] "GET /products/136nr31750 HTTP/1.1" 200 21029 "-" "Mozilla/5.0 (Linux; Android 6.0.1; Nexus 5X Build/MMB29P) AppleWebKit/537.36 (KHTML, like Gecko) Chrome/144.0.7559.132 Mobile Safari/537.36 (compatible; Googlebot/2.1; +http://www.google.com/bot.html)"
207.46.13.151 - - [04/Mar/2026:23:51:40 +0800] "GET /?shopbrand=27168504 HTTP/2.0" 200 33 "-" "Mozilla/5.0 AppleWebKit/537.36 (KHTML, like Gecko; compatible; bingbot/2.0; +http://www.bing.com/bingbot.htm) Chrome/116.0.1938.76 Safari/537.36"
74.7.241.59 - - [04/Mar/2026:23:51:38 +0800] "GET /pages.php?detail/2390398709323 HTTP/2.0" 200 20231 "https://mipinternational.com/pages.php?detail/200034187447" "Mozilla/5.0 AppleWebKit/537.36 (KHTML, like Gecko; compatible; GPTBot/1.3; +https://openai.com/gptbot)"
74.7.241.59 - - [04/Mar/2026:23:51:42 +0800] "GET /pages.php?jp/113033460.html HTTP/2.0" 200 20665 "https://mipinternational.com/pages.php?detail/182032911123" "Mozilla/5.0 AppleWebKit/537.36 (KHTML, like Gecko; compatible; GPTBot/1.3; +https://openai.com/gptbot)"
