74.7.241.59 - - [05/Mar/2026:00:02:12 +0800] "GET /pages.php?detail/021004560617 HTTP/2.0" 200 20665 "https://mipinternational.com/pages.php?detail/0210045415108" "Mozilla/5.0 AppleWebKit/537.36 (KHTML, like Gecko; compatible; GPTBot/1.3; +https://openai.com/gptbot)"
40.77.167.126 - - [05/Mar/2026:00:02:20 +0800] "GET /?shopbrand=26003670 HTTP/2.0" 200 33 "-" "Mozilla/5.0 AppleWebKit/537.36 (KHTML, like Gecko; compatible; bingbot/2.0; +http://www.bing.com/bingbot.htm) Chrome/116.0.1938.76 Safari/537.36"
74.7.241.59 - - [05/Mar/2026:00:02:19 +0800] "GET /pages.php?detail/210011365850 HTTP/2.0" 200 20593 "https://mipinternational.com/pages.php?detail/210040418361" "Mozilla/5.0 AppleWebKit/537.36 (KHTML, like Gecko; compatible; GPTBot/1.3; +https://openai.com/gptbot)"
66.249.64.128 - - [05/Mar/2026:00:02:23 +0800] "GET /?jp/065029507.html HTTP/1.1" 200 20633 "-" "Mozilla/5.0 (Linux; Android 6.0.1; Nexus 5X Build/MMB29P) AppleWebKit/537.36 (KHTML, like Gecko) Chrome/144.0.7559.132 Mobile Safari/537.36 (compatible; Googlebot/2.1; +http://www.google.com/bot.html)"
74.7.241.59 - - [05/Mar/2026:00:02:23 +0800] "GET /pages.php?detail/04102146005055 HTTP/2.0" 200 20515 "https://mipinternational.com/pages.php?detail/119030753077" "Mozilla/5.0 AppleWebKit/537.36 (KHTML, like Gecko; compatible; GPTBot/1.3; +https://openai.com/gptbot)"
189.90.193.139 - - [05/Mar/2026:00:02:30 +0800] "GET /127000480 HTTP/1.1" 500 115 "-" "Mozilla/5.0 (Macintosh; Intel Mac OS X 10_15_6) AppleWebKit/537.36 (KHTML, like Gecko) Brave Chrome/88.0.4324.152 Safari/537.36"
66.249.64.128 - - [05/Mar/2026:00:02:31 +0800] "GET /?detail/0280009877099 HTTP/1.1" 200 20631 "-" "Mozilla/5.0 (Linux; Android 6.0.1; Nexus 5X Build/MMB29P) AppleWebKit/537.36 (KHTML, like Gecko) Chrome/144.0.7559.132 Mobile Safari/537.36 (compatible; Googlebot/2.1; +http://www.google.com/bot.html)"
74.7.241.59 - - [05/Mar/2026:00:02:28 +0800] "GET /pages.php?detail/119012681712 HTTP/2.0" 200 20594 "https://mipinternational.com/pages.php?detail/119030753077" "Mozilla/5.0 AppleWebKit/537.36 (KHTML, like Gecko; compatible; GPTBot/1.3; +https://openai.com/gptbot)"
74.7.241.59 - - [05/Mar/2026:00:02:32 +0800] "GET /pages.php?detail/117023328831 HTTP/2.0" 200 20714 "https://mipinternational.com/pages.php?goods/119006498" "Mozilla/5.0 AppleWebKit/537.36 (KHTML, like Gecko; compatible; GPTBot/1.3; +https://openai.com/gptbot)"
66.249.64.128 - - [05/Mar/2026:00:02:39 +0800] "GET /?goods/251046097 HTTP/1.1" 200 21186 "-" "Mozilla/5.0 (Linux; Android 6.0.1; Nexus 5X Build/MMB29P) AppleWebKit/537.36 (KHTML, like Gecko) Chrome/144.0.7559.132 Mobile Safari/537.36 (compatible; Googlebot/2.1; +http://www.google.com/bot.html)"
74.7.241.59 - - [05/Mar/2026:00:02:36 +0800] "GET /pages.php?detail/119021992599 HTTP/2.0" 200 20305 "https://mipinternational.com/pages.php?detail/119006490526" "Mozilla/5.0 AppleWebKit/537.36 (KHTML, like Gecko; compatible; GPTBot/1.3; +https://openai.com/gptbot)"
74.7.241.59 - - [05/Mar/2026:00:02:44 +0800] "GET /pages.php?detail/230007787734 HTTP/2.0" 200 20591 "http://mipinternational.com" "Mozilla/5.0 AppleWebKit/537.36 (KHTML, like Gecko; compatible; GPTBot/1.3; +https://openai.com/gptbot)"
66.249.64.128 - - [05/Mar/2026:00:02:59 +0800] "GET /?goods/201020971 HTTP/1.1" 200 22995 "-" "Mozilla/5.0 (Linux; Android 6.0.1; Nexus 5X Build/MMB29P) AppleWebKit/537.36 (KHTML, like Gecko) Chrome/144.0.7559.132 Mobile Safari/537.36 (compatible; Googlebot/2.1; +http://www.google.com/bot.html)"
66.249.64.128 - - [05/Mar/2026:00:02:59 +0800] "GET /?goods/243005814 HTTP/1.1" 200 20289 "-" "Mozilla/5.0 (Linux; Android 6.0.1; Nexus 5X Build/MMB29P) AppleWebKit/537.36 (KHTML, like Gecko) Chrome/144.0.7559.132 Mobile Safari/537.36 (compatible; Googlebot/2.1; +http://www.google.com/bot.html)"
66.249.64.128 - - [05/Mar/2026:00:03:07 +0800] "GET /?goods/195042418 HTTP/1.1" 200 21160 "-" "Mozilla/5.0 (Linux; Android 6.0.1; Nexus 5X Build/MMB29P) AppleWebKit/537.36 (KHTML, like Gecko) Chrome/144.0.7559.132 Mobile Safari/537.36 (compatible; Googlebot/2.1; +http://www.google.com/bot.html)"
74.7.241.59 - - [05/Mar/2026:00:03:09 +0800] "GET /pages.php?detail/066011404581 HTTP/2.0" 200 20537 "https://mipinternational.com/pages.php?detail/066039565300" "Mozilla/5.0 AppleWebKit/537.36 (KHTML, like Gecko; compatible; GPTBot/1.3; +https://openai.com/gptbot)"
74.7.241.59 - - [05/Mar/2026:00:03:17 +0800] "GET /pages.php?detail/068048401009 HTTP/2.0" 200 20710 "https://mipinternational.com/pages.php?detail/117023328831" "Mozilla/5.0 AppleWebKit/537.36 (KHTML, like Gecko; compatible; GPTBot/1.3; +https://openai.com/gptbot)"
74.7.241.59 - - [05/Mar/2026:00:03:21 +0800] "GET /pages.php?detail/119040893591 HTTP/2.0" 200 21232 "https://mipinternational.com/pages.php?detail/119012681712" "Mozilla/5.0 AppleWebKit/537.36 (KHTML, like Gecko; compatible; GPTBot/1.3; +https://openai.com/gptbot)"
74.7.241.59 - - [05/Mar/2026:00:03:24 +0800] "GET /pages.php?detail/119010969475 HTTP/2.0" 200 20912 "https://mipinternational.com/pages.php?detail/119021992599" "Mozilla/5.0 AppleWebKit/537.36 (KHTML, like Gecko; compatible; GPTBot/1.3; +https://openai.com/gptbot)"
74.7.241.59 - - [05/Mar/2026:00:03:28 +0800] "GET /pages.php?detail/285011023190 HTTP/2.0" 200 20963 "https://mipinternational.com/pages.php?detail/285004428294" "Mozilla/5.0 AppleWebKit/537.36 (KHTML, like Gecko; compatible; GPTBot/1.3; +https://openai.com/gptbot)"
66.249.64.128 - - [05/Mar/2026:00:03:38 +0800] "GET /?jp/195042480.html HTTP/1.1" 200 20955 "-" "Mozilla/5.0 (Linux; Android 6.0.1; Nexus 5X Build/MMB29P) AppleWebKit/537.36 (KHTML, like Gecko) Chrome/144.0.7559.132 Mobile Safari/537.36 (compatible; Googlebot/2.1; +http://www.google.com/bot.html)"
74.7.241.59 - - [05/Mar/2026:00:03:41 +0800] "GET /pages.php?detail/230016116964 HTTP/2.0" 200 20658 "http://mipinternational.com" "Mozilla/5.0 AppleWebKit/537.36 (KHTML, like Gecko; compatible; GPTBot/1.3; +https://openai.com/gptbot)"
66.249.64.128 - - [05/Mar/2026:00:03:46 +0800] "GET /?goods/135006242 HTTP/1.1" 200 20644 "-" "Mozilla/5.0 (Linux; Android 6.0.1; Nexus 5X Build/MMB29P) AppleWebKit/537.36 (KHTML, like Gecko) Chrome/144.0.7559.132 Mobile Safari/537.36 (compatible; Googlebot/2.1; +http://www.google.com/bot.html)"
74.7.241.59 - - [05/Mar/2026:00:03:49 +0800] "GET /pages.php?detail/007046643946 HTTP/2.0" 200 20607 "http://mipinternational.com" "Mozilla/5.0 AppleWebKit/537.36 (KHTML, like Gecko; compatible; GPTBot/1.3; +https://openai.com/gptbot)"
74.7.241.59 - - [05/Mar/2026:00:03:56 +0800] "GET /pages.php?detail/240006772602 HTTP/2.0" 200 20728 "http://mipinternational.com" "Mozilla/5.0 AppleWebKit/537.36 (KHTML, like Gecko; compatible; GPTBot/1.3; +https://openai.com/gptbot)"
74.7.241.59 - - [05/Mar/2026:00:04:00 +0800] "GET /pages.php?detail/092025169622 HTTP/2.0" 200 20769 "https://mipinternational.com/pages.php?detail/068048401009" "Mozilla/5.0 AppleWebKit/537.36 (KHTML, like Gecko; compatible; GPTBot/1.3; +https://openai.com/gptbot)"
66.249.64.129 - - [05/Mar/2026:00:04:06 +0800] "GET /121012686 HTTP/1.1" 200 21399 "-" "Mozilla/5.0 (Linux; Android 6.0.1; Nexus 5X Build/MMB29P) AppleWebKit/537.36 (KHTML, like Gecko) Chrome/144.0.7559.132 Mobile Safari/537.36 (compatible; Googlebot/2.1; +http://www.google.com/bot.html)"
74.7.241.59 - - [05/Mar/2026:00:04:04 +0800] "GET /pages.php?detail/115003851852 HTTP/2.0" 200 21648 "https://mipinternational.com/pages.php?detail/119040893591" "Mozilla/5.0 AppleWebKit/537.36 (KHTML, like Gecko; compatible; GPTBot/1.3; +https://openai.com/gptbot)"
66.249.64.129 - - [05/Mar/2026:00:04:07 +0800] "GET /?goods/190004667 HTTP/1.1" 200 20480 "-" "Mozilla/5.0 (Linux; Android 6.0.1; Nexus 5X Build/MMB29P) AppleWebKit/537.36 (KHTML, like Gecko) Chrome/144.0.7559.132 Mobile Safari/537.36 (compatible; Googlebot/2.1; +http://www.google.com/bot.html)"
66.249.64.130 - - [05/Mar/2026:00:04:08 +0800] "GET /?goods/020028322 HTTP/1.1" 200 20946 "-" "Mozilla/5.0 (Linux; Android 6.0.1; Nexus 5X Build/MMB29P) AppleWebKit/537.36 (KHTML, like Gecko) Chrome/144.0.7559.132 Mobile Safari/537.36 (compatible; Googlebot/2.1; +http://www.google.com/bot.html)"
74.7.241.59 - - [05/Mar/2026:00:04:07 +0800] "GET /pages.php?detail/119044413851 HTTP/2.0" 200 21822 "https://mipinternational.com/pages.php?detail/119010969475" "Mozilla/5.0 AppleWebKit/537.36 (KHTML, like Gecko; compatible; GPTBot/1.3; +https://openai.com/gptbot)"
74.7.241.59 - - [05/Mar/2026:00:04:11 +0800] "GET /pages.php?detail/259023616142 HTTP/2.0" 200 20704 "https://mipinternational.com/pages.php?detail/285011023190" "Mozilla/5.0 AppleWebKit/537.36 (KHTML, like Gecko; compatible; GPTBot/1.3; +https://openai.com/gptbot)"
66.249.64.128 - - [05/Mar/2026:00:04:15 +0800] "GET /?goods/146028893 HTTP/1.1" 200 20424 "-" "Mozilla/5.0 (Linux; Android 6.0.1; Nexus 5X Build/MMB29P) AppleWebKit/537.36 (KHTML, like Gecko) Chrome/144.0.7559.132 Mobile Safari/537.36 (compatible; Googlebot/2.1; +http://www.google.com/bot.html)"
74.7.241.59 - - [05/Mar/2026:00:04:18 +0800] "GET /pages.php?detail/166047902606 HTTP/2.0" 200 21379 "http://mipinternational.com" "Mozilla/5.0 AppleWebKit/537.36 (KHTML, like Gecko; compatible; GPTBot/1.3; +https://openai.com/gptbot)"
74.7.241.59 - - [05/Mar/2026:00:04:31 +0800] "GET /pages.php?detail/274041438143 HTTP/2.0" 200 21038 "http://mipinternational.com" "Mozilla/5.0 AppleWebKit/537.36 (KHTML, like Gecko; compatible; GPTBot/1.3; +https://openai.com/gptbot)"
66.249.64.128 - - [05/Mar/2026:00:04:36 +0800] "GET /?goods/228044497 HTTP/1.1" 200 20655 "-" "Mozilla/5.0 (Linux; Android 6.0.1; Nexus 5X Build/MMB29P) AppleWebKit/537.36 (KHTML, like Gecko) Chrome/144.0.7559.132 Mobile Safari/537.36 (compatible; Googlebot/2.1; +http://www.google.com/bot.html)"
74.7.241.59 - - [05/Mar/2026:00:04:35 +0800] "GET /pages.php?detail/184044247455 HTTP/2.0" 200 21213 "http://mipinternational.com" "Mozilla/5.0 AppleWebKit/537.36 (KHTML, like Gecko; compatible; GPTBot/1.3; +https://openai.com/gptbot)"
74.7.241.59 - - [05/Mar/2026:00:04:44 +0800] "GET /pages.php?goods/092025171 HTTP/2.0" 200 20569 "https://mipinternational.com/pages.php?detail/092025169622" "Mozilla/5.0 AppleWebKit/537.36 (KHTML, like Gecko; compatible; GPTBot/1.3; +https://openai.com/gptbot)"
74.7.241.59 - - [05/Mar/2026:00:04:48 +0800] "GET /pages.php?detail/007046640786 HTTP/2.0" 200 20634 "https://mipinternational.com/pages.php?detail/007046643946" "Mozilla/5.0 AppleWebKit/537.36 (KHTML, like Gecko; compatible; GPTBot/1.3; +https://openai.com/gptbot)"
74.7.241.59 - - [05/Mar/2026:00:04:52 +0800] "GET /pages.php?detail/119011739914 HTTP/2.0" 200 20441 "https://mipinternational.com/pages.php?detail/119044413851" "Mozilla/5.0 AppleWebKit/537.36 (KHTML, like Gecko; compatible; GPTBot/1.3; +https://openai.com/gptbot)"
74.7.241.59 - - [05/Mar/2026:00:04:57 +0800] "GET /pages.php?detail/190015443907 HTTP/2.0" 200 21026 "https://mipinternational.com/pages.php?detail/259023616142" "Mozilla/5.0 AppleWebKit/537.36 (KHTML, like Gecko; compatible; GPTBot/1.3; +https://openai.com/gptbot)"
66.249.64.129 - - [05/Mar/2026:00:05:07 +0800] "GET /?detail/2280426710107 HTTP/1.1" 200 21020 "-" "Mozilla/5.0 (Linux; Android 6.0.1; Nexus 5X Build/MMB29P) AppleWebKit/537.36 (KHTML, like Gecko) Chrome/144.0.7559.132 Mobile Safari/537.36 (compatible; Googlebot/2.1; +http://www.google.com/bot.html)"
66.249.64.129 - - [05/Mar/2026:00:05:15 +0800] "GET /?goods/228042669 HTTP/1.1" 200 21244 "-" "Mozilla/5.0 (Linux; Android 6.0.1; Nexus 5X Build/MMB29P) AppleWebKit/537.36 (KHTML, like Gecko) Chrome/144.0.7559.132 Mobile Safari/537.36 (compatible; Googlebot/2.1; +http://www.google.com/bot.html)"
74.7.241.59 - - [05/Mar/2026:00:05:15 +0800] "GET /pages.php?detail/259019062533 HTTP/2.0" 200 21051 "https://mipinternational.com/pages.php?detail/274041438143" "Mozilla/5.0 AppleWebKit/537.36 (KHTML, like Gecko; compatible; GPTBot/1.3; +https://openai.com/gptbot)"
66.249.64.128 - - [05/Mar/2026:00:05:23 +0800] "GET /?jp/161042061.html HTTP/1.1" 200 20932 "-" "Mozilla/5.0 (Linux; Android 6.0.1; Nexus 5X Build/MMB29P) AppleWebKit/537.36 (KHTML, like Gecko) Chrome/144.0.7559.132 Mobile Safari/537.36 (compatible; Googlebot/2.1; +http://www.google.com/bot.html)"
66.249.64.128 - - [05/Mar/2026:00:05:31 +0800] "GET /?goods/170032963 HTTP/1.1" 200 21490 "-" "Mozilla/5.0 (Linux; Android 6.0.1; Nexus 5X Build/MMB29P) AppleWebKit/537.36 (KHTML, like Gecko) Chrome/144.0.7559.132 Mobile Safari/537.36 (compatible; Googlebot/2.1; +http://www.google.com/bot.html)"
74.7.241.59 - - [05/Mar/2026:00:05:29 +0800] "GET /pages.php?detail/240027472775 HTTP/2.0" 200 20807 "https://mipinternational.com/pages.php?detail/240006772602" "Mozilla/5.0 AppleWebKit/537.36 (KHTML, like Gecko; compatible; GPTBot/1.3; +https://openai.com/gptbot)"
74.7.241.59 - - [05/Mar/2026:00:05:32 +0800] "GET /pages.php?detail/281029270055 HTTP/2.0" 200 20747 "https://mipinternational.com/pages.php?detail/119011739914" "Mozilla/5.0 AppleWebKit/537.36 (KHTML, like Gecko; compatible; GPTBot/1.3; +https://openai.com/gptbot)"
66.249.64.128 - - [05/Mar/2026:00:05:39 +0800] "GET /?goods/290044579 HTTP/1.1" 200 20835 "-" "Mozilla/5.0 (Linux; Android 6.0.1; Nexus 5X Build/MMB29P) AppleWebKit/537.36 (KHTML, like Gecko) Chrome/144.0.7559.132 Mobile Safari/537.36 (compatible; Googlebot/2.1; +http://www.google.com/bot.html)"
74.7.241.59 - - [05/Mar/2026:00:05:37 +0800] "GET /pages.php?detail/066039567964 HTTP/2.0" 200 21394 "https://mipinternational.com/pages.php?detail/066040841623" "Mozilla/5.0 AppleWebKit/537.36 (KHTML, like Gecko; compatible; GPTBot/1.3; +https://openai.com/gptbot)"
66.249.64.128 - - [05/Mar/2026:00:05:52 +0800] "GET /?goods/051019457 HTTP/1.1" 200 21159 "-" "Mozilla/5.0 (Linux; Android 6.0.1; Nexus 5X Build/MMB29P) AppleWebKit/537.36 (KHTML, like Gecko) Chrome/144.0.7559.132 Mobile Safari/537.36 (compatible; Googlebot/2.1; +http://www.google.com/bot.html)"
74.7.241.59 - - [05/Mar/2026:00:05:57 +0800] "GET /pages.php?detail/259001580126 HTTP/2.0" 200 20669 "https://mipinternational.com/pages.php?detail/259019062533" "Mozilla/5.0 AppleWebKit/537.36 (KHTML, like Gecko; compatible; GPTBot/1.3; +https://openai.com/gptbot)"
74.7.241.59 - - [05/Mar/2026:00:06:01 +0800] "GET /pages.php?detail/009022564075 HTTP/2.0" 200 20911 "https://mipinternational.com/pages.php?detail/259019062533" "Mozilla/5.0 AppleWebKit/537.36 (KHTML, like Gecko; compatible; GPTBot/1.3; +https://openai.com/gptbot)"
66.249.64.128 - - [05/Mar/2026:00:06:08 +0800] "GET /?goods/161042058 HTTP/1.1" 200 20521 "-" "Mozilla/5.0 (Linux; Android 6.0.1; Nexus 5X Build/MMB29P) AppleWebKit/537.36 (KHTML, like Gecko) Chrome/144.0.7559.132 Mobile Safari/537.36 (compatible; Googlebot/2.1; +http://www.google.com/bot.html)"
74.7.241.59 - - [05/Mar/2026:00:06:11 +0800] "GET /pages.php?detail/203003364383 HTTP/2.0" 200 20963 "http://mipinternational.com" "Mozilla/5.0 AppleWebKit/537.36 (KHTML, like Gecko; compatible; GPTBot/1.3; +https://openai.com/gptbot)"
74.7.241.59 - - [05/Mar/2026:00:06:17 +0800] "GET /pages.php?detail/0660114033017 HTTP/2.0" 200 20449 "https://mipinternational.com/pages.php?detail/066039565300" "Mozilla/5.0 AppleWebKit/537.36 (KHTML, like Gecko; compatible; GPTBot/1.3; +https://openai.com/gptbot)"
74.7.241.59 - - [05/Mar/2026:00:06:21 +0800] "GET /pages.php?detail/274040731628 HTTP/2.0" 200 20701 "https://mipinternational.com/pages.php?detail/066039567964" "Mozilla/5.0 AppleWebKit/537.36 (KHTML, like Gecko; compatible; GPTBot/1.3; +https://openai.com/gptbot)"
66.249.64.128 - - [05/Mar/2026:00:06:36 +0800] "GET /?goods/247041823 HTTP/1.1" 200 20512 "-" "Mozilla/5.0 (Linux; Android 6.0.1; Nexus 5X Build/MMB29P) AppleWebKit/537.36 (KHTML, like Gecko) Chrome/144.0.7559.132 Mobile Safari/537.36 (compatible; Googlebot/2.1; +http://www.google.com/bot.html)"
66.249.64.128 - - [05/Mar/2026:00:06:36 +0800] "GET /?detail/0860112799768 HTTP/1.1" 200 21212 "-" "Mozilla/5.0 (Linux; Android 6.0.1; Nexus 5X Build/MMB29P) AppleWebKit/537.36 (KHTML, like Gecko) Chrome/144.0.7559.132 Mobile Safari/537.36 (compatible; Googlebot/2.1; +http://www.google.com/bot.html)"
74.7.241.59 - - [05/Mar/2026:00:06:38 +0800] "GET /pages.php?detail/190026104413 HTTP/2.0" 200 20741 "http://mipinternational.com" "Mozilla/5.0 AppleWebKit/537.36 (KHTML, like Gecko; compatible; GPTBot/1.3; +https://openai.com/gptbot)"
66.249.64.128 - - [05/Mar/2026:00:06:44 +0800] "GET /?goods/282004331 HTTP/1.1" 200 20478 "-" "Mozilla/5.0 (Linux; Android 6.0.1; Nexus 5X Build/MMB29P) AppleWebKit/537.36 (KHTML, like Gecko) Chrome/144.0.7559.132 Mobile Safari/537.36 (compatible; Googlebot/2.1; +http://www.google.com/bot.html)"
74.7.241.59 - - [05/Mar/2026:00:06:41 +0800] "GET /pages.php?detail/050027047072 HTTP/2.0" 200 20866 "https://mipinternational.com/pages.php?detail/259001580126" "Mozilla/5.0 AppleWebKit/537.36 (KHTML, like Gecko; compatible; GPTBot/1.3; +https://openai.com/gptbot)"
66.249.64.128 - - [05/Mar/2026:00:06:56 +0800] "GET /?jp/144026705.html HTTP/1.1" 200 21795 "-" "Mozilla/5.0 (Linux; Android 6.0.1; Nexus 5X Build/MMB29P) AppleWebKit/537.36 (KHTML, like Gecko) Chrome/144.0.7559.132 Mobile Safari/537.36 (compatible; Googlebot/2.1; +http://www.google.com/bot.html)"
66.249.64.128 - - [05/Mar/2026:00:06:57 +0800] "GET /?goods/177025246 HTTP/1.1" 200 21082 "-" "Mozilla/5.0 (Linux; Android 6.0.1; Nexus 5X Build/MMB29P) AppleWebKit/537.36 (KHTML, like Gecko) Chrome/144.0.7559.132 Mobile Safari/537.36 (compatible; Googlebot/2.1; +http://www.google.com/bot.html)"
74.7.241.59 - - [05/Mar/2026:00:06:53 +0800] "GET /pages.php?detail/203008429818 HTTP/2.0" 200 20556 "https://mipinternational.com/pages.php?detail/203003364383" "Mozilla/5.0 AppleWebKit/537.36 (KHTML, like Gecko; compatible; GPTBot/1.3; +https://openai.com/gptbot)"
74.7.241.59 - - [05/Mar/2026:00:06:58 +0800] "GET /pages.php?detail/1790145055030 HTTP/2.0" 200 20824 "http://mipinternational.com" "Mozilla/5.0 AppleWebKit/537.36 (KHTML, like Gecko; compatible; GPTBot/1.3; +https://openai.com/gptbot)"
74.7.241.59 - - [05/Mar/2026:00:07:01 +0800] "GET /pages.php?detail/075018036362 HTTP/2.0" 200 20662 "https://mipinternational.com/pages.php?detail/0660114033017" "Mozilla/5.0 AppleWebKit/537.36 (KHTML, like Gecko; compatible; GPTBot/1.3; +https://openai.com/gptbot)"
74.7.241.59 - - [05/Mar/2026:00:07:05 +0800] "GET /pages.php?detail/280004100205 HTTP/2.0" 200 20419 "https://mipinternational.com/pages.php?detail/274040731628" "Mozilla/5.0 AppleWebKit/537.36 (KHTML, like Gecko; compatible; GPTBot/1.3; +https://openai.com/gptbot)"
74.7.244.2 - - [05/Mar/2026:00:07:09 +0800] "GET /robots.txt HTTP/2.0" 200 108 "-" "Mozilla/5.0 (Macintosh; Intel Mac OS X 10_15_7) AppleWebKit/537.36 (KHTML, like Gecko) Chrome/131.0.0.0 Safari/537.36; compatible; OAI-SearchBot/1.3; robots.txt; +https://openai.com/searchbot"
74.7.241.59 - - [05/Mar/2026:00:07:13 +0800] "GET /pages.php?detail/011016699953 HTTP/2.0" 200 20415 "http://mipinternational.com" "Mozilla/5.0 AppleWebKit/537.36 (KHTML, like Gecko; compatible; GPTBot/1.3; +https://openai.com/gptbot)"
66.249.64.130 - - [05/Mar/2026:00:07:24 +0800] "GET /?goods/093045690 HTTP/1.1" 200 20703 "-" "Mozilla/5.0 (Linux; Android 6.0.1; Nexus 5X Build/MMB29P) AppleWebKit/537.36 (KHTML, like Gecko) Chrome/144.0.7559.132 Mobile Safari/537.36 (compatible; Googlebot/2.1; +http://www.google.com/bot.html)"
74.7.241.59 - - [05/Mar/2026:00:07:25 +0800] "GET /pages.php?detail/050023399759 HTTP/2.0" 200 21445 "https://mipinternational.com/pages.php?detail/050027047072" "Mozilla/5.0 AppleWebKit/537.36 (KHTML, like Gecko; compatible; GPTBot/1.3; +https://openai.com/gptbot)"
74.7.241.59 - - [05/Mar/2026:00:07:32 +0800] "GET /pages.php?detail/050023439441 HTTP/2.0" 200 21620 "https://mipinternational.com/pages.php?detail/050027047072" "Mozilla/5.0 AppleWebKit/537.36 (KHTML, like Gecko; compatible; GPTBot/1.3; +https://openai.com/gptbot)"
74.7.241.59 - - [05/Mar/2026:00:07:37 +0800] "GET /pages.php?detail/050023441364 HTTP/2.0" 200 21818 "https://mipinternational.com/pages.php?detail/050027047072" "Mozilla/5.0 AppleWebKit/537.36 (KHTML, like Gecko; compatible; GPTBot/1.3; +https://openai.com/gptbot)"
74.7.241.59 - - [05/Mar/2026:00:07:40 +0800] "GET /pages.php?detail/2030280312044 HTTP/2.0" 200 21531 "https://mipinternational.com/pages.php?detail/203008429818" "Mozilla/5.0 AppleWebKit/537.36 (KHTML, like Gecko; compatible; GPTBot/1.3; +https://openai.com/gptbot)"
52.167.144.186 - - [05/Mar/2026:00:07:47 +0800] "GET /?shopbrand=25708607 HTTP/2.0" 200 33 "-" "Mozilla/5.0 AppleWebKit/537.36 (KHTML, like Gecko; compatible; bingbot/2.0; +http://www.bing.com/bingbot.htm) Chrome/116.0.1938.76 Safari/537.36"
74.7.241.59 - - [05/Mar/2026:00:07:45 +0800] "GET /pages.php?detail/075037723364 HTTP/2.0" 200 20792 "https://mipinternational.com/pages.php?detail/075018036362" "Mozilla/5.0 AppleWebKit/537.36 (KHTML, like Gecko; compatible; GPTBot/1.3; +https://openai.com/gptbot)"
13.70.40.215 - - [05/Mar/2026:00:07:49 +0800] "GET /.trash7206/index.php HTTP/1.1" 404 3418 "-" "Mozilla/5.0 (Windows NT 10.0; Win64; x64) AppleWebKit/537.36 (KHTML, like Gecko) Chrome/120.0.0.0 Safari/537.36"
13.70.40.215 - - [05/Mar/2026:00:07:49 +0800] "GET /.well-known/logs233/index.php?p= HTTP/1.1" 404 3418 "-" "Mozilla/5.0 (Windows NT 10.0; Win64; x64) AppleWebKit/537.36 (KHTML, like Gecko) Chrome/120.0.0.0 Safari/537.36"
66.249.64.128 - - [05/Mar/2026:00:07:49 +0800] "GET /?jp/254000254.html HTTP/1.1" 200 20989 "-" "Mozilla/5.0 (Linux; Android 6.0.1; Nexus 5X Build/MMB29P) AppleWebKit/537.36 (KHTML, like Gecko) Chrome/144.0.7559.132 Mobile Safari/537.36 (compatible; Googlebot/2.1; +http://www.google.com/bot.html)"
13.70.40.215 - - [05/Mar/2026:00:07:49 +0800] "GET /wp-content/themes/haha.php HTTP/1.1" 404 3418 "-" "Mozilla/5.0 (Windows NT 10.0; Win64; x64) AppleWebKit/537.36 (KHTML, like Gecko) Chrome/120.0.0.0 Safari/537.36"
13.70.40.215 - - [05/Mar/2026:00:07:49 +0800] "GET /wp-content/themes/theme/about.php HTTP/1.1" 404 3418 "-" "Mozilla/5.0 (Windows NT 10.0; Win64; x64) AppleWebKit/537.36 (KHTML, like Gecko) Chrome/120.0.0.0 Safari/537.36"
13.70.40.215 - - [05/Mar/2026:00:07:49 +0800] "GET /wp-content/plugins/plugin/index.php HTTP/1.1" 404 3418 "-" "Mozilla/5.0 (Windows NT 10.0; Win64; x64) AppleWebKit/537.36 (KHTML, like Gecko) Chrome/120.0.0.0 Safari/537.36"
13.70.40.215 - - [05/Mar/2026:00:07:50 +0800] "GET /xmr.php HTTP/1.1" 404 3418 "-" "Mozilla/5.0 (Windows NT 10.0; Win64; x64) AppleWebKit/537.36 (KHTML, like Gecko) Chrome/120.0.0.0 Safari/537.36"
13.70.40.215 - - [05/Mar/2026:00:07:50 +0800] "GET /about.php HTTP/1.1" 404 3418 "-" "Mozilla/5.0 (Windows NT 10.0; Win64; x64) AppleWebKit/537.36 (KHTML, like Gecko) Chrome/120.0.0.0 Safari/537.36"
13.70.40.215 - - [05/Mar/2026:00:07:50 +0800] "GET /admin.php HTTP/1.1" 404 3418 "-" "Mozilla/5.0 (Windows NT 10.0; Win64; x64) AppleWebKit/537.36 (KHTML, like Gecko) Chrome/120.0.0.0 Safari/537.36"
13.70.40.215 - - [05/Mar/2026:00:07:50 +0800] "GET /adminfuns.php HTTP/1.1" 404 3418 "-" "Mozilla/5.0 (Windows NT 10.0; Win64; x64) AppleWebKit/537.36 (KHTML, like Gecko) Chrome/120.0.0.0 Safari/537.36"
13.70.40.215 - - [05/Mar/2026:00:07:50 +0800] "GET /as.php HTTP/1.1" 404 3418 "-" "Mozilla/5.0 (Windows NT 10.0; Win64; x64) AppleWebKit/537.36 (KHTML, like Gecko) Chrome/120.0.0.0 Safari/537.36"
13.70.40.215 - - [05/Mar/2026:00:07:51 +0800] "GET /bolt.php HTTP/1.1" 404 3418 "-" "Mozilla/5.0 (Windows NT 10.0; Win64; x64) AppleWebKit/537.36 (KHTML, like Gecko) Chrome/120.0.0.0 Safari/537.36"
13.70.40.215 - - [05/Mar/2026:00:07:51 +0800] "GET /cgi-bin/ HTTP/1.1" 404 3418 "-" "Mozilla/5.0 (Windows NT 10.0; Win64; x64) AppleWebKit/537.36 (KHTML, like Gecko) Chrome/120.0.0.0 Safari/537.36"
13.70.40.215 - - [05/Mar/2026:00:07:51 +0800] "GET /class-t.api.php HTTP/1.1" 404 3418 "-" "Mozilla/5.0 (Windows NT 10.0; Win64; x64) AppleWebKit/537.36 (KHTML, like Gecko) Chrome/120.0.0.0 Safari/537.36"
13.70.40.215 - - [05/Mar/2026:00:07:51 +0800] "GET /edit.php HTTP/1.1" 404 3418 "-" "Mozilla/5.0 (Windows NT 10.0; Win64; x64) AppleWebKit/537.36 (KHTML, like Gecko) Chrome/120.0.0.0 Safari/537.36"
13.70.40.215 - - [05/Mar/2026:00:07:51 +0800] "GET /ff1.php HTTP/1.1" 404 3418 "-" "Mozilla/5.0 (Windows NT 10.0; Win64; x64) AppleWebKit/537.36 (KHTML, like Gecko) Chrome/120.0.0.0 Safari/537.36"
13.70.40.215 - - [05/Mar/2026:00:07:52 +0800] "GET /fff.php HTTP/1.1" 404 3418 "-" "Mozilla/5.0 (Windows NT 10.0; Win64; x64) AppleWebKit/537.36 (KHTML, like Gecko) Chrome/120.0.0.0 Safari/537.36"
13.70.40.215 - - [05/Mar/2026:00:07:52 +0800] "GET /inputs.php?p= HTTP/1.1" 404 3418 "-" "Mozilla/5.0 (Windows NT 10.0; Win64; x64) AppleWebKit/537.36 (KHTML, like Gecko) Chrome/120.0.0.0 Safari/537.36"
13.70.40.215 - - [05/Mar/2026:00:07:52 +0800] "GET /ioxi-o.php HTTP/1.1" 404 3418 "-" "Mozilla/5.0 (Windows NT 10.0; Win64; x64) AppleWebKit/537.36 (KHTML, like Gecko) Chrome/120.0.0.0 Safari/537.36"
13.70.40.215 - - [05/Mar/2026:00:07:52 +0800] "GET /lite.php HTTP/1.1" 404 3418 "-" "Mozilla/5.0 (Windows NT 10.0; Win64; x64) AppleWebKit/537.36 (KHTML, like Gecko) Chrome/120.0.0.0 Safari/537.36"
74.7.241.59 - - [05/Mar/2026:00:07:48 +0800] "GET /pages.php?detail/0360305810708 HTTP/2.0" 200 21383 "http://mipinternational.com" "Mozilla/5.0 AppleWebKit/537.36 (KHTML, like Gecko; compatible; GPTBot/1.3; +https://openai.com/gptbot)"
13.70.40.215 - - [05/Mar/2026:00:07:52 +0800] "GET /ms-edit.php HTTP/1.1" 404 3418 "-" "Mozilla/5.0 (Windows NT 10.0; Win64; x64) AppleWebKit/537.36 (KHTML, like Gecko) Chrome/120.0.0.0 Safari/537.36"
13.70.40.215 - - [05/Mar/2026:00:07:53 +0800] "GET /rip.php HTTP/1.1" 404 3418 "-" "Mozilla/5.0 (Windows NT 10.0; Win64; x64) AppleWebKit/537.36 (KHTML, like Gecko) Chrome/120.0.0.0 Safari/537.36"
13.70.40.215 - - [05/Mar/2026:00:07:53 +0800] "GET /update/da222.php HTTP/1.1" 404 3418 "-" "Mozilla/5.0 (Windows NT 10.0; Win64; x64) AppleWebKit/537.36 (KHTML, like Gecko) Chrome/120.0.0.0 Safari/537.36"
13.70.40.215 - - [05/Mar/2026:00:07:53 +0800] "GET /upload.php HTTP/1.1" 404 3418 "-" "Mozilla/5.0 (Windows NT 10.0; Win64; x64) AppleWebKit/537.36 (KHTML, like Gecko) Chrome/120.0.0.0 Safari/537.36"
13.70.40.215 - - [05/Mar/2026:00:07:53 +0800] "GET /wk/index.php HTTP/1.1" 404 3418 "-" "Mozilla/5.0 (Windows NT 10.0; Win64; x64) AppleWebKit/537.36 (KHTML, like Gecko) Chrome/120.0.0.0 Safari/537.36"
13.70.40.215 - - [05/Mar/2026:00:07:53 +0800] "GET /wp-act.php HTTP/1.1" 404 3418 "-" "Mozilla/5.0 (Windows NT 10.0; Win64; x64) AppleWebKit/537.36 (KHTML, like Gecko) Chrome/120.0.0.0 Safari/537.36"
13.70.40.215 - - [05/Mar/2026:00:07:54 +0800] "GET /wp-admin/css/bolt.php HTTP/1.1" 404 3418 "-" "Mozilla/5.0 (Windows NT 10.0; Win64; x64) AppleWebKit/537.36 (KHTML, like Gecko) Chrome/120.0.0.0 Safari/537.36"
13.70.40.215 - - [05/Mar/2026:00:07:54 +0800] "GET /wp-admin/js/ HTTP/1.1" 404 3418 "-" "Mozilla/5.0 (Windows NT 10.0; Win64; x64) AppleWebKit/537.36 (KHTML, like Gecko) Chrome/120.0.0.0 Safari/537.36"
13.70.40.215 - - [05/Mar/2026:00:07:54 +0800] "GET /wp-admin/js/widgets/ HTTP/1.1" 404 3418 "-" "Mozilla/5.0 (Windows NT 10.0; Win64; x64) AppleWebKit/537.36 (KHTML, like Gecko) Chrome/120.0.0.0 Safari/537.36"
13.70.40.215 - - [05/Mar/2026:00:07:54 +0800] "GET /wp-admin/maint/ HTTP/1.1" 404 3418 "-" "Mozilla/5.0 (Windows NT 10.0; Win64; x64) AppleWebKit/537.36 (KHTML, like Gecko) Chrome/120.0.0.0 Safari/537.36"
13.70.40.215 - - [05/Mar/2026:00:07:54 +0800] "GET /wp-admin/ HTTP/1.1" 404 3418 "-" "Mozilla/5.0 (Windows NT 10.0; Win64; x64) AppleWebKit/537.36 (KHTML, like Gecko) Chrome/120.0.0.0 Safari/537.36"
13.70.40.215 - - [05/Mar/2026:00:07:55 +0800] "GET /wp-content/themes/ HTTP/1.1" 404 3418 "-" "Mozilla/5.0 (Windows NT 10.0; Win64; x64) AppleWebKit/537.36 (KHTML, like Gecko) Chrome/120.0.0.0 Safari/537.36"
13.70.40.215 - - [05/Mar/2026:00:07:55 +0800] "GET /wp-content/themes/admin.php HTTP/1.1" 404 3418 "-" "Mozilla/5.0 (Windows NT 10.0; Win64; x64) AppleWebKit/537.36 (KHTML, like Gecko) Chrome/120.0.0.0 Safari/537.36"
13.70.40.215 - - [05/Mar/2026:00:07:55 +0800] "GET /wp-content/uploads/ HTTP/1.1" 404 3418 "-" "Mozilla/5.0 (Windows NT 10.0; Win64; x64) AppleWebKit/537.36 (KHTML, like Gecko) Chrome/120.0.0.0 Safari/537.36"
13.70.40.215 - - [05/Mar/2026:00:07:55 +0800] "GET /wp-content/uploads/admin.php HTTP/1.1" 404 3418 "-" "Mozilla/5.0 (Windows NT 10.0; Win64; x64) AppleWebKit/537.36 (KHTML, like Gecko) Chrome/120.0.0.0 Safari/537.36"
13.70.40.215 - - [05/Mar/2026:00:07:55 +0800] "GET /wp-includes/ HTTP/1.1" 404 3418 "-" "Mozilla/5.0 (Windows NT 10.0; Win64; x64) AppleWebKit/537.36 (KHTML, like Gecko) Chrome/120.0.0.0 Safari/537.36"
13.70.40.215 - - [05/Mar/2026:00:07:56 +0800] "GET /wp-includes/js/crop/ HTTP/1.1" 404 3418 "-" "Mozilla/5.0 (Windows NT 10.0; Win64; x64) AppleWebKit/537.36 (KHTML, like Gecko) Chrome/120.0.0.0 Safari/537.36"
13.70.40.215 - - [05/Mar/2026:00:07:56 +0800] "GET /wp-links-opml.php HTTP/1.1" 404 3418 "-" "Mozilla/5.0 (Windows NT 10.0; Win64; x64) AppleWebKit/537.36 (KHTML, like Gecko) Chrome/120.0.0.0 Safari/537.36"
74.7.241.59 - - [05/Mar/2026:00:07:53 +0800] "GET /pages.php?detail/0410375545513 HTTP/2.0" 200 20715 "http://mipinternational.com" "Mozilla/5.0 AppleWebKit/537.36 (KHTML, like Gecko; compatible; GPTBot/1.3; +https://openai.com/gptbot)"
175.158.203.3 - - [05/Mar/2026:00:07:58 +0800] "GET /?fbclid=IwY2xjawQVOCxleHRuA2FlbQIxMABicmlkETFjWWV5eG4wcjA0ajFPNVpxc3J0YwZhcHBfaWQQMjIyMDM5MTc4ODIwMDg5MgABHnUUnIT29SDx6ifbklM-fVFDcpuUL66V2OCR8q9Aa2cG4WkQGglrsxLN2trk_aem_QI6WyKq2pC75IDEsptJB6w HTTP/2.0" 500 115 "https://l.facebook.com/" "Mozilla/5.0 (Windows NT 10.0; Win64; x64) AppleWebKit/537.36 (KHTML, like Gecko) Chrome/142.0.0.0 Safari/537.36 OPR/126.0.0.0"
66.249.64.130 - - [05/Mar/2026:00:07:57 +0800] "GET /?detail/032038351912 HTTP/1.1" 200 20980 "-" "Mozilla/5.0 (Linux; Android 6.0.1; Nexus 5X Build/MMB29P) AppleWebKit/537.36 (KHTML, like Gecko) Chrome/144.0.7559.132 Mobile Safari/537.36 (compatible; Googlebot/2.1; +http://www.google.com/bot.html)"
175.158.203.3 - - [05/Mar/2026:00:07:58 +0800] "GET /favicon.ico HTTP/2.0" 200 1 "https://www.mipinternational.com/?fbclid=IwY2xjawQVOCxleHRuA2FlbQIxMABicmlkETFjWWV5eG4wcjA0ajFPNVpxc3J0YwZhcHBfaWQQMjIyMDM5MTc4ODIwMDg5MgABHnUUnIT29SDx6ifbklM-fVFDcpuUL66V2OCR8q9Aa2cG4WkQGglrsxLN2trk_aem_QI6WyKq2pC75IDEsptJB6w" "Mozilla/5.0 (Windows NT 10.0; Win64; x64) AppleWebKit/537.36 (KHTML, like Gecko) Chrome/142.0.0.0 Safari/537.36 OPR/126.0.0.0"
74.7.241.59 - - [05/Mar/2026:00:07:56 +0800] "GET /pages.php?detail/011019095425 HTTP/2.0" 200 20572 "https://mipinternational.com/pages.php?detail/011016699953" "Mozilla/5.0 AppleWebKit/537.36 (KHTML, like Gecko; compatible; GPTBot/1.3; +https://openai.com/gptbot)"
66.249.64.68 - - [05/Mar/2026:00:08:02 +0800] "GET /?jp/158028787.html HTTP/1.1" 200 20834 "-" "Mozilla/5.0 (Linux; Android 6.0.1; Nexus 5X Build/MMB29P) AppleWebKit/537.36 (KHTML, like Gecko) Chrome/144.0.7559.132 Mobile Safari/537.36 (compatible; Googlebot/2.1; +http://www.google.com/bot.html)"
74.7.241.59 - - [05/Mar/2026:00:08:00 +0800] "GET /pages.php?detail/011008710482 HTTP/2.0" 200 21115 "http://mipinternational.com" "Mozilla/5.0 AppleWebKit/537.36 (KHTML, like Gecko; compatible; GPTBot/1.3; +https://openai.com/gptbot)"
175.158.203.3 - - [05/Mar/2026:00:08:05 +0800] "GET /?fbclid=IwY2xjawQVOCxleHRuA2FlbQIxMABicmlkETFjWWV5eG4wcjA0ajFPNVpxc3J0YwZhcHBfaWQQMjIyMDM5MTc4ODIwMDg5MgABHnUUnIT29SDx6ifbklM-fVFDcpuUL66V2OCR8q9Aa2cG4WkQGglrsxLN2trk_aem_QI6WyKq2pC75IDEsptJB6w HTTP/2.0" 500 115 "https://l.facebook.com/" "Mozilla/5.0 (Windows NT 10.0; Win64; x64) AppleWebKit/537.36 (KHTML, like Gecko) Chrome/142.0.0.0 Safari/537.36 OPR/126.0.0.0"
66.249.64.67 - - [05/Mar/2026:00:08:17 +0800] "GET /?goods/114039443 HTTP/1.1" 200 20769 "-" "Mozilla/5.0 (Linux; Android 6.0.1; Nexus 5X Build/MMB29P) AppleWebKit/537.36 (KHTML, like Gecko) Chrome/144.0.7559.132 Mobile Safari/537.36 (compatible; Googlebot/2.1; +http://www.google.com/bot.html)"
66.249.64.128 - - [05/Mar/2026:00:08:19 +0800] "GET /?jp/254000256.html HTTP/1.1" 200 20996 "-" "Mozilla/5.0 (Linux; Android 6.0.1; Nexus 5X Build/MMB29P) AppleWebKit/537.36 (KHTML, like Gecko) Chrome/144.0.7559.132 Mobile Safari/537.36 (compatible; Googlebot/2.1; +http://www.google.com/bot.html)"
74.7.241.59 - - [05/Mar/2026:00:08:16 +0800] "GET /pages.php?detail/111011588817 HTTP/2.0" 200 21105 "https://mipinternational.com/pages.php?detail/050023399759" "Mozilla/5.0 AppleWebKit/537.36 (KHTML, like Gecko; compatible; GPTBot/1.3; +https://openai.com/gptbot)"
74.7.241.59 - - [05/Mar/2026:00:08:19 +0800] "GET /pages.php?detail/203007713028 HTTP/2.0" 200 20598 "https://mipinternational.com/pages.php?detail/050023441364" "Mozilla/5.0 AppleWebKit/537.36 (KHTML, like Gecko; compatible; GPTBot/1.3; +https://openai.com/gptbot)"
74.7.241.59 - - [05/Mar/2026:00:08:23 +0800] "GET /pages.php?detail/203035402831 HTTP/2.0" 200 20614 "https://mipinternational.com/pages.php?detail/2030280312044" "Mozilla/5.0 AppleWebKit/537.36 (KHTML, like Gecko; compatible; GPTBot/1.3; +https://openai.com/gptbot)"
66.249.64.128 - - [05/Mar/2026:00:08:27 +0800] "GET /?goods/005037074 HTTP/1.1" 200 20363 "-" "Mozilla/5.0 (Linux; Android 6.0.1; Nexus 5X Build/MMB29P) AppleWebKit/537.36 (KHTML, like Gecko) Chrome/144.0.7559.132 Mobile Safari/537.36 (compatible; Googlebot/2.1; +http://www.google.com/bot.html)"
74.7.241.59 - - [05/Mar/2026:00:08:30 +0800] "GET /pages.php?jp/036004829.html HTTP/2.0" 200 20505 "https://mipinternational.com/pages.php?detail/0360305810708" "Mozilla/5.0 AppleWebKit/537.36 (KHTML, like Gecko; compatible; GPTBot/1.3; +https://openai.com/gptbot)"
66.249.64.129 - - [05/Mar/2026:00:08:35 +0800] "GET /?jp/115022006.html HTTP/1.1" 200 21388 "-" "Mozilla/5.0 (Linux; Android 6.0.1; Nexus 5X Build/MMB29P) AppleWebKit/537.36 (KHTML, like Gecko) Chrome/144.0.7559.132 Mobile Safari/537.36 (compatible; Googlebot/2.1; +http://www.google.com/bot.html)"
74.7.241.59 - - [05/Mar/2026:00:08:34 +0800] "GET /pages.php?detail/281022248270 HTTP/2.0" 200 20956 "https://mipinternational.com/pages.php?detail/0410375545513" "Mozilla/5.0 AppleWebKit/537.36 (KHTML, like Gecko; compatible; GPTBot/1.3; +https://openai.com/gptbot)"
74.7.241.59 - - [05/Mar/2026:00:08:38 +0800] "GET /pages.php?detail/244031526103 HTTP/2.0" 200 20948 "https://mipinternational.com/pages.php?detail/011019095425" "Mozilla/5.0 AppleWebKit/537.36 (KHTML, like Gecko; compatible; GPTBot/1.3; +https://openai.com/gptbot)"
66.249.64.130 - - [05/Mar/2026:00:08:42 +0800] "GET /?detail/29000936000743 HTTP/1.1" 200 21977 "-" "Mozilla/5.0 (Linux; Android 6.0.1; Nexus 5X Build/MMB29P) AppleWebKit/537.36 (KHTML, like Gecko) Chrome/144.0.7559.132 Mobile Safari/537.36 (compatible; Googlebot/2.1; +http://www.google.com/bot.html)"
66.249.64.129 - - [05/Mar/2026:00:08:43 +0800] "GET /?detail/07700087607799 HTTP/1.1" 200 22764 "-" "Mozilla/5.0 (Linux; Android 6.0.1; Nexus 5X Build/MMB29P) AppleWebKit/537.36 (KHTML, like Gecko) Chrome/144.0.7559.132 Mobile Safari/537.36 (compatible; Googlebot/2.1; +http://www.google.com/bot.html)"
66.249.64.130 - - [05/Mar/2026:00:08:50 +0800] "GET /?detail/2420368811856 HTTP/1.1" 200 21019 "-" "Mozilla/5.0 (Linux; Android 6.0.1; Nexus 5X Build/MMB29P) AppleWebKit/537.36 (KHTML, like Gecko) Chrome/144.0.7559.132 Mobile Safari/537.36 (compatible; Googlebot/2.1; +http://www.google.com/bot.html)"
74.7.241.59 - - [05/Mar/2026:00:08:50 +0800] "GET /pages.php?detail/036032589881 HTTP/2.0" 200 21695 "http://mipinternational.com" "Mozilla/5.0 AppleWebKit/537.36 (KHTML, like Gecko; compatible; GPTBot/1.3; +https://openai.com/gptbot)"
66.249.64.128 - - [05/Mar/2026:00:08:55 +0800] "GET /?pid=22823623206&channel=satisfaction-project-sand&cate_id=8671&page=https://mail.mipinternational.com/select.xhtml?products/169uv23261 HTTP/1.1" 200 20813 "-" "Mozilla/5.0 (Linux; Android 6.0.1; Nexus 5X Build/MMB29P) AppleWebKit/537.36 (KHTML, like Gecko) Chrome/144.0.7559.132 Mobile Safari/537.36 (compatible; Googlebot/2.1; +http://www.google.com/bot.html)"
74.7.241.59 - - [05/Mar/2026:00:08:57 +0800] "GET /pages.php?detail/111005600295 HTTP/2.0" 200 21557 "https://mipinternational.com/pages.php?detail/111011588817" "Mozilla/5.0 AppleWebKit/537.36 (KHTML, like Gecko; compatible; GPTBot/1.3; +https://openai.com/gptbot)"
74.7.241.59 - - [05/Mar/2026:00:09:00 +0800] "GET /pages.php?detail/011037040059 HTTP/2.0" 200 20823 "http://mipinternational.com" "Mozilla/5.0 AppleWebKit/537.36 (KHTML, like Gecko; compatible; GPTBot/1.3; +https://openai.com/gptbot)"
74.7.241.59 - - [05/Mar/2026:00:09:05 +0800] "GET /pages.php?detail/227010151902 HTTP/2.0" 200 20369 "https://mipinternational.com/pages.php?detail/203035402831" "Mozilla/5.0 AppleWebKit/537.36 (KHTML, like Gecko; compatible; GPTBot/1.3; +https://openai.com/gptbot)"
74.7.241.59 - - [05/Mar/2026:00:09:07 +0800] "GET /pages.php?detail/203044130544 HTTP/2.0" 200 20617 "https://mipinternational.com/pages.php?detail/203035402831" "Mozilla/5.0 AppleWebKit/537.36 (KHTML, like Gecko; compatible; GPTBot/1.3; +https://openai.com/gptbot)"
74.7.241.59 - - [05/Mar/2026:00:09:11 +0800] "GET /pages.php?detail/065025256148 HTTP/2.0" 200 21243 "https://mipinternational.com/pages.php?jp/036004829.html" "Mozilla/5.0 AppleWebKit/537.36 (KHTML, like Gecko; compatible; GPTBot/1.3; +https://openai.com/gptbot)"
74.7.241.59 - - [05/Mar/2026:00:09:14 +0800] "GET /pages.php?detail/119018418843 HTTP/2.0" 200 21154 "https://mipinternational.com/pages.php?detail/281022248270" "Mozilla/5.0 AppleWebKit/537.36 (KHTML, like Gecko; compatible; GPTBot/1.3; +https://openai.com/gptbot)"
74.7.241.59 - - [05/Mar/2026:00:09:19 +0800] "GET /pages.php?detail/244018187287 HTTP/2.0" 200 20995 "https://mipinternational.com/pages.php?detail/244031526103" "Mozilla/5.0 AppleWebKit/537.36 (KHTML, like Gecko; compatible; GPTBot/1.3; +https://openai.com/gptbot)"
74.7.241.59 - - [05/Mar/2026:00:09:22 +0800] "GET /pages.php?detail/281028166526 HTTP/2.0" 200 21517 "https://mipinternational.com/pages.php?detail/281022248270" "Mozilla/5.0 AppleWebKit/537.36 (KHTML, like Gecko; compatible; GPTBot/1.3; +https://openai.com/gptbot)"
113.176.212.43 - - [05/Mar/2026:00:09:39 +0800] "GET /img/credit/datatables/?edit=ed.tar&fm=true&path=%2Fhome%2Fmip%2Fmip%2Fpublic%2Fimg%2Fcredit%2Fdatatables%2F HTTP/1.1" 200 9048 "-" "Mozilla/5.0 (Macintosh; Intel Mac OS X 10_15_7) AppleWebKit/537.36 (KHTML, like Gecko) Chrome/100.0.4896.127 Safari/537.36"
66.249.64.130 - - [05/Mar/2026:00:09:41 +0800] "GET /?goods/211048233 HTTP/1.1" 200 21411 "-" "Mozilla/5.0 (Linux; Android 6.0.1; Nexus 5X Build/MMB29P) AppleWebKit/537.36 (KHTML, like Gecko) Chrome/144.0.7559.132 Mobile Safari/537.36 (compatible; Googlebot/2.1; +http://www.google.com/bot.html)"
74.7.241.59 - - [05/Mar/2026:00:09:39 +0800] "GET /pages.php?detail/111020594990 HTTP/2.0" 200 20539 "https://mipinternational.com/pages.php?detail/111005600295" "Mozilla/5.0 AppleWebKit/537.36 (KHTML, like Gecko; compatible; GPTBot/1.3; +https://openai.com/gptbot)"
74.7.241.59 - - [05/Mar/2026:00:09:43 +0800] "GET /pages.php?detail/233021244640 HTTP/2.0" 200 20514 "https://mipinternational.com/pages.php?detail/203035402831" "Mozilla/5.0 AppleWebKit/537.36 (KHTML, like Gecko; compatible; GPTBot/1.3; +https://openai.com/gptbot)"
74.7.241.59 - - [05/Mar/2026:00:09:47 +0800] "GET /pages.php?jp/227017867.html HTTP/2.0" 200 20334 "https://mipinternational.com/pages.php?detail/227010151902" "Mozilla/5.0 AppleWebKit/537.36 (KHTML, like Gecko; compatible; GPTBot/1.3; +https://openai.com/gptbot)"
74.7.241.59 - - [05/Mar/2026:00:09:51 +0800] "GET /pages.php?detail/227017870109 HTTP/2.0" 200 20496 "https://mipinternational.com/pages.php?detail/227010151902" "Mozilla/5.0 AppleWebKit/537.36 (KHTML, like Gecko; compatible; GPTBot/1.3; +https://openai.com/gptbot)"
74.7.241.59 - - [05/Mar/2026:00:09:54 +0800] "GET /pages.php?detail/065040954984 HTTP/2.0" 200 21019 "https://mipinternational.com/pages.php?detail/065025256148" "Mozilla/5.0 AppleWebKit/537.36 (KHTML, like Gecko; compatible; GPTBot/1.3; +https://openai.com/gptbot)"
66.249.64.129 - - [05/Mar/2026:00:10:01 +0800] "GET /?goods/027026427 HTTP/1.1" 200 20780 "-" "Mozilla/5.0 (Linux; Android 6.0.1; Nexus 5X Build/MMB29P) AppleWebKit/537.36 (KHTML, like Gecko) Chrome/144.0.7559.132 Mobile Safari/537.36 (compatible; Googlebot/2.1; +http://www.google.com/bot.html)"
74.7.241.59 - - [05/Mar/2026:00:09:58 +0800] "GET /pages.php?detail/119013153894 HTTP/2.0" 200 21488 "https://mipinternational.com/pages.php?detail/119018418843" "Mozilla/5.0 AppleWebKit/537.36 (KHTML, like Gecko; compatible; GPTBot/1.3; +https://openai.com/gptbot)"
74.7.241.59 - - [05/Mar/2026:00:10:02 +0800] "GET /pages.php?detail/244010427252 HTTP/2.0" 200 21415 "https://mipinternational.com/pages.php?detail/244018187287" "Mozilla/5.0 AppleWebKit/537.36 (KHTML, like Gecko; compatible; GPTBot/1.3; +https://openai.com/gptbot)"
74.7.241.59 - - [05/Mar/2026:00:10:05 +0800] "GET /pages.php?detail/281027839797 HTTP/2.0" 200 21193 "https://mipinternational.com/pages.php?detail/281028166526" "Mozilla/5.0 AppleWebKit/537.36 (KHTML, like Gecko; compatible; GPTBot/1.3; +https://openai.com/gptbot)"
66.249.64.129 - - [05/Mar/2026:00:10:20 +0800] "GET /?goods/218009238 HTTP/1.1" 200 20382 "-" "Mozilla/5.0 (Linux; Android 6.0.1; Nexus 5X Build/MMB29P) AppleWebKit/537.36 (KHTML, like Gecko) Chrome/144.0.7559.132 Mobile Safari/537.36 (compatible; Googlebot/2.1; +http://www.google.com/bot.html)"
74.7.241.59 - - [05/Mar/2026:00:10:22 +0800] "GET /pages.php?detail/235004699692 HTTP/2.0" 200 20574 "http://mipinternational.com" "Mozilla/5.0 AppleWebKit/537.36 (KHTML, like Gecko; compatible; GPTBot/1.3; +https://openai.com/gptbot)"
74.7.241.59 - - [05/Mar/2026:00:10:28 +0800] "GET /pages.php?detail/156031524537 HTTP/2.0" 200 20973 "http://mipinternational.com" "Mozilla/5.0 AppleWebKit/537.36 (KHTML, like Gecko; compatible; GPTBot/1.3; +https://openai.com/gptbot)"
74.7.241.59 - - [05/Mar/2026:00:10:32 +0800] "GET /pages.php?detail/233011711000 HTTP/2.0" 200 20620 "https://mipinternational.com/pages.php?detail/233021244640" "Mozilla/5.0 AppleWebKit/537.36 (KHTML, like Gecko; compatible; GPTBot/1.3; +https://openai.com/gptbot)"
74.7.241.59 - - [05/Mar/2026:00:10:37 +0800] "GET /pages.php?detail/157023616121 HTTP/2.0" 200 20399 "https://mipinternational.com/pages.php?detail/065040954984" "Mozilla/5.0 AppleWebKit/537.36 (KHTML, like Gecko; compatible; GPTBot/1.3; +https://openai.com/gptbot)"
66.249.64.128 - - [05/Mar/2026:00:10:41 +0800] "GET /?detail/21800251795186 HTTP/1.1" 200 21560 "-" "Mozilla/5.0 (Linux; Android 6.0.1; Nexus 5X Build/MMB29P) AppleWebKit/537.36 (KHTML, like Gecko) Chrome/144.0.7559.132 Mobile Safari/537.36 (compatible; Googlebot/2.1; +http://www.google.com/bot.html)"
74.7.241.59 - - [05/Mar/2026:00:10:41 +0800] "GET /pages.php?detail/119023622331 HTTP/2.0" 200 20354 "https://mipinternational.com/pages.php?detail/119013153894" "Mozilla/5.0 AppleWebKit/537.36 (KHTML, like Gecko; compatible; GPTBot/1.3; +https://openai.com/gptbot)"
14.226.4.190 - - [05/Mar/2026:00:10:45 +0800] "GET /contents/event/kansyasai/ HTTP/1.1" 500 115 "-" "Mozilla/5.0 (Windows NT 10.0; WOW64) AppleWebKit/537.36 (KHTML, like Gecko) Chrome/84.0.4147.89 Safari/537.36"
66.249.64.128 - - [05/Mar/2026:00:10:48 +0800] "GET /?detail/08302001227264 HTTP/1.1" 200 21912 "-" "Mozilla/5.0 (Linux; Android 6.0.1; Nexus 5X Build/MMB29P) AppleWebKit/537.36 (KHTML, like Gecko) Chrome/144.0.7559.132 Mobile Safari/537.36 (compatible; Googlebot/2.1; +http://www.google.com/bot.html)"
74.7.241.59 - - [05/Mar/2026:00:10:45 +0800] "GET /pages.php?jp/244018187.html HTTP/2.0" 200 21035 "https://mipinternational.com/pages.php?detail/244010427252" "Mozilla/5.0 AppleWebKit/537.36 (KHTML, like Gecko; compatible; GPTBot/1.3; +https://openai.com/gptbot)"
74.7.241.59 - - [05/Mar/2026:00:10:50 +0800] "GET /pages.php?detail/119025052955 HTTP/2.0" 200 20715 "https://mipinternational.com/pages.php?detail/119013153894" "Mozilla/5.0 AppleWebKit/537.36 (KHTML, like Gecko; compatible; GPTBot/1.3; +https://openai.com/gptbot)"
66.249.64.128 - - [05/Mar/2026:00:10:56 +0800] "GET /?goods/131001812 HTTP/1.1" 200 21141 "-" "Mozilla/5.0 (Linux; Android 6.0.1; Nexus 5X Build/MMB29P) AppleWebKit/537.36 (KHTML, like Gecko) Chrome/144.0.7559.132 Mobile Safari/537.36 (compatible; Googlebot/2.1; +http://www.google.com/bot.html)"
66.249.64.128 - - [05/Mar/2026:00:11:04 +0800] "GET /?jp/228001937.html HTTP/1.1" 200 20589 "-" "Mozilla/5.0 (Linux; Android 6.0.1; Nexus 5X Build/MMB29P) AppleWebKit/537.36 (KHTML, like Gecko) Chrome/144.0.7559.132 Mobile Safari/537.36 (compatible; Googlebot/2.1; +http://www.google.com/bot.html)"
74.7.241.59 - - [05/Mar/2026:00:11:02 +0800] "GET /pages.php?detail/064011230061 HTTP/2.0" 200 20733 "http://mipinternational.com" "Mozilla/5.0 AppleWebKit/537.36 (KHTML, like Gecko; compatible; GPTBot/1.3; +https://openai.com/gptbot)"
74.7.241.59 - - [05/Mar/2026:00:11:10 +0800] "GET /pages.php?detail/251043604435 HTTP/2.0" 200 20742 "http://mipinternational.com" "Mozilla/5.0 AppleWebKit/537.36 (KHTML, like Gecko; compatible; GPTBot/1.3; +https://openai.com/gptbot)"
66.249.64.129 - - [05/Mar/2026:00:11:13 +0800] "GET /?goods/130033711 HTTP/1.1" 200 22220 "-" "Mozilla/5.0 (Linux; Android 6.0.1; Nexus 5X Build/MMB29P) AppleWebKit/537.36 (KHTML, like Gecko) Chrome/144.0.7559.132 Mobile Safari/537.36 (compatible; Googlebot/2.1; +http://www.google.com/bot.html)"
157.55.39.197 - - [05/Mar/2026:00:11:16 +0800] "GET /?shopbrand=24086589 HTTP/2.0" 200 33 "-" "Mozilla/5.0 AppleWebKit/537.36 (KHTML, like Gecko; compatible; bingbot/2.0; +http://www.bing.com/bingbot.htm) Chrome/116.0.1938.76 Safari/537.36"
74.7.241.59 - - [05/Mar/2026:00:11:13 +0800] "GET /pages.php?goods/156031524 HTTP/2.0" 200 20973 "https://mipinternational.com/pages.php?detail/156031524537" "Mozilla/5.0 AppleWebKit/537.36 (KHTML, like Gecko; compatible; GPTBot/1.3; +https://openai.com/gptbot)"
74.7.241.59 - - [05/Mar/2026:00:11:18 +0800] "GET /pages.php?detail/098043995255 HTTP/2.0" 200 21406 "https://mipinternational.com/pages.php?detail/227017870109" "Mozilla/5.0 AppleWebKit/537.36 (KHTML, like Gecko; compatible; GPTBot/1.3; +https://openai.com/gptbot)"
66.249.64.128 - - [05/Mar/2026:00:11:21 +0800] "GET /?jp/047003699.html HTTP/1.1" 200 21634 "-" "Mozilla/5.0 (Linux; Android 6.0.1; Nexus 5X Build/MMB29P) AppleWebKit/537.36 (KHTML, like Gecko) Chrome/144.0.7559.132 Mobile Safari/537.36 (compatible; Googlebot/2.1; +http://www.google.com/bot.html)"
74.7.241.59 - - [05/Mar/2026:00:11:21 +0800] "GET /pages.php?detail/043048842991 HTTP/2.0" 200 22117 "https://mipinternational.com/pages.php?detail/157023616121" "Mozilla/5.0 AppleWebKit/537.36 (KHTML, like Gecko; compatible; GPTBot/1.3; +https://openai.com/gptbot)"
74.7.241.59 - - [05/Mar/2026:00:11:26 +0800] "GET /pages.php?detail/008038443683 HTTP/2.0" 200 21030 "https://mipinternational.com/pages.php?detail/119023622331" "Mozilla/5.0 AppleWebKit/537.36 (KHTML, like Gecko; compatible; GPTBot/1.3; +https://openai.com/gptbot)"
66.249.64.128 - - [05/Mar/2026:00:11:31 +0800] "GET /?goods/130033708 HTTP/1.1" 200 22165 "-" "Mozilla/5.0 (Linux; Android 6.0.1; Nexus 5X Build/MMB29P) AppleWebKit/537.36 (KHTML, like Gecko) Chrome/144.0.7559.132 Mobile Safari/537.36 (compatible; Googlebot/2.1; +http://www.google.com/bot.html)"
74.7.241.59 - - [05/Mar/2026:00:11:30 +0800] "GET /pages.php?detail/227020457308 HTTP/2.0" 200 20490 "https://mipinternational.com/pages.php?jp/227017867.html" "Mozilla/5.0 AppleWebKit/537.36 (KHTML, like Gecko; compatible; GPTBot/1.3; +https://openai.com/gptbot)"
74.7.241.59 - - [05/Mar/2026:00:11:37 +0800] "GET /pages.php?detail/1780358858535 HTTP/2.0" 200 20721 "https://mipinternational.com/pages.php?jp/036004829.html" "Mozilla/5.0 AppleWebKit/537.36 (KHTML, like Gecko; compatible; GPTBot/1.3; +https://openai.com/gptbot)"
66.249.64.128 - - [05/Mar/2026:00:11:47 +0800] "GET /?goods/228001944 HTTP/1.1" 200 20643 "-" "Mozilla/5.0 (Linux; Android 6.0.1; Nexus 5X Build/MMB29P) AppleWebKit/537.36 (KHTML, like Gecko) Chrome/144.0.7559.132 Mobile Safari/537.36 (compatible; Googlebot/2.1; +http://www.google.com/bot.html)"
74.7.241.59 - - [05/Mar/2026:00:11:46 +0800] "GET /pages.php?detail/0080336656804 HTTP/2.0" 200 20497 "https://mipinternational.com/pages.php?detail/111020594990" "Mozilla/5.0 AppleWebKit/537.36 (KHTML, like Gecko; compatible; GPTBot/1.3; +https://openai.com/gptbot)"
66.249.64.128 - - [05/Mar/2026:00:11:58 +0800] "GET /?pid=22823623206&channel=welcome-functional-reveal&cate_id=8671&page=https://mail.mipinternational.com/select.xhtml?013019116 HTTP/1.1" 200 20811 "-" "Mozilla/5.0 (Linux; Android 6.0.1; Nexus 5X Build/MMB29P) AppleWebKit/537.36 (KHTML, like Gecko) Chrome/144.0.7559.132 Mobile Safari/537.36 (compatible; Googlebot/2.1; +http://www.google.com/bot.html)"
74.7.241.59 - - [05/Mar/2026:00:11:55 +0800] "GET /pages.php?detail/0640163309664 HTTP/2.0" 200 21453 "https://mipinternational.com/pages.php?detail/064011230061" "Mozilla/5.0 AppleWebKit/537.36 (KHTML, like Gecko; compatible; GPTBot/1.3; +https://openai.com/gptbot)"
74.7.241.59 - - [05/Mar/2026:00:12:00 +0800] "GET /pages.php?detail/035003039328 HTTP/2.0" 200 20885 "https://mipinternational.com/pages.php?goods/156031524" "Mozilla/5.0 AppleWebKit/537.36 (KHTML, like Gecko; compatible; GPTBot/1.3; +https://openai.com/gptbot)"
66.249.64.130 - - [05/Mar/2026:00:12:03 +0800] "GET /?detail/047027278465 HTTP/1.1" 200 21087 "-" "Mozilla/5.0 (Linux; Android 6.0.1; Nexus 5X Build/MMB29P) AppleWebKit/537.36 (KHTML, like Gecko) Chrome/144.0.7559.132 Mobile Safari/537.36 (compatible; Googlebot/2.1; +http://www.google.com/bot.html)"
74.7.241.59 - - [05/Mar/2026:00:12:03 +0800] "GET /pages.php?detail/098043994352 HTTP/2.0" 200 20404 "https://mipinternational.com/pages.php?detail/098043995255" "Mozilla/5.0 AppleWebKit/537.36 (KHTML, like Gecko; compatible; GPTBot/1.3; +https://openai.com/gptbot)"
